[INFO] cloning repository https://github.com/suyanlong/epoch
[INFO] running `Command { std: "git" "-c" "credential.helper=" "-c" "credential.helper=/workspace/cargo-home/bin/git-credential-null" "clone" "--bare" "https://github.com/suyanlong/epoch" "/workspace/cache/git-repos/https%3A%2F%2Fgithub.com%2Fsuyanlong%2Fepoch", kill_on_drop: false }`
[INFO] [stderr] Cloning into bare repository '/workspace/cache/git-repos/https%3A%2F%2Fgithub.com%2Fsuyanlong%2Fepoch'...
[INFO] running `Command { std: "git" "rev-parse" "HEAD", kill_on_drop: false }`
[INFO] [stdout] 00941a1d95b871f94c66264cac7b277d3bad0569
[INFO] checking suyanlong/epoch against beta-2021-10-15 for beta-1.56-3
[INFO] running `Command { std: "git" "clone" "/workspace/cache/git-repos/https%3A%2F%2Fgithub.com%2Fsuyanlong%2Fepoch" "/workspace/builds/worker-9/source", kill_on_drop: false }`
[INFO] [stderr] Cloning into '/workspace/builds/worker-9/source'...
[INFO] [stderr] done.
[INFO] validating manifest of git repo https://github.com/suyanlong/epoch on toolchain beta-2021-10-15
[INFO] running `Command { std: "/workspace/cargo-home/bin/cargo" "+beta-2021-10-15" "metadata" "--manifest-path" "Cargo.toml" "--no-deps", kill_on_drop: false }`
[INFO] started tweaking git repo https://github.com/suyanlong/epoch
[INFO] finished tweaking git repo https://github.com/suyanlong/epoch
[INFO] tweaked toml for git repo https://github.com/suyanlong/epoch written to /workspace/builds/worker-9/source/Cargo.toml
[INFO] crate git repo https://github.com/suyanlong/epoch already has a lockfile, it will not be regenerated
[INFO] running `Command { std: "/workspace/cargo-home/bin/cargo" "+beta-2021-10-15" "fetch" "--manifest-path" "Cargo.toml", kill_on_drop: false }`
[INFO] [stderr]     Updating git repository `https://github.com/actix/actix-redis.git`
[INFO] [stderr]  Downloading crates ...
[INFO] [stderr]   Downloaded opaque-debug v0.2.2
[INFO] [stderr]   Downloaded dotenv v0.10.1
[INFO] [stderr]   Downloaded pest_meta v2.1.1
[INFO] [stderr]   Downloaded askama_escape v0.2.0
[INFO] [stderr]   Downloaded askama_derive v0.8.0
[INFO] [stderr]   Downloaded signal-hook-registry v1.0.1
[INFO] [stderr]   Downloaded actix-utils v0.4.2
[INFO] [stderr]   Downloaded error-chain v0.10.0
[INFO] [stderr]   Downloaded actix-rt v0.2.3
[INFO] [stderr]   Downloaded signal-hook v0.1.9
[INFO] [stderr]   Downloaded redis-async v0.4.5
[INFO] [stderr]   Downloaded ascii_utils v0.9.3
[INFO] [stderr]   Downloaded mysqlclient-sys v0.2.4
[INFO] [stderr]   Downloaded lettre v0.9.2
[INFO] [stderr]   Downloaded backoff v0.1.5
[INFO] [stderr]   Downloaded actix-server v0.5.1
[INFO] [stderr]   Downloaded derive-error-chain v0.10.1
[INFO] [stderr]   Downloaded actix-http v0.2.5
[INFO] [stderr]   Downloaded uuid v0.5.1
[INFO] [stderr]   Downloaded fast_chemail v0.9.6
[INFO] [stderr]   Downloaded walkdir v2.2.8
[INFO] [stderr]   Downloaded snowflake v1.3.0
[INFO] [stderr]   Downloaded lettre_email v0.9.2
[INFO] [stderr]   Downloaded actix-web v1.0.3
[INFO] [stderr]   Downloaded pest v2.1.1
[INFO] [stderr]   Downloaded regex-syntax v0.6.7
[INFO] [stderr]   Downloaded actix-connect v0.2.0
[INFO] [stderr]   Downloaded pest_generator v2.1.0
[INFO] [stderr]   Downloaded askama_shared v0.8.0
[INFO] [stderr]   Downloaded askama v0.8.0
[INFO] [stderr]   Downloaded toml v0.5.1
[INFO] [stderr]   Downloaded hashbrown v0.4.0
[INFO] [stderr]   Downloaded actix-server-config v0.1.1
[INFO] [stderr]   Downloaded jsonwebtoken v6.0.1
[INFO] [stderr]   Downloaded regex v1.1.8
[INFO] [stderr]   Downloaded actix-session v0.1.1
[INFO] [stderr]   Downloaded handlebars v2.0.0
[INFO] running `Command { std: "docker" "create" "-v" "/var/lib/crater-agent-workspace/builds/worker-9/target:/opt/rustwide/target:rw,Z" "-v" "/var/lib/crater-agent-workspace/builds/worker-9/source:/opt/rustwide/workdir:ro,Z" "-v" "/var/lib/crater-agent-workspace/cargo-home:/opt/rustwide/cargo-home:ro,Z" "-v" "/var/lib/crater-agent-workspace/rustup-home:/opt/rustwide/rustup-home:ro,Z" "-e" "SOURCE_DIR=/opt/rustwide/workdir" "-e" "CARGO_TARGET_DIR=/opt/rustwide/target" "-e" "CARGO_HOME=/opt/rustwide/cargo-home" "-e" "RUSTUP_HOME=/opt/rustwide/rustup-home" "-w" "/opt/rustwide/workdir" "-m" "1610612736" "--user" "0:0" "--network" "none" "ghcr.io/rust-lang/crates-build-env/linux@sha256:a89201d6b5b9fd45c15d5952ece0a0129e7e80cb26ec023fd59cf09bc26f1604" "/opt/rustwide/cargo-home/bin/cargo" "+beta-2021-10-15" "metadata" "--no-deps" "--format-version=1", kill_on_drop: false }`
[INFO] [stderr] WARNING: Your kernel does not support swap limit capabilities or the cgroup is not mounted. Memory limited without swap.
[INFO] [stdout] 25d44837550d6bb202a6723b9ed52252526d3e7cf241a354821924e3488382f4
[INFO] running `Command { std: "docker" "start" "-a" "25d44837550d6bb202a6723b9ed52252526d3e7cf241a354821924e3488382f4", kill_on_drop: false }`
[INFO] running `Command { std: "docker" "inspect" "25d44837550d6bb202a6723b9ed52252526d3e7cf241a354821924e3488382f4", kill_on_drop: false }`
[INFO] running `Command { std: "docker" "rm" "-f" "25d44837550d6bb202a6723b9ed52252526d3e7cf241a354821924e3488382f4", kill_on_drop: false }`
[INFO] [stdout] 25d44837550d6bb202a6723b9ed52252526d3e7cf241a354821924e3488382f4
[INFO] running `Command { std: "docker" "create" "-v" "/var/lib/crater-agent-workspace/builds/worker-9/target:/opt/rustwide/target:rw,Z" "-v" "/var/lib/crater-agent-workspace/builds/worker-9/source:/opt/rustwide/workdir:ro,Z" "-v" "/var/lib/crater-agent-workspace/cargo-home:/opt/rustwide/cargo-home:ro,Z" "-v" "/var/lib/crater-agent-workspace/rustup-home:/opt/rustwide/rustup-home:ro,Z" "-e" "SOURCE_DIR=/opt/rustwide/workdir" "-e" "CARGO_TARGET_DIR=/opt/rustwide/target" "-e" "CARGO_INCREMENTAL=0" "-e" "RUST_BACKTRACE=full" "-e" "RUSTFLAGS=--cap-lints=warn" "-e" "CARGO_HOME=/opt/rustwide/cargo-home" "-e" "RUSTUP_HOME=/opt/rustwide/rustup-home" "-w" "/opt/rustwide/workdir" "-m" "1610612736" "--user" "0:0" "--network" "none" "ghcr.io/rust-lang/crates-build-env/linux@sha256:a89201d6b5b9fd45c15d5952ece0a0129e7e80cb26ec023fd59cf09bc26f1604" "/opt/rustwide/cargo-home/bin/cargo" "+beta-2021-10-15" "check" "--frozen" "--all" "--all-targets" "--message-format=json", kill_on_drop: false }`
[INFO] [stderr] WARNING: Your kernel does not support swap limit capabilities or the cgroup is not mounted. Memory limited without swap.
[INFO] [stdout] bff4a88a7e7520cde3449c1574c459050f21dda2962546ea376a272b49b41cc4
[INFO] running `Command { std: "docker" "start" "-a" "bff4a88a7e7520cde3449c1574c459050f21dda2962546ea376a272b49b41cc4", kill_on_drop: false }`
[INFO] [stderr]    Compiling regex v1.1.8
[INFO] [stderr]    Compiling ucd-trie v0.1.1
[INFO] [stderr]    Compiling maplit v1.0.1
[INFO] [stderr]    Compiling askama_escape v0.2.0
[INFO] [stderr]     Checking hashbrown v0.3.1
[INFO] [stderr]     Checking ascii_utils v0.9.3
[INFO] [stderr]     Checking bufstream v0.1.4
[INFO] [stderr]    Compiling ring v0.14.6
[INFO] [stderr]    Compiling email v0.0.20
[INFO] [stderr]    Compiling mysqlclient-sys v0.2.4
[INFO] [stderr]     Checking crossbeam-channel v0.3.8
[INFO] [stderr]     Checking aho-corasick v0.6.10
[INFO] [stderr]    Compiling nom v4.2.3
[INFO] [stderr]    Compiling syn v0.15.39
[INFO] [stderr]    Compiling derive-error-chain v0.10.1
[INFO] [stderr]     Checking rand v0.3.23
[INFO] [stderr]     Checking clap v2.33.0
[INFO] [stderr]     Checking num-integer v0.1.41
[INFO] [stderr]     Checking openssl v0.10.23
[INFO] [stderr]     Checking fast_chemail v0.9.6
[INFO] [stderr]     Checking pest v2.1.1
[INFO] [stderr]     Checking uuid v0.7.4
[INFO] [stderr]     Checking backoff v0.1.5
[INFO] [stderr]     Checking error-chain v0.10.0
[INFO] [stderr]     Checking regex v0.2.11
[INFO] [stderr]     Checking h2 v0.1.25
[INFO] [stderr]     Checking actix-codec v0.1.2
[INFO] [stderr]     Checking chrono v0.4.7
[INFO] [stderr]     Checking tokio-reactor v0.1.9
[INFO] [stderr]     Checking scheduled-thread-pool v0.2.1
[INFO] [stderr]     Checking r2d2 v0.8.5
[INFO] [stderr]     Checking actix-utils v0.4.2
[INFO] [stderr]     Checking tokio-tcp v0.1.3
[INFO] [stderr]     Checking tokio-udp v0.1.3
[INFO] [stderr]     Checking tokio-signal v0.2.7
[INFO] [stderr]     Checking actix-server-config v0.1.1
[INFO] [stderr]     Checking redis-async v0.4.5
[INFO] [stderr]    Compiling pest_meta v2.1.1
[INFO] [stderr]     Checking env_logger v0.6.2
[INFO] [stderr]     Checking dotenv v0.10.1
[INFO] [stderr]     Checking native-tls v0.2.3
[INFO] [stderr]    Compiling synstructure v0.10.2
[INFO] [stderr]    Compiling pest_generator v2.1.0
[INFO] [stderr]    Compiling serde_derive v1.0.94
[INFO] [stderr]    Compiling derive_more v0.14.1
[INFO] [stderr]    Compiling failure_derive v0.1.5
[INFO] [stderr]    Compiling enum-as-inner v0.2.1
[INFO] [stderr]    Compiling derive_more v0.15.0
[INFO] [stderr]    Compiling actix-web-codegen v0.1.2
[INFO] [stderr]    Compiling actix_derive v0.4.0
[INFO] [stderr]    Compiling pest_derive v2.1.0
[INFO] [stderr]    Compiling diesel_derives v1.4.0
[INFO] [stderr]     Checking failure v0.1.5
[INFO] [stderr]     Checking trust-dns-proto v0.7.4
[INFO] [stderr]     Checking actix-threadpool v0.1.1
[INFO] [stderr]     Checking actix-rt v0.2.3
[INFO] [stderr]     Checking trust-dns-resolver v0.11.1
[INFO] [stderr]     Checking actix-server v0.5.1
[INFO] [stderr]     Checking diesel v1.4.2
[INFO] [stderr]     Checking actix-connect v0.2.0
[INFO] [stderr]     Checking serde v1.0.94
[INFO] [stderr]     Checking serde_json v1.0.40
[INFO] [stderr]     Checking serde_urlencoded v0.5.5
[INFO] [stderr]     Checking actix-router v0.1.5
[INFO] [stderr]     Checking toml v0.4.10
[INFO] [stderr]     Checking hashbrown v0.4.0
[INFO] [stderr]     Checking uuid v0.5.1
[INFO] [stderr]     Checking toml v0.5.1
[INFO] [stderr]     Checking askama_shared v0.8.0
[INFO] [stderr]     Checking actix-http v0.2.5
[INFO] [stderr]     Checking lettre v0.9.2
[INFO] [stderr]     Checking jsonwebtoken v6.0.1
[INFO] [stderr]     Checking handlebars v2.0.0
[INFO] [stderr]     Checking lettre_email v0.9.2
[INFO] [stderr]    Compiling askama_derive v0.8.0
[INFO] [stderr]     Checking awc v0.2.2
[INFO] [stderr]     Checking actix v0.8.3
[INFO] [stderr]     Checking actix-web v1.0.3
[INFO] [stderr]     Checking actix-session v0.1.1
[INFO] [stderr]     Checking actix-redis v0.6.0 (https://github.com/actix/actix-redis.git#c7266e3d)
[INFO] [stderr]     Checking askama v0.8.0
[INFO] [stderr]     Checking epoch v0.1.0 (/opt/rustwide/workdir)
[INFO] [stdout] error[E0433]: failed to resolve: could not find `users` in `schema`
[INFO] [stdout]   --> src/main.rs:38:23
[INFO] [stdout]    |
[INFO] [stdout] 38 |     use self::schema::users::dsl::*;
[INFO] [stdout]    |                       ^^^^^ could not find `users` in `schema`
[INFO] [stdout] 
[INFO] [stdout] 
[INFO] [stdout] error[E0433]: failed to resolve: could not find `users` in `schema`
[INFO] [stdout]   --> src/main.rs:38:23
[INFO] [stdout]    |
[INFO] [stdout] 38 |     use self::schema::users::dsl::*;
[INFO] [stdout]    |                       ^^^^^ could not find `users` in `schema`
[INFO] [stdout] 
[INFO] [stdout] 
[INFO] [stdout] error[E0412]: cannot find type `User` in module `models`
[INFO] [stdout]   --> src/main.rs:37:63
[INFO] [stdout]    |
[INFO] [stdout] 37 | fn query(nm: String, pool: web::Data<Pool>) -> Result<models::User, diesel::result::Error> {
[INFO] [stdout]    |                                                               ^^^^ not found in `models`
[INFO] [stdout] 
[INFO] [stdout] 
[INFO] [stdout] error[E0422]: cannot find struct, variant or union type `NewUser` in module `models`
[INFO] [stdout]   --> src/main.rs:41:28
[INFO] [stdout]    |
[INFO] [stdout] 41 |     let new_user = models::NewUser {
[INFO] [stdout]    |                            ^^^^^^^ help: a struct with a similar name exists: `NtUser`
[INFO] [stdout]    |
[INFO] [stdout]   ::: src/models.rs:76:1
[INFO] [stdout]    |
[INFO] [stdout] 76 | pub struct NtUser {
[INFO] [stdout]    | ----------------- similarly named struct `NtUser` defined here
[INFO] [stdout] 
[INFO] [stdout] 
[INFO] [stdout] error[E0425]: cannot find value `users` in this scope
[INFO] [stdout]   --> src/main.rs:47:25
[INFO] [stdout]    |
[INFO] [stdout] 47 |     diesel::insert_into(users).values(&new_user).execute(conn)?;
[INFO] [stdout]    |                         ^^^^^ not found in this scope
[INFO] [stdout] 
[INFO] [stdout] 
[INFO] [stdout] error[E0425]: cannot find value `users` in this scope
[INFO] [stdout]   --> src/main.rs:49:21
[INFO] [stdout]    |
[INFO] [stdout] 49 |     let mut items = users.filter(id.eq(&uuid)).load::<models::User>(conn)?;
[INFO] [stdout]    |                     ^^^^^ not found in this scope
[INFO] [stdout] 
[INFO] [stdout] 
[INFO] [stdout] error[E0425]: cannot find value `id` in this scope
[INFO] [stdout]   --> src/main.rs:49:34
[INFO] [stdout]    |
[INFO] [stdout] 49 |     let mut items = users.filter(id.eq(&uuid)).load::<models::User>(conn)?;
[INFO] [stdout]    |                                  ^^ not found in this scope
[INFO] [stdout]    |
[INFO] [stdout] help: consider importing one of these items
[INFO] [stdout]    |
[INFO] [stdout] 11 | use crate::schema::admin_roles::id;
[INFO] [stdout]    |
[INFO] [stdout] 11 | use crate::schema::assets::id;
[INFO] [stdout]    |
[INFO] [stdout] 11 | use crate::schema::behavior_details::id;
[INFO] [stdout]    |
[INFO] [stdout] 11 | use crate::schema::nt_tx_details::id;
[INFO] [stdout]    |
[INFO] [stdout]      and 7 other candidates
[INFO] [stdout] 
[INFO] [stdout] 
[INFO] [stdout] error[E0412]: cannot find type `User` in module `models`
[INFO] [stdout]   --> src/main.rs:49:63
[INFO] [stdout]    |
[INFO] [stdout] 49 |     let mut items = users.filter(id.eq(&uuid)).load::<models::User>(conn)?;
[INFO] [stdout]    |                                                               ^^^^ not found in `models`
[INFO] [stdout] 
[INFO] [stdout] 
[INFO] [stdout] error[E0412]: cannot find type `User` in module `models`
[INFO] [stdout]   --> src/main.rs:37:63
[INFO] [stdout]    |
[INFO] [stdout] 37 | fn query(nm: String, pool: web::Data<Pool>) -> Result<models::User, diesel::result::Error> {
[INFO] [stdout]    |                                                               ^^^^ not found in `models`
[INFO] [stdout] 
[INFO] [stdout] 
[INFO] [stdout] error[E0422]: cannot find struct, variant or union type `NewUser` in module `models`
[INFO] [stdout]   --> src/main.rs:41:28
[INFO] [stdout]    |
[INFO] [stdout] 41 |     let new_user = models::NewUser {
[INFO] [stdout]    |                            ^^^^^^^ help: a struct with a similar name exists: `NtUser`
[INFO] [stdout]    |
[INFO] [stdout]   ::: src/models.rs:76:1
[INFO] [stdout]    |
[INFO] [stdout] 76 | pub struct NtUser {
[INFO] [stdout]    | ----------------- similarly named struct `NtUser` defined here
[INFO] [stdout] 
[INFO] [stdout] 
[INFO] [stdout] error[E0425]: cannot find value `users` in this scope
[INFO] [stdout]   --> src/main.rs:47:25
[INFO] [stdout]    |
[INFO] [stdout] 47 |     diesel::insert_into(users).values(&new_user).execute(conn)?;
[INFO] [stdout]    |                         ^^^^^ not found in this scope
[INFO] [stdout] 
[INFO] [stdout] 
[INFO] [stdout] error[E0425]: cannot find value `users` in this scope
[INFO] [stdout]   --> src/main.rs:49:21
[INFO] [stdout]    |
[INFO] [stdout] 49 |     let mut items = users.filter(id.eq(&uuid)).load::<models::User>(conn)?;
[INFO] [stdout]    |                     ^^^^^ not found in this scope
[INFO] [stdout] 
[INFO] [stdout] 
[INFO] [stdout] error[E0425]: cannot find value `id` in this scope
[INFO] [stdout]   --> src/main.rs:49:34
[INFO] [stdout]    |
[INFO] [stdout] 49 |     let mut items = users.filter(id.eq(&uuid)).load::<models::User>(conn)?;
[INFO] [stdout]    |                                  ^^ not found in this scope
[INFO] [stdout]    |
[INFO] [stdout] help: consider importing one of these items
[INFO] [stdout]    |
[INFO] [stdout] 11 | use crate::schema::admin_roles::id;
[INFO] [stdout]    |
[INFO] [stdout] 11 | use crate::schema::assets::id;
[INFO] [stdout]    |
[INFO] [stdout] 11 | use crate::schema::behavior_details::id;
[INFO] [stdout]    |
[INFO] [stdout] 11 | use crate::schema::nt_tx_details::id;
[INFO] [stdout]    |
[INFO] [stdout]      and 7 other candidates
[INFO] [stdout] 
[INFO] [stdout] 
[INFO] [stdout] error[E0412]: cannot find type `User` in module `models`
[INFO] [stdout]   --> src/main.rs:49:63
[INFO] [stdout]    |
[INFO] [stdout] 49 |     let mut items = users.filter(id.eq(&uuid)).load::<models::User>(conn)?;
[INFO] [stdout]    |                                                               ^^^^ not found in `models`
[INFO] [stdout] 
[INFO] [stdout] 
[INFO] [stdout] warning: unused import: `header`
[INFO] [stdout]   --> src/main.rs:16:23
[INFO] [stdout]    |
[INFO] [stdout] 16 | use actix_web::http::{header, Method, StatusCode};
[INFO] [stdout]    |                       ^^^^^^
[INFO] [stdout]    |
[INFO] [stdout]    = note: `#[warn(unused_imports)]` on by default
[INFO] [stdout] 
[INFO] [stdout] 
[INFO] [stdout] warning: unused import: `header`
[INFO] [stdout]   --> src/main.rs:16:23
[INFO] [stdout]    |
[INFO] [stdout] 16 | use actix_web::http::{header, Method, StatusCode};
[INFO] [stdout]    |                       ^^^^^^
[INFO] [stdout]    |
[INFO] [stdout]    = note: `#[warn(unused_imports)]` on by default
[INFO] [stdout] 
[INFO] [stdout] 
[INFO] [stdout] error[E0275]: overflow evaluating the requirement `(&_, &_, &_, &_, &_): diesel::Insertable<_>`
[INFO] [stdout]   --> src/main.rs:47:32
[INFO] [stdout]    |
[INFO] [stdout] 47 |     diesel::insert_into(users).values(&new_user).execute(conn)?;
[INFO] [stdout]    |                                ^^^^^^
[INFO] [stdout]    |
[INFO] [stdout]    = help: consider adding a `#![recursion_limit="256"]` attribute to your crate (`epoch`)
[INFO] [stdout]    = note: required because of the requirements on the impl of `diesel::Insertable<_>` for `&(_, _, _, _, _)`
[INFO] [stdout]    = note: 126 redundant requirements hidden
[INFO] [stdout]    = note: required because of the requirements on the impl of `diesel::Insertable<_>` for `&((((((((((((((((((((((((((((((((((((((((((((((((((((((((((((((((_, _, _, _, _), _, _, _, _), _, _, _, _), _, _, _, _), _, _, _, _), _, _, _, _), _, _, _, _), _, _, _, _), _, _, _, _), _, _, _, _), _, _, _, _), _, _, _, _), _, _, _, _), _, _, _, _), _, _, _, _), _, _, _, _), _, _, _, _), _, _, _, _), _, _, _, _), _, _, _, _), _, _, _, _), _, _, _, _), _, _, _, _), _, _, _, _), _, _, _, _), _, _, _, _), _, _, _, _), _, _, _, _), _, _, _, _), _, _, _, _), _, _, _, _), _, _, _, _), _, _, _, _), _, _, _, _), _, _, _, _), _, _, _, _), _, _, _, _), _, _, _, _), _, _, _, _), _, _, _, _), _, _, _, _), _, _, _, _), _, _, _, _), _, _, _, _), _, _, _, _), _, _, _, _), _, _, _, _), _, _, _, _), _, _, _, _), _, _, _, _), _, _, _, _), _, _, _, _), _, _, _, _), _, _, _, _), _, _, _, _), _, _, _, _), _, _, _, _), _, _, _, _), _, _, _, _), _, _, _, _), _, _, _, _), _, _, _, _), _, _, _, _), _, _, _, _)`
[INFO] [stdout] 
[INFO] [stdout] 
[INFO] [stdout] error: aborting due to 8 previous errors; 1 warning emitted
[INFO] [stdout] 
[INFO] [stdout] 
[INFO] [stdout] Some errors have detailed explanations: E0275, E0412, E0422, E0425, E0433.
[INFO] [stdout] 
[INFO] [stdout] For more information about an error, try `rustc --explain E0275`.
[INFO] [stdout] 
[INFO] [stderr] error: could not compile `epoch` due to 9 previous errors; 1 warning emitted
[INFO] [stderr] warning: build failed, waiting for other jobs to finish...
[INFO] [stdout] error[E0275]: overflow evaluating the requirement `(&_, &_, &_, &_, &_): diesel::Insertable<_>`
[INFO] [stdout]   --> src/main.rs:47:32
[INFO] [stdout]    |
[INFO] [stdout] 47 |     diesel::insert_into(users).values(&new_user).execute(conn)?;
[INFO] [stdout]    |                                ^^^^^^
[INFO] [stdout]    |
[INFO] [stdout]    = help: consider adding a `#![recursion_limit="256"]` attribute to your crate (`epoch`)
[INFO] [stdout]    = note: required because of the requirements on the impl of `diesel::Insertable<_>` for `&(_, _, _, _, _)`
[INFO] [stdout]    = note: 126 redundant requirements hidden
[INFO] [stdout]    = note: required because of the requirements on the impl of `diesel::Insertable<_>` for `&((((((((((((((((((((((((((((((((((((((((((((((((((((((((((((((((_, _, _, _, _), _, _, _, _), _, _, _, _), _, _, _, _), _, _, _, _), _, _, _, _), _, _, _, _), _, _, _, _), _, _, _, _), _, _, _, _), _, _, _, _), _, _, _, _), _, _, _, _), _, _, _, _), _, _, _, _), _, _, _, _), _, _, _, _), _, _, _, _), _, _, _, _), _, _, _, _), _, _, _, _), _, _, _, _), _, _, _, _), _, _, _, _), _, _, _, _), _, _, _, _), _, _, _, _), _, _, _, _), _, _, _, _), _, _, _, _), _, _, _, _), _, _, _, _), _, _, _, _), _, _, _, _), _, _, _, _), _, _, _, _), _, _, _, _), _, _, _, _), _, _, _, _), _, _, _, _), _, _, _, _), _, _, _, _), _, _, _, _), _, _, _, _), _, _, _, _), _, _, _, _), _, _, _, _), _, _, _, _), _, _, _, _), _, _, _, _), _, _, _, _), _, _, _, _), _, _, _, _), _, _, _, _), _, _, _, _), _, _, _, _), _, _, _, _), _, _, _, _), _, _, _, _), _, _, _, _), _, _, _, _), _, _, _, _), _, _, _, _), _, _, _, _)`
[INFO] [stdout] 
[INFO] [stdout] 
[INFO] [stdout] error: aborting due to 8 previous errors; 1 warning emitted
[INFO] [stdout] 
[INFO] [stdout] 
[INFO] [stdout] Some errors have detailed explanations: E0275, E0412, E0422, E0425, E0433.
[INFO] [stdout] 
[INFO] [stdout] For more information about an error, try `rustc --explain E0275`.
[INFO] [stdout] 
[INFO] [stderr] error: build failed
[INFO] running `Command { std: "docker" "inspect" "bff4a88a7e7520cde3449c1574c459050f21dda2962546ea376a272b49b41cc4", kill_on_drop: false }`
[INFO] running `Command { std: "docker" "rm" "-f" "bff4a88a7e7520cde3449c1574c459050f21dda2962546ea376a272b49b41cc4", kill_on_drop: false }`
[INFO] [stdout] bff4a88a7e7520cde3449c1574c459050f21dda2962546ea376a272b49b41cc4
