[INFO] cloning repository https://github.com/stuarth/rocket-error-handling
[INFO] running `Command { std: "git" "-c" "credential.helper=" "-c" "credential.helper=/workspace/cargo-home/bin/git-credential-null" "clone" "--bare" "https://github.com/stuarth/rocket-error-handling" "/workspace/cache/git-repos/https%3A%2F%2Fgithub.com%2Fstuarth%2Frocket-error-handling", kill_on_drop: false }`
[INFO] [stderr] Cloning into bare repository '/workspace/cache/git-repos/https%3A%2F%2Fgithub.com%2Fstuarth%2Frocket-error-handling'...
[INFO] running `Command { std: "git" "rev-parse" "HEAD", kill_on_drop: false }`
[INFO] [stdout] 859a1b1d5aee3a0be964a18b6eb51379b904242a
[INFO] checking stuarth/rocket-error-handling against beta-2021-10-15 for beta-1.56-3
[INFO] running `Command { std: "git" "clone" "/workspace/cache/git-repos/https%3A%2F%2Fgithub.com%2Fstuarth%2Frocket-error-handling" "/workspace/builds/worker-1/source", kill_on_drop: false }`
[INFO] [stderr] Cloning into '/workspace/builds/worker-1/source'...
[INFO] [stderr] done.
[INFO] validating manifest of git repo https://github.com/stuarth/rocket-error-handling on toolchain beta-2021-10-15
[INFO] running `Command { std: "/workspace/cargo-home/bin/cargo" "+beta-2021-10-15" "metadata" "--manifest-path" "Cargo.toml" "--no-deps", kill_on_drop: false }`
[INFO] started tweaking git repo https://github.com/stuarth/rocket-error-handling
[INFO] finished tweaking git repo https://github.com/stuarth/rocket-error-handling
[INFO] tweaked toml for git repo https://github.com/stuarth/rocket-error-handling written to /workspace/builds/worker-1/source/Cargo.toml
[INFO] crate git repo https://github.com/stuarth/rocket-error-handling already has a lockfile, it will not be regenerated
[INFO] running `Command { std: "/workspace/cargo-home/bin/cargo" "+beta-2021-10-15" "fetch" "--manifest-path" "Cargo.toml", kill_on_drop: false }`
[INFO] [stderr]  Downloading crates ...
[INFO] [stderr]   Downloaded spin v0.9.2
[INFO] [stderr]   Downloaded multer v2.0.0
[INFO] [stderr]   Downloaded devise_core v0.3.0
[INFO] [stderr]   Downloaded rocket_codegen v0.5.0-rc.1
[INFO] [stderr]   Downloaded figment v0.10.6
[INFO] [stderr]   Downloaded devise_codegen v0.3.0
[INFO] [stderr]   Downloaded loom v0.5.1
[INFO] [stderr]   Downloaded rocket v0.5.0-rc.1
[INFO] [stderr]   Downloaded stable-pattern v0.1.0
[INFO] [stderr]   Downloaded state v0.5.2
[INFO] [stderr]   Downloaded devise v0.3.0
[INFO] [stderr]   Downloaded rocket_http v0.5.0-rc.1
[INFO] [stderr]   Downloaded generator v0.7.0
[INFO] running `Command { std: "docker" "create" "-v" "/var/lib/crater-agent-workspace/builds/worker-1/target:/opt/rustwide/target:rw,Z" "-v" "/var/lib/crater-agent-workspace/builds/worker-1/source:/opt/rustwide/workdir:ro,Z" "-v" "/var/lib/crater-agent-workspace/cargo-home:/opt/rustwide/cargo-home:ro,Z" "-v" "/var/lib/crater-agent-workspace/rustup-home:/opt/rustwide/rustup-home:ro,Z" "-e" "SOURCE_DIR=/opt/rustwide/workdir" "-e" "CARGO_TARGET_DIR=/opt/rustwide/target" "-e" "CARGO_HOME=/opt/rustwide/cargo-home" "-e" "RUSTUP_HOME=/opt/rustwide/rustup-home" "-w" "/opt/rustwide/workdir" "-m" "1610612736" "--user" "0:0" "--network" "none" "ghcr.io/rust-lang/crates-build-env/linux@sha256:a89201d6b5b9fd45c15d5952ece0a0129e7e80cb26ec023fd59cf09bc26f1604" "/opt/rustwide/cargo-home/bin/cargo" "+beta-2021-10-15" "metadata" "--no-deps" "--format-version=1", kill_on_drop: false }`
[INFO] [stdout] 155ee11a02edd6f1356f6005437148e2916729236231c40dcd03c399dc87e19a
[INFO] [stderr] WARNING: Your kernel does not support swap limit capabilities or the cgroup is not mounted. Memory limited without swap.
[INFO] running `Command { std: "docker" "start" "-a" "155ee11a02edd6f1356f6005437148e2916729236231c40dcd03c399dc87e19a", kill_on_drop: false }`
[INFO] running `Command { std: "docker" "inspect" "155ee11a02edd6f1356f6005437148e2916729236231c40dcd03c399dc87e19a", kill_on_drop: false }`
[INFO] running `Command { std: "docker" "rm" "-f" "155ee11a02edd6f1356f6005437148e2916729236231c40dcd03c399dc87e19a", kill_on_drop: false }`
[INFO] [stdout] 155ee11a02edd6f1356f6005437148e2916729236231c40dcd03c399dc87e19a
[INFO] running `Command { std: "docker" "create" "-v" "/var/lib/crater-agent-workspace/builds/worker-1/target:/opt/rustwide/target:rw,Z" "-v" "/var/lib/crater-agent-workspace/builds/worker-1/source:/opt/rustwide/workdir:ro,Z" "-v" "/var/lib/crater-agent-workspace/cargo-home:/opt/rustwide/cargo-home:ro,Z" "-v" "/var/lib/crater-agent-workspace/rustup-home:/opt/rustwide/rustup-home:ro,Z" "-e" "SOURCE_DIR=/opt/rustwide/workdir" "-e" "CARGO_TARGET_DIR=/opt/rustwide/target" "-e" "CARGO_INCREMENTAL=0" "-e" "RUST_BACKTRACE=full" "-e" "RUSTFLAGS=--cap-lints=warn" "-e" "CARGO_HOME=/opt/rustwide/cargo-home" "-e" "RUSTUP_HOME=/opt/rustwide/rustup-home" "-w" "/opt/rustwide/workdir" "-m" "1610612736" "--user" "0:0" "--network" "none" "ghcr.io/rust-lang/crates-build-env/linux@sha256:a89201d6b5b9fd45c15d5952ece0a0129e7e80cb26ec023fd59cf09bc26f1604" "/opt/rustwide/cargo-home/bin/cargo" "+beta-2021-10-15" "check" "--frozen" "--all" "--all-targets" "--message-format=json", kill_on_drop: false }`
[INFO] [stdout] 1c4404fd87f500633cc8e5da2879a857cbfd5559130c29b434214218235e40b4
[INFO] [stderr] WARNING: Your kernel does not support swap limit capabilities or the cgroup is not mounted. Memory limited without swap.
[INFO] running `Command { std: "docker" "start" "-a" "1c4404fd87f500633cc8e5da2879a857cbfd5559130c29b434214218235e40b4", kill_on_drop: false }`
[INFO] [stderr]    Compiling syn v1.0.74
[INFO] [stderr]    Compiling tokio v1.9.0
[INFO] [stderr]    Compiling rocket v0.5.0-rc.1
[INFO] [stderr]    Compiling parking_lot_core v0.8.3
[INFO] [stderr]    Compiling openssl v0.10.35
[INFO] [stderr]    Compiling native-tls v0.2.7
[INFO] [stderr]    Compiling parking_lot v0.11.1
[INFO] [stderr]    Compiling proc-macro2-diagnostics v0.9.1
[INFO] [stderr]    Compiling devise_core v0.3.0
[INFO] [stderr]    Compiling serde_derive v1.0.126
[INFO] [stderr]    Compiling tokio-macros v1.3.0
[INFO] [stderr]    Compiling futures-macro v0.3.16
[INFO] [stderr]    Compiling time-macros-impl v0.1.2
[INFO] [stderr]    Compiling pear_codegen v0.2.3
[INFO] [stderr]    Compiling ref-cast-impl v1.0.6
[INFO] [stderr]    Compiling devise_codegen v0.3.0
[INFO] [stderr]    Compiling async-stream-impl v0.3.2
[INFO] [stderr]    Compiling derive_more v0.99.16
[INFO] [stderr]    Compiling thiserror-impl v1.0.26
[INFO] [stderr]    Compiling async-trait v0.1.50
[INFO] [stderr]    Compiling ref-cast v1.0.6
[INFO] [stderr]    Compiling time-macros v0.1.1
[INFO] [stderr]     Checking async-stream v0.3.2
[INFO] [stderr]    Compiling devise v0.3.0
[INFO] [stderr]    Compiling time v0.2.27
[INFO] [stderr]     Checking futures-util v0.3.16
[INFO] [stderr]     Checking pear v0.2.3
[INFO] [stderr]     Checking thiserror v1.0.26
[INFO] [stderr]     Checking cookie v0.15.1
[INFO] [stderr]     Checking tokio-util v0.6.7
[INFO] [stderr]     Checking tokio-native-tls v0.3.0
[INFO] [stderr]     Checking tokio-stream v0.1.7
[INFO] [stderr]     Checking futures-executor v0.3.16
[INFO] [stderr]     Checking futures v0.3.16
[INFO] [stderr]     Checking serde v1.0.126
[INFO] [stderr]     Checking multer v2.0.0
[INFO] [stderr]     Checking indexmap v1.7.0
[INFO] [stderr]     Checking uncased v0.9.6
[INFO] [stderr]     Checking toml v0.5.8
[INFO] [stderr]     Checking serde_urlencoded v0.7.0
[INFO] [stderr]     Checking ubyte v0.10.1
[INFO] [stderr]     Checking serde_json v1.0.64
[INFO] [stderr]     Checking h2 v0.3.3
[INFO] [stderr]     Checking figment v0.10.6
[INFO] [stderr]     Checking hyper v0.14.11
[INFO] [stderr]     Checking hyper-tls v0.5.0
[INFO] [stderr]     Checking rocket_http v0.5.0-rc.1
[INFO] [stderr]     Checking reqwest v0.11.4
[INFO] [stderr]    Compiling rocket_codegen v0.5.0-rc.1
[INFO] [stderr]     Checking error-handling v0.1.0 (/opt/rustwide/workdir)
[INFO] [stdout] warning: unused import: `status`
[INFO] [stdout]  --> src/main.rs:7:34
[INFO] [stdout]   |
[INFO] [stdout] 7 |     use rocket::response::{self, status, Responder};
[INFO] [stdout]   |                                  ^^^^^^
[INFO] [stdout]   |
[INFO] [stdout]   = note: `#[warn(unused_imports)]` on by default
[INFO] [stdout] 
[INFO] [stdout] 
[INFO] [stdout] warning: unused import: `status`
[INFO] [stdout]  --> src/main.rs:7:34
[INFO] [stdout]   |
[INFO] [stdout] 7 |     use rocket::response::{self, status, Responder};
[INFO] [stdout]   |                                  ^^^^^^
[INFO] [stdout]   |
[INFO] [stdout]   = note: `#[warn(unused_imports)]` on by default
[INFO] [stdout] 
[INFO] [stdout] 
[INFO] [stdout] error[E0599]: no variant or associated item named `Unprocessable` found for enum `error::Error` in the current scope
[INFO] [stdout]   --> src/main.rs:16:24
[INFO] [stdout]    |
[INFO] [stdout] 11 |     pub enum Error {}
[INFO] [stdout]    |     -------------- variant or associated item `Unprocessable` not found here
[INFO] [stdout] ...
[INFO] [stdout] 16 |                 Error::Unprocessable(ref problems) => {
[INFO] [stdout]    |                        ^^^^^^^^^^^^^ variant or associated item not found in `error::Error`
[INFO] [stdout] 
[INFO] [stdout] 
[INFO] [stdout] error[E0599]: no variant or associated item named `Unprocessable` found for enum `error::Error` in the current scope
[INFO] [stdout]   --> src/main.rs:16:24
[INFO] [stdout]    |
[INFO] [stdout] 11 |     pub enum Error {}
[INFO] [stdout]    |     -------------- variant or associated item `Unprocessable` not found here
[INFO] [stdout] ...
[INFO] [stdout] 16 |                 Error::Unprocessable(ref problems) => {
[INFO] [stdout]    |                        ^^^^^^^^^^^^^ variant or associated item not found in `error::Error`
[INFO] [stdout] 
[INFO] [stdout] 
[INFO] [stdout] error[E0599]: no method named `capture` found for enum `error::Error` in the current scope
[INFO] [stdout]   --> src/main.rs:29:18
[INFO] [stdout]    |
[INFO] [stdout] 11 |     pub enum Error {}
[INFO] [stdout]    |     -------------- method `capture` not found for this
[INFO] [stdout] ...
[INFO] [stdout] 29 |             self.capture();
[INFO] [stdout]    |                  ^^^^^^^ method not found in `error::Error`
[INFO] [stdout] 
[INFO] [stdout] 
[INFO] [stdout] error[E0599]: no method named `capture` found for enum `error::Error` in the current scope
[INFO] [stdout]   --> src/main.rs:29:18
[INFO] [stdout]    |
[INFO] [stdout] 11 |     pub enum Error {}
[INFO] [stdout]    |     -------------- method `capture` not found for this
[INFO] [stdout] ...
[INFO] [stdout] 29 |             self.capture();
[INFO] [stdout]    |                  ^^^^^^^ method not found in `error::Error`
[INFO] [stdout] 
[INFO] [stdout] 
[INFO] [stdout] error: aborting due to 2 previous errors; 1 warning emitted
[INFO] [stdout] 
[INFO] [stdout] 
[INFO] [stdout] For more information about this error, try `rustc --explain E0599`.
[INFO] [stdout] 
[INFO] [stdout] error: aborting due to 2 previous errors; 1 warning emitted
[INFO] [stdout] 
[INFO] [stdout] 
[INFO] [stdout] For more information about this error, try `rustc --explain E0599`.
[INFO] [stdout] 
[INFO] [stderr] error: could not compile `error-handling` due to 3 previous errors; 1 warning emitted
[INFO] [stderr] warning: build failed, waiting for other jobs to finish...
[INFO] [stderr] error: build failed
[INFO] running `Command { std: "docker" "inspect" "1c4404fd87f500633cc8e5da2879a857cbfd5559130c29b434214218235e40b4", kill_on_drop: false }`
[INFO] running `Command { std: "docker" "rm" "-f" "1c4404fd87f500633cc8e5da2879a857cbfd5559130c29b434214218235e40b4", kill_on_drop: false }`
[INFO] [stdout] 1c4404fd87f500633cc8e5da2879a857cbfd5559130c29b434214218235e40b4
