[INFO] cloning repository https://github.com/stry-rs/stry
[INFO] running `Command { std: "git" "-c" "credential.helper=" "-c" "credential.helper=/workspace/cargo-home/bin/git-credential-null" "clone" "--bare" "https://github.com/stry-rs/stry" "/workspace/cache/git-repos/https%3A%2F%2Fgithub.com%2Fstry-rs%2Fstry", kill_on_drop: false }`
[INFO] [stderr] Cloning into bare repository '/workspace/cache/git-repos/https%3A%2F%2Fgithub.com%2Fstry-rs%2Fstry'...
[INFO] running `Command { std: "git" "rev-parse" "HEAD", kill_on_drop: false }`
[INFO] [stdout] 1e9cdc4764e4defba5ec9b014dc1d2bbc245f861
[INFO] checking stry-rs/stry against 1.55.0 for beta-1.56-3
[INFO] running `Command { std: "git" "clone" "/workspace/cache/git-repos/https%3A%2F%2Fgithub.com%2Fstry-rs%2Fstry" "/workspace/builds/worker-9/source", kill_on_drop: false }`
[INFO] [stderr] Cloning into '/workspace/builds/worker-9/source'...
[INFO] [stderr] done.
[INFO] validating manifest of git repo https://github.com/stry-rs/stry on toolchain 1.55.0
[INFO] running `Command { std: "/workspace/cargo-home/bin/cargo" "+1.55.0" "metadata" "--manifest-path" "Cargo.toml" "--no-deps", kill_on_drop: false }`
[INFO] removed /workspace/builds/worker-9/source/.cargo/config
[INFO] started tweaking git repo https://github.com/stry-rs/stry
[INFO] finished tweaking git repo https://github.com/stry-rs/stry
[INFO] tweaked toml for git repo https://github.com/stry-rs/stry written to /workspace/builds/worker-9/source/Cargo.toml
[INFO] crate git repo https://github.com/stry-rs/stry already has a lockfile, it will not be regenerated
[INFO] running `Command { std: "/workspace/cargo-home/bin/cargo" "+1.55.0" "fetch" "--manifest-path" "Cargo.toml", kill_on_drop: false }`
[INFO] [stderr]     Blocking waiting for file lock on package cache
[INFO] [stderr]  Downloading crates ...
[INFO] [stderr]   Downloaded futures-intrusive v0.4.0
[INFO] [stderr]   Downloaded serde_yaml v0.8.20
[INFO] [stderr]   Downloaded ureq v2.2.0
[INFO] [stderr]   Downloaded sqlformat v0.1.7
[INFO] [stderr]   Downloaded path-tree v0.2.0
[INFO] [stderr]   Downloaded sqlx-macros v0.5.7
[INFO] [stderr]   Downloaded crc v2.0.0
[INFO] [stderr]   Downloaded crc-catalog v1.1.1
[INFO] [stderr]   Downloaded ulid v0.4.1
[INFO] [stderr]   Downloaded minimal-lexical v0.1.3
[INFO] [stderr]   Downloaded sqlx-core v0.5.7
[INFO] [stderr]   Downloaded sqlx v0.5.7
[INFO] [stderr]   Downloaded whoami v1.1.3
[INFO] [stderr]   Downloaded sqlx-rt v0.5.7
[INFO] [stderr]   Downloaded ultra-batch v0.1.1
[INFO] running `Command { std: "docker" "create" "-v" "/var/lib/crater-agent-workspace/builds/worker-9/target:/opt/rustwide/target:rw,Z" "-v" "/var/lib/crater-agent-workspace/builds/worker-9/source:/opt/rustwide/workdir:ro,Z" "-v" "/var/lib/crater-agent-workspace/cargo-home:/opt/rustwide/cargo-home:ro,Z" "-v" "/var/lib/crater-agent-workspace/rustup-home:/opt/rustwide/rustup-home:ro,Z" "-e" "SOURCE_DIR=/opt/rustwide/workdir" "-e" "CARGO_TARGET_DIR=/opt/rustwide/target" "-e" "CARGO_HOME=/opt/rustwide/cargo-home" "-e" "RUSTUP_HOME=/opt/rustwide/rustup-home" "-w" "/opt/rustwide/workdir" "-m" "1610612736" "--user" "0:0" "--network" "none" "ghcr.io/rust-lang/crates-build-env/linux@sha256:a89201d6b5b9fd45c15d5952ece0a0129e7e80cb26ec023fd59cf09bc26f1604" "/opt/rustwide/cargo-home/bin/cargo" "+1.55.0" "metadata" "--no-deps" "--format-version=1", kill_on_drop: false }`
[INFO] [stdout] d7415da0c71f2c014de6d09e72017916e819234904a0979c51262fdd73f33963
[INFO] [stderr] WARNING: Your kernel does not support swap limit capabilities or the cgroup is not mounted. Memory limited without swap.
[INFO] running `Command { std: "docker" "start" "-a" "d7415da0c71f2c014de6d09e72017916e819234904a0979c51262fdd73f33963", kill_on_drop: false }`
[INFO] running `Command { std: "docker" "inspect" "d7415da0c71f2c014de6d09e72017916e819234904a0979c51262fdd73f33963", kill_on_drop: false }`
[INFO] running `Command { std: "docker" "rm" "-f" "d7415da0c71f2c014de6d09e72017916e819234904a0979c51262fdd73f33963", kill_on_drop: false }`
[INFO] [stdout] d7415da0c71f2c014de6d09e72017916e819234904a0979c51262fdd73f33963
[INFO] running `Command { std: "docker" "create" "-v" "/var/lib/crater-agent-workspace/builds/worker-9/target:/opt/rustwide/target:rw,Z" "-v" "/var/lib/crater-agent-workspace/builds/worker-9/source:/opt/rustwide/workdir:ro,Z" "-v" "/var/lib/crater-agent-workspace/cargo-home:/opt/rustwide/cargo-home:ro,Z" "-v" "/var/lib/crater-agent-workspace/rustup-home:/opt/rustwide/rustup-home:ro,Z" "-e" "SOURCE_DIR=/opt/rustwide/workdir" "-e" "CARGO_TARGET_DIR=/opt/rustwide/target" "-e" "CARGO_INCREMENTAL=0" "-e" "RUST_BACKTRACE=full" "-e" "RUSTFLAGS=--cap-lints=warn" "-e" "CARGO_HOME=/opt/rustwide/cargo-home" "-e" "RUSTUP_HOME=/opt/rustwide/rustup-home" "-w" "/opt/rustwide/workdir" "-m" "1610612736" "--user" "0:0" "--network" "none" "ghcr.io/rust-lang/crates-build-env/linux@sha256:a89201d6b5b9fd45c15d5952ece0a0129e7e80cb26ec023fd59cf09bc26f1604" "/opt/rustwide/cargo-home/bin/cargo" "+1.55.0" "check" "--frozen" "--all" "--all-targets" "--message-format=json", kill_on_drop: false }`
[INFO] [stdout] dec36bc4cb1c947290a3ca874481169b520ca646e219d55459fb4032b96fc620
[INFO] [stderr] WARNING: Your kernel does not support swap limit capabilities or the cgroup is not mounted. Memory limited without swap.
[INFO] running `Command { std: "docker" "start" "-a" "dec36bc4cb1c947290a3ca874481169b520ca646e219d55459fb4032b96fc620", kill_on_drop: false }`
[INFO] [stderr]    Compiling syn v1.0.76
[INFO] [stderr]    Compiling crossbeam-utils v0.8.5
[INFO] [stderr]    Compiling serde_json v1.0.67
[INFO] [stderr]    Compiling futures-sink v0.3.17
[INFO] [stderr]    Compiling whoami v1.1.3
[INFO] [stderr]    Compiling unicode-bidi v0.3.6
[INFO] [stderr]    Compiling futures-io v0.3.17
[INFO] [stderr]    Compiling slab v0.4.4
[INFO] [stderr]    Compiling minimal-lexical v0.1.3
[INFO] [stderr]    Compiling unicode_categories v0.1.1
[INFO] [stderr]    Compiling crc-catalog v1.1.1
[INFO] [stderr]    Compiling itoa v0.4.8
[INFO] [stderr]    Compiling byteorder v1.4.3
[INFO] [stderr]    Compiling base64 v0.13.0
[INFO] [stderr]    Compiling hex v0.4.3
[INFO] [stderr]     Checking path-tree v0.2.0
[INFO] [stderr]    Compiling tokio v1.11.0
[INFO] [stderr]    Compiling futures-util v0.3.17
[INFO] [stderr]    Compiling openssl-sys v0.9.66
[INFO] [stderr]    Compiling tinyvec v1.3.1
[INFO] [stderr]    Compiling form_urlencoded v1.0.1
[INFO] [stderr]     Checking owning_ref v0.3.3
[INFO] [stderr]    Compiling crc v2.0.0
[INFO] [stderr]    Compiling futures-core v0.3.17
[INFO] [stderr]    Compiling futures-task v0.3.17
[INFO] [stderr]     Checking time v0.1.44
[INFO] [stderr]     Checking dirs-sys v0.3.6
[INFO] [stderr]     Checking socket2 v0.4.1
[INFO] [stderr]    Compiling num_cpus v1.13.0
[INFO] [stderr]    Compiling parking_lot_core v0.8.5
[INFO] [stderr]    Compiling generic-array v0.14.4
[INFO] [stderr]    Compiling nom v7.0.0
[INFO] [stderr]     Checking ring v0.16.20
[INFO] [stderr]    Compiling mio v0.7.13
[INFO] [stderr]     Checking stringprep v0.1.2
[INFO] [stderr]    Compiling ahash v0.7.4
[INFO] [stderr]     Checking digest v0.9.0
[INFO] [stderr]     Checking crypto-mac v0.10.1
[INFO] [stderr]     Checking atoi v0.4.0
[INFO] [stderr]    Compiling num-integer v0.1.44
[INFO] [stderr]     Checking dirs v3.0.2
[INFO] [stderr]    Compiling futures-channel v0.3.17
[INFO] [stderr]     Checking rand v0.6.5
[INFO] [stderr]     Checking parking_lot_core v0.2.14
[INFO] [stderr]     Checking hashbrown v0.11.2
[INFO] [stderr]    Compiling parking_lot v0.11.2
[INFO] [stderr]     Checking futures-intrusive v0.4.0
[INFO] [stderr]     Checking sqlformat v0.1.7
[INFO] [stderr]    Compiling block-buffer v0.9.0
[INFO] [stderr]     Checking sha-1 v0.9.8
[INFO] [stderr]     Checking sha2 v0.9.8
[INFO] [stderr]     Checking md-5 v0.9.1
[INFO] [stderr]     Checking hmac v0.10.1
[INFO] [stderr]     Checking crossbeam-channel v0.5.1
[INFO] [stderr]     Checking crossbeam-queue v0.3.2
[INFO] [stderr]    Compiling unicode-normalization v0.1.19
[INFO] [stderr]    Compiling rand v0.8.4
[INFO] [stderr]    Compiling chrono v0.4.19
[INFO] [stderr]     Checking parking_lot v0.4.8
[INFO] [stderr]     Checking webpki v0.21.4
[INFO] [stderr]     Checking sct v0.6.1
[INFO] [stderr]     Checking indexmap v1.7.0
[INFO] [stderr]     Checking hashlink v0.7.0
[INFO] [stderr]    Compiling openssl v0.10.36
[INFO] [stderr]    Compiling native-tls v0.2.8
[INFO] [stderr]     Checking chashmap v2.2.2
[INFO] [stderr]     Checking rustls v0.19.1
[INFO] [stderr]     Checking webpki-roots v0.21.1
[INFO] [stderr]    Compiling idna v0.2.3
[INFO] [stderr]    Compiling url v2.2.2
[INFO] [stderr]     Checking ureq v2.2.0
[INFO] [stderr]     Checking stry-macros v0.1.0 (/opt/rustwide/workdir/stry-macros)
[INFO] [stderr]    Compiling tokio-stream v0.1.7
[INFO] [stderr]    Compiling tokio-native-tls v0.3.0
[INFO] [stderr]    Compiling sqlx-rt v0.5.7
[INFO] [stderr]    Compiling serde_derive v1.0.130
[INFO] [stderr]    Compiling futures-macro v0.3.17
[INFO] [stderr]    Compiling tokio-macros v1.3.0
[INFO] [stderr]    Compiling tracing-attributes v0.1.15
[INFO] [stderr]    Compiling thiserror-impl v1.0.29
[INFO] [stderr]    Compiling tokio-macros v0.2.6
[INFO] [stderr]    Compiling async-trait v0.1.51
[INFO] [stderr]    Compiling pin-project-internal v1.0.8
[INFO] [stderr]     Checking tokio v0.2.25
[INFO] [stderr]     Checking tracing v0.1.26
[INFO] [stderr]     Checking thiserror v1.0.29
[INFO] [stderr]     Checking pin-project v1.0.8
[INFO] [stderr]     Checking stry-evermore v0.1.0 (/opt/rustwide/workdir/evermore)
[INFO] [stderr]     Checking ultra-batch v0.1.1
[INFO] [stderr]     Checking serde v1.0.130
[INFO] [stderr]     Checking tokio-util v0.6.8
[INFO] [stderr]    Compiling futures-executor v0.3.17
[INFO] [stderr]    Compiling futures v0.3.17
[INFO] [stderr]     Checking h2 v0.3.4
[INFO] [stderr]     Checking either v1.6.1
[INFO] [stderr]     Checking arrayvec v0.7.1
[INFO] [stderr]     Checking tracing-serde v0.1.2
[INFO] [stderr]     Checking serde_yaml v0.8.20
[INFO] [stderr]     Checking serde_urlencoded v0.7.0
[INFO] [stderr]     Checking serde_path_to_error v0.1.4
[INFO] [stderr]     Checking hyper v0.14.12
[INFO] [stderr]     Checking ulid v0.4.1
[INFO] [stderr]     Checking xtask v0.1.0 (/opt/rustwide/workdir/xtask)
[INFO] [stderr]    Compiling sqlx-core v0.5.7
[INFO] [stderr]     Checking tracing-subscriber v0.2.20
[INFO] [stdout] warning: associated function is never used: `new`
[INFO] [stdout]   --> xtask/src/ark.rs:64:12
[INFO] [stdout]    |
[INFO] [stdout] 64 |         fn new(lexer: Lexer<'i>) -> Self {
[INFO] [stdout]    |            ^^^
[INFO] [stdout]    |
[INFO] [stdout]    = note: `#[warn(dead_code)]` on by default
[INFO] [stdout] 
[INFO] [stdout] 
[INFO] [stdout] warning: struct is never constructed: `Parser`
[INFO] [stdout]    --> xtask/src/ark.rs:204:16
[INFO] [stdout]     |
[INFO] [stdout] 204 |     pub struct Parser<'i> {
[INFO] [stdout]     |                ^^^^^^
[INFO] [stdout] 
[INFO] [stdout] 
[INFO] [stdout] warning: associated function is never used: `new`
[INFO] [stdout]    --> xtask/src/ark.rs:210:16
[INFO] [stdout]     |
[INFO] [stdout] 210 |         pub fn new(lexer: Lexer<'i>) -> Self {
[INFO] [stdout]     |                ^^^
[INFO] [stdout] 
[INFO] [stdout] 
[INFO] [stdout] warning: associated function is never used: `parse`
[INFO] [stdout]    --> xtask/src/ark.rs:217:16
[INFO] [stdout]     |
[INFO] [stdout] 217 |         pub fn parse<A>(&mut self) -> Option<A>
[INFO] [stdout]     |                ^^^^^
[INFO] [stdout] 
[INFO] [stdout] 
[INFO] [stdout] warning: associated function is never used: `new`
[INFO] [stdout]    --> xtask/src/ark.rs:966:16
[INFO] [stdout]     |
[INFO] [stdout] 966 |         pub fn new(input: &'i str) -> Self {
[INFO] [stdout]     |                ^^^
[INFO] [stdout] 
[INFO] [stdout] 
[INFO] [stdout] warning: 5 warnings emitted
[INFO] [stdout] 
[INFO] [stdout] 
[INFO] [stderr]     Checking syndrome v0.1.0 (/opt/rustwide/workdir/syndrome)
[INFO] [stdout] warning: unused variable: `now`
[INFO] [stdout]    --> syndrome/src/lib.rs:198:13
[INFO] [stdout]     |
[INFO] [stdout] 198 |         let now = Utc::now().time();
[INFO] [stdout]     |             ^^^ help: if this is intentional, prefix it with an underscore: `_now`
[INFO] [stdout]     |
[INFO] [stdout]     = note: `#[warn(unused_variables)]` on by default
[INFO] [stdout] 
[INFO] [stdout] 
[INFO] [stdout] warning: 1 warning emitted
[INFO] [stdout] 
[INFO] [stdout] 
[INFO] [stderr]     Checking stry-analytics v0.1.0 (/opt/rustwide/workdir/stry-analytics)
[INFO] [stdout] warning: unused variable: `now`
[INFO] [stdout]    --> syndrome/src/lib.rs:198:13
[INFO] [stdout]     |
[INFO] [stdout] 198 |         let now = Utc::now().time();
[INFO] [stdout]     |             ^^^ help: if this is intentional, prefix it with an underscore: `_now`
[INFO] [stdout]     |
[INFO] [stdout]     = note: `#[warn(unused_variables)]` on by default
[INFO] [stdout] 
[INFO] [stdout] 
[INFO] [stdout] warning: 1 warning emitted
[INFO] [stdout] 
[INFO] [stdout] 
[INFO] [stdout] warning: unused variable: `req`
[INFO] [stdout]   --> stry-analytics/src/lib.rs:27:24
[INFO] [stdout]    |
[INFO] [stdout] 27 |     fn call(&mut self, req: Request<Body>) -> Self::Future {
[INFO] [stdout]    |                        ^^^ help: if this is intentional, prefix it with an underscore: `_req`
[INFO] [stdout]    |
[INFO] [stdout]    = note: `#[warn(unused_variables)]` on by default
[INFO] [stdout] 
[INFO] [stdout] 
[INFO] [stdout] warning: associated function is never used: `handle`
[INFO] [stdout]   --> stry-analytics/src/lib.rs:13:14
[INFO] [stdout]    |
[INFO] [stdout] 13 |     async fn handle(&self) {}
[INFO] [stdout]    |              ^^^^^^
[INFO] [stdout]    |
[INFO] [stdout]    = note: `#[warn(dead_code)]` on by default
[INFO] [stdout] 
[INFO] [stdout] 
[INFO] [stdout] warning: 2 warnings emitted
[INFO] [stdout] 
[INFO] [stdout] 
[INFO] [stdout] warning: unused variable: `req`
[INFO] [stdout]   --> stry-analytics/src/lib.rs:27:24
[INFO] [stdout]    |
[INFO] [stdout] 27 |     fn call(&mut self, req: Request<Body>) -> Self::Future {
[INFO] [stdout]    |                        ^^^ help: if this is intentional, prefix it with an underscore: `_req`
[INFO] [stdout]    |
[INFO] [stdout]    = note: `#[warn(unused_variables)]` on by default
[INFO] [stdout] 
[INFO] [stdout] 
[INFO] [stdout] warning: associated function is never used: `handle`
[INFO] [stdout]   --> stry-analytics/src/lib.rs:13:14
[INFO] [stdout]    |
[INFO] [stdout] 13 |     async fn handle(&self) {}
[INFO] [stdout]    |              ^^^^^^
[INFO] [stdout]    |
[INFO] [stdout]    = note: `#[warn(dead_code)]` on by default
[INFO] [stdout] 
[INFO] [stdout] 
[INFO] [stdout] warning: 2 warnings emitted
[INFO] [stdout] 
[INFO] [stdout] 
[INFO] [stderr]    Compiling sqlx-macros v0.5.7
[INFO] [stderr]     Checking sqlx v0.5.7
[INFO] [stderr]     Checking stry-common v0.1.3 (/opt/rustwide/workdir/stry-common)
[INFO] [stderr]     Checking stry-backend-postgres v0.1.0 (/opt/rustwide/workdir/stry-backend-postgres)
[INFO] [stdout] error: error communicating with the server: Cannot assign requested address (os error 99)
[INFO] [stdout]   --> stry-backend-postgres/src/story/story.rs:86:18
[INFO] [stdout]    |
[INFO] [stdout] 86 |     let record = sqlx::query_file_as!(StoryRecord, "queries/story/get_story.sql", id.as_str())
[INFO] [stdout]    |                  ^^^^^^^^^^^^^^^^^^^^^^^^^^^^^^^^^^^^^^^^^^^^^^^^^^^^^^^^^^^^^^^^^^^^^^^^^^^^^
[INFO] [stdout]    |
[INFO] [stdout]    = note: this error originates in the macro `$crate::sqlx_macros::expand_query` (in Nightly builds, run with -Z macro-backtrace for more info)
[INFO] [stdout] 
[INFO] [stdout] 
[INFO] [stdout] error: error communicating with the server: Cannot assign requested address (os error 99)
[INFO] [stdout]   --> stry-backend-postgres/src/story/story.rs:94:9
[INFO] [stdout]    |
[INFO] [stdout] 94 | /         id_loader![
[INFO] [stdout] 95 | |             [&backend.pool, loaders.user, story.authors, "queries/story/get_story-user.sql", id.as_str(), "author"],
[INFO] [stdout] 96 | |             [&backend.pool, loaders.user, story.commissioners, "queries/story/get_story-user.sql", id.as_str(), "commissioner"],
[INFO] [stdout] 97 | |             [&backend.pool, loaders.user, story.dedicatees, "queries/story/get_story-user.sql", id.as_str(), "dedicated"],
[INFO] [stdout] 98 | |             [&backend.pool, loaders.tag, story.tags, "queries/story/get_story-tag.sql", id.as_str()],
[INFO] [stdout] 99 | |         ];
[INFO] [stdout]    | |__________^
[INFO] [stdout]    |
[INFO] [stdout]    = note: this error originates in the macro `$crate::sqlx_macros::expand_query` (in Nightly builds, run with -Z macro-backtrace for more info)
[INFO] [stdout] 
[INFO] [stdout] 
[INFO] [stdout] error: error communicating with the server: Cannot assign requested address (os error 99)
[INFO] [stdout]   --> stry-backend-postgres/src/story/story.rs:94:9
[INFO] [stdout]    |
[INFO] [stdout] 94 | /         id_loader![
[INFO] [stdout] 95 | |             [&backend.pool, loaders.user, story.authors, "queries/story/get_story-user.sql", id.as_str(), "author"],
[INFO] [stdout] 96 | |             [&backend.pool, loaders.user, story.commissioners, "queries/story/get_story-user.sql", id.as_str(), "commissioner"],
[INFO] [stdout] 97 | |             [&backend.pool, loaders.user, story.dedicatees, "queries/story/get_story-user.sql", id.as_str(), "dedicated"],
[INFO] [stdout] 98 | |             [&backend.pool, loaders.tag, story.tags, "queries/story/get_story-tag.sql", id.as_str()],
[INFO] [stdout] 99 | |         ];
[INFO] [stdout]    | |__________^
[INFO] [stdout]    |
[INFO] [stdout]    = note: this error originates in the macro `$crate::sqlx_macros::expand_query` (in Nightly builds, run with -Z macro-backtrace for more info)
[INFO] [stdout] 
[INFO] [stdout] 
[INFO] [stdout] error: error communicating with the server: Cannot assign requested address (os error 99)
[INFO] [stdout]   --> stry-backend-postgres/src/story/story.rs:94:9
[INFO] [stdout]    |
[INFO] [stdout] 94 | /         id_loader![
[INFO] [stdout] 95 | |             [&backend.pool, loaders.user, story.authors, "queries/story/get_story-user.sql", id.as_str(), "author"],
[INFO] [stdout] 96 | |             [&backend.pool, loaders.user, story.commissioners, "queries/story/get_story-user.sql", id.as_str(), "commissioner"],
[INFO] [stdout] 97 | |             [&backend.pool, loaders.user, story.dedicatees, "queries/story/get_story-user.sql", id.as_str(), "dedicated"],
[INFO] [stdout] 98 | |             [&backend.pool, loaders.tag, story.tags, "queries/story/get_story-tag.sql", id.as_str()],
[INFO] [stdout] 99 | |         ];
[INFO] [stdout]    | |__________^
[INFO] [stdout]    |
[INFO] [stdout]    = note: this error originates in the macro `$crate::sqlx_macros::expand_query` (in Nightly builds, run with -Z macro-backtrace for more info)
[INFO] [stdout] 
[INFO] [stdout] 
[INFO] [stdout] error: error communicating with the server: Cannot assign requested address (os error 99)
[INFO] [stdout]   --> stry-backend-postgres/src/story/story.rs:94:9
[INFO] [stdout]    |
[INFO] [stdout] 94 | /         id_loader![
[INFO] [stdout] 95 | |             [&backend.pool, loaders.user, story.authors, "queries/story/get_story-user.sql", id.as_str(), "author"],
[INFO] [stdout] 96 | |             [&backend.pool, loaders.user, story.commissioners, "queries/story/get_story-user.sql", id.as_str(), "commissioner"],
[INFO] [stdout] 97 | |             [&backend.pool, loaders.user, story.dedicatees, "queries/story/get_story-user.sql", id.as_str(), "dedicated"],
[INFO] [stdout] 98 | |             [&backend.pool, loaders.tag, story.tags, "queries/story/get_story-tag.sql", id.as_str()],
[INFO] [stdout] 99 | |         ];
[INFO] [stdout]    | |__________^
[INFO] [stdout]    |
[INFO] [stdout]    = note: this error originates in the macro `$crate::sqlx_macros::expand_query` (in Nightly builds, run with -Z macro-backtrace for more info)
[INFO] [stdout] 
[INFO] [stdout] 
[INFO] [stdout] error: error communicating with the server: Cannot assign requested address (os error 99)
[INFO] [stdout]    --> stry-backend-postgres/src/story/story.rs:102:9
[INFO] [stdout]     |
[INFO] [stdout] 102 | /         id_level_loader![
[INFO] [stdout] 103 | |             [&backend.pool, loaders.origin, story.origins, "queries/story/get_story-origin.sql", id.as_str()],
[INFO] [stdout] 104 | |             [&backend.pool, loaders.warning, story.warnings, "queries/story/get_story-warning.sql", id.as_str()],
[INFO] [stdout] 105 | |         ];
[INFO] [stdout]     | |__________^
[INFO] [stdout]     |
[INFO] [stdout]     = note: this error originates in the macro `$crate::sqlx_macros::expand_query` (in Nightly builds, run with -Z macro-backtrace for more info)
[INFO] [stdout] 
[INFO] [stdout] 
[INFO] [stdout] error: error communicating with the server: Cannot assign requested address (os error 99)
[INFO] [stdout]    --> stry-backend-postgres/src/story/story.rs:102:9
[INFO] [stdout]     |
[INFO] [stdout] 102 | /         id_level_loader![
[INFO] [stdout] 103 | |             [&backend.pool, loaders.origin, story.origins, "queries/story/get_story-origin.sql", id.as_str()],
[INFO] [stdout] 104 | |             [&backend.pool, loaders.warning, story.warnings, "queries/story/get_story-warning.sql", id.as_str()],
[INFO] [stdout] 105 | |         ];
[INFO] [stdout]     | |__________^
[INFO] [stdout]     |
[INFO] [stdout]     = note: this error originates in the macro `$crate::sqlx_macros::expand_query` (in Nightly builds, run with -Z macro-backtrace for more info)
[INFO] [stdout] 
[INFO] [stdout] 
[INFO] [stdout] error: error communicating with the server: Cannot assign requested address (os error 99)
[INFO] [stdout]   --> stry-backend-postgres/src/story/story.rs:86:18
[INFO] [stdout]    |
[INFO] [stdout] 86 |     let record = sqlx::query_file_as!(StoryRecord, "queries/story/get_story.sql", id.as_str())
[INFO] [stdout]    |                  ^^^^^^^^^^^^^^^^^^^^^^^^^^^^^^^^^^^^^^^^^^^^^^^^^^^^^^^^^^^^^^^^^^^^^^^^^^^^^
[INFO] [stdout]    |
[INFO] [stdout]    = note: this error originates in the macro `$crate::sqlx_macros::expand_query` (in Nightly builds, run with -Z macro-backtrace for more info)
[INFO] [stdout] 
[INFO] [stdout] 
[INFO] [stdout] error: error communicating with the server: Cannot assign requested address (os error 99)
[INFO] [stdout]   --> stry-backend-postgres/src/story/story.rs:94:9
[INFO] [stdout]    |
[INFO] [stdout] 94 | /         id_loader![
[INFO] [stdout] 95 | |             [&backend.pool, loaders.user, story.authors, "queries/story/get_story-user.sql", id.as_str(), "author"],
[INFO] [stdout] 96 | |             [&backend.pool, loaders.user, story.commissioners, "queries/story/get_story-user.sql", id.as_str(), "commissioner"],
[INFO] [stdout] 97 | |             [&backend.pool, loaders.user, story.dedicatees, "queries/story/get_story-user.sql", id.as_str(), "dedicated"],
[INFO] [stdout] 98 | |             [&backend.pool, loaders.tag, story.tags, "queries/story/get_story-tag.sql", id.as_str()],
[INFO] [stdout] 99 | |         ];
[INFO] [stdout]    | |__________^
[INFO] [stdout]    |
[INFO] [stdout]    = note: this error originates in the macro `$crate::sqlx_macros::expand_query` (in Nightly builds, run with -Z macro-backtrace for more info)
[INFO] [stdout] 
[INFO] [stdout] 
[INFO] [stdout] error: error communicating with the server: Cannot assign requested address (os error 99)
[INFO] [stdout]   --> stry-backend-postgres/src/story/story.rs:94:9
[INFO] [stdout]    |
[INFO] [stdout] 94 | /         id_loader![
[INFO] [stdout] 95 | |             [&backend.pool, loaders.user, story.authors, "queries/story/get_story-user.sql", id.as_str(), "author"],
[INFO] [stdout] 96 | |             [&backend.pool, loaders.user, story.commissioners, "queries/story/get_story-user.sql", id.as_str(), "commissioner"],
[INFO] [stdout] 97 | |             [&backend.pool, loaders.user, story.dedicatees, "queries/story/get_story-user.sql", id.as_str(), "dedicated"],
[INFO] [stdout] 98 | |             [&backend.pool, loaders.tag, story.tags, "queries/story/get_story-tag.sql", id.as_str()],
[INFO] [stdout] 99 | |         ];
[INFO] [stdout]    | |__________^
[INFO] [stdout]    |
[INFO] [stdout]    = note: this error originates in the macro `$crate::sqlx_macros::expand_query` (in Nightly builds, run with -Z macro-backtrace for more info)
[INFO] [stdout] 
[INFO] [stdout] 
[INFO] [stdout] error: error communicating with the server: Cannot assign requested address (os error 99)
[INFO] [stdout]   --> stry-backend-postgres/src/story/story.rs:94:9
[INFO] [stdout]    |
[INFO] [stdout] 94 | /         id_loader![
[INFO] [stdout] 95 | |             [&backend.pool, loaders.user, story.authors, "queries/story/get_story-user.sql", id.as_str(), "author"],
[INFO] [stdout] 96 | |             [&backend.pool, loaders.user, story.commissioners, "queries/story/get_story-user.sql", id.as_str(), "commissioner"],
[INFO] [stdout] 97 | |             [&backend.pool, loaders.user, story.dedicatees, "queries/story/get_story-user.sql", id.as_str(), "dedicated"],
[INFO] [stdout] 98 | |             [&backend.pool, loaders.tag, story.tags, "queries/story/get_story-tag.sql", id.as_str()],
[INFO] [stdout] 99 | |         ];
[INFO] [stdout]    | |__________^
[INFO] [stdout]    |
[INFO] [stdout]    = note: this error originates in the macro `$crate::sqlx_macros::expand_query` (in Nightly builds, run with -Z macro-backtrace for more info)
[INFO] [stdout] 
[INFO] [stdout] 
[INFO] [stdout] error: error communicating with the server: Cannot assign requested address (os error 99)
[INFO] [stdout]   --> stry-backend-postgres/src/story/story.rs:94:9
[INFO] [stdout]    |
[INFO] [stdout] 94 | /         id_loader![
[INFO] [stdout] 95 | |             [&backend.pool, loaders.user, story.authors, "queries/story/get_story-user.sql", id.as_str(), "author"],
[INFO] [stdout] 96 | |             [&backend.pool, loaders.user, story.commissioners, "queries/story/get_story-user.sql", id.as_str(), "commissioner"],
[INFO] [stdout] 97 | |             [&backend.pool, loaders.user, story.dedicatees, "queries/story/get_story-user.sql", id.as_str(), "dedicated"],
[INFO] [stdout] 98 | |             [&backend.pool, loaders.tag, story.tags, "queries/story/get_story-tag.sql", id.as_str()],
[INFO] [stdout] 99 | |         ];
[INFO] [stdout]    | |__________^
[INFO] [stdout]    |
[INFO] [stdout]    = note: this error originates in the macro `$crate::sqlx_macros::expand_query` (in Nightly builds, run with -Z macro-backtrace for more info)
[INFO] [stdout] 
[INFO] [stdout] 
[INFO] [stdout] error: error communicating with the server: Cannot assign requested address (os error 99)
[INFO] [stdout]    --> stry-backend-postgres/src/story/story.rs:102:9
[INFO] [stdout]     |
[INFO] [stdout] 102 | /         id_level_loader![
[INFO] [stdout] 103 | |             [&backend.pool, loaders.origin, story.origins, "queries/story/get_story-origin.sql", id.as_str()],
[INFO] [stdout] 104 | |             [&backend.pool, loaders.warning, story.warnings, "queries/story/get_story-warning.sql", id.as_str()],
[INFO] [stdout] 105 | |         ];
[INFO] [stdout]     | |__________^
[INFO] [stdout]     |
[INFO] [stdout]     = note: this error originates in the macro `$crate::sqlx_macros::expand_query` (in Nightly builds, run with -Z macro-backtrace for more info)
[INFO] [stdout] 
[INFO] [stdout] 
[INFO] [stdout] error: error communicating with the server: Cannot assign requested address (os error 99)
[INFO] [stdout]    --> stry-backend-postgres/src/story/story.rs:102:9
[INFO] [stdout]     |
[INFO] [stdout] 102 | /         id_level_loader![
[INFO] [stdout] 103 | |             [&backend.pool, loaders.origin, story.origins, "queries/story/get_story-origin.sql", id.as_str()],
[INFO] [stdout] 104 | |             [&backend.pool, loaders.warning, story.warnings, "queries/story/get_story-warning.sql", id.as_str()],
[INFO] [stdout] 105 | |         ];
[INFO] [stdout]     | |__________^
[INFO] [stdout]     |
[INFO] [stdout]     = note: this error originates in the macro `$crate::sqlx_macros::expand_query` (in Nightly builds, run with -Z macro-backtrace for more info)
[INFO] [stdout] 
[INFO] [stdout] 
[INFO] [stdout] warning: unused import: `StoryRecord`
[INFO] [stdout]   --> stry-backend-postgres/src/story/story.rs:10:24
[INFO] [stdout]    |
[INFO] [stdout] 10 |         story::{Story, StoryRecord, TagLevel},
[INFO] [stdout]    |                        ^^^^^^^^^^^
[INFO] [stdout]    |
[INFO] [stdout]    = note: `#[warn(unused_imports)]` on by default
[INFO] [stdout] 
[INFO] [stdout] 
[INFO] [stdout] warning: unused import: `stry_common::models::IdRecord`
[INFO] [stdout]   --> stry-backend-postgres/src/story/story.rs:22:21
[INFO] [stdout]    |
[INFO] [stdout] 22 |                   use stry_common::models::IdRecord;
[INFO] [stdout]    |                       ^^^^^^^^^^^^^^^^^^^^^^^^^^^^^
[INFO] [stdout] ...
[INFO] [stdout] 94 | /         id_loader![
[INFO] [stdout] 95 | |             [&backend.pool, loaders.user, story.authors, "queries/story/get_story-user.sql", id.as_str(), "author"],
[INFO] [stdout] 96 | |             [&backend.pool, loaders.user, story.commissioners, "queries/story/get_story-user.sql", id.as_str(), "commissioner"],
[INFO] [stdout] 97 | |             [&backend.pool, loaders.user, story.dedicatees, "queries/story/get_story-user.sql", id.as_str(), "dedicated"],
[INFO] [stdout] 98 | |             [&backend.pool, loaders.tag, story.tags, "queries/story/get_story-tag.sql", id.as_str()],
[INFO] [stdout] 99 | |         ];
[INFO] [stdout]    | |__________- in this macro invocation
[INFO] [stdout]    |
[INFO] [stdout]    = note: this warning originates in the macro `id_loader` (in Nightly builds, run with -Z macro-backtrace for more info)
[INFO] [stdout] 
[INFO] [stdout] 
[INFO] [stdout] warning: unused import: `stry_common::models::story::IdLevelRecord`
[INFO] [stdout]    --> stry-backend-postgres/src/story/story.rs:41:21
[INFO] [stdout]     |
[INFO] [stdout] 41  |                   use stry_common::models::story::IdLevelRecord;
[INFO] [stdout]     |                       ^^^^^^^^^^^^^^^^^^^^^^^^^^^^^^^^^^^^^^^^^
[INFO] [stdout] ...
[INFO] [stdout] 102 | /         id_level_loader![
[INFO] [stdout] 103 | |             [&backend.pool, loaders.origin, story.origins, "queries/story/get_story-origin.sql", id.as_str()],
[INFO] [stdout] 104 | |             [&backend.pool, loaders.warning, story.warnings, "queries/story/get_story-warning.sql", id.as_str()],
[INFO] [stdout] 105 | |         ];
[INFO] [stdout]     | |__________- in this macro invocation
[INFO] [stdout]     |
[INFO] [stdout]     = note: this warning originates in the macro `id_level_loader` (in Nightly builds, run with -Z macro-backtrace for more info)
[INFO] [stdout] 
[INFO] [stdout] 
[INFO] [stdout] warning: unused import: `StoryRecord`
[INFO] [stdout]   --> stry-backend-postgres/src/story/story.rs:10:24
[INFO] [stdout]    |
[INFO] [stdout] 10 |         story::{Story, StoryRecord, TagLevel},
[INFO] [stdout]    |                        ^^^^^^^^^^^
[INFO] [stdout]    |
[INFO] [stdout]    = note: `#[warn(unused_imports)]` on by default
[INFO] [stdout] 
[INFO] [stdout] 
[INFO] [stdout] warning: unused import: `stry_common::models::IdRecord`
[INFO] [stdout]   --> stry-backend-postgres/src/story/story.rs:22:21
[INFO] [stdout]    |
[INFO] [stdout] 22 |                   use stry_common::models::IdRecord;
[INFO] [stdout]    |                       ^^^^^^^^^^^^^^^^^^^^^^^^^^^^^
[INFO] [stdout] ...
[INFO] [stdout] 94 | /         id_loader![
[INFO] [stdout] 95 | |             [&backend.pool, loaders.user, story.authors, "queries/story/get_story-user.sql", id.as_str(), "author"],
[INFO] [stdout] 96 | |             [&backend.pool, loaders.user, story.commissioners, "queries/story/get_story-user.sql", id.as_str(), "commissioner"],
[INFO] [stdout] 97 | |             [&backend.pool, loaders.user, story.dedicatees, "queries/story/get_story-user.sql", id.as_str(), "dedicated"],
[INFO] [stdout] 98 | |             [&backend.pool, loaders.tag, story.tags, "queries/story/get_story-tag.sql", id.as_str()],
[INFO] [stdout] 99 | |         ];
[INFO] [stdout]    | |__________- in this macro invocation
[INFO] [stdout]    |
[INFO] [stdout]    = note: this warning originates in the macro `id_loader` (in Nightly builds, run with -Z macro-backtrace for more info)
[INFO] [stdout] 
[INFO] [stdout] 
[INFO] [stdout] warning: unused import: `stry_common::models::story::IdLevelRecord`
[INFO] [stdout]    --> stry-backend-postgres/src/story/story.rs:41:21
[INFO] [stdout]     |
[INFO] [stdout] 41  |                   use stry_common::models::story::IdLevelRecord;
[INFO] [stdout]     |                       ^^^^^^^^^^^^^^^^^^^^^^^^^^^^^^^^^^^^^^^^^
[INFO] [stdout] ...
[INFO] [stdout] 102 | /         id_level_loader![
[INFO] [stdout] 103 | |             [&backend.pool, loaders.origin, story.origins, "queries/story/get_story-origin.sql", id.as_str()],
[INFO] [stdout] 104 | |             [&backend.pool, loaders.warning, story.warnings, "queries/story/get_story-warning.sql", id.as_str()],
[INFO] [stdout] 105 | |         ];
[INFO] [stdout]     | |__________- in this macro invocation
[INFO] [stdout]     |
[INFO] [stdout]     = note: this warning originates in the macro `id_level_loader` (in Nightly builds, run with -Z macro-backtrace for more info)
[INFO] [stdout] 
[INFO] [stdout] 
[INFO] [stdout] warning: unused import: `futures::utils::TryStreamExt`
[INFO] [stdout]  --> stry-backend-postgres/src/story/story.rs:4:5
[INFO] [stdout]   |
[INFO] [stdout] 4 |     futures::utils::TryStreamExt as _,
[INFO] [stdout]   |     ^^^^^^^^^^^^^^^^^^^^^^^^^^^^
[INFO] [stdout] 
[INFO] [stdout] 
[INFO] [stdout] error: aborting due to 7 previous errors; 4 warnings emitted
[INFO] [stdout] 
[INFO] [stdout] 
[INFO] [stderr] error: could not compile `stry-backend-postgres` due to 8 previous errors; 4 warnings emitted
[INFO] [stderr] warning: build failed, waiting for other jobs to finish...
[INFO] [stdout] warning: unused import: `futures::utils::TryStreamExt`
[INFO] [stdout]  --> stry-backend-postgres/src/story/story.rs:4:5
[INFO] [stdout]   |
[INFO] [stdout] 4 |     futures::utils::TryStreamExt as _,
[INFO] [stdout]   |     ^^^^^^^^^^^^^^^^^^^^^^^^^^^^
[INFO] [stdout] 
[INFO] [stdout] 
[INFO] [stdout] error: aborting due to 7 previous errors; 4 warnings emitted
[INFO] [stdout] 
[INFO] [stdout] 
[INFO] [stderr] error: build failed
[INFO] running `Command { std: "docker" "inspect" "dec36bc4cb1c947290a3ca874481169b520ca646e219d55459fb4032b96fc620", kill_on_drop: false }`
[INFO] running `Command { std: "docker" "rm" "-f" "dec36bc4cb1c947290a3ca874481169b520ca646e219d55459fb4032b96fc620", kill_on_drop: false }`
[INFO] [stdout] dec36bc4cb1c947290a3ca874481169b520ca646e219d55459fb4032b96fc620
