[INFO] cloning repository https://github.com/stoksc/actix-bb8-service
[INFO] running `Command { std: "git" "-c" "credential.helper=" "-c" "credential.helper=/workspace/cargo-home/bin/git-credential-null" "clone" "--bare" "https://github.com/stoksc/actix-bb8-service" "/workspace/cache/git-repos/https%3A%2F%2Fgithub.com%2Fstoksc%2Factix-bb8-service", kill_on_drop: false }`
[INFO] [stderr] Cloning into bare repository '/workspace/cache/git-repos/https%3A%2F%2Fgithub.com%2Fstoksc%2Factix-bb8-service'...
[INFO] running `Command { std: "git" "rev-parse" "HEAD", kill_on_drop: false }`
[INFO] [stdout] 0df30437d8723a87df1750c816da3b75f66e10f6
[INFO] checking stoksc/actix-bb8-service against beta-2021-10-15 for beta-1.56-3
[INFO] running `Command { std: "git" "clone" "/workspace/cache/git-repos/https%3A%2F%2Fgithub.com%2Fstoksc%2Factix-bb8-service" "/workspace/builds/worker-2/source", kill_on_drop: false }`
[INFO] [stderr] Cloning into '/workspace/builds/worker-2/source'...
[INFO] [stderr] done.
[INFO] validating manifest of git repo https://github.com/stoksc/actix-bb8-service on toolchain beta-2021-10-15
[INFO] running `Command { std: "/workspace/cargo-home/bin/cargo" "+beta-2021-10-15" "metadata" "--manifest-path" "Cargo.toml" "--no-deps", kill_on_drop: false }`
[INFO] started tweaking git repo https://github.com/stoksc/actix-bb8-service
[INFO] finished tweaking git repo https://github.com/stoksc/actix-bb8-service
[INFO] tweaked toml for git repo https://github.com/stoksc/actix-bb8-service written to /workspace/builds/worker-2/source/Cargo.toml
[INFO] crate git repo https://github.com/stoksc/actix-bb8-service already has a lockfile, it will not be regenerated
[INFO] running `Command { std: "/workspace/cargo-home/bin/cargo" "+beta-2021-10-15" "fetch" "--manifest-path" "Cargo.toml", kill_on_drop: false }`
[INFO] [stderr]     Updating git repository `https://github.com/stoksc/bb8`
[INFO] [stderr]     Blocking waiting for file lock on package cache
[INFO] running `Command { std: "docker" "create" "-v" "/var/lib/crater-agent-workspace/builds/worker-2/target:/opt/rustwide/target:rw,Z" "-v" "/var/lib/crater-agent-workspace/builds/worker-2/source:/opt/rustwide/workdir:ro,Z" "-v" "/var/lib/crater-agent-workspace/cargo-home:/opt/rustwide/cargo-home:ro,Z" "-v" "/var/lib/crater-agent-workspace/rustup-home:/opt/rustwide/rustup-home:ro,Z" "-e" "SOURCE_DIR=/opt/rustwide/workdir" "-e" "CARGO_TARGET_DIR=/opt/rustwide/target" "-e" "CARGO_HOME=/opt/rustwide/cargo-home" "-e" "RUSTUP_HOME=/opt/rustwide/rustup-home" "-w" "/opt/rustwide/workdir" "-m" "1610612736" "--user" "0:0" "--network" "none" "ghcr.io/rust-lang/crates-build-env/linux@sha256:a89201d6b5b9fd45c15d5952ece0a0129e7e80cb26ec023fd59cf09bc26f1604" "/opt/rustwide/cargo-home/bin/cargo" "+beta-2021-10-15" "metadata" "--no-deps" "--format-version=1", kill_on_drop: false }`
[INFO] [stdout] 7676d8360981663a18e5fb1a1673780d7ebd6d5befe64d089aa55b82084a2775
[INFO] [stderr] WARNING: Your kernel does not support swap limit capabilities or the cgroup is not mounted. Memory limited without swap.
[INFO] running `Command { std: "docker" "start" "-a" "7676d8360981663a18e5fb1a1673780d7ebd6d5befe64d089aa55b82084a2775", kill_on_drop: false }`
[INFO] running `Command { std: "docker" "inspect" "7676d8360981663a18e5fb1a1673780d7ebd6d5befe64d089aa55b82084a2775", kill_on_drop: false }`
[INFO] running `Command { std: "docker" "rm" "-f" "7676d8360981663a18e5fb1a1673780d7ebd6d5befe64d089aa55b82084a2775", kill_on_drop: false }`
[INFO] [stdout] 7676d8360981663a18e5fb1a1673780d7ebd6d5befe64d089aa55b82084a2775
[INFO] running `Command { std: "docker" "create" "-v" "/var/lib/crater-agent-workspace/builds/worker-2/target:/opt/rustwide/target:rw,Z" "-v" "/var/lib/crater-agent-workspace/builds/worker-2/source:/opt/rustwide/workdir:ro,Z" "-v" "/var/lib/crater-agent-workspace/cargo-home:/opt/rustwide/cargo-home:ro,Z" "-v" "/var/lib/crater-agent-workspace/rustup-home:/opt/rustwide/rustup-home:ro,Z" "-e" "SOURCE_DIR=/opt/rustwide/workdir" "-e" "CARGO_TARGET_DIR=/opt/rustwide/target" "-e" "CARGO_INCREMENTAL=0" "-e" "RUST_BACKTRACE=full" "-e" "RUSTFLAGS=--cap-lints=warn" "-e" "CARGO_HOME=/opt/rustwide/cargo-home" "-e" "RUSTUP_HOME=/opt/rustwide/rustup-home" "-w" "/opt/rustwide/workdir" "-m" "1610612736" "--user" "0:0" "--network" "none" "ghcr.io/rust-lang/crates-build-env/linux@sha256:a89201d6b5b9fd45c15d5952ece0a0129e7e80cb26ec023fd59cf09bc26f1604" "/opt/rustwide/cargo-home/bin/cargo" "+beta-2021-10-15" "check" "--frozen" "--all" "--all-targets" "--message-format=json", kill_on_drop: false }`
[INFO] [stdout] f142b6642db4bd3f5806641114268999e2a9cca4831fcd9e70b53044ea97700f
[INFO] [stderr] WARNING: Your kernel does not support swap limit capabilities or the cgroup is not mounted. Memory limited without swap.
[INFO] running `Command { std: "docker" "start" "-a" "f142b6642db4bd3f5806641114268999e2a9cca4831fcd9e70b53044ea97700f", kill_on_drop: false }`
[INFO] [stderr]     Blocking waiting for file lock on package cache
[INFO] [stderr]    Compiling syn v1.0.9
[INFO] [stderr]     Checking futures-sink-preview v0.3.0-alpha.19
[INFO] [stderr]     Checking futures-io-preview v0.3.0-alpha.19
[INFO] [stderr]     Checking futures-sink v0.3.1
[INFO] [stderr]     Checking futures-core v0.3.1
[INFO] [stderr]     Checking md5 v0.6.1
[INFO] [stderr]    Compiling fs_extra v1.1.0
[INFO] [stderr]    Compiling lazy_static v1.4.0
[INFO] [stderr]    Compiling brotli-sys v0.3.2
[INFO] [stderr]    Compiling miniz-sys v0.1.12
[INFO] [stderr]     Checking crossbeam-utils v0.6.6
[INFO] [stderr]     Checking tracing-core v0.1.7
[INFO] [stderr]     Checking thread_local v0.3.6
[INFO] [stderr]     Checking idna v0.2.0
[INFO] [stderr]     Checking idna v0.1.5
[INFO] [stderr]     Checking stringprep v0.1.2
[INFO] [stderr]    Compiling getrandom v0.1.13
[INFO] [stderr]     Checking crossbeam-utils v0.7.0
[INFO] [stderr]     Checking backtrace-sys v0.1.32
[INFO] [stderr]     Checking bytes v0.4.12
[INFO] [stderr]     Checking threadpool v1.7.1
[INFO] [stderr]     Checking resolv-conf v0.6.2
[INFO] [stderr]     Checking futures-channel-preview v0.3.0-alpha.19
[INFO] [stderr]     Checking rand v0.6.5
[INFO] [stderr]     Checking regex v1.3.1
[INFO] [stderr]     Checking block-buffer v0.7.3
[INFO] [stderr]     Checking futures-channel v0.3.1
[INFO] [stderr]     Checking crossbeam-channel v0.3.9
[INFO] [stderr]     Checking crossbeam-queue v0.1.2
[INFO] [stderr]     Checking tokio-executor v0.1.9
[INFO] [stderr]    Compiling enum-as-inner v0.2.1
[INFO] [stderr]    Compiling actix_derive v0.4.0
[INFO] [stderr]    Compiling derive_more v0.14.1
[INFO] [stderr]     Checking backtrace v0.3.40
[INFO] [stderr]    Compiling jemalloc-sys v0.3.2
[INFO] [stderr]    Compiling rand_core v0.5.1
[INFO] [stderr]     Checking parking_lot v0.9.0
[INFO] [stderr]     Checking crossbeam-epoch v0.8.0
[INFO] [stderr]     Checking url v1.7.2
[INFO] [stderr]     Checking sha2 v0.8.0
[INFO] [stderr]     Checking url v2.1.0
[INFO] [stderr]     Checking tokio-io v0.1.12
[INFO] [stderr]     Checking http v0.1.20
[INFO] [stderr]     Checking string v0.2.1
[INFO] [stderr]     Checking tokio-timer v0.2.12
[INFO] [stderr]     Checking tokio-current-thread v0.1.6
[INFO] [stderr]    Compiling rand_chacha v0.2.1
[INFO] [stderr]     Checking crossbeam-deque v0.7.2
[INFO] [stderr]     Checking postgres-protocol v0.5.0-alpha.1
[INFO] [stderr]     Checking parking_lot_core v0.5.0
[INFO] [stderr]     Checking env_logger v0.7.1
[INFO] [stderr]     Checking flate2 v1.0.13
[INFO] [stderr]     Checking tokio-reactor v0.1.11
[INFO] [stderr]     Checking tokio-codec v0.1.1
[INFO] [stderr]    Compiling rand v0.7.2
[INFO] [stderr]     Checking parking_lot v0.8.0
[INFO] [stderr]     Checking actix-codec v0.1.2
[INFO] [stderr]     Checking tokio-tcp v0.1.3
[INFO] [stderr]     Checking tokio-udp v0.1.5
[INFO] [stderr]     Checking postgres-types v0.1.0-alpha.1
[INFO] [stderr]     Checking actix-utils v0.4.7
[INFO] [stderr]     Checking actix-server-config v0.1.2
[INFO] [stderr]     Checking h2 v0.1.26
[INFO] [stderr]    Compiling derive_more v0.15.0
[INFO] [stderr]     Checking brotli2 v0.3.2
[INFO] [stderr]    Compiling synstructure v0.12.3
[INFO] [stderr]    Compiling proc-macro-hack v0.5.11
[INFO] [stderr]    Compiling pin-project-internal v0.4.6
[INFO] [stderr]    Compiling tracing-attributes v0.1.5
[INFO] [stderr]    Compiling tokio-macros v0.2.0-alpha.6
[INFO] [stderr]    Compiling serde_derive v1.0.103
[INFO] [stderr]    Compiling async-trait v0.1.19
[INFO] [stderr]    Compiling enum-as-inner v0.3.0
[INFO] [stderr]    Compiling actix-web-codegen v0.2.0-alpha.1
[INFO] [stderr]    Compiling failure_derive v0.1.6
[INFO] [stderr]     Checking actix-threadpool v0.1.2
[INFO] [stderr]     Checking actix-rt v0.2.6
[INFO] [stderr]     Checking failure v0.1.6
[INFO] [stderr]    Compiling futures-join-macro-preview v0.3.0-alpha.19
[INFO] [stderr]    Compiling futures-select-macro-preview v0.3.0-alpha.19
[INFO] [stderr]    Compiling futures-macro v0.3.1
[INFO] [stderr]    Compiling const-random-macro v0.1.6
[INFO] [stderr]     Checking trust-dns-proto v0.7.4
[INFO] [stderr]     Checking tracing v0.1.10
[INFO] [stderr]     Checking const-random v0.1.6
[INFO] [stderr]     Checking ahash v0.2.18
[INFO] [stderr]     Checking pin-project v0.4.6
[INFO] [stderr]     Checking tokio-io v0.2.0-alpha.6
[INFO] [stderr]     Checking hashbrown v0.6.3
[INFO] [stderr]     Checking futures-util-preview v0.3.0-alpha.19
[INFO] [stderr]     Checking futures-util v0.3.1
[INFO] [stderr]     Checking tokio-codec v0.2.0-alpha.6
[INFO] [stderr]     Checking trust-dns-resolver v0.11.1
[INFO] [stderr]     Checking actix-connect v0.2.5
[INFO] [stderr]     Checking futures-executor v0.3.1
[INFO] [stderr]     Checking tokio-sync v0.2.0-alpha.6
[INFO] [stderr]     Checking futures-executor-preview v0.3.0-alpha.19
[INFO] [stderr]     Checking serde v1.0.103
[INFO] [stderr]     Checking futures-preview v0.3.0-alpha.19
[INFO] [stderr]     Checking futures v0.3.1
[INFO] [stderr]     Checking actix-threadpool v0.2.0
[INFO] [stderr]     Checking actix-service v1.0.0-alpha.1
[INFO] [stderr]     Checking actix-codec v0.2.0-alpha.1
[INFO] [stderr]     Checking tokio-executor v0.2.0-alpha.6
[INFO] [stderr]     Checking h2 v0.2.0-alpha.3
[INFO] [stderr]     Checking tokio-net v0.2.0-alpha.6
[INFO] [stderr]     Checking tokio-timer v0.3.0-alpha.6
[INFO] [stderr]     Checking tokio-fs v0.2.0-alpha.6
[INFO] [stderr]     Checking actix-utils v0.5.0-alpha1
[INFO] [stderr]     Checking tokio v0.2.0-alpha.6
[INFO] [stderr]     Checking actix-server-config v0.3.0-alpha.1
[INFO] [stderr]     Checking trust-dns-proto v0.18.0-alpha.1
[INFO] [stderr]     Checking serde_urlencoded v0.6.1
[INFO] [stderr]     Checking serde_json v1.0.42
[INFO] [stderr]     Checking actix-router v0.1.5
[INFO] [stderr]     Checking actix-rt v1.0.0-alpha.1
[INFO] [stderr]     Checking tokio-postgres v0.5.0-alpha.1
[INFO] [stderr]     Checking actix-server v0.8.0-alpha.1
[INFO] [stderr]     Checking bb8 v0.4.0-pre (https://github.com/stoksc/bb8?branch=actix-rt#130b76c6)
[INFO] [stderr]     Checking trust-dns-resolver v0.18.0-alpha.1
[INFO] [stderr]     Checking bb8-postgres v0.4.0-pre (https://github.com/stoksc/bb8?branch=actix-rt#130b76c6)
[INFO] [stderr]     Checking actix-testing v0.3.0-alpha.1
[INFO] [stderr]     Checking actix-http v0.2.11
[INFO] [stderr]     Checking actix-connect v1.0.0-alpha.1
[INFO] [stderr]     Checking actix-http v0.3.0-alpha.1
[INFO] [stderr]     Checking actix v0.8.3
[INFO] [stderr]     Checking awc v0.3.0-alpha.1
[INFO] [stderr]     Checking actix-web v2.0.0-alpha.1
[INFO] [stderr]     Checking jemallocator v0.3.2
[INFO] [stderr]     Checking actix-bb8-try v0.1.0 (/opt/rustwide/workdir)
[INFO] [stdout] error[E0554]: `#![feature]` may not be used on the beta release channel
[INFO] [stdout]  --> src/main.rs:1:1
[INFO] [stdout]   |
[INFO] [stdout] 1 | #![feature(async_closure)]
[INFO] [stdout]   | ^^^^^^^^^^^^^^^^^^^^^^^^^^
[INFO] [stdout] 
[INFO] [stdout] 
[INFO] [stdout] error[E0658]: the `!` type is experimental
[INFO] [stdout]   --> src/main.rs:13:27
[INFO] [stdout]    |
[INFO] [stdout] 13 | ) -> Result<HttpResponse, !> {
[INFO] [stdout]    |                           ^
[INFO] [stdout]    |
[INFO] [stdout]    = note: see issue #35121 <https://github.com/rust-lang/rust/issues/35121> for more information
[INFO] [stdout] 
[INFO] [stdout] 
[INFO] [stdout] error[E0554]: `#![feature]` may not be used on the beta release channel
[INFO] [stdout]  --> src/main.rs:1:1
[INFO] [stdout]   |
[INFO] [stdout] 1 | #![feature(async_closure)]
[INFO] [stdout]   | ^^^^^^^^^^^^^^^^^^^^^^^^^^
[INFO] [stdout] 
[INFO] [stdout] 
[INFO] [stdout] error[E0658]: the `!` type is experimental
[INFO] [stdout]   --> src/main.rs:13:27
[INFO] [stdout]    |
[INFO] [stdout] 13 | ) -> Result<HttpResponse, !> {
[INFO] [stdout]    |                           ^
[INFO] [stdout]    |
[INFO] [stdout]    = note: see issue #35121 <https://github.com/rust-lang/rust/issues/35121> for more information
[INFO] [stdout] 
[INFO] [stdout] 
[INFO] [stdout] error[E0277]: the trait bound `fn(Data<Pool<PostgresConnectionManager<NoTls>>>) -> impl futures::Future {selector}: Factory<_, _, _>` is not satisfied
[INFO] [stdout]   --> src/main.rs:64:51
[INFO] [stdout]    |
[INFO] [stdout] 64 |             .service(web::resource("/select1").to(selector))
[INFO] [stdout]    |                                                   ^^^^^^^^ the trait `Factory<_, _, _>` is not implemented for `fn(Data<Pool<PostgresConnectionManager<NoTls>>>) -> impl futures::Future {selector}`
[INFO] [stdout] 
[INFO] [stdout] 
[INFO] [stdout] error[E0277]: the trait bound `fn(Data<Pool<PostgresConnectionManager<NoTls>>>) -> impl futures::Future {selector}: Factory<_, _, _>` is not satisfied
[INFO] [stdout]   --> src/main.rs:64:51
[INFO] [stdout]    |
[INFO] [stdout] 64 |             .service(web::resource("/select1").to(selector))
[INFO] [stdout]    |                                                   ^^^^^^^^ the trait `Factory<_, _, _>` is not implemented for `fn(Data<Pool<PostgresConnectionManager<NoTls>>>) -> impl futures::Future {selector}`
[INFO] [stdout] 
[INFO] [stdout] 
[INFO] [stdout] error: aborting due to 3 previous errors
[INFO] [stdout] 
[INFO] [stdout] 
[INFO] [stdout] error: aborting due to 3 previous errors
[INFO] [stdout] 
[INFO] [stdout] 
[INFO] [stdout] Some errors have detailed explanations: E0277, E0554, E0658.
[INFO] [stdout] 
[INFO] [stdout] For more information about an error, try `rustc --explain E0277`.
[INFO] [stdout] 
[INFO] [stdout] Some errors have detailed explanations: E0277, E0554, E0658.
[INFO] [stdout] 
[INFO] [stdout] For more information about an error, try `rustc --explain E0277`.
[INFO] [stdout] 
[INFO] [stderr] error: could not compile `actix-bb8-try` due to 4 previous errors
[INFO] [stderr] warning: build failed, waiting for other jobs to finish...
[INFO] [stderr] error: build failed
[INFO] running `Command { std: "docker" "inspect" "f142b6642db4bd3f5806641114268999e2a9cca4831fcd9e70b53044ea97700f", kill_on_drop: false }`
[INFO] running `Command { std: "docker" "rm" "-f" "f142b6642db4bd3f5806641114268999e2a9cca4831fcd9e70b53044ea97700f", kill_on_drop: false }`
[INFO] [stdout] f142b6642db4bd3f5806641114268999e2a9cca4831fcd9e70b53044ea97700f
