[INFO] cloning repository https://github.com/stoically/git-matrix
[INFO] running `Command { std: "git" "-c" "credential.helper=" "-c" "credential.helper=/workspace/cargo-home/bin/git-credential-null" "clone" "--bare" "https://github.com/stoically/git-matrix" "/workspace/cache/git-repos/https%3A%2F%2Fgithub.com%2Fstoically%2Fgit-matrix", kill_on_drop: false }`
[INFO] [stderr] Cloning into bare repository '/workspace/cache/git-repos/https%3A%2F%2Fgithub.com%2Fstoically%2Fgit-matrix'...
[INFO] running `Command { std: "git" "rev-parse" "HEAD", kill_on_drop: false }`
[INFO] [stdout] 220dbb67f320837a93878ce712e140b5e54c5298
[INFO] checking stoically/git-matrix against 1.55.0 for beta-1.56-3
[INFO] running `Command { std: "git" "clone" "/workspace/cache/git-repos/https%3A%2F%2Fgithub.com%2Fstoically%2Fgit-matrix" "/workspace/builds/worker-7/source", kill_on_drop: false }`
[INFO] [stderr] Cloning into '/workspace/builds/worker-7/source'...
[INFO] [stderr] done.
[INFO] validating manifest of git repo https://github.com/stoically/git-matrix on toolchain 1.55.0
[INFO] running `Command { std: "/workspace/cargo-home/bin/cargo" "+1.55.0" "metadata" "--manifest-path" "Cargo.toml" "--no-deps", kill_on_drop: false }`
[INFO] started tweaking git repo https://github.com/stoically/git-matrix
[INFO] finished tweaking git repo https://github.com/stoically/git-matrix
[INFO] tweaked toml for git repo https://github.com/stoically/git-matrix written to /workspace/builds/worker-7/source/Cargo.toml
[INFO] crate git repo https://github.com/stoically/git-matrix already has a lockfile, it will not be regenerated
[INFO] running `Command { std: "/workspace/cargo-home/bin/cargo" "+1.55.0" "fetch" "--manifest-path" "Cargo.toml", kill_on_drop: false }`
[INFO] running `Command { std: "docker" "create" "-v" "/var/lib/crater-agent-workspace/builds/worker-7/target:/opt/rustwide/target:rw,Z" "-v" "/var/lib/crater-agent-workspace/builds/worker-7/source:/opt/rustwide/workdir:ro,Z" "-v" "/var/lib/crater-agent-workspace/cargo-home:/opt/rustwide/cargo-home:ro,Z" "-v" "/var/lib/crater-agent-workspace/rustup-home:/opt/rustwide/rustup-home:ro,Z" "-e" "SOURCE_DIR=/opt/rustwide/workdir" "-e" "CARGO_TARGET_DIR=/opt/rustwide/target" "-e" "CARGO_HOME=/opt/rustwide/cargo-home" "-e" "RUSTUP_HOME=/opt/rustwide/rustup-home" "-w" "/opt/rustwide/workdir" "-m" "1610612736" "--user" "0:0" "--network" "none" "ghcr.io/rust-lang/crates-build-env/linux@sha256:a89201d6b5b9fd45c15d5952ece0a0129e7e80cb26ec023fd59cf09bc26f1604" "/opt/rustwide/cargo-home/bin/cargo" "+1.55.0" "metadata" "--no-deps" "--format-version=1", kill_on_drop: false }`
[INFO] [stderr] WARNING: Your kernel does not support swap limit capabilities or the cgroup is not mounted. Memory limited without swap.
[INFO] [stdout] cd51781e787f934f143c448096c35827f2411bac24e38b110b2a588f895ab99c
[INFO] running `Command { std: "docker" "start" "-a" "cd51781e787f934f143c448096c35827f2411bac24e38b110b2a588f895ab99c", kill_on_drop: false }`
[INFO] running `Command { std: "docker" "inspect" "cd51781e787f934f143c448096c35827f2411bac24e38b110b2a588f895ab99c", kill_on_drop: false }`
[INFO] running `Command { std: "docker" "rm" "-f" "cd51781e787f934f143c448096c35827f2411bac24e38b110b2a588f895ab99c", kill_on_drop: false }`
[INFO] [stdout] cd51781e787f934f143c448096c35827f2411bac24e38b110b2a588f895ab99c
[INFO] running `Command { std: "docker" "create" "-v" "/var/lib/crater-agent-workspace/builds/worker-7/target:/opt/rustwide/target:rw,Z" "-v" "/var/lib/crater-agent-workspace/builds/worker-7/source:/opt/rustwide/workdir:ro,Z" "-v" "/var/lib/crater-agent-workspace/cargo-home:/opt/rustwide/cargo-home:ro,Z" "-v" "/var/lib/crater-agent-workspace/rustup-home:/opt/rustwide/rustup-home:ro,Z" "-e" "SOURCE_DIR=/opt/rustwide/workdir" "-e" "CARGO_TARGET_DIR=/opt/rustwide/target" "-e" "CARGO_INCREMENTAL=0" "-e" "RUST_BACKTRACE=full" "-e" "RUSTFLAGS=--cap-lints=warn" "-e" "CARGO_HOME=/opt/rustwide/cargo-home" "-e" "RUSTUP_HOME=/opt/rustwide/rustup-home" "-w" "/opt/rustwide/workdir" "-m" "1610612736" "--user" "0:0" "--network" "none" "ghcr.io/rust-lang/crates-build-env/linux@sha256:a89201d6b5b9fd45c15d5952ece0a0129e7e80cb26ec023fd59cf09bc26f1604" "/opt/rustwide/cargo-home/bin/cargo" "+1.55.0" "check" "--frozen" "--all" "--all-targets" "--message-format=json", kill_on_drop: false }`
[INFO] [stdout] 5ae4c7479833b980f147222cdfcc50ca5c5a75726a4c068fbfb909aec68e64f8
[INFO] [stderr] WARNING: Your kernel does not support swap limit capabilities or the cgroup is not mounted. Memory limited without swap.
[INFO] running `Command { std: "docker" "start" "-a" "5ae4c7479833b980f147222cdfcc50ca5c5a75726a4c068fbfb909aec68e64f8", kill_on_drop: false }`
[INFO] [stderr]    Compiling libc v0.2.100
[INFO] [stderr]    Compiling syn v1.0.75
[INFO] [stderr]    Compiling serde_derive v1.0.128
[INFO] [stderr]    Compiling serde v1.0.128
[INFO] [stderr]    Compiling futures-channel v0.3.16
[INFO] [stderr]     Checking text_io v0.1.9
[INFO] [stderr]    Compiling futures-util v0.3.16
[INFO] [stderr]     Checking http v0.2.4
[INFO] [stderr]     Checking tracing v0.1.26
[INFO] [stderr]     Checking futures-util-preview v0.3.0-alpha.19
[INFO] [stderr]     Checking getrandom v0.1.16
[INFO] [stderr]     Checking net2 v0.2.37
[INFO] [stderr]     Checking iovec v0.1.4
[INFO] [stderr]     Checking getrandom v0.2.3
[INFO] [stderr]     Checking socket2 v0.3.19
[INFO] [stderr]     Checking num_cpus v1.13.0
[INFO] [stderr]     Checking rpassword v4.0.5
[INFO] [stderr]    Compiling jobserver v0.1.24
[INFO] [stderr]     Checking rand_core v0.5.1
[INFO] [stderr]     Checking uuid v0.8.2
[INFO] [stderr]     Checking rand_core v0.6.3
[INFO] [stderr]     Checking futures-executor-preview v0.3.0-alpha.19
[INFO] [stderr]    Compiling cc v1.0.69
[INFO] [stderr]     Checking mio v0.6.23
[INFO] [stderr]     Checking rand_chacha v0.2.2
[INFO] [stderr]     Checking rand_chacha v0.3.1
[INFO] [stderr]     Checking futures-preview v0.3.0-alpha.19
[INFO] [stderr]     Checking rand v0.7.3
[INFO] [stderr]     Checking http-body v0.3.1
[INFO] [stderr]     Checking rand v0.8.4
[INFO] [stderr]    Compiling openssl-sys v0.9.66
[INFO] [stderr]    Compiling libz-sys v1.1.3
[INFO] [stderr]    Compiling libssh2-sys v0.2.21
[INFO] [stderr]    Compiling libgit2-sys v0.12.22+1.1.0
[INFO] [stderr]     Checking tempfile v3.2.0
[INFO] [stderr]    Compiling openssl v0.10.36
[INFO] [stderr]    Compiling native-tls v0.2.8
[INFO] [stderr]    Compiling tokio-macros v0.2.6
[INFO] [stderr]    Compiling pin-project-internal v1.0.8
[INFO] [stderr]    Compiling futures-macro v0.3.16
[INFO] [stderr]    Compiling ruma-api-macros v0.10.1
[INFO] [stderr]    Compiling ruma-events-macros v0.2.0
[INFO] [stderr]    Compiling ruma-api-macros v0.9.1
[INFO] [stderr]     Checking tokio v0.2.25
[INFO] [stderr]     Checking pin-project v1.0.8
[INFO] [stderr]     Checking tracing-futures v0.2.5
[INFO] [stderr]     Checking tokio-util v0.3.1
[INFO] [stderr]     Checking tokio-tls v0.3.1
[INFO] [stderr]     Checking h2 v0.2.7
[INFO] [stderr]     Checking url v2.2.2
[INFO] [stderr]     Checking serde_json v1.0.66
[INFO] [stderr]     Checking js_int v0.1.9
[INFO] [stderr]     Checking hyper v0.13.10
[INFO] [stderr]     Checking ruma-identifiers v0.14.1
[INFO] [stderr]     Checking serde_urlencoded v0.6.1
[INFO] [stderr]     Checking git2 v0.13.21
[INFO] [stderr]     Checking ruma-events v0.15.1
[INFO] [stderr]     Checking ruma-api v0.13.1
[INFO] [stderr]     Checking ruma-api v0.12.1
[INFO] [stderr]     Checking hyper-tls v0.4.3
[INFO] [stderr]     Checking ruma-client-api v0.6.0
[INFO] [stderr]     Checking ruma-client v0.3.0
[INFO] [stderr]     Checking git-matrix v0.1.0 (/opt/rustwide/workdir/git_matrix)
[INFO] [stdout] error[E0277]: the trait bound `custom::Request: ruma_api::Endpoint` is not satisfied
[INFO] [stdout]   --> git_matrix/src/matrix.rs:82:22
[INFO] [stdout]    |
[INFO] [stdout] 82 |               .request(events::custom::Request {
[INFO] [stdout]    |  ______________________^
[INFO] [stdout] 83 | |                 room_id: self.room_id.clone(),
[INFO] [stdout] 84 | |                 event_type: EventType::Custom(event_type.to_owned()),
[INFO] [stdout] 85 | |                 txn_id: uuid::Uuid::new_v4().to_simple().to_string(),
[INFO] [stdout] 86 | |                 content,
[INFO] [stdout] 87 | |             })
[INFO] [stdout]    | |_____________^ the trait `ruma_api::Endpoint` is not implemented for `custom::Request`
[INFO] [stdout] 
[INFO] [stdout] 
[INFO] [stdout] error[E0277]: the trait bound `custom::Request: ruma_api::Endpoint` is not satisfied
[INFO] [stdout]   --> git_matrix/src/matrix.rs:81:9
[INFO] [stdout]    |
[INFO] [stdout] 81 | /         self.client
[INFO] [stdout] 82 | |             .request(events::custom::Request {
[INFO] [stdout] 83 | |                 room_id: self.room_id.clone(),
[INFO] [stdout] 84 | |                 event_type: EventType::Custom(event_type.to_owned()),
[INFO] [stdout] ...  |
[INFO] [stdout] 87 | |             })
[INFO] [stdout] 88 | |             .await?;
[INFO] [stdout]    | |__________________^ the trait `ruma_api::Endpoint` is not implemented for `custom::Request`
[INFO] [stdout] 
[INFO] [stdout] 
[INFO] [stdout] warning: use of deprecated associated function `url::Url::into_string`: use Into<String>
[INFO] [stdout]   --> git_matrix/src/matrix/events.rs:8:5
[INFO] [stdout]    |
[INFO] [stdout] 8  | /     ruma_api! {
[INFO] [stdout] 9  | |         metadata {
[INFO] [stdout] 10 | |             description: "Send a custom event to a room.",
[INFO] [stdout] 11 | |             method: PUT,
[INFO] [stdout] ...  |
[INFO] [stdout] 40 | |         }
[INFO] [stdout] 41 | |     }
[INFO] [stdout]    | |_____^
[INFO] [stdout]    |
[INFO] [stdout]    = note: `#[warn(deprecated)]` on by default
[INFO] [stdout]    = note: this warning originates in the macro `ruma_api` (in Nightly builds, run with -Z macro-backtrace for more info)
[INFO] [stdout] 
[INFO] [stdout] 
[INFO] [stdout] error: aborting due to 2 previous errors; 1 warning emitted
[INFO] [stdout] 
[INFO] [stdout] 
[INFO] [stdout] For more information about this error, try `rustc --explain E0277`.
[INFO] [stdout] 
[INFO] [stderr] error: could not compile `git-matrix` due to 3 previous errors; 1 warning emitted
[INFO] [stderr] warning: build failed, waiting for other jobs to finish...
[INFO] [stdout] error[E0277]: the trait bound `custom::Request: ruma_api::Endpoint` is not satisfied
[INFO] [stdout]   --> git_matrix/src/matrix.rs:82:22
[INFO] [stdout]    |
[INFO] [stdout] 82 |               .request(events::custom::Request {
[INFO] [stdout]    |  ______________________^
[INFO] [stdout] 83 | |                 room_id: self.room_id.clone(),
[INFO] [stdout] 84 | |                 event_type: EventType::Custom(event_type.to_owned()),
[INFO] [stdout] 85 | |                 txn_id: uuid::Uuid::new_v4().to_simple().to_string(),
[INFO] [stdout] 86 | |                 content,
[INFO] [stdout] 87 | |             })
[INFO] [stdout]    | |_____________^ the trait `ruma_api::Endpoint` is not implemented for `custom::Request`
[INFO] [stdout] 
[INFO] [stdout] 
[INFO] [stdout] error[E0277]: the trait bound `custom::Request: ruma_api::Endpoint` is not satisfied
[INFO] [stdout]   --> git_matrix/src/matrix.rs:81:9
[INFO] [stdout]    |
[INFO] [stdout] 81 | /         self.client
[INFO] [stdout] 82 | |             .request(events::custom::Request {
[INFO] [stdout] 83 | |                 room_id: self.room_id.clone(),
[INFO] [stdout] 84 | |                 event_type: EventType::Custom(event_type.to_owned()),
[INFO] [stdout] ...  |
[INFO] [stdout] 87 | |             })
[INFO] [stdout] 88 | |             .await?;
[INFO] [stdout]    | |__________________^ the trait `ruma_api::Endpoint` is not implemented for `custom::Request`
[INFO] [stdout] 
[INFO] [stdout] 
[INFO] [stdout] warning: use of deprecated associated function `url::Url::into_string`: use Into<String>
[INFO] [stdout]   --> git_matrix/src/matrix/events.rs:8:5
[INFO] [stdout]    |
[INFO] [stdout] 8  | /     ruma_api! {
[INFO] [stdout] 9  | |         metadata {
[INFO] [stdout] 10 | |             description: "Send a custom event to a room.",
[INFO] [stdout] 11 | |             method: PUT,
[INFO] [stdout] ...  |
[INFO] [stdout] 40 | |         }
[INFO] [stdout] 41 | |     }
[INFO] [stdout]    | |_____^
[INFO] [stdout]    |
[INFO] [stdout]    = note: `#[warn(deprecated)]` on by default
[INFO] [stdout]    = note: this warning originates in the macro `ruma_api` (in Nightly builds, run with -Z macro-backtrace for more info)
[INFO] [stdout] 
[INFO] [stdout] 
[INFO] [stdout] error: aborting due to 2 previous errors; 1 warning emitted
[INFO] [stdout] 
[INFO] [stdout] 
[INFO] [stdout] For more information about this error, try `rustc --explain E0277`.
[INFO] [stdout] 
[INFO] [stderr] error: build failed
[INFO] running `Command { std: "docker" "inspect" "5ae4c7479833b980f147222cdfcc50ca5c5a75726a4c068fbfb909aec68e64f8", kill_on_drop: false }`
[INFO] running `Command { std: "docker" "rm" "-f" "5ae4c7479833b980f147222cdfcc50ca5c5a75726a4c068fbfb909aec68e64f8", kill_on_drop: false }`
[INFO] [stdout] 5ae4c7479833b980f147222cdfcc50ca5c5a75726a4c068fbfb909aec68e64f8
