[INFO] cloning repository https://github.com/steveklabnik/GPACalc.rs
[INFO] running `Command { std: "git" "-c" "credential.helper=" "-c" "credential.helper=/workspace/cargo-home/bin/git-credential-null" "clone" "--bare" "https://github.com/steveklabnik/GPACalc.rs" "/workspace/cache/git-repos/https%3A%2F%2Fgithub.com%2Fsteveklabnik%2FGPACalc.rs", kill_on_drop: false }`
[INFO] [stderr] Cloning into bare repository '/workspace/cache/git-repos/https%3A%2F%2Fgithub.com%2Fsteveklabnik%2FGPACalc.rs'...
[INFO] running `Command { std: "git" "rev-parse" "HEAD", kill_on_drop: false }`
[INFO] [stdout] a40be331adf32c3eb12e5d876eaf3cea8984eb26
[INFO] checking steveklabnik/GPACalc.rs against beta-2021-10-15 for beta-1.56-3
[INFO] running `Command { std: "git" "clone" "/workspace/cache/git-repos/https%3A%2F%2Fgithub.com%2Fsteveklabnik%2FGPACalc.rs" "/workspace/builds/worker-76/source", kill_on_drop: false }`
[INFO] [stderr] Cloning into '/workspace/builds/worker-76/source'...
[INFO] [stderr] done.
[INFO] validating manifest of git repo https://github.com/steveklabnik/GPACalc.rs on toolchain beta-2021-10-15
[INFO] running `Command { std: "/workspace/cargo-home/bin/cargo" "+beta-2021-10-15" "metadata" "--manifest-path" "Cargo.toml" "--no-deps", kill_on_drop: false }`
[INFO] started tweaking git repo https://github.com/steveklabnik/GPACalc.rs
[INFO] finished tweaking git repo https://github.com/steveklabnik/GPACalc.rs
[INFO] tweaked toml for git repo https://github.com/steveklabnik/GPACalc.rs written to /workspace/builds/worker-76/source/Cargo.toml
[INFO] crate git repo https://github.com/steveklabnik/GPACalc.rs already has a lockfile, it will not be regenerated
[INFO] running `Command { std: "/workspace/cargo-home/bin/cargo" "+beta-2021-10-15" "fetch" "--manifest-path" "Cargo.toml", kill_on_drop: false }`
[INFO] [stderr]     Blocking waiting for file lock on package cache
[INFO] [stderr]     Blocking waiting for file lock on package cache
[INFO] running `Command { std: "docker" "create" "-v" "/var/lib/crater-agent-workspace/builds/worker-76/target:/opt/rustwide/target:rw,Z" "-v" "/var/lib/crater-agent-workspace/builds/worker-76/source:/opt/rustwide/workdir:ro,Z" "-v" "/var/lib/crater-agent-workspace/cargo-home:/opt/rustwide/cargo-home:ro,Z" "-v" "/var/lib/crater-agent-workspace/rustup-home:/opt/rustwide/rustup-home:ro,Z" "-e" "SOURCE_DIR=/opt/rustwide/workdir" "-e" "CARGO_TARGET_DIR=/opt/rustwide/target" "-e" "CARGO_HOME=/opt/rustwide/cargo-home" "-e" "RUSTUP_HOME=/opt/rustwide/rustup-home" "-w" "/opt/rustwide/workdir" "-m" "1610612736" "--user" "0:0" "--network" "none" "ghcr.io/rust-lang/crates-build-env/linux@sha256:a89201d6b5b9fd45c15d5952ece0a0129e7e80cb26ec023fd59cf09bc26f1604" "/opt/rustwide/cargo-home/bin/cargo" "+beta-2021-10-15" "metadata" "--no-deps" "--format-version=1", kill_on_drop: false }`
[INFO] [stdout] bb6387c2c8e225bf4c6b1c11b546a4c854e80afba4f10d31d6e8c70b395c5755
[INFO] running `Command { std: "docker" "start" "-a" "bb6387c2c8e225bf4c6b1c11b546a4c854e80afba4f10d31d6e8c70b395c5755", kill_on_drop: false }`
[INFO] running `Command { std: "docker" "inspect" "bb6387c2c8e225bf4c6b1c11b546a4c854e80afba4f10d31d6e8c70b395c5755", kill_on_drop: false }`
[INFO] running `Command { std: "docker" "rm" "-f" "bb6387c2c8e225bf4c6b1c11b546a4c854e80afba4f10d31d6e8c70b395c5755", kill_on_drop: false }`
[INFO] [stdout] bb6387c2c8e225bf4c6b1c11b546a4c854e80afba4f10d31d6e8c70b395c5755
[INFO] running `Command { std: "docker" "create" "-v" "/var/lib/crater-agent-workspace/builds/worker-76/target:/opt/rustwide/target:rw,Z" "-v" "/var/lib/crater-agent-workspace/builds/worker-76/source:/opt/rustwide/workdir:ro,Z" "-v" "/var/lib/crater-agent-workspace/cargo-home:/opt/rustwide/cargo-home:ro,Z" "-v" "/var/lib/crater-agent-workspace/rustup-home:/opt/rustwide/rustup-home:ro,Z" "-e" "SOURCE_DIR=/opt/rustwide/workdir" "-e" "CARGO_TARGET_DIR=/opt/rustwide/target" "-e" "CARGO_INCREMENTAL=0" "-e" "RUST_BACKTRACE=full" "-e" "RUSTFLAGS=--cap-lints=warn" "-e" "CARGO_HOME=/opt/rustwide/cargo-home" "-e" "RUSTUP_HOME=/opt/rustwide/rustup-home" "-w" "/opt/rustwide/workdir" "-m" "1610612736" "--user" "0:0" "--network" "none" "ghcr.io/rust-lang/crates-build-env/linux@sha256:a89201d6b5b9fd45c15d5952ece0a0129e7e80cb26ec023fd59cf09bc26f1604" "/opt/rustwide/cargo-home/bin/cargo" "+beta-2021-10-15" "check" "--frozen" "--all" "--all-targets" "--message-format=json", kill_on_drop: false }`
[INFO] [stdout] ee5678b71457adbaed1fe2b3c4d4ae5fc8bd635a93071ba2d9746aec967688f8
[INFO] running `Command { std: "docker" "start" "-a" "ee5678b71457adbaed1fe2b3c4d4ae5fc8bd635a93071ba2d9746aec967688f8", kill_on_drop: false }`
[INFO] [stderr]     Blocking waiting for file lock on package cache
[INFO] [stderr]     Checking gpacalc v0.0.1 (/opt/rustwide/workdir)
[INFO] [stdout] error: expected `;`, found keyword `let`
[INFO] [stdout]  --> src/main.rs:5:111
[INFO] [stdout]   |
[INFO] [stdout] 5 |     println!("Instructions: Type the uppercase letter grade then press enter\n enter `done` to calculate GPA")
[INFO] [stdout]   |                                                                                                               ^ help: add `;` here
[INFO] [stdout] 6 |     let mut stdin = io::stdin();
[INFO] [stdout]   |     --- unexpected token
[INFO] [stdout] 
[INFO] [stdout] 
[INFO] [stdout] error[E0425]: cannot find value `A` in this scope
[INFO] [stdout]   --> src/main.rs:15:26
[INFO] [stdout]    |
[INFO] [stdout] 15 |                 accum += A;
[INFO] [stdout]    |                          ^ help: a local variable with a similar name exists: `a`
[INFO] [stdout] 
[INFO] [stdout] 
[INFO] [stdout] error[E0425]: cannot find value `B` in this scope
[INFO] [stdout]   --> src/main.rs:19:26
[INFO] [stdout]    |
[INFO] [stdout] 19 |                 accum += B;
[INFO] [stdout]    |                          ^ help: a local variable with a similar name exists: `b`
[INFO] [stdout] 
[INFO] [stdout] 
[INFO] [stdout] error[E0425]: cannot find value `C` in this scope
[INFO] [stdout]   --> src/main.rs:23:26
[INFO] [stdout]    |
[INFO] [stdout] 23 |                 accum += C;
[INFO] [stdout]    |                          ^ help: a local variable with a similar name exists (notice the capitalization): `c`
[INFO] [stdout] 
[INFO] [stdout] 
[INFO] [stdout] error[E0425]: cannot find value `D` in this scope
[INFO] [stdout]   --> src/main.rs:27:26
[INFO] [stdout]    |
[INFO] [stdout] 27 |                 accum += D;
[INFO] [stdout]    |                          ^ help: a local variable with a similar name exists: `d`
[INFO] [stdout] 
[INFO] [stdout] 
[INFO] [stdout] error[E0425]: cannot find value `F` in this scope
[INFO] [stdout]   --> src/main.rs:31:26
[INFO] [stdout]    |
[INFO] [stdout] 31 |                 accum += F;
[INFO] [stdout]    |                          ^ help: a local variable with a similar name exists (notice the capitalization): `f`
[INFO] [stdout] 
[INFO] [stdout] 
[INFO] [stdout] error: expected `;`, found keyword `let`
[INFO] [stdout]  --> src/main.rs:5:111
[INFO] [stdout]   |
[INFO] [stdout] 5 |     println!("Instructions: Type the uppercase letter grade then press enter\n enter `done` to calculate GPA")
[INFO] [stdout]   |                                                                                                               ^ help: add `;` here
[INFO] [stdout] 6 |     let mut stdin = io::stdin();
[INFO] [stdout]   |     --- unexpected token
[INFO] [stdout] 
[INFO] [stdout] 
[INFO] [stdout] error[E0425]: cannot find value `A` in this scope
[INFO] [stdout]   --> src/main.rs:15:26
[INFO] [stdout]    |
[INFO] [stdout] 15 |                 accum += A;
[INFO] [stdout]    |                          ^ help: a local variable with a similar name exists: `a`
[INFO] [stdout] 
[INFO] [stdout] 
[INFO] [stdout] error[E0425]: cannot find value `B` in this scope
[INFO] [stdout]   --> src/main.rs:19:26
[INFO] [stdout]    |
[INFO] [stdout] 19 |                 accum += B;
[INFO] [stdout]    |                          ^ help: a local variable with a similar name exists: `b`
[INFO] [stdout] 
[INFO] [stdout] 
[INFO] [stdout] error[E0425]: cannot find value `C` in this scope
[INFO] [stdout]   --> src/main.rs:23:26
[INFO] [stdout]    |
[INFO] [stdout] 23 |                 accum += C;
[INFO] [stdout]    |                          ^ help: a local variable with a similar name exists (notice the capitalization): `c`
[INFO] [stdout] 
[INFO] [stdout] 
[INFO] [stdout] error[E0425]: cannot find value `D` in this scope
[INFO] [stdout]   --> src/main.rs:27:26
[INFO] [stdout]    |
[INFO] [stdout] 27 |                 accum += D;
[INFO] [stdout]    |                          ^ help: a local variable with a similar name exists: `d`
[INFO] [stdout] 
[INFO] [stdout] 
[INFO] [stdout] error[E0425]: cannot find value `F` in this scope
[INFO] [stdout]   --> src/main.rs:31:26
[INFO] [stdout]    |
[INFO] [stdout] 31 |                 accum += F;
[INFO] [stdout]    |                          ^ help: a local variable with a similar name exists (notice the capitalization): `f`
[INFO] [stdout] 
[INFO] [stdout] 
[INFO] [stdout] error[E0599]: no method named `lines` found for struct `StdinLock` in the current scope
[INFO] [stdout]     --> src/main.rs:11:24
[INFO] [stdout]      |
[INFO] [stdout] 11   |     for line in reader.lines() {
[INFO] [stdout]      |                        ^^^^^ method not found in `StdinLock<'_>`
[INFO] [stdout]      |
[INFO] [stdout]      = help: items from traits can only be used if the trait is in scope
[INFO] [stdout] help: the following trait is implemented but not in scope; perhaps add a `use` for it:
[INFO] [stdout]      |
[INFO] [stdout] 1    | use std::io::BufRead;
[INFO] [stdout]      |
[INFO] [stdout] 
[INFO] [stdout] 
[INFO] [stdout] error: aborting due to 7 previous errors
[INFO] [stdout] 
[INFO] [stdout] 
[INFO] [stdout] Some errors have detailed explanations: E0425, E0599.
[INFO] [stdout] 
[INFO] [stdout] For more information about an error, try `rustc --explain E0425`.
[INFO] [stdout] 
[INFO] [stderr] error: could not compile `gpacalc` due to 8 previous errors
[INFO] [stdout] error[E0599]: no method named `lines` found for struct `StdinLock` in the current scope
[INFO] [stdout]     --> src/main.rs:11:24
[INFO] [stdout]      |
[INFO] [stdout] 11   |     for line in reader.lines() {
[INFO] [stdout]      |                        ^^^^^ method not found in `StdinLock<'_>`
[INFO] [stdout]      |
[INFO] [stdout]      = help: items from traits can only be used if the trait is in scope
[INFO] [stdout] help: the following trait is implemented but not in scope; perhaps add a `use` for it:
[INFO] [stdout]      |
[INFO] [stdout] 1    | use std::io::BufRead;
[INFO] [stdout]      |
[INFO] [stdout] 
[INFO] [stdout] 
[INFO] [stderr] warning: build failed, waiting for other jobs to finish...
[INFO] [stdout] error: aborting due to 7 previous errors
[INFO] [stdout] 
[INFO] [stdout] 
[INFO] [stdout] Some errors have detailed explanations: E0425, E0599.
[INFO] [stdout] 
[INFO] [stdout] For more information about an error, try `rustc --explain E0425`.
[INFO] [stdout] 
[INFO] [stderr] error: build failed
[INFO] running `Command { std: "docker" "inspect" "ee5678b71457adbaed1fe2b3c4d4ae5fc8bd635a93071ba2d9746aec967688f8", kill_on_drop: false }`
[INFO] running `Command { std: "docker" "rm" "-f" "ee5678b71457adbaed1fe2b3c4d4ae5fc8bd635a93071ba2d9746aec967688f8", kill_on_drop: false }`
[INFO] [stdout] ee5678b71457adbaed1fe2b3c4d4ae5fc8bd635a93071ba2d9746aec967688f8
