[INFO] cloning repository https://github.com/stevebob/integer-physics-experiment
[INFO] running `Command { std: "git" "-c" "credential.helper=" "-c" "credential.helper=/workspace/cargo-home/bin/git-credential-null" "clone" "--bare" "https://github.com/stevebob/integer-physics-experiment" "/workspace/cache/git-repos/https%3A%2F%2Fgithub.com%2Fstevebob%2Finteger-physics-experiment", kill_on_drop: false }`
[INFO] [stderr] Cloning into bare repository '/workspace/cache/git-repos/https%3A%2F%2Fgithub.com%2Fstevebob%2Finteger-physics-experiment'...
[INFO] running `Command { std: "git" "rev-parse" "HEAD", kill_on_drop: false }`
[INFO] [stdout] 5de6dbc8ae67468e073443db63453d2c7b1a717d
[INFO] checking stevebob/integer-physics-experiment against beta-2021-10-15 for beta-1.56-3
[INFO] running `Command { std: "git" "clone" "/workspace/cache/git-repos/https%3A%2F%2Fgithub.com%2Fstevebob%2Finteger-physics-experiment" "/workspace/builds/worker-43/source", kill_on_drop: false }`
[INFO] [stderr] Cloning into '/workspace/builds/worker-43/source'...
[INFO] [stderr] done.
[INFO] validating manifest of git repo https://github.com/stevebob/integer-physics-experiment on toolchain beta-2021-10-15
[INFO] running `Command { std: "/workspace/cargo-home/bin/cargo" "+beta-2021-10-15" "metadata" "--manifest-path" "Cargo.toml" "--no-deps", kill_on_drop: false }`
[INFO] started tweaking git repo https://github.com/stevebob/integer-physics-experiment
[INFO] finished tweaking git repo https://github.com/stevebob/integer-physics-experiment
[INFO] tweaked toml for git repo https://github.com/stevebob/integer-physics-experiment written to /workspace/builds/worker-43/source/Cargo.toml
[INFO] crate git repo https://github.com/stevebob/integer-physics-experiment already has a lockfile, it will not be regenerated
[INFO] running `Command { std: "/workspace/cargo-home/bin/cargo" "+beta-2021-10-15" "fetch" "--manifest-path" "Cargo.toml", kill_on_drop: false }`
[INFO] [stderr]     Blocking waiting for file lock on package cache
[INFO] [stderr]     Blocking waiting for file lock on package cache
[INFO] [stderr]  Downloading crates ...
[INFO] [stderr]   Downloaded objc v0.2.3
[INFO] running `Command { std: "docker" "create" "-v" "/var/lib/crater-agent-workspace/builds/worker-43/target:/opt/rustwide/target:rw,Z" "-v" "/var/lib/crater-agent-workspace/builds/worker-43/source:/opt/rustwide/workdir:ro,Z" "-v" "/var/lib/crater-agent-workspace/cargo-home:/opt/rustwide/cargo-home:ro,Z" "-v" "/var/lib/crater-agent-workspace/rustup-home:/opt/rustwide/rustup-home:ro,Z" "-e" "SOURCE_DIR=/opt/rustwide/workdir" "-e" "CARGO_TARGET_DIR=/opt/rustwide/target" "-e" "CARGO_HOME=/opt/rustwide/cargo-home" "-e" "RUSTUP_HOME=/opt/rustwide/rustup-home" "-w" "/opt/rustwide/workdir" "-m" "1610612736" "--user" "0:0" "--network" "none" "ghcr.io/rust-lang/crates-build-env/linux@sha256:a89201d6b5b9fd45c15d5952ece0a0129e7e80cb26ec023fd59cf09bc26f1604" "/opt/rustwide/cargo-home/bin/cargo" "+beta-2021-10-15" "metadata" "--no-deps" "--format-version=1", kill_on_drop: false }`
[INFO] [stdout] 5c870719611c0b36c45748ca2d8cd14286788737a37e6224d875752052f0baa5
[INFO] running `Command { std: "docker" "start" "-a" "5c870719611c0b36c45748ca2d8cd14286788737a37e6224d875752052f0baa5", kill_on_drop: false }`
[INFO] running `Command { std: "docker" "inspect" "5c870719611c0b36c45748ca2d8cd14286788737a37e6224d875752052f0baa5", kill_on_drop: false }`
[INFO] running `Command { std: "docker" "rm" "-f" "5c870719611c0b36c45748ca2d8cd14286788737a37e6224d875752052f0baa5", kill_on_drop: false }`
[INFO] [stdout] 5c870719611c0b36c45748ca2d8cd14286788737a37e6224d875752052f0baa5
[INFO] running `Command { std: "docker" "create" "-v" "/var/lib/crater-agent-workspace/builds/worker-43/target:/opt/rustwide/target:rw,Z" "-v" "/var/lib/crater-agent-workspace/builds/worker-43/source:/opt/rustwide/workdir:ro,Z" "-v" "/var/lib/crater-agent-workspace/cargo-home:/opt/rustwide/cargo-home:ro,Z" "-v" "/var/lib/crater-agent-workspace/rustup-home:/opt/rustwide/rustup-home:ro,Z" "-e" "SOURCE_DIR=/opt/rustwide/workdir" "-e" "CARGO_TARGET_DIR=/opt/rustwide/target" "-e" "CARGO_INCREMENTAL=0" "-e" "RUST_BACKTRACE=full" "-e" "RUSTFLAGS=--cap-lints=warn" "-e" "CARGO_HOME=/opt/rustwide/cargo-home" "-e" "RUSTUP_HOME=/opt/rustwide/rustup-home" "-w" "/opt/rustwide/workdir" "-m" "1610612736" "--user" "0:0" "--network" "none" "ghcr.io/rust-lang/crates-build-env/linux@sha256:a89201d6b5b9fd45c15d5952ece0a0129e7e80cb26ec023fd59cf09bc26f1604" "/opt/rustwide/cargo-home/bin/cargo" "+beta-2021-10-15" "check" "--frozen" "--all" "--all-targets" "--message-format=json", kill_on_drop: false }`
[INFO] [stdout] afa1f65c26f3d03b58b61d0a346857f489fb80d89ae4cefa94ea9ee9b88ab9a8
[INFO] running `Command { std: "docker" "start" "-a" "afa1f65c26f3d03b58b61d0a346857f489fb80d89ae4cefa94ea9ee9b88ab9a8", kill_on_drop: false }`
[INFO] [stderr]    Compiling bitflags v1.0.3
[INFO] [stderr]     Checking libc v0.2.42
[INFO] [stderr]    Compiling cc v1.0.17
[INFO] [stderr]     Checking lazy_static v1.0.1
[INFO] [stderr]    Compiling khronos_api v2.2.0
[INFO] [stderr]    Compiling num-traits v0.2.5
[INFO] [stderr]    Compiling cfg-if v0.1.4
[INFO] [stderr]     Checking token_store v0.1.2
[INFO] [stderr]    Compiling quote v0.3.15
[INFO] [stderr]    Compiling num-integer v0.1.39
[INFO] [stderr]    Compiling either v1.5.0
[INFO] [stderr]    Compiling unicode-xid v0.0.4
[INFO] [stderr]    Compiling pkg-config v0.3.11
[INFO] [stderr]     Checking remove_dir_all v0.5.1
[INFO] [stderr]    Compiling semver v0.1.20
[INFO] [stderr]    Compiling num-bigint v0.2.0
[INFO] [stderr]     Checking percent-encoding v1.0.1
[INFO] [stderr]    Compiling num-complex v0.2.0
[INFO] [stderr]    Compiling serde v1.0.70
[INFO] [stderr]    Compiling num-iter v0.1.37
[INFO] [stderr]    Compiling num-rational v0.2.1
[INFO] [stderr]    Compiling cgmath v0.16.1
[INFO] [stderr]     Checking approx v0.1.1
[INFO] [stderr]     Checking custom_derive v0.1.7
[INFO] [stderr]    Compiling proc-macro2 v0.4.6
[INFO] [stderr]     Checking log v0.4.3
[INFO] [stderr]    Compiling xml-rs v0.7.0
[INFO] [stderr]    Compiling itertools v0.5.10
[INFO] [stderr]     Checking draw_state v0.8.0
[INFO] [stderr]    Compiling syn v0.10.8
[INFO] [stderr]    Compiling quote v0.6.3
[INFO] [stderr]     Checking rand v0.4.2
[INFO] [stderr]     Checking memmap v0.6.2
[INFO] [stderr]     Checking shared_library v0.1.8
[INFO] [stderr]    Compiling libloading v0.5.0
[INFO] [stderr]    Compiling x11-dl v2.18.0
[INFO] [stderr]    Compiling rustc_version v0.1.7
[INFO] [stderr]    Compiling wayland-scanner v0.12.5
[INFO] [stderr]    Compiling syn v0.14.4
[INFO] [stderr]     Checking osmesa-sys v0.1.2
[INFO] [stderr]    Compiling gl_generator v0.9.0
[INFO] [stderr]     Checking tempfile v3.0.2
[INFO] [stderr]     Checking num-traits v0.1.43
[INFO] [stderr]     Checking dlib v0.4.1
[INFO] [stderr]    Compiling newtype_derive v0.1.6
[INFO] [stderr]    Compiling derivative v1.0.0
[INFO] [stderr]    Compiling wayland-client v0.12.5
[INFO] [stderr]    Compiling wayland-protocols v0.12.5
[INFO] [stderr]     Checking wayland-sys v0.12.5
[INFO] [stderr]    Compiling serde_derive v1.0.70
[INFO] [stderr]    Compiling gfx_gl v0.5.0
[INFO] [stderr]    Compiling glutin v0.15.0
[INFO] [stderr]     Checking num v0.2.0
[INFO] [stderr]     Checking wayland-kbd v0.13.1
[INFO] [stderr]     Checking gfx_core v0.8.2
[INFO] [stderr]     Checking gfx v0.17.1
[INFO] [stderr]     Checking wayland-window v0.13.3
[INFO] [stderr]     Checking winit v0.13.1
[INFO] [stderr]     Checking best v0.6.0
[INFO] [stderr]     Checking gfx_device_gl v0.15.3
[INFO] [stderr]     Checking gfx_window_glutin v0.23.0
[INFO] [stderr]     Checking integer-physics-experiment v0.1.0 (/opt/rustwide/workdir)
[INFO] [stdout] error[E0554]: `#![feature]` may not be used on the beta release channel
[INFO] [stdout]  --> src/main.rs:2:1
[INFO] [stdout]   |
[INFO] [stdout] 2 | #![feature(nonzero)]
[INFO] [stdout]   | ^^^^^^^^^^^^^^^^^^^^
[INFO] [stdout] 
[INFO] [stdout] 
[INFO] [stdout] warning: unnecessary trailing semicolon
[INFO] [stdout]   --> src/collision.rs:54:65
[INFO] [stdout]    |
[INFO] [stdout] 54 |                 return Err(NoCollision::ColinearNonOverlapping);;
[INFO] [stdout]    |                                                                 ^ help: remove this semicolon
[INFO] [stdout]    |
[INFO] [stdout]    = note: `#[warn(redundant_semicolons)]` on by default
[INFO] [stdout] 
[INFO] [stdout] 
[INFO] [stdout] error[E0554]: `#![feature]` may not be used on the beta release channel
[INFO] [stdout]  --> src/main.rs:2:1
[INFO] [stdout]   |
[INFO] [stdout] 2 | #![feature(nonzero)]
[INFO] [stdout]   | ^^^^^^^^^^^^^^^^^^^^
[INFO] [stdout] 
[INFO] [stdout] 
[INFO] [stdout] warning: unnecessary trailing semicolon
[INFO] [stdout]   --> src/collision.rs:54:65
[INFO] [stdout]    |
[INFO] [stdout] 54 |                 return Err(NoCollision::ColinearNonOverlapping);;
[INFO] [stdout]    |                                                                 ^ help: remove this semicolon
[INFO] [stdout]    |
[INFO] [stdout]    = note: `#[warn(redundant_semicolons)]` on by default
[INFO] [stdout] 
[INFO] [stdout] 
[INFO] [stdout] error[E0034]: multiple applicable items in scope
[INFO] [stdout]    --> src/pixel_num.rs:104:32
[INFO] [stdout]     |
[INFO] [stdout] 104 |             SubPixelI64(self.0.clamp(0, SUB_PIXELS_PER_PIXEL))
[INFO] [stdout]     |                                ^^^^^ multiple `clamp` found
[INFO] [stdout]     |
[INFO] [stdout] note: candidate #1 is defined in an impl of the trait `PhysicsNum` for the type `i64`
[INFO] [stdout]    --> src/physics_num.rs:8:5
[INFO] [stdout]     |
[INFO] [stdout] 8   |     fn clamp(self, min: Self, max: Self) -> Self {
[INFO] [stdout]     |     ^^^^^^^^^^^^^^^^^^^^^^^^^^^^^^^^^^^^^^^^^^^^
[INFO] [stdout]     = note: candidate #2 is defined in an impl of the trait `Ord` for the type `i64`
[INFO] [stdout] help: disambiguate the associated function for candidate #1
[INFO] [stdout]     |
[INFO] [stdout] 104 |             SubPixelI64(PhysicsNum::clamp(self.0, 0, SUB_PIXELS_PER_PIXEL))
[INFO] [stdout]     |                         ~~~~~~~~~~~~~~~~~~~~~~~~~~~~~~~~~~~~~~~~~~~~~~~~~~
[INFO] [stdout] help: disambiguate the associated function for candidate #2
[INFO] [stdout]     |
[INFO] [stdout] 104 |             SubPixelI64(Ord::clamp(self.0, 0, SUB_PIXELS_PER_PIXEL))
[INFO] [stdout]     |                         ~~~~~~~~~~~~~~~~~~~~~~~~~~~~~~~~~~~~~~~~~~~
[INFO] [stdout] 
[INFO] [stdout] 
[INFO] [stdout] error[E0034]: multiple applicable items in scope
[INFO] [stdout]    --> src/pixel_num.rs:104:32
[INFO] [stdout]     |
[INFO] [stdout] 104 |             SubPixelI64(self.0.clamp(0, SUB_PIXELS_PER_PIXEL))
[INFO] [stdout]     |                                ^^^^^ multiple `clamp` found
[INFO] [stdout]     |
[INFO] [stdout] note: candidate #1 is defined in an impl of the trait `PhysicsNum` for the type `i64`
[INFO] [stdout]    --> src/physics_num.rs:8:5
[INFO] [stdout]     |
[INFO] [stdout] 8   |     fn clamp(self, min: Self, max: Self) -> Self {
[INFO] [stdout]     |     ^^^^^^^^^^^^^^^^^^^^^^^^^^^^^^^^^^^^^^^^^^^^
[INFO] [stdout]     = note: candidate #2 is defined in an impl of the trait `Ord` for the type `i64`
[INFO] [stdout] help: disambiguate the associated function for candidate #1
[INFO] [stdout]     |
[INFO] [stdout] 104 |             SubPixelI64(PhysicsNum::clamp(self.0, 0, SUB_PIXELS_PER_PIXEL))
[INFO] [stdout]     |                         ~~~~~~~~~~~~~~~~~~~~~~~~~~~~~~~~~~~~~~~~~~~~~~~~~~
[INFO] [stdout] help: disambiguate the associated function for candidate #2
[INFO] [stdout]     |
[INFO] [stdout] 104 |             SubPixelI64(Ord::clamp(self.0, 0, SUB_PIXELS_PER_PIXEL))
[INFO] [stdout]     |                         ~~~~~~~~~~~~~~~~~~~~~~~~~~~~~~~~~~~~~~~~~~~
[INFO] [stdout] 
[INFO] [stdout] 
[INFO] [stdout] error: aborting due to 2 previous errors; 1 warning emitted
[INFO] [stdout] 
[INFO] [stdout] 
[INFO] [stderr] error: could not compile `integer-physics-experiment` due to 3 previous errors; 1 warning emitted
[INFO] [stdout] Some errors have detailed explanations: E0034, E0554.
[INFO] [stdout] 
[INFO] [stderr] warning: build failed, waiting for other jobs to finish...
[INFO] [stdout] For more information about an error, try `rustc --explain E0034`.
[INFO] [stdout] 
[INFO] [stdout] error: aborting due to 2 previous errors; 1 warning emitted
[INFO] [stdout] 
[INFO] [stdout] 
[INFO] [stdout] Some errors have detailed explanations: E0034, E0554.
[INFO] [stdout] 
[INFO] [stdout] For more information about an error, try `rustc --explain E0034`.
[INFO] [stdout] 
[INFO] [stderr] error: build failed
[INFO] running `Command { std: "docker" "inspect" "afa1f65c26f3d03b58b61d0a346857f489fb80d89ae4cefa94ea9ee9b88ab9a8", kill_on_drop: false }`
[INFO] running `Command { std: "docker" "rm" "-f" "afa1f65c26f3d03b58b61d0a346857f489fb80d89ae4cefa94ea9ee9b88ab9a8", kill_on_drop: false }`
[INFO] [stdout] afa1f65c26f3d03b58b61d0a346857f489fb80d89ae4cefa94ea9ee9b88ab9a8
