[INFO] cloning repository https://github.com/stavenko/cnc-server
[INFO] running `Command { std: "git" "-c" "credential.helper=" "-c" "credential.helper=/workspace/cargo-home/bin/git-credential-null" "clone" "--bare" "https://github.com/stavenko/cnc-server" "/workspace/cache/git-repos/https%3A%2F%2Fgithub.com%2Fstavenko%2Fcnc-server", kill_on_drop: false }`
[INFO] [stderr] Cloning into bare repository '/workspace/cache/git-repos/https%3A%2F%2Fgithub.com%2Fstavenko%2Fcnc-server'...
[INFO] running `Command { std: "git" "rev-parse" "HEAD", kill_on_drop: false }`
[INFO] [stdout] b907c5fb73f95d7d59aa5d036f3df8f333931db7
[INFO] checking stavenko/cnc-server against beta-2021-10-15 for beta-1.56-3
[INFO] running `Command { std: "git" "clone" "/workspace/cache/git-repos/https%3A%2F%2Fgithub.com%2Fstavenko%2Fcnc-server" "/workspace/builds/worker-60/source", kill_on_drop: false }`
[INFO] [stderr] Cloning into '/workspace/builds/worker-60/source'...
[INFO] [stderr] done.
[INFO] validating manifest of git repo https://github.com/stavenko/cnc-server on toolchain beta-2021-10-15
[INFO] running `Command { std: "/workspace/cargo-home/bin/cargo" "+beta-2021-10-15" "metadata" "--manifest-path" "Cargo.toml" "--no-deps", kill_on_drop: false }`
[INFO] started tweaking git repo https://github.com/stavenko/cnc-server
[INFO] finished tweaking git repo https://github.com/stavenko/cnc-server
[INFO] tweaked toml for git repo https://github.com/stavenko/cnc-server written to /workspace/builds/worker-60/source/Cargo.toml
[INFO] crate git repo https://github.com/stavenko/cnc-server already has a lockfile, it will not be regenerated
[INFO] running `Command { std: "/workspace/cargo-home/bin/cargo" "+beta-2021-10-15" "fetch" "--manifest-path" "Cargo.toml", kill_on_drop: false }`
[INFO] [stderr]     Blocking waiting for file lock on package cache
[INFO] [stderr]     Blocking waiting for file lock on package cache
[INFO] running `Command { std: "docker" "create" "-v" "/var/lib/crater-agent-workspace/builds/worker-60/target:/opt/rustwide/target:rw,Z" "-v" "/var/lib/crater-agent-workspace/builds/worker-60/source:/opt/rustwide/workdir:ro,Z" "-v" "/var/lib/crater-agent-workspace/cargo-home:/opt/rustwide/cargo-home:ro,Z" "-v" "/var/lib/crater-agent-workspace/rustup-home:/opt/rustwide/rustup-home:ro,Z" "-e" "SOURCE_DIR=/opt/rustwide/workdir" "-e" "CARGO_TARGET_DIR=/opt/rustwide/target" "-e" "CARGO_HOME=/opt/rustwide/cargo-home" "-e" "RUSTUP_HOME=/opt/rustwide/rustup-home" "-w" "/opt/rustwide/workdir" "-m" "1610612736" "--user" "0:0" "--network" "none" "ghcr.io/rust-lang/crates-build-env/linux@sha256:a89201d6b5b9fd45c15d5952ece0a0129e7e80cb26ec023fd59cf09bc26f1604" "/opt/rustwide/cargo-home/bin/cargo" "+beta-2021-10-15" "metadata" "--no-deps" "--format-version=1", kill_on_drop: false }`
[INFO] [stdout] 58e902466cf331c7c24e5e24954e4b0493e38fe5240d7c6dd945aa046ff39fac
[INFO] running `Command { std: "docker" "start" "-a" "58e902466cf331c7c24e5e24954e4b0493e38fe5240d7c6dd945aa046ff39fac", kill_on_drop: false }`
[INFO] running `Command { std: "docker" "inspect" "58e902466cf331c7c24e5e24954e4b0493e38fe5240d7c6dd945aa046ff39fac", kill_on_drop: false }`
[INFO] running `Command { std: "docker" "rm" "-f" "58e902466cf331c7c24e5e24954e4b0493e38fe5240d7c6dd945aa046ff39fac", kill_on_drop: false }`
[INFO] [stdout] 58e902466cf331c7c24e5e24954e4b0493e38fe5240d7c6dd945aa046ff39fac
[INFO] running `Command { std: "docker" "create" "-v" "/var/lib/crater-agent-workspace/builds/worker-60/target:/opt/rustwide/target:rw,Z" "-v" "/var/lib/crater-agent-workspace/builds/worker-60/source:/opt/rustwide/workdir:ro,Z" "-v" "/var/lib/crater-agent-workspace/cargo-home:/opt/rustwide/cargo-home:ro,Z" "-v" "/var/lib/crater-agent-workspace/rustup-home:/opt/rustwide/rustup-home:ro,Z" "-e" "SOURCE_DIR=/opt/rustwide/workdir" "-e" "CARGO_TARGET_DIR=/opt/rustwide/target" "-e" "CARGO_INCREMENTAL=0" "-e" "RUST_BACKTRACE=full" "-e" "RUSTFLAGS=--cap-lints=warn" "-e" "CARGO_HOME=/opt/rustwide/cargo-home" "-e" "RUSTUP_HOME=/opt/rustwide/rustup-home" "-w" "/opt/rustwide/workdir" "-m" "1610612736" "--user" "0:0" "--network" "none" "ghcr.io/rust-lang/crates-build-env/linux@sha256:a89201d6b5b9fd45c15d5952ece0a0129e7e80cb26ec023fd59cf09bc26f1604" "/opt/rustwide/cargo-home/bin/cargo" "+beta-2021-10-15" "check" "--frozen" "--all" "--all-targets" "--message-format=json", kill_on_drop: false }`
[INFO] [stdout] af873cacca65ab29f65d57f5214ec34d929bcfb5802bba90b1698e9514842a06
[INFO] running `Command { std: "docker" "start" "-a" "af873cacca65ab29f65d57f5214ec34d929bcfb5802bba90b1698e9514842a06", kill_on_drop: false }`
[INFO] [stderr]     Blocking waiting for file lock on package cache
[INFO] [stderr]    Compiling syn v1.0.74
[INFO] [stderr]    Compiling libc v0.2.98
[INFO] [stderr]    Compiling serde_derive v1.0.126
[INFO] [stderr]    Compiling serde v1.0.126
[INFO] [stderr]    Compiling log v0.4.14
[INFO] [stderr]     Checking itoa v0.4.7
[INFO] [stderr]    Compiling proc-macro-hack v0.5.19
[INFO] [stderr]    Compiling proc-macro-nested v0.1.7
[INFO] [stderr]     Checking futures-io v0.3.16
[INFO] [stderr]    Compiling httparse v1.4.1
[INFO] [stderr]     Checking bytes v0.5.6
[INFO] [stderr]     Checking pin-project-lite v0.1.12
[INFO] [stderr]     Checking byte-tools v0.3.1
[INFO] [stderr]     Checking regex-syntax v0.6.25
[INFO] [stderr]    Compiling pin-project-internal v0.4.28
[INFO] [stderr]     Checking fake-simd v0.1.2
[INFO] [stderr]     Checking base64 v0.11.0
[INFO] [stderr]    Compiling unicode-segmentation v1.8.0
[INFO] [stderr]     Checking httpdate v0.3.2
[INFO] [stderr]    Compiling serde_json v1.0.65
[INFO] [stderr]    Compiling anyhow v1.0.42
[INFO] [stderr]     Checking unicode-width v0.1.8
[INFO] [stderr]     Checking rawpointer v0.2.1
[INFO] [stderr]    Compiling convert_case v0.4.0
[INFO] [stderr]     Checking dtoa v0.4.8
[INFO] [stderr]    Compiling paste v1.0.5
[INFO] [stderr]     Checking arc-swap v0.4.8
[INFO] [stderr]     Checking strsim v0.10.0
[INFO] [stderr]     Checking log-mdc v0.1.0
[INFO] [stderr]     Checking os_str_bytes v2.4.0
[INFO] [stderr]    Compiling futures-macro v0.3.16
[INFO] [stderr]    Compiling futures-util v0.3.16
[INFO] [stderr]    Compiling num-traits v0.2.14
[INFO] [stderr]     Checking tracing-core v0.1.18
[INFO] [stderr]    Compiling tokio v1.9.0
[INFO] [stderr]    Compiling num-integer v0.1.44
[INFO] [stderr]     Checking form_urlencoded v1.0.1
[INFO] [stderr]    Compiling proc-macro-error-attr v1.0.4
[INFO] [stderr]    Compiling proc-macro-error v1.0.4
[INFO] [stderr]    Compiling num-rational v0.4.0
[INFO] [stderr]     Checking yaml-rust v0.4.5
[INFO] [stderr]     Checking typemap v0.3.3
[INFO] [stderr]     Checking generic-array v0.12.4
[INFO] [stderr]     Checking idna v0.2.3
[INFO] [stderr]     Checking aho-corasick v0.7.18
[INFO] [stderr]     Checking matrixmultiply v0.3.1
[INFO] [stderr]     Checking textwrap v0.12.1
[INFO] [stderr]     Checking http v0.2.4
[INFO] [stderr]     Checking block-padding v0.1.5
[INFO] [stderr]     Checking headers-core v0.2.0
[INFO] [stderr]     Checking http-body v0.4.2
[INFO] [stderr]     Checking input_buffer v0.3.1
[INFO] [stderr]     Checking http-body v0.3.1
[INFO] [stderr]    Compiling heck v0.3.3
[INFO] [stderr]     Checking block-buffer v0.7.3
[INFO] [stderr]     Checking digest v0.8.1
[INFO] [stderr]     Checking regex v1.5.4
[INFO] [stderr]     Checking url v2.2.2
[INFO] [stderr]     Checking num-complex v0.4.0
[INFO] [stderr]     Checking ordered-float v2.7.0
[INFO] [stderr]     Checking approx v0.5.0
[INFO] [stderr]     Checking iovec v0.1.4
[INFO] [stderr]     Checking parking_lot_core v0.8.3
[INFO] [stderr]     Checking net2 v0.2.37
[INFO] [stderr]     Checking num_cpus v1.13.0
[INFO] [stderr]     Checking getrandom v0.1.16
[INFO] [stderr]     Checking signal-hook-registry v1.4.0
[INFO] [stderr]     Checking getrandom v0.2.3
[INFO] [stderr]     Checking time v0.1.44
[INFO] [stderr]     Checking socket2 v0.3.19
[INFO] [stderr]     Checking socket2 v0.4.1
[INFO] [stderr]     Checking atty v0.2.14
[INFO] [stderr]     Checking thread-id v3.3.0
[INFO] [stderr]     Checking sha-1 v0.8.2
[INFO] [stderr]     Checking simba v0.5.1
[INFO] [stderr]     Checking rand_core v0.5.1
[INFO] [stderr]     Checking rand_core v0.6.3
[INFO] [stderr]     Checking parking_lot v0.11.1
[INFO] [stderr]     Checking headers v0.3.4
[INFO] [stderr]     Checking chrono v0.4.19
[INFO] [stderr]     Checking rand_chacha v0.3.1
[INFO] [stderr]     Checking rand_chacha v0.2.2
[INFO] [stderr]     Checking rand v0.8.4
[INFO] [stderr]     Checking rand v0.7.3
[INFO] [stderr]    Compiling pin-project-internal v1.0.8
[INFO] [stderr]    Compiling tokio-macros v1.3.0
[INFO] [stderr]    Compiling thiserror-impl v1.0.26
[INFO] [stderr]    Compiling derivative v2.2.0
[INFO] [stderr]    Compiling nalgebra-macros v0.1.0
[INFO] [stderr]    Compiling clap_derive v3.0.0-beta.2
[INFO] [stderr]    Compiling derive_more v0.99.16
[INFO] [stderr]     Checking thiserror v1.0.26
[INFO] [stderr]     Checking pin-project v0.4.28
[INFO] [stderr]     Checking pin-project v1.0.8
[INFO] [stderr]     Checking clap v3.0.0-beta.2
[INFO] [stderr]     Checking futures-executor v0.3.16
[INFO] [stderr]     Checking futures v0.3.16
[INFO] [stderr]     Checking nalgebra v0.28.0
[INFO] [stderr]     Checking serde_yaml v0.8.17
[INFO] [stderr]     Checking serde-value v0.7.0
[INFO] [stderr]     Checking tracing v0.1.26
[INFO] [stderr]     Checking mio v0.6.23
[INFO] [stderr]     Checking mio v0.7.13
[INFO] [stderr]     Checking want v0.3.0
[INFO] [stderr]     Checking tungstenite v0.10.1
[INFO] [stderr]     Checking tungstenite v0.14.0
[INFO] [stderr]     Checking tracing-futures v0.2.5
[INFO] [stderr]     Checking tokio v0.2.25
[INFO] [stderr]     Checking log4rs v1.0.0
[INFO] [stderr]     Checking tokio-util v0.3.1
[INFO] [stderr]     Checking tokio-tungstenite v0.10.1
[INFO] [stderr]     Checking h2 v0.2.7
[INFO] [stderr]     Checking tokio-util v0.6.7
[INFO] [stderr]     Checking tokio-tungstenite v0.15.0
[INFO] [stderr]     Checking h2 v0.3.3
[INFO] [stderr]     Checking hyper v0.13.10
[INFO] [stderr]     Checking hyper v0.14.11
[INFO] [stderr]     Checking routerify v1.1.4
[INFO] [stderr]     Checking routerify-websocket v1.0.0
[INFO] [stderr]     Checking routerify v2.2.0
[INFO] [stderr]     Checking cnc-rust-server v0.1.0 (/opt/rustwide/workdir)
[INFO] [stdout] error[E0583]: file not found for module `upgrade`
[INFO] [stdout]  --> src/endpoints/mod.rs:4:1
[INFO] [stdout]   |
[INFO] [stdout] 4 | mod upgrade;
[INFO] [stdout]   | ^^^^^^^^^^^^
[INFO] [stdout]   |
[INFO] [stdout]   = help: to create the module `upgrade`, create file "src/endpoints/upgrade.rs" or "src/endpoints/upgrade/mod.rs"
[INFO] [stdout] 
[INFO] [stdout] 
[INFO] [stdout] error: expected one of `!` or `::`, found keyword `crate`
[INFO] [stdout]  --> src/router.rs:1:6
[INFO] [stdout]   |
[INFO] [stdout] 1 | plse crate::endpoints;
[INFO] [stdout]   |      ^^^^^ expected one of `!` or `::`
[INFO] [stdout] 
[INFO] [stdout] 
[INFO] [stdout] error[E0583]: file not found for module `upgrade`
[INFO] [stdout]  --> src/endpoints/mod.rs:4:1
[INFO] [stdout]   |
[INFO] [stdout] 4 | mod upgrade;
[INFO] [stdout]   | ^^^^^^^^^^^^
[INFO] [stdout]   |
[INFO] [stdout]   = help: to create the module `upgrade`, create file "src/endpoints/upgrade.rs" or "src/endpoints/upgrade/mod.rs"
[INFO] [stdout] 
[INFO] [stdout] 
[INFO] [stdout] error: expected one of `!` or `::`, found keyword `crate`
[INFO] [stdout]  --> src/router.rs:1:6
[INFO] [stdout]   |
[INFO] [stdout] 1 | plse crate::endpoints;
[INFO] [stdout]   |      ^^^^^ expected one of `!` or `::`
[INFO] [stdout] 
[INFO] [stdout] 
[INFO] [stdout] error[E0432]: unresolved import `upgrade::upgrade_ws`
[INFO] [stdout]   --> src/endpoints/mod.rs:10:9
[INFO] [stdout]    |
[INFO] [stdout] 10 | pub use upgrade::upgrade_ws;
[INFO] [stdout]    |         ^^^^^^^^^^^^^^^^^^^ no `upgrade_ws` in `endpoints::upgrade`
[INFO] [stdout] 
[INFO] [stdout] 
[INFO] [stdout] error[E0432]: unresolved import `upgrade::upgrade_ws`
[INFO] [stdout]   --> src/endpoints/mod.rs:10:9
[INFO] [stdout]    |
[INFO] [stdout] 10 | pub use upgrade::upgrade_ws;
[INFO] [stdout]    |         ^^^^^^^^^^^^^^^^^^^ no `upgrade_ws` in `endpoints::upgrade`
[INFO] [stdout] 
[INFO] [stdout] 
[INFO] [stdout] error[E0425]: cannot find function `router` in module `router`
[INFO] [stdout]   --> src/main.rs:22:24
[INFO] [stdout]    |
[INFO] [stdout] 22 |   let router = router::router(input_options.clone());
[INFO] [stdout]    |                        ^^^^^^ not found in `router`
[INFO] [stdout] 
[INFO] [stdout] 
[INFO] [stdout] warning: unused import: `super::state::CncState`
[INFO] [stdout]   --> src/cnc/handler.rs:10:5
[INFO] [stdout]    |
[INFO] [stdout] 10 | use super::state::CncState;
[INFO] [stdout]    |     ^^^^^^^^^^^^^^^^^^^^^^
[INFO] [stdout]    |
[INFO] [stdout]    = note: `#[warn(unused_imports)]` on by default
[INFO] [stdout] 
[INFO] [stdout] 
[INFO] [stdout] error[E0425]: cannot find function `router` in module `router`
[INFO] [stdout]   --> src/main.rs:22:24
[INFO] [stdout]    |
[INFO] [stdout] 22 |   let router = router::router(input_options.clone());
[INFO] [stdout]    |                        ^^^^^^ not found in `router`
[INFO] [stdout] 
[INFO] [stdout] 
[INFO] [stdout] warning: unused import: `super::state::CncState`
[INFO] [stdout]   --> src/cnc/handler.rs:10:5
[INFO] [stdout]    |
[INFO] [stdout] 10 | use super::state::CncState;
[INFO] [stdout]    |     ^^^^^^^^^^^^^^^^^^^^^^
[INFO] [stdout]    |
[INFO] [stdout]    = note: `#[warn(unused_imports)]` on by default
[INFO] [stdout] 
[INFO] [stdout] 
[INFO] [stdout] error: aborting due to 4 previous errors; 1 warning emitted
[INFO] [stdout] 
[INFO] [stdout] 
[INFO] [stdout] Some errors have detailed explanations: E0425, E0432, E0583.
[INFO] [stdout] 
[INFO] [stdout] For more information about an error, try `rustc --explain E0425`.
[INFO] [stdout] 
[INFO] [stderr] error: could not compile `cnc-rust-server` due to 5 previous errors; 1 warning emitted
[INFO] [stderr] warning: build failed, waiting for other jobs to finish...
[INFO] [stdout] error: aborting due to 4 previous errors; 1 warning emitted
[INFO] [stdout] 
[INFO] [stdout] 
[INFO] [stdout] Some errors have detailed explanations: E0425, E0432, E0583.
[INFO] [stdout] 
[INFO] [stdout] For more information about an error, try `rustc --explain E0425`.
[INFO] [stdout] 
[INFO] [stderr] error: build failed
[INFO] running `Command { std: "docker" "inspect" "af873cacca65ab29f65d57f5214ec34d929bcfb5802bba90b1698e9514842a06", kill_on_drop: false }`
[INFO] running `Command { std: "docker" "rm" "-f" "af873cacca65ab29f65d57f5214ec34d929bcfb5802bba90b1698e9514842a06", kill_on_drop: false }`
[INFO] [stdout] af873cacca65ab29f65d57f5214ec34d929bcfb5802bba90b1698e9514842a06
