[INFO] cloning repository https://github.com/speratus/udis
[INFO] running `Command { std: "git" "-c" "credential.helper=" "-c" "credential.helper=/workspace/cargo-home/bin/git-credential-null" "clone" "--bare" "https://github.com/speratus/udis" "/workspace/cache/git-repos/https%3A%2F%2Fgithub.com%2Fsperatus%2Fudis", kill_on_drop: false }`
[INFO] [stderr] Cloning into bare repository '/workspace/cache/git-repos/https%3A%2F%2Fgithub.com%2Fsperatus%2Fudis'...
[INFO] running `Command { std: "git" "rev-parse" "HEAD", kill_on_drop: false }`
[INFO] [stdout] b6786d3444c874b3d1625753cbd36f52a002766c
[INFO] checking speratus/udis against beta-2021-10-15 for beta-1.56-3
[INFO] running `Command { std: "git" "clone" "/workspace/cache/git-repos/https%3A%2F%2Fgithub.com%2Fsperatus%2Fudis" "/workspace/builds/worker-8/source", kill_on_drop: false }`
[INFO] [stderr] Cloning into '/workspace/builds/worker-8/source'...
[INFO] [stderr] done.
[INFO] validating manifest of git repo https://github.com/speratus/udis on toolchain beta-2021-10-15
[INFO] running `Command { std: "/workspace/cargo-home/bin/cargo" "+beta-2021-10-15" "metadata" "--manifest-path" "Cargo.toml" "--no-deps", kill_on_drop: false }`
[INFO] started tweaking git repo https://github.com/speratus/udis
[INFO] finished tweaking git repo https://github.com/speratus/udis
[INFO] tweaked toml for git repo https://github.com/speratus/udis written to /workspace/builds/worker-8/source/Cargo.toml
[INFO] crate git repo https://github.com/speratus/udis already has a lockfile, it will not be regenerated
[INFO] running `Command { std: "/workspace/cargo-home/bin/cargo" "+beta-2021-10-15" "fetch" "--manifest-path" "Cargo.toml", kill_on_drop: false }`
[INFO] [stderr]     Blocking waiting for file lock on package cache
[INFO] [stderr]     Blocking waiting for file lock on package cache
[INFO] running `Command { std: "docker" "create" "-v" "/var/lib/crater-agent-workspace/builds/worker-8/target:/opt/rustwide/target:rw,Z" "-v" "/var/lib/crater-agent-workspace/builds/worker-8/source:/opt/rustwide/workdir:ro,Z" "-v" "/var/lib/crater-agent-workspace/cargo-home:/opt/rustwide/cargo-home:ro,Z" "-v" "/var/lib/crater-agent-workspace/rustup-home:/opt/rustwide/rustup-home:ro,Z" "-e" "SOURCE_DIR=/opt/rustwide/workdir" "-e" "CARGO_TARGET_DIR=/opt/rustwide/target" "-e" "CARGO_HOME=/opt/rustwide/cargo-home" "-e" "RUSTUP_HOME=/opt/rustwide/rustup-home" "-w" "/opt/rustwide/workdir" "-m" "1610612736" "--user" "0:0" "--network" "none" "ghcr.io/rust-lang/crates-build-env/linux@sha256:a89201d6b5b9fd45c15d5952ece0a0129e7e80cb26ec023fd59cf09bc26f1604" "/opt/rustwide/cargo-home/bin/cargo" "+beta-2021-10-15" "metadata" "--no-deps" "--format-version=1", kill_on_drop: false }`
[INFO] [stdout] a496b44bbffc429b1cab7d1e91bc7676738f8a99bc12ebefb5d4561142262138
[INFO] running `Command { std: "docker" "start" "-a" "a496b44bbffc429b1cab7d1e91bc7676738f8a99bc12ebefb5d4561142262138", kill_on_drop: false }`
[INFO] running `Command { std: "docker" "inspect" "a496b44bbffc429b1cab7d1e91bc7676738f8a99bc12ebefb5d4561142262138", kill_on_drop: false }`
[INFO] running `Command { std: "docker" "rm" "-f" "a496b44bbffc429b1cab7d1e91bc7676738f8a99bc12ebefb5d4561142262138", kill_on_drop: false }`
[INFO] [stdout] a496b44bbffc429b1cab7d1e91bc7676738f8a99bc12ebefb5d4561142262138
[INFO] running `Command { std: "docker" "create" "-v" "/var/lib/crater-agent-workspace/builds/worker-8/target:/opt/rustwide/target:rw,Z" "-v" "/var/lib/crater-agent-workspace/builds/worker-8/source:/opt/rustwide/workdir:ro,Z" "-v" "/var/lib/crater-agent-workspace/cargo-home:/opt/rustwide/cargo-home:ro,Z" "-v" "/var/lib/crater-agent-workspace/rustup-home:/opt/rustwide/rustup-home:ro,Z" "-e" "SOURCE_DIR=/opt/rustwide/workdir" "-e" "CARGO_TARGET_DIR=/opt/rustwide/target" "-e" "CARGO_INCREMENTAL=0" "-e" "RUST_BACKTRACE=full" "-e" "RUSTFLAGS=--cap-lints=warn" "-e" "CARGO_HOME=/opt/rustwide/cargo-home" "-e" "RUSTUP_HOME=/opt/rustwide/rustup-home" "-w" "/opt/rustwide/workdir" "-m" "1610612736" "--user" "0:0" "--network" "none" "ghcr.io/rust-lang/crates-build-env/linux@sha256:a89201d6b5b9fd45c15d5952ece0a0129e7e80cb26ec023fd59cf09bc26f1604" "/opt/rustwide/cargo-home/bin/cargo" "+beta-2021-10-15" "check" "--frozen" "--all" "--all-targets" "--message-format=json", kill_on_drop: false }`
[INFO] [stdout] c56140355b7c4ad766cc1567fa1a6b5c90fcbdd325b3ed373ab5af3708226a04
[INFO] running `Command { std: "docker" "start" "-a" "c56140355b7c4ad766cc1567fa1a6b5c90fcbdd325b3ed373ab5af3708226a04", kill_on_drop: false }`
[INFO] [stderr]     Blocking waiting for file lock on package cache
[INFO] [stderr]     Checking udis v0.1.0 (/opt/rustwide/workdir)
[INFO] [stdout] error[E0405]: cannot find trait `UDb` in this scope
[INFO] [stdout]   --> src/db.rs:11:6
[INFO] [stdout]    |
[INFO] [stdout] 11 | impl UDb for UDbImpl {
[INFO] [stdout]    |      ^^^ help: a trait with a similar name exists: `Udb`
[INFO] [stdout]    |
[INFO] [stdout]   ::: src/types.rs:3:1
[INFO] [stdout]    |
[INFO] [stdout] 3  | pub trait Udb {
[INFO] [stdout]    | ------------- similarly named trait `Udb` defined here
[INFO] [stdout] 
[INFO] [stdout] 
[INFO] [stdout] error[E0412]: cannot find type `Anybox` in this scope
[INFO] [stdout]   --> src/db.rs:21:42
[INFO] [stdout]    |
[INFO] [stdout] 5  | type AnyBox = Box<_>;
[INFO] [stdout]    | --------------------- similarly named type alias `AnyBox` defined here
[INFO] [stdout] ...
[INFO] [stdout] 21 |     fn get(&self, key: String) -> Option<Anybox> {
[INFO] [stdout]    |                                          ^^^^^^
[INFO] [stdout]    |
[INFO] [stdout] help: a type alias with a similar name exists
[INFO] [stdout]    |
[INFO] [stdout] 21 |     fn get(&self, key: String) -> Option<AnyBox> {
[INFO] [stdout]    |                                          ~~~~~~
[INFO] [stdout] help: you might be missing a type parameter
[INFO] [stdout]    |
[INFO] [stdout] 11 | impl<Anybox> UDb for UDbImpl {
[INFO] [stdout]    |     ++++++++
[INFO] [stdout] 
[INFO] [stdout] 
[INFO] [stdout] error: aborting due to 2 previous errors
[INFO] [stdout] 
[INFO] [stdout] 
[INFO] [stdout] Some errors have detailed explanations: E0405, E0412.
[INFO] [stdout] 
[INFO] [stdout] For more information about an error, try `rustc --explain E0405`.
[INFO] [stdout] 
[INFO] [stderr] error: could not compile `udis` due to 3 previous errors
[INFO] [stderr] warning: build failed, waiting for other jobs to finish...
[INFO] [stdout] error[E0405]: cannot find trait `UDb` in this scope
[INFO] [stdout]   --> src/db.rs:11:6
[INFO] [stdout]    |
[INFO] [stdout] 11 | impl UDb for UDbImpl {
[INFO] [stdout]    |      ^^^ help: a trait with a similar name exists: `Udb`
[INFO] [stdout]    |
[INFO] [stdout]   ::: src/types.rs:3:1
[INFO] [stdout]    |
[INFO] [stdout] 3  | pub trait Udb {
[INFO] [stdout]    | ------------- similarly named trait `Udb` defined here
[INFO] [stdout] 
[INFO] [stdout] 
[INFO] [stdout] error[E0412]: cannot find type `Anybox` in this scope
[INFO] [stdout]   --> src/db.rs:21:42
[INFO] [stdout]    |
[INFO] [stdout] 5  | type AnyBox = Box<_>;
[INFO] [stdout]    | --------------------- similarly named type alias `AnyBox` defined here
[INFO] [stdout] ...
[INFO] [stdout] 21 |     fn get(&self, key: String) -> Option<Anybox> {
[INFO] [stdout]    |                                          ^^^^^^
[INFO] [stdout]    |
[INFO] [stdout] help: a type alias with a similar name exists
[INFO] [stdout]    |
[INFO] [stdout] 21 |     fn get(&self, key: String) -> Option<AnyBox> {
[INFO] [stdout]    |                                          ~~~~~~
[INFO] [stdout] help: you might be missing a type parameter
[INFO] [stdout]    |
[INFO] [stdout] 11 | impl<Anybox> UDb for UDbImpl {
[INFO] [stdout]    |     ++++++++
[INFO] [stdout] 
[INFO] [stdout] 
[INFO] [stdout] error: aborting due to 2 previous errors
[INFO] [stdout] 
[INFO] [stdout] 
[INFO] [stdout] Some errors have detailed explanations: E0405, E0412.
[INFO] [stdout] 
[INFO] [stdout] For more information about an error, try `rustc --explain E0405`.
[INFO] [stdout] 
[INFO] [stderr] error: build failed
[INFO] running `Command { std: "docker" "inspect" "c56140355b7c4ad766cc1567fa1a6b5c90fcbdd325b3ed373ab5af3708226a04", kill_on_drop: false }`
[INFO] running `Command { std: "docker" "rm" "-f" "c56140355b7c4ad766cc1567fa1a6b5c90fcbdd325b3ed373ab5af3708226a04", kill_on_drop: false }`
[INFO] [stdout] c56140355b7c4ad766cc1567fa1a6b5c90fcbdd325b3ed373ab5af3708226a04
