[INFO] cloning repository https://github.com/spencerdento/micro_message_r
[INFO] running `Command { std: "git" "-c" "credential.helper=" "-c" "credential.helper=/workspace/cargo-home/bin/git-credential-null" "clone" "--bare" "https://github.com/spencerdento/micro_message_r" "/workspace/cache/git-repos/https%3A%2F%2Fgithub.com%2Fspencerdento%2Fmicro_message_r", kill_on_drop: false }`
[INFO] [stderr] Cloning into bare repository '/workspace/cache/git-repos/https%3A%2F%2Fgithub.com%2Fspencerdento%2Fmicro_message_r'...
[INFO] running `Command { std: "git" "rev-parse" "HEAD", kill_on_drop: false }`
[INFO] [stdout] 1c6b1b7934cde7462c4e18c9ec33998f300ac06e
[INFO] checking spencerdento/micro_message_r against 1.55.0 for beta-1.56-3
[INFO] running `Command { std: "git" "clone" "/workspace/cache/git-repos/https%3A%2F%2Fgithub.com%2Fspencerdento%2Fmicro_message_r" "/workspace/builds/worker-54/source", kill_on_drop: false }`
[INFO] [stderr] Cloning into '/workspace/builds/worker-54/source'...
[INFO] [stderr] done.
[INFO] validating manifest of git repo https://github.com/spencerdento/micro_message_r on toolchain 1.55.0
[INFO] running `Command { std: "/workspace/cargo-home/bin/cargo" "+1.55.0" "metadata" "--manifest-path" "Cargo.toml" "--no-deps", kill_on_drop: false }`
[INFO] started tweaking git repo https://github.com/spencerdento/micro_message_r
[INFO] finished tweaking git repo https://github.com/spencerdento/micro_message_r
[INFO] tweaked toml for git repo https://github.com/spencerdento/micro_message_r written to /workspace/builds/worker-54/source/Cargo.toml
[INFO] crate git repo https://github.com/spencerdento/micro_message_r already has a lockfile, it will not be regenerated
[INFO] running `Command { std: "/workspace/cargo-home/bin/cargo" "+1.55.0" "fetch" "--manifest-path" "Cargo.toml", kill_on_drop: false }`
[INFO] [stderr]     Blocking waiting for file lock on package cache
[INFO] [stderr]     Blocking waiting for file lock on package cache
[INFO] [stderr]  Downloading crates ...
[INFO] [stderr]   Downloaded serial v0.4.0
[INFO] [stderr]   Downloaded ioctl-rs v0.1.6
[INFO] [stderr]   Downloaded imap-proto v0.10.2
[INFO] [stderr]   Downloaded lettre_email v0.9.4
[INFO] [stderr]   Downloaded imap v2.4.1
[INFO] [stderr]   Downloaded serial-unix v0.4.0
[INFO] [stderr]   Downloaded lettre v0.9.5
[INFO] [stderr]   Downloaded serial-core v0.4.0
[INFO] [stderr]   Downloaded serial-windows v0.4.0
[INFO] running `Command { std: "docker" "create" "-v" "/var/lib/crater-agent-workspace/builds/worker-54/target:/opt/rustwide/target:rw,Z" "-v" "/var/lib/crater-agent-workspace/builds/worker-54/source:/opt/rustwide/workdir:ro,Z" "-v" "/var/lib/crater-agent-workspace/cargo-home:/opt/rustwide/cargo-home:ro,Z" "-v" "/var/lib/crater-agent-workspace/rustup-home:/opt/rustwide/rustup-home:ro,Z" "-e" "SOURCE_DIR=/opt/rustwide/workdir" "-e" "CARGO_TARGET_DIR=/opt/rustwide/target" "-e" "CARGO_HOME=/opt/rustwide/cargo-home" "-e" "RUSTUP_HOME=/opt/rustwide/rustup-home" "-w" "/opt/rustwide/workdir" "-m" "1610612736" "--user" "0:0" "--network" "none" "ghcr.io/rust-lang/crates-build-env/linux@sha256:a89201d6b5b9fd45c15d5952ece0a0129e7e80cb26ec023fd59cf09bc26f1604" "/opt/rustwide/cargo-home/bin/cargo" "+1.55.0" "metadata" "--no-deps" "--format-version=1", kill_on_drop: false }`
[INFO] [stdout] 9f00c2d3111c35b84ad2ac188715c196d8511f6805e81dbbe3661d7e82781926
[INFO] running `Command { std: "docker" "start" "-a" "9f00c2d3111c35b84ad2ac188715c196d8511f6805e81dbbe3661d7e82781926", kill_on_drop: false }`
[INFO] running `Command { std: "docker" "inspect" "9f00c2d3111c35b84ad2ac188715c196d8511f6805e81dbbe3661d7e82781926", kill_on_drop: false }`
[INFO] running `Command { std: "docker" "rm" "-f" "9f00c2d3111c35b84ad2ac188715c196d8511f6805e81dbbe3661d7e82781926", kill_on_drop: false }`
[INFO] [stdout] 9f00c2d3111c35b84ad2ac188715c196d8511f6805e81dbbe3661d7e82781926
[INFO] running `Command { std: "docker" "create" "-v" "/var/lib/crater-agent-workspace/builds/worker-54/target:/opt/rustwide/target:rw,Z" "-v" "/var/lib/crater-agent-workspace/builds/worker-54/source:/opt/rustwide/workdir:ro,Z" "-v" "/var/lib/crater-agent-workspace/cargo-home:/opt/rustwide/cargo-home:ro,Z" "-v" "/var/lib/crater-agent-workspace/rustup-home:/opt/rustwide/rustup-home:ro,Z" "-e" "SOURCE_DIR=/opt/rustwide/workdir" "-e" "CARGO_TARGET_DIR=/opt/rustwide/target" "-e" "CARGO_INCREMENTAL=0" "-e" "RUST_BACKTRACE=full" "-e" "RUSTFLAGS=--cap-lints=warn" "-e" "CARGO_HOME=/opt/rustwide/cargo-home" "-e" "RUSTUP_HOME=/opt/rustwide/rustup-home" "-w" "/opt/rustwide/workdir" "-m" "1610612736" "--user" "0:0" "--network" "none" "ghcr.io/rust-lang/crates-build-env/linux@sha256:a89201d6b5b9fd45c15d5952ece0a0129e7e80cb26ec023fd59cf09bc26f1604" "/opt/rustwide/cargo-home/bin/cargo" "+1.55.0" "check" "--frozen" "--all" "--all-targets" "--message-format=json", kill_on_drop: false }`
[INFO] [stdout] cb1f04b47587a89c5996884f63214bb628a71dc9a60fd4b2189adf5ef3daeff2
[INFO] running `Command { std: "docker" "start" "-a" "cb1f04b47587a89c5996884f63214bb628a71dc9a60fd4b2189adf5ef3daeff2", kill_on_drop: false }`
[INFO] [stderr]     Blocking waiting for file lock on package cache
[INFO] [stderr]    Compiling libc v0.2.94
[INFO] [stderr]    Compiling autocfg v1.0.1
[INFO] [stderr]    Compiling autocfg v0.1.7
[INFO] [stderr]     Checking rand_core v0.4.2
[INFO] [stderr]    Compiling cc v1.0.67
[INFO] [stderr]    Compiling memchr v2.4.0
[INFO] [stderr]    Compiling bitflags v1.2.1
[INFO] [stderr]    Compiling pkg-config v0.3.19
[INFO] [stderr]    Compiling ryu v1.0.5
[INFO] [stderr]     Checking cfg-if v1.0.0
[INFO] [stderr]    Compiling version_check v0.1.5
[INFO] [stderr]     Checking encoding_index_tests v0.1.4
[INFO] [stderr]    Compiling proc-macro2 v1.0.26
[INFO] [stderr]    Compiling openssl v0.10.34
[INFO] [stderr]    Compiling unicode-xid v0.2.2
[INFO] [stderr]     Checking foreign-types-shared v0.1.1
[INFO] [stderr]    Compiling log v0.4.14
[INFO] [stderr]     Checking byteorder v1.4.3
[INFO] [stderr]    Compiling version_check v0.9.3
[INFO] [stderr]    Compiling native-tls v0.2.7
[INFO] [stderr]    Compiling syn v1.0.71
[INFO] [stderr]     Checking once_cell v1.7.2
[INFO] [stderr]    Compiling lexical-core v0.7.6
[INFO] [stderr]    Compiling serde v1.0.125
[INFO] [stderr]     Checking openssl-probe v0.1.2
[INFO] [stderr]    Compiling serde_json v1.0.64
[INFO] [stderr]     Checking arrayvec v0.5.2
[INFO] [stderr]     Checking static_assertions v1.1.0
[INFO] [stderr]    Compiling serde_derive v1.0.125
[INFO] [stderr]     Checking safemem v0.3.3
[INFO] [stderr]     Checking itoa v0.4.7
[INFO] [stderr]     Checking ascii_utils v0.9.3
[INFO] [stderr]     Checking lazy_static v1.4.0
[INFO] [stderr]     Checking bufstream v0.1.4
[INFO] [stderr]    Compiling anyhow v1.0.40
[INFO] [stderr]     Checking regex-syntax v0.6.25
[INFO] [stderr]     Checking mime v0.3.16
[INFO] [stderr]     Checking base64 v0.13.0
[INFO] [stderr]     Checking fast_chemail v0.9.6
[INFO] [stderr]    Compiling nom v5.1.2
[INFO] [stderr]     Checking rand_core v0.3.1
[INFO] [stderr]     Checking rand_jitter v0.1.4
[INFO] [stderr]    Compiling nom v4.2.3
[INFO] [stderr]    Compiling email v0.0.20
[INFO] [stderr]     Checking foreign-types v0.3.2
[INFO] [stderr]     Checking encoding-index-tradchinese v1.20141219.5
[INFO] [stderr]     Checking encoding-index-korean v1.20141219.5
[INFO] [stderr]     Checking encoding-index-singlebyte v1.20141219.5
[INFO] [stderr]     Checking encoding-index-simpchinese v1.20141219.5
[INFO] [stderr]     Checking encoding-index-japanese v1.20141219.5
[INFO] [stderr]     Checking base64 v0.10.1
[INFO] [stderr]     Checking base64 v0.9.3
[INFO] [stderr]    Compiling rand_chacha v0.1.1
[INFO] [stderr]    Compiling rand_pcg v0.1.2
[INFO] [stderr]    Compiling rand v0.6.5
[INFO] [stderr]    Compiling num-traits v0.2.14
[INFO] [stderr]    Compiling num-integer v0.1.44
[INFO] [stderr]    Compiling openssl-sys v0.9.62
[INFO] [stderr]    Compiling quote v1.0.9
[INFO] [stderr]     Checking rand_hc v0.1.0
[INFO] [stderr]     Checking rand_isaac v0.1.1
[INFO] [stderr]     Checking rand_xorshift v0.1.1
[INFO] [stderr]     Checking aho-corasick v0.7.18
[INFO] [stderr]     Checking time v0.1.43
[INFO] [stderr]     Checking rand_os v0.1.3
[INFO] [stderr]     Checking rand v0.4.6
[INFO] [stderr]     Checking ioctl-rs v0.1.6
[INFO] [stderr]     Checking termios v0.2.2
[INFO] [stderr]     Checking hostname v0.1.5
[INFO] [stderr]     Checking serial-core v0.4.0
[INFO] [stderr]     Checking encoding v0.2.33
[INFO] [stderr]     Checking serial-unix v0.4.0
[INFO] [stderr]     Checking chrono v0.4.19
[INFO] [stderr]     Checking regex v1.5.3
[INFO] [stderr]     Checking serial v0.4.0
[INFO] [stderr]     Checking uuid v0.7.4
[INFO] [stderr]     Checking imap-proto v0.10.2
[INFO] [stderr]     Checking imap v2.4.1
[INFO] [stderr]     Checking lettre v0.9.5
[INFO] [stderr]     Checking lettre_email v0.9.4
[INFO] [stderr]     Checking micro_message_r v0.1.0 (/opt/rustwide/workdir)
[INFO] [stdout] error[E0432]: unresolved import `serial::windows`
[INFO] [stdout]  --> src/main.rs:5:13
[INFO] [stdout]   |
[INFO] [stdout] 5 | use serial::windows::COMPort;
[INFO] [stdout]   |             ^^^^^^^ could not find `windows` in `serial`
[INFO] [stdout] 
[INFO] [stdout] 
[INFO] [stdout] error[E0432]: unresolved import `serial::windows`
[INFO] [stdout]  --> src/uart0.rs:4:26
[INFO] [stdout]   |
[INFO] [stdout] 4 | use serial::{prelude::*, windows::COMPort, PortSettings};
[INFO] [stdout]   |                          ^^^^^^^ could not find `windows` in `serial`
[INFO] [stdout] 
[INFO] [stdout] 
[INFO] [stdout] error[E0432]: unresolved import `serial::windows`
[INFO] [stdout]  --> src/main.rs:5:13
[INFO] [stdout]   |
[INFO] [stdout] 5 | use serial::windows::COMPort;
[INFO] [stdout]   |             ^^^^^^^ could not find `windows` in `serial`
[INFO] [stdout] 
[INFO] [stdout] 
[INFO] [stdout] error[E0432]: unresolved import `serial::windows`
[INFO] [stdout]  --> src/uart0.rs:4:26
[INFO] [stdout]   |
[INFO] [stdout] 4 | use serial::{prelude::*, windows::COMPort, PortSettings};
[INFO] [stdout]   |                          ^^^^^^^ could not find `windows` in `serial`
[INFO] [stdout] 
[INFO] [stdout] 
[INFO] [stdout] warning: unused import: `Read`
[INFO] [stdout]  --> src/uart0.rs:7:10
[INFO] [stdout]   |
[INFO] [stdout] 7 |     io::{Read, Write},
[INFO] [stdout]   |          ^^^^
[INFO] [stdout]   |
[INFO] [stdout]   = note: `#[warn(unused_imports)]` on by default
[INFO] [stdout] 
[INFO] [stdout] 
[INFO] [stdout] warning: unused import: `Write`
[INFO] [stdout]  --> src/uart0.rs:7:16
[INFO] [stdout]   |
[INFO] [stdout] 7 |     io::{Read, Write},
[INFO] [stdout]   |                ^^^^^
[INFO] [stdout] 
[INFO] [stdout] 
[INFO] [stdout] error: aborting due to 2 previous errors; 2 warnings emitted
[INFO] [stdout] 
[INFO] [stdout] 
[INFO] [stdout] For more information about this error, try `rustc --explain E0432`.
[INFO] [stdout] 
[INFO] [stderr] error: could not compile `micro_message_r` due to 3 previous errors; 2 warnings emitted
[INFO] [stderr] warning: build failed, waiting for other jobs to finish...
[INFO] [stdout] warning: unused import: `Read`
[INFO] [stdout]  --> src/uart0.rs:7:10
[INFO] [stdout]   |
[INFO] [stdout] 7 |     io::{Read, Write},
[INFO] [stdout]   |          ^^^^
[INFO] [stdout]   |
[INFO] [stdout]   = note: `#[warn(unused_imports)]` on by default
[INFO] [stdout] 
[INFO] [stdout] 
[INFO] [stdout] warning: unused import: `Write`
[INFO] [stdout]  --> src/uart0.rs:7:16
[INFO] [stdout]   |
[INFO] [stdout] 7 |     io::{Read, Write},
[INFO] [stdout]   |                ^^^^^
[INFO] [stdout] 
[INFO] [stdout] 
[INFO] [stdout] error: aborting due to 2 previous errors; 2 warnings emitted
[INFO] [stdout] 
[INFO] [stdout] 
[INFO] [stdout] For more information about this error, try `rustc --explain E0432`.
[INFO] [stdout] 
[INFO] [stderr] error: build failed
[INFO] running `Command { std: "docker" "inspect" "cb1f04b47587a89c5996884f63214bb628a71dc9a60fd4b2189adf5ef3daeff2", kill_on_drop: false }`
[INFO] running `Command { std: "docker" "rm" "-f" "cb1f04b47587a89c5996884f63214bb628a71dc9a60fd4b2189adf5ef3daeff2", kill_on_drop: false }`
[INFO] [stdout] cb1f04b47587a89c5996884f63214bb628a71dc9a60fd4b2189adf5ef3daeff2
