[INFO] cloning repository https://github.com/softwaremill/rustmill
[INFO] running `Command { std: "git" "-c" "credential.helper=" "-c" "credential.helper=/workspace/cargo-home/bin/git-credential-null" "clone" "--bare" "https://github.com/softwaremill/rustmill" "/workspace/cache/git-repos/https%3A%2F%2Fgithub.com%2Fsoftwaremill%2Frustmill", kill_on_drop: false }`
[INFO] [stderr] Cloning into bare repository '/workspace/cache/git-repos/https%3A%2F%2Fgithub.com%2Fsoftwaremill%2Frustmill'...
[INFO] running `Command { std: "git" "rev-parse" "HEAD", kill_on_drop: false }`
[INFO] [stdout] d8a0b4456d38ddb1fe16c682b2abf96846c6c0b7
[INFO] checking softwaremill/rustmill against 1.55.0 for beta-1.56-3
[INFO] running `Command { std: "git" "clone" "/workspace/cache/git-repos/https%3A%2F%2Fgithub.com%2Fsoftwaremill%2Frustmill" "/workspace/builds/worker-27/source", kill_on_drop: false }`
[INFO] [stderr] Cloning into '/workspace/builds/worker-27/source'...
[INFO] [stderr] done.
[INFO] validating manifest of git repo https://github.com/softwaremill/rustmill on toolchain 1.55.0
[INFO] running `Command { std: "/workspace/cargo-home/bin/cargo" "+1.55.0" "metadata" "--manifest-path" "Cargo.toml" "--no-deps", kill_on_drop: false }`
[INFO] started tweaking git repo https://github.com/softwaremill/rustmill
[INFO] finished tweaking git repo https://github.com/softwaremill/rustmill
[INFO] tweaked toml for git repo https://github.com/softwaremill/rustmill written to /workspace/builds/worker-27/source/Cargo.toml
[INFO] crate git repo https://github.com/softwaremill/rustmill already has a lockfile, it will not be regenerated
[INFO] running `Command { std: "/workspace/cargo-home/bin/cargo" "+1.55.0" "fetch" "--manifest-path" "Cargo.toml", kill_on_drop: false }`
[INFO] [stderr]     Blocking waiting for file lock on package cache
[INFO] [stderr]     Blocking waiting for file lock on package cache
[INFO] running `Command { std: "docker" "create" "-v" "/var/lib/crater-agent-workspace/builds/worker-27/target:/opt/rustwide/target:rw,Z" "-v" "/var/lib/crater-agent-workspace/builds/worker-27/source:/opt/rustwide/workdir:ro,Z" "-v" "/var/lib/crater-agent-workspace/cargo-home:/opt/rustwide/cargo-home:ro,Z" "-v" "/var/lib/crater-agent-workspace/rustup-home:/opt/rustwide/rustup-home:ro,Z" "-e" "SOURCE_DIR=/opt/rustwide/workdir" "-e" "CARGO_TARGET_DIR=/opt/rustwide/target" "-e" "CARGO_HOME=/opt/rustwide/cargo-home" "-e" "RUSTUP_HOME=/opt/rustwide/rustup-home" "-w" "/opt/rustwide/workdir" "-m" "1610612736" "--user" "0:0" "--network" "none" "ghcr.io/rust-lang/crates-build-env/linux@sha256:a89201d6b5b9fd45c15d5952ece0a0129e7e80cb26ec023fd59cf09bc26f1604" "/opt/rustwide/cargo-home/bin/cargo" "+1.55.0" "metadata" "--no-deps" "--format-version=1", kill_on_drop: false }`
[INFO] [stdout] a45501f72c45b98d960c43cd7778de601d815ca1c385a4393395e69b32d492f8
[INFO] running `Command { std: "docker" "start" "-a" "a45501f72c45b98d960c43cd7778de601d815ca1c385a4393395e69b32d492f8", kill_on_drop: false }`
[INFO] running `Command { std: "docker" "inspect" "a45501f72c45b98d960c43cd7778de601d815ca1c385a4393395e69b32d492f8", kill_on_drop: false }`
[INFO] running `Command { std: "docker" "rm" "-f" "a45501f72c45b98d960c43cd7778de601d815ca1c385a4393395e69b32d492f8", kill_on_drop: false }`
[INFO] [stdout] a45501f72c45b98d960c43cd7778de601d815ca1c385a4393395e69b32d492f8
[INFO] running `Command { std: "docker" "create" "-v" "/var/lib/crater-agent-workspace/builds/worker-27/target:/opt/rustwide/target:rw,Z" "-v" "/var/lib/crater-agent-workspace/builds/worker-27/source:/opt/rustwide/workdir:ro,Z" "-v" "/var/lib/crater-agent-workspace/cargo-home:/opt/rustwide/cargo-home:ro,Z" "-v" "/var/lib/crater-agent-workspace/rustup-home:/opt/rustwide/rustup-home:ro,Z" "-e" "SOURCE_DIR=/opt/rustwide/workdir" "-e" "CARGO_TARGET_DIR=/opt/rustwide/target" "-e" "CARGO_INCREMENTAL=0" "-e" "RUST_BACKTRACE=full" "-e" "RUSTFLAGS=--cap-lints=warn" "-e" "CARGO_HOME=/opt/rustwide/cargo-home" "-e" "RUSTUP_HOME=/opt/rustwide/rustup-home" "-w" "/opt/rustwide/workdir" "-m" "1610612736" "--user" "0:0" "--network" "none" "ghcr.io/rust-lang/crates-build-env/linux@sha256:a89201d6b5b9fd45c15d5952ece0a0129e7e80cb26ec023fd59cf09bc26f1604" "/opt/rustwide/cargo-home/bin/cargo" "+1.55.0" "check" "--frozen" "--all" "--all-targets" "--message-format=json", kill_on_drop: false }`
[INFO] [stdout] 1d65ea5dbd423a38cc7b3930ebc957320112e056eb91ef619167a546e9a0b71a
[INFO] running `Command { std: "docker" "start" "-a" "1d65ea5dbd423a38cc7b3930ebc957320112e056eb91ef619167a546e9a0b71a", kill_on_drop: false }`
[INFO] [stderr]     Checking libc v0.2.33
[INFO] [stderr]    Compiling siphasher v0.2.2
[INFO] [stderr]    Compiling bitflags v0.9.1
[INFO] [stderr]     Checking num-traits v0.1.40
[INFO] [stderr]    Compiling unicode-xid v0.0.4
[INFO] [stderr]    Compiling quote v0.3.15
[INFO] [stderr]    Compiling dtoa v0.4.2
[INFO] [stderr]    Compiling itoa v0.3.4
[INFO] [stderr]    Compiling serde v0.9.15
[INFO] [stderr]    Compiling log v0.3.8
[INFO] [stderr]     Checking nodrop v0.1.12
[INFO] [stderr]    Compiling typenum v1.9.0
[INFO] [stderr]     Checking byteorder v1.1.0
[INFO] [stderr]    Compiling bitflags v1.0.1
[INFO] [stderr]     Checking rustc-serialize v0.3.24
[INFO] [stderr]    Compiling matrixmultiply v0.1.14
[INFO] [stderr]     Checking piston-float v0.3.0
[INFO] [stderr]     Checking approx v0.1.1
[INFO] [stderr]    Compiling khronos_api v2.0.0
[INFO] [stderr]     Checking rawpointer v0.1.0
[INFO] [stderr]    Compiling either v1.4.0
[INFO] [stderr]     Checking scopeguard v0.3.3
[INFO] [stderr]    Compiling rayon-core v1.3.0
[INFO] [stderr]     Checking bitflags v0.8.2
[INFO] [stderr]     Checking adler32 v1.0.2
[INFO] [stderr]     Checking serde v1.0.21
[INFO] [stderr]     Checking shader_version v0.3.0
[INFO] [stderr]    Compiling khronos_api v1.0.1
[INFO] [stderr]     Checking byteorder v0.4.2
[INFO] [stderr]     Checking color_quant v1.0.0
[INFO] [stderr]     Checking lzw v0.10.0
[INFO] [stderr]     Checking bitflags v0.7.0
[INFO] [stderr]     Checking linked-hash-map v0.5.0
[INFO] [stderr]     Checking scoped_threadpool v0.1.8
[INFO] [stderr]     Checking piston-texture v0.6.0
[INFO] [stderr]     Checking read_color v0.1.0
[INFO] [stderr]     Checking interpolation v0.1.0
[INFO] [stderr]     Checking fnv v1.0.6
[INFO] [stderr]     Checking piston-shaders_graphics2d v0.3.1
[INFO] [stderr]    Compiling x11-dl v2.17.0
[INFO] [stderr]    Compiling synom v0.11.3
[INFO] [stderr]    Compiling xml-rs v0.6.1
[INFO] [stderr]    Compiling syn v0.10.8
[INFO] [stderr]    Compiling phf_shared v0.7.21
[INFO] [stderr]     Checking num-integer v0.1.35
[INFO] [stderr]     Checking enum_primitive v0.1.1
[INFO] [stderr]     Checking draw_state v0.7.1
[INFO] [stderr]    Compiling itertools v0.5.10
[INFO] [stderr]    Compiling xml-rs v0.7.0
[INFO] [stderr]    Compiling rand v0.3.18
[INFO] [stderr]     Checking num_cpus v1.7.0
[INFO] [stderr]     Checking fs2 v0.2.5
[INFO] [stderr]     Checking shared_library v0.1.7
[INFO] [stderr]     Checking generic-array v0.8.3
[INFO] [stderr]     Checking arrayvec v0.4.6
[INFO] [stderr]     Checking memmap v0.4.0
[INFO] [stderr]     Checking piston-viewport v0.3.0
[INFO] [stderr]     Checking vecmath v0.3.1
[INFO] [stderr]     Checking inflate v0.3.3
[INFO] [stderr]     Checking stb_truetype v0.2.1
[INFO] [stderr]     Checking coco v0.1.1
[INFO] [stderr]     Checking gif v0.9.2
[INFO] [stderr]     Checking deflate v0.7.17
[INFO] [stderr]     Checking num-complex v0.1.40
[INFO] [stderr]    Compiling serde_json v0.9.10
[INFO] [stderr]     Checking alga v0.5.2
[INFO] [stderr]    Compiling syn v0.11.11
[INFO] [stderr]    Compiling wayland-scanner v0.9.10
[INFO] [stderr]    Compiling gl_generator v0.5.5
[INFO] [stderr]    Compiling phf v0.7.21
[INFO] [stderr]     Checking num-iter v0.1.34
[INFO] [stderr]     Checking num-rational v0.1.40
[INFO] [stderr]     Checking osmesa-sys v0.1.2
[INFO] [stderr]    Compiling serde_derive_internals v0.17.0
[INFO] [stderr]    Compiling gl_generator v0.6.1
[INFO] [stderr]    Compiling phf_generator v0.7.21
[INFO] [stderr]    Compiling wayland-client v0.9.10
[INFO] [stderr]    Compiling wayland-protocols v0.9.10
[INFO] [stderr]     Checking tempfile v2.2.0
[INFO] [stderr]     Checking rusttype v0.2.3
[INFO] [stderr]     Checking png v0.11.0
[INFO] [stderr]    Compiling derivative v1.0.0
[INFO] [stderr]     Checking nalgebra v0.13.1
[INFO] [stderr]    Compiling gfx_gl v0.3.1
[INFO] [stderr]    Compiling phf_codegen v0.7.21
[INFO] [stderr]    Compiling target_build_utils v0.3.1
[INFO] [stderr]     Checking rayon v0.8.2
[INFO] [stderr]    Compiling serde_derive v1.0.21
[INFO] [stdout] error[E0311]: the parameter type `K` may not live long enough
[INFO] [stdout]   --> /opt/rustwide/cargo-home/registry/src/github.com-1ecc6299db9ec823/rusttype-0.2.3/src/support/bst/map.rs:81:19
[INFO] [stdout]    |
[INFO] [stdout] 81 |             match node.force() {
[INFO] [stdout]    |                   ^^^^
[INFO] [stdout]    |
[INFO] [stdout] note: the parameter type `K` must be valid for the anonymous lifetime defined on the function body at 78:37...
[INFO] [stdout]   --> /opt/rustwide/cargo-home/registry/src/github.com-1ecc6299db9ec823/rusttype-0.2.3/src/support/bst/map.rs:78:37
[INFO] [stdout]    |
[INFO] [stdout] 78 |                 node: node::NodeRef<marker::Immut, K, V, marker::LeafOrInternal>)
[INFO] [stdout]    |                                     ^^^^^^^^^^^^^
[INFO] [stdout] 
[INFO] [stdout] 
[INFO] [stdout] error[E0311]: the parameter type `V` may not live long enough
[INFO] [stdout]   --> /opt/rustwide/cargo-home/registry/src/github.com-1ecc6299db9ec823/rusttype-0.2.3/src/support/bst/map.rs:81:19
[INFO] [stdout]    |
[INFO] [stdout] 81 |             match node.force() {
[INFO] [stdout]    |                   ^^^^
[INFO] [stdout]    |
[INFO] [stdout] note: the parameter type `V` must be valid for the anonymous lifetime defined on the function body at 78:37...
[INFO] [stdout]   --> /opt/rustwide/cargo-home/registry/src/github.com-1ecc6299db9ec823/rusttype-0.2.3/src/support/bst/map.rs:78:37
[INFO] [stdout]    |
[INFO] [stdout] 78 |                 node: node::NodeRef<marker::Immut, K, V, marker::LeafOrInternal>)
[INFO] [stdout]    |                                     ^^^^^^^^^^^^^
[INFO] [stdout] 
[INFO] [stdout] 
[INFO] [stdout] error: aborting due to 2 previous errors
[INFO] [stdout] 
[INFO] [stdout] 
[INFO] [stderr] error: could not compile `rusttype` due to 3 previous errors
[INFO] [stderr] warning: build failed, waiting for other jobs to finish...
[INFO] [stdout] error[E0119]: conflicting implementations of trait `std::ops::Mul<&_>` for type `geometry::translation::Translation<_, _>`
[INFO] [stdout]    --> /opt/rustwide/cargo-home/registry/src/github.com-1ecc6299db9ec823/nalgebra-0.13.1/src/geometry/isometry_ops.rs:67:9
[INFO] [stdout]     |
[INFO] [stdout] 67  | /         impl<$($lives ,)* N: Real, D: DimName, R> $Op<$Rhs> for $Lhs
[INFO] [stdout] 68  | |             where R: AlgaRotation<Point<N, D>>,
[INFO] [stdout] 69  | |                   DefaultAllocator: Allocator<N, D> {
[INFO] [stdout] 70  | |             type Output = $Output;
[INFO] [stdout] ...   |
[INFO] [stdout] 75  | |             }
[INFO] [stdout] 76  | |         }
[INFO] [stdout]     | |         ^
[INFO] [stdout]     | |         |
[INFO] [stdout]     | |_________first implementation here
[INFO] [stdout]     |           conflicting implementation for `geometry::translation::Translation<_, _>`
[INFO] [stdout] ...
[INFO] [stdout] 281 | / isometry_binop_impl_all!(
[INFO] [stdout] 282 | |     Mul, mul;
[INFO] [stdout] 283 | |     self: Translation<N, D>, right: R, Output = Isometry<N, D, R>;
[INFO] [stdout] 284 | |     [val val] => Isometry::from_parts(self, right);
[INFO] [stdout] ...   |
[INFO] [stdout] 287 | |     [ref ref] => Isometry::from_parts(self.clone(), right.clone());
[INFO] [stdout] 288 | | );
[INFO] [stdout]     | |__- in this macro invocation
[INFO] [stdout]     |
[INFO] [stdout]     = note: downstream crates may implement trait `alga::linear::Rotation<geometry::point::Point<_, _>>` for type `&_`
[INFO] [stdout]     = note: this error originates in the macro `isometry_binop_impl` (in Nightly builds, run with -Z macro-backtrace for more info)
[INFO] [stdout] 
[INFO] [stdout] 
[INFO] [stdout] error[E0119]: conflicting implementations of trait `std::ops::Mul<&_>` for type `&geometry::translation::Translation<_, _>`
[INFO] [stdout]    --> /opt/rustwide/cargo-home/registry/src/github.com-1ecc6299db9ec823/nalgebra-0.13.1/src/geometry/isometry_ops.rs:67:9
[INFO] [stdout]     |
[INFO] [stdout] 67  | /         impl<$($lives ,)* N: Real, D: DimName, R> $Op<$Rhs> for $Lhs
[INFO] [stdout] 68  | |             where R: AlgaRotation<Point<N, D>>,
[INFO] [stdout] 69  | |                   DefaultAllocator: Allocator<N, D> {
[INFO] [stdout] 70  | |             type Output = $Output;
[INFO] [stdout] ...   |
[INFO] [stdout] 75  | |             }
[INFO] [stdout] 76  | |         }
[INFO] [stdout]     | |         ^
[INFO] [stdout]     | |         |
[INFO] [stdout]     | |_________first implementation here
[INFO] [stdout]     |           conflicting implementation for `&geometry::translation::Translation<_, _>`
[INFO] [stdout] ...
[INFO] [stdout] 281 | / isometry_binop_impl_all!(
[INFO] [stdout] 282 | |     Mul, mul;
[INFO] [stdout] 283 | |     self: Translation<N, D>, right: R, Output = Isometry<N, D, R>;
[INFO] [stdout] 284 | |     [val val] => Isometry::from_parts(self, right);
[INFO] [stdout] ...   |
[INFO] [stdout] 287 | |     [ref ref] => Isometry::from_parts(self.clone(), right.clone());
[INFO] [stdout] 288 | | );
[INFO] [stdout]     | |__- in this macro invocation
[INFO] [stdout]     |
[INFO] [stdout]     = note: downstream crates may implement trait `alga::linear::Rotation<geometry::point::Point<_, _>>` for type `&_`
[INFO] [stdout]     = note: this error originates in the macro `isometry_binop_impl` (in Nightly builds, run with -Z macro-backtrace for more info)
[INFO] [stdout] 
[INFO] [stdout] 
[INFO] [stdout] error: aborting due to 2 previous errors
[INFO] [stdout] 
[INFO] [stdout] 
[INFO] [stdout] For more information about this error, try `rustc --explain E0119`.
[INFO] [stdout] 
[INFO] [stderr] error: build failed
[INFO] running `Command { std: "docker" "inspect" "1d65ea5dbd423a38cc7b3930ebc957320112e056eb91ef619167a546e9a0b71a", kill_on_drop: false }`
[INFO] running `Command { std: "docker" "rm" "-f" "1d65ea5dbd423a38cc7b3930ebc957320112e056eb91ef619167a546e9a0b71a", kill_on_drop: false }`
[INFO] [stdout] 1d65ea5dbd423a38cc7b3930ebc957320112e056eb91ef619167a546e9a0b71a
