[INFO] cloning repository https://github.com/slysherz/rust-tensortrade
[INFO] running `Command { std: "git" "-c" "credential.helper=" "-c" "credential.helper=/workspace/cargo-home/bin/git-credential-null" "clone" "--bare" "https://github.com/slysherz/rust-tensortrade" "/workspace/cache/git-repos/https%3A%2F%2Fgithub.com%2Fslysherz%2Frust-tensortrade", kill_on_drop: false }`
[INFO] [stderr] Cloning into bare repository '/workspace/cache/git-repos/https%3A%2F%2Fgithub.com%2Fslysherz%2Frust-tensortrade'...
[INFO] running `Command { std: "git" "rev-parse" "HEAD", kill_on_drop: false }`
[INFO] [stdout] f155cf018c32f6b04be0e7faa8c5493d34d39678
[INFO] checking slysherz/rust-tensortrade against 1.55.0 for beta-1.56-3
[INFO] running `Command { std: "git" "clone" "/workspace/cache/git-repos/https%3A%2F%2Fgithub.com%2Fslysherz%2Frust-tensortrade" "/workspace/builds/worker-63/source", kill_on_drop: false }`
[INFO] [stderr] Cloning into '/workspace/builds/worker-63/source'...
[INFO] [stderr] done.
[INFO] validating manifest of git repo https://github.com/slysherz/rust-tensortrade on toolchain 1.55.0
[INFO] running `Command { std: "/workspace/cargo-home/bin/cargo" "+1.55.0" "metadata" "--manifest-path" "Cargo.toml" "--no-deps", kill_on_drop: false }`
[INFO] started tweaking git repo https://github.com/slysherz/rust-tensortrade
[INFO] finished tweaking git repo https://github.com/slysherz/rust-tensortrade
[INFO] tweaked toml for git repo https://github.com/slysherz/rust-tensortrade written to /workspace/builds/worker-63/source/Cargo.toml
[INFO] crate git repo https://github.com/slysherz/rust-tensortrade already has a lockfile, it will not be regenerated
[INFO] running `Command { std: "/workspace/cargo-home/bin/cargo" "+1.55.0" "fetch" "--manifest-path" "Cargo.toml", kill_on_drop: false }`
[INFO] running `Command { std: "docker" "create" "-v" "/var/lib/crater-agent-workspace/builds/worker-63/target:/opt/rustwide/target:rw,Z" "-v" "/var/lib/crater-agent-workspace/builds/worker-63/source:/opt/rustwide/workdir:ro,Z" "-v" "/var/lib/crater-agent-workspace/cargo-home:/opt/rustwide/cargo-home:ro,Z" "-v" "/var/lib/crater-agent-workspace/rustup-home:/opt/rustwide/rustup-home:ro,Z" "-e" "SOURCE_DIR=/opt/rustwide/workdir" "-e" "CARGO_TARGET_DIR=/opt/rustwide/target" "-e" "CARGO_HOME=/opt/rustwide/cargo-home" "-e" "RUSTUP_HOME=/opt/rustwide/rustup-home" "-w" "/opt/rustwide/workdir" "-m" "1610612736" "--user" "0:0" "--network" "none" "ghcr.io/rust-lang/crates-build-env/linux@sha256:a89201d6b5b9fd45c15d5952ece0a0129e7e80cb26ec023fd59cf09bc26f1604" "/opt/rustwide/cargo-home/bin/cargo" "+1.55.0" "metadata" "--no-deps" "--format-version=1", kill_on_drop: false }`
[INFO] [stdout] 338588c9b4bdc8b22ec3768f0ad0b2def5bc5aa2a7438a0f4aab7c4457211775
[INFO] running `Command { std: "docker" "start" "-a" "338588c9b4bdc8b22ec3768f0ad0b2def5bc5aa2a7438a0f4aab7c4457211775", kill_on_drop: false }`
[INFO] running `Command { std: "docker" "inspect" "338588c9b4bdc8b22ec3768f0ad0b2def5bc5aa2a7438a0f4aab7c4457211775", kill_on_drop: false }`
[INFO] running `Command { std: "docker" "rm" "-f" "338588c9b4bdc8b22ec3768f0ad0b2def5bc5aa2a7438a0f4aab7c4457211775", kill_on_drop: false }`
[INFO] [stdout] 338588c9b4bdc8b22ec3768f0ad0b2def5bc5aa2a7438a0f4aab7c4457211775
[INFO] running `Command { std: "docker" "create" "-v" "/var/lib/crater-agent-workspace/builds/worker-63/target:/opt/rustwide/target:rw,Z" "-v" "/var/lib/crater-agent-workspace/builds/worker-63/source:/opt/rustwide/workdir:ro,Z" "-v" "/var/lib/crater-agent-workspace/cargo-home:/opt/rustwide/cargo-home:ro,Z" "-v" "/var/lib/crater-agent-workspace/rustup-home:/opt/rustwide/rustup-home:ro,Z" "-e" "SOURCE_DIR=/opt/rustwide/workdir" "-e" "CARGO_TARGET_DIR=/opt/rustwide/target" "-e" "CARGO_INCREMENTAL=0" "-e" "RUST_BACKTRACE=full" "-e" "RUSTFLAGS=--cap-lints=warn" "-e" "CARGO_HOME=/opt/rustwide/cargo-home" "-e" "RUSTUP_HOME=/opt/rustwide/rustup-home" "-w" "/opt/rustwide/workdir" "-m" "1610612736" "--user" "0:0" "--network" "none" "ghcr.io/rust-lang/crates-build-env/linux@sha256:a89201d6b5b9fd45c15d5952ece0a0129e7e80cb26ec023fd59cf09bc26f1604" "/opt/rustwide/cargo-home/bin/cargo" "+1.55.0" "check" "--frozen" "--all" "--all-targets" "--message-format=json", kill_on_drop: false }`
[INFO] [stdout] 223df691038fb84f8faccc5d2472393abace5e7c89fb9b1549edaca681148ccb
[INFO] running `Command { std: "docker" "start" "-a" "223df691038fb84f8faccc5d2472393abace5e7c89fb9b1549edaca681148ccb", kill_on_drop: false }`
[INFO] [stderr]    Compiling libc v0.2.80
[INFO] [stderr]    Compiling proc-macro2 v1.0.24
[INFO] [stderr]    Compiling unicode-xid v0.2.1
[INFO] [stderr]    Compiling syn v1.0.53
[INFO] [stderr]    Compiling log v0.4.11
[INFO] [stderr]    Compiling memchr v2.3.4
[INFO] [stderr]    Compiling pkg-config v0.3.19
[INFO] [stderr]    Compiling cc v1.0.66
[INFO] [stderr]     Checking bytes v0.5.6
[INFO] [stderr]     Checking futures-core v0.3.8
[INFO] [stderr]     Checking fnv v1.0.7
[INFO] [stderr]     Checking slab v0.4.2
[INFO] [stderr]    Compiling serde_derive v1.0.117
[INFO] [stderr]     Checking itoa v0.4.6
[INFO] [stderr]    Compiling pin-project-internal v0.4.27
[INFO] [stderr]    Compiling version_check v0.9.2
[INFO] [stderr]    Compiling serde v1.0.117
[INFO] [stderr]     Checking pin-project-lite v0.1.11
[INFO] [stderr]    Compiling openssl v0.10.30
[INFO] [stderr]     Checking once_cell v1.5.2
[INFO] [stderr]    Compiling getrandom v0.1.15
[INFO] [stderr]     Checking pin-project-lite v0.2.0
[INFO] [stderr]    Compiling httparse v1.3.4
[INFO] [stderr]    Compiling native-tls v0.2.6
[INFO] [stderr]    Compiling byteorder v1.3.4
[INFO] [stderr]     Checking futures-io v0.3.8
[INFO] [stderr]     Checking hashbrown v0.9.1
[INFO] [stderr]     Checking futures-sink v0.3.8
[INFO] [stderr]     Checking percent-encoding v2.1.0
[INFO] [stderr]     Checking openssl-probe v0.1.2
[INFO] [stderr]     Checking httpdate v0.3.2
[INFO] [stderr]    Compiling encoding_rs v0.8.26
[INFO] [stderr]     Checking tower-service v0.3.0
[INFO] [stderr]     Checking mime v0.3.16
[INFO] [stderr]     Checking ipnet v2.3.0
[INFO] [stderr]     Checking tracing-core v0.1.17
[INFO] [stderr]    Compiling indexmap v1.6.0
[INFO] [stderr]     Checking foreign-types v0.3.2
[INFO] [stderr]    Compiling num-traits v0.2.14
[INFO] [stderr]     Checking tinyvec v1.1.0
[INFO] [stderr]    Compiling num-integer v0.1.44
[INFO] [stderr]     Checking form_urlencoded v1.0.0
[INFO] [stderr]     Checking futures-channel v0.3.8
[INFO] [stderr]     Checking futures-task v0.3.8
[INFO] [stderr]     Checking tracing v0.1.22
[INFO] [stderr]     Checking want v0.3.0
[INFO] [stderr]     Checking http v0.2.1
[INFO] [stderr]    Compiling unicase v2.6.0
[INFO] [stderr]     Checking csv-core v0.1.10
[INFO] [stderr]     Checking unicode-normalization v0.1.16
[INFO] [stderr]    Compiling quote v1.0.7
[INFO] [stderr]     Checking iovec v0.1.4
[INFO] [stderr]     Checking net2 v0.2.36
[INFO] [stderr]     Checking num_cpus v1.13.0
[INFO] [stderr]     Checking socket2 v0.3.17
[INFO] [stderr]     Checking time v0.1.44
[INFO] [stderr]    Compiling openssl-sys v0.9.58
[INFO] [stderr]     Checking regex-automata v0.1.9
[INFO] [stderr]     Checking rand_core v0.5.1
[INFO] [stderr]     Checking mio v0.6.23
[INFO] [stderr]     Checking rand_chacha v0.2.2
[INFO] [stderr]     Checking idna v0.2.0
[INFO] [stderr]     Checking rand v0.7.3
[INFO] [stderr]    Compiling mime_guess v2.0.3
[INFO] [stderr]     Checking tokio v0.2.23
[INFO] [stderr]     Checking uuid v0.8.1
[INFO] [stderr]     Checking url v2.2.0
[INFO] [stderr]     Checking http-body v0.3.1
[INFO] [stderr]     Checking chrono v0.4.19
[INFO] [stderr]    Compiling pin-project-internal v1.0.2
[INFO] [stderr]     Checking tokio-util v0.3.1
[INFO] [stderr]     Checking tokio-tls v0.3.1
[INFO] [stderr]     Checking pin-project v1.0.2
[INFO] [stderr]     Checking futures-util v0.3.8
[INFO] [stderr]     Checking pin-project v0.4.27
[INFO] [stderr]     Checking tracing-futures v0.2.4
[INFO] [stderr]     Checking h2 v0.2.7
[INFO] [stderr]     Checking hyper v0.13.9
[INFO] [stderr]     Checking bstr v0.2.14
[INFO] [stderr]     Checking serde_urlencoded v0.7.0
[INFO] [stderr]     Checking rust_decimal v1.8.1
[INFO] [stderr]     Checking csv v1.1.5
[INFO] [stderr]     Checking hyper-tls v0.4.3
[INFO] [stderr]     Checking reqwest v0.10.9
[INFO] [stderr]     Checking rust-tensortrade v0.1.0 (/opt/rustwide/workdir)
[INFO] [stdout] error[E0433]: failed to resolve: use of undeclared type `Exchange`
[INFO] [stdout]   --> src/main.rs:22:20
[INFO] [stdout]    |
[INFO] [stdout] 22 |     let coinbase = Exchange::new(
[INFO] [stdout]    |                    ^^^^^^^^ not found in this scope
[INFO] [stdout]    |
[INFO] [stdout] help: consider importing one of these items
[INFO] [stdout]    |
[INFO] [stdout] 3  | use crate::oms::exchanges::Exchange;
[INFO] [stdout]    |
[INFO] [stdout] 3  | use rust_tensortrade::oms::exchanges::Exchange;
[INFO] [stdout]    |
[INFO] [stdout] 
[INFO] [stdout] 
[INFO] [stdout] error[E0433]: failed to resolve: use of undeclared type `ExchangeOptions`
[INFO] [stdout]   --> src/main.rs:25:9
[INFO] [stdout]    |
[INFO] [stdout] 25 |         ExchangeOptions::new(),
[INFO] [stdout]    |         ^^^^^^^^^^^^^^^ not found in this scope
[INFO] [stdout]    |
[INFO] [stdout] help: consider importing one of these items
[INFO] [stdout]    |
[INFO] [stdout] 3  | use crate::oms::exchanges::ExchangeOptions;
[INFO] [stdout]    |
[INFO] [stdout] 3  | use rust_tensortrade::oms::exchanges::ExchangeOptions;
[INFO] [stdout]    |
[INFO] [stdout] 
[INFO] [stdout] 
[INFO] [stdout] error[E0425]: cannot find value `streams` in this scope
[INFO] [stdout]   --> src/main.rs:26:9
[INFO] [stdout]    |
[INFO] [stdout] 26 |         streams,
[INFO] [stdout]    |         ^^^^^^^ help: a local variable with a similar name exists: `_streams`
[INFO] [stdout] 
[INFO] [stdout] 
[INFO] [stdout] error[E0433]: failed to resolve: use of undeclared type `Exchange`
[INFO] [stdout]   --> src/main.rs:22:20
[INFO] [stdout]    |
[INFO] [stdout] 22 |     let coinbase = Exchange::new(
[INFO] [stdout]    |                    ^^^^^^^^ not found in this scope
[INFO] [stdout]    |
[INFO] [stdout] help: consider importing one of these items
[INFO] [stdout]    |
[INFO] [stdout] 3  | use crate::oms::exchanges::Exchange;
[INFO] [stdout]    |
[INFO] [stdout] 3  | use rust_tensortrade::oms::exchanges::Exchange;
[INFO] [stdout]    |
[INFO] [stdout] 
[INFO] [stdout] 
[INFO] [stdout] error[E0061]: this function takes 4 arguments but 3 arguments were supplied
[INFO] [stdout]   --> tests/oms/portfolio.rs:28:21
[INFO] [stdout]    |
[INFO] [stdout] 28 |     let coinbase1 = Exchange::new(
[INFO] [stdout]    |                     ^^^^^^^^^^^^^ expected 4 arguments
[INFO] [stdout] 29 |         "coinbase".to_string(),
[INFO] [stdout]    |         ----------------------
[INFO] [stdout] 30 |         Box::new(Service {}),
[INFO] [stdout]    |         --------------------
[INFO] [stdout] 31 |         ExchangeOptions::new(),
[INFO] [stdout]    |         ---------------------- supplied 3 arguments
[INFO] [stdout]    |
[INFO] [stdout] note: associated function defined here
[INFO] [stdout]   --> /opt/rustwide/workdir/src/oms/exchanges/exchange.rs:79:12
[INFO] [stdout]    |
[INFO] [stdout] 79 |     pub fn new(
[INFO] [stdout]    |            ^^^
[INFO] [stdout] 
[INFO] [stdout] 
[INFO] [stdout] error[E0433]: failed to resolve: use of undeclared type `ExchangeOptions`
[INFO] [stdout]   --> src/main.rs:25:9
[INFO] [stdout]    |
[INFO] [stdout] 25 |         ExchangeOptions::new(),
[INFO] [stdout]    |         ^^^^^^^^^^^^^^^ not found in this scope
[INFO] [stdout]    |
[INFO] [stdout] help: consider importing one of these items
[INFO] [stdout]    |
[INFO] [stdout] 3  | use crate::oms::exchanges::ExchangeOptions;
[INFO] [stdout]    |
[INFO] [stdout] 3  | use rust_tensortrade::oms::exchanges::ExchangeOptions;
[INFO] [stdout]    |
[INFO] [stdout] 
[INFO] [stdout] 
[INFO] [stdout] error[E0425]: cannot find value `streams` in this scope
[INFO] [stdout]   --> src/main.rs:26:9
[INFO] [stdout]    |
[INFO] [stdout] 26 |         streams,
[INFO] [stdout]    |         ^^^^^^^ help: a local variable with a similar name exists: `_streams`
[INFO] [stdout] 
[INFO] [stdout] 
[INFO] [stdout] error[E0061]: this function takes 4 arguments but 3 arguments were supplied
[INFO] [stdout]   --> tests/oms/portfolio.rs:33:21
[INFO] [stdout]    |
[INFO] [stdout] 33 |     let coinbase2 = Exchange::new(
[INFO] [stdout]    |                     ^^^^^^^^^^^^^ expected 4 arguments
[INFO] [stdout] 34 |         "coinbase".to_string(),
[INFO] [stdout]    |         ----------------------
[INFO] [stdout] 35 |         Box::new(Service {}),
[INFO] [stdout]    |         --------------------
[INFO] [stdout] 36 |         ExchangeOptions::new(),
[INFO] [stdout]    |         ---------------------- supplied 3 arguments
[INFO] [stdout]    |
[INFO] [stdout] note: associated function defined here
[INFO] [stdout]   --> /opt/rustwide/workdir/src/oms/exchanges/exchange.rs:79:12
[INFO] [stdout]    |
[INFO] [stdout] 79 |     pub fn new(
[INFO] [stdout]    |            ^^^
[INFO] [stdout] 
[INFO] [stdout] 
[INFO] [stdout] error[E0277]: `Portfolio` doesn't implement `Debug`
[INFO] [stdout]   --> tests/oms/portfolio.rs:46:23
[INFO] [stdout]    |
[INFO] [stdout] 46 |     println!("{:#?}", portfolio);
[INFO] [stdout]    |                       ^^^^^^^^^ `Portfolio` cannot be formatted using `{:?}` because it doesn't implement `Debug`
[INFO] [stdout]    |
[INFO] [stdout]    = help: the trait `Debug` is not implemented for `Portfolio`
[INFO] [stdout]    = note: this error originates in the macro `$crate::format_args_nl` (in Nightly builds, run with -Z macro-backtrace for more info)
[INFO] [stdout] 
[INFO] [stdout] 
[INFO] [stdout] error: aborting due to 3 previous errors
[INFO] [stdout] 
[INFO] [stdout] 
[INFO] [stdout] Some errors have detailed explanations: E0061, E0277.
[INFO] [stdout] 
[INFO] [stdout] For more information about an error, try `rustc --explain E0061`.
[INFO] [stdout] 
[INFO] [stdout] error: aborting due to 3 previous errors
[INFO] [stdout] 
[INFO] [stdout] 
[INFO] [stdout] Some errors have detailed explanations: E0425, E0433.
[INFO] [stdout] 
[INFO] [stdout] For more information about an error, try `rustc --explain E0425`.
[INFO] [stdout] 
[INFO] [stderr] error: could not compile `rust-tensortrade` due to 4 previous errors
[INFO] [stderr] warning: build failed, waiting for other jobs to finish...
[INFO] [stdout] error: aborting due to 3 previous errors
[INFO] [stdout] 
[INFO] [stdout] 
[INFO] [stdout] Some errors have detailed explanations: E0425, E0433.
[INFO] [stdout] 
[INFO] [stdout] For more information about an error, try `rustc --explain E0425`.
[INFO] [stdout] 
[INFO] [stderr] error: build failed
[INFO] running `Command { std: "docker" "inspect" "223df691038fb84f8faccc5d2472393abace5e7c89fb9b1549edaca681148ccb", kill_on_drop: false }`
[INFO] running `Command { std: "docker" "rm" "-f" "223df691038fb84f8faccc5d2472393abace5e7c89fb9b1549edaca681148ccb", kill_on_drop: false }`
[INFO] [stdout] 223df691038fb84f8faccc5d2472393abace5e7c89fb9b1549edaca681148ccb
