[INFO] cloning repository https://github.com/slyedoc/bevy_games
[INFO] running `Command { std: "git" "-c" "credential.helper=" "-c" "credential.helper=/workspace/cargo-home/bin/git-credential-null" "clone" "--bare" "https://github.com/slyedoc/bevy_games" "/workspace/cache/git-repos/https%3A%2F%2Fgithub.com%2Fslyedoc%2Fbevy_games", kill_on_drop: false }`
[INFO] [stderr] Cloning into bare repository '/workspace/cache/git-repos/https%3A%2F%2Fgithub.com%2Fslyedoc%2Fbevy_games'...
[INFO] running `Command { std: "git" "rev-parse" "HEAD", kill_on_drop: false }`
[INFO] [stdout] 99006c254f6d00ea475f7788109af05579ac074e
[INFO] checking slyedoc/bevy_games against beta-2021-10-15 for beta-1.56-3
[INFO] running `Command { std: "git" "clone" "/workspace/cache/git-repos/https%3A%2F%2Fgithub.com%2Fslyedoc%2Fbevy_games" "/workspace/builds/worker-10/source", kill_on_drop: false }`
[INFO] [stderr] Cloning into '/workspace/builds/worker-10/source'...
[INFO] [stderr] done.
[INFO] validating manifest of git repo https://github.com/slyedoc/bevy_games on toolchain beta-2021-10-15
[INFO] running `Command { std: "/workspace/cargo-home/bin/cargo" "+beta-2021-10-15" "metadata" "--manifest-path" "Cargo.toml" "--no-deps", kill_on_drop: false }`
[INFO] removed /workspace/builds/worker-10/source/rust-toolchain.toml
[INFO] started tweaking git repo https://github.com/slyedoc/bevy_games
[INFO] finished tweaking git repo https://github.com/slyedoc/bevy_games
[INFO] tweaked toml for git repo https://github.com/slyedoc/bevy_games written to /workspace/builds/worker-10/source/Cargo.toml
[INFO] crate git repo https://github.com/slyedoc/bevy_games already has a lockfile, it will not be regenerated
[INFO] running `Command { std: "/workspace/cargo-home/bin/cargo" "+beta-2021-10-15" "fetch" "--manifest-path" "Cargo.toml", kill_on_drop: false }`
[INFO] [stderr]     Blocking waiting for file lock on package cache
[INFO] [stderr]  Downloading crates ...
[INFO] [stderr]   Downloaded rand_core v0.4.2
[INFO] [stderr]   Downloaded rand_chacha v0.3.0
[INFO] [stderr]   Downloaded standback v0.2.17
[INFO] [stderr]   Downloaded rand_hc v0.3.0
[INFO] [stderr]   Downloaded paste v1.0.5
[INFO] [stderr]   Downloaded memoffset v0.6.4
[INFO] [stderr]   Downloaded crossbeam-queue v0.3.2
[INFO] [stderr]   Downloaded once_cell v1.7.2
[INFO] [stderr]   Downloaded crossbeam-epoch v0.9.5
[INFO] [stderr]   Downloaded matrixmultiply v0.3.1
[INFO] [stderr]   Downloaded arrayvec v0.6.1
[INFO] [stderr]   Downloaded bytemuck v1.5.1
[INFO] [stderr]   Downloaded erased-serde v0.3.15
[INFO] [stderr]   Downloaded mio v0.7.11
[INFO] [stderr]   Downloaded redox_syscall v0.2.8
[INFO] [stderr]   Downloaded egui v0.11.0
[INFO] [stderr]   Downloaded bevy-inspector-egui-derive v0.5.0
[INFO] [stderr]   Downloaded bevy_egui v0.4.2
[INFO] [stderr]   Downloaded bevy_mod_raycast v0.2.2
[INFO] [stderr]   Downloaded anyhow v1.0.40
[INFO] [stderr]   Downloaded crunchy v0.2.2
[INFO] [stderr]   Downloaded approx v0.4.0
[INFO] [stderr]   Downloaded bevy-inspector-egui v0.5.1
[INFO] [stderr]   Downloaded epaint v0.11.0
[INFO] [stderr]   Downloaded emath v0.11.0
[INFO] [stderr]   Downloaded combine v4.5.2
[INFO] [stderr]   Downloaded ttf-parser v0.12.1
[INFO] [stderr]   Downloaded pretty-type-name v1.0.0
[INFO] [stderr]   Downloaded libc v0.2.95
[INFO] [stderr]   Downloaded parry2d v0.3.0
[INFO] [stderr]   Downloaded bevy_mod_picking v0.4.0
[INFO] [stderr]   Downloaded nalgebra v0.25.4
[INFO] [stderr]   Downloaded rand_core v0.6.2
[INFO] [stderr]   Downloaded rawpointer v0.2.1
[INFO] [stderr]   Downloaded rapier2d v0.7.2
[INFO] [stderr]   Downloaded bevy_rapier2d v0.9.0
[INFO] [stderr]   Downloaded simba v0.4.0
[INFO] [stderr]   Downloaded rand v0.5.6
[INFO] [stderr]   Downloaded crossbeam v0.8.1
[INFO] [stderr]   Downloaded const_fn v0.4.8
[INFO] [stderr]   Downloaded proc-macro-hack v0.5.19
[INFO] [stderr]   Downloaded time v0.2.27
[INFO] [stderr]   Downloaded typenum v1.13.0
[INFO] [stderr]   Downloaded num-complex v0.3.1
[INFO] [stderr]   Downloaded rand v0.8.3
[INFO] [stderr]   Downloaded time-macros-impl v0.1.2
[INFO] [stderr]   Downloaded time-macros v0.1.1
[INFO] [stderr]   Downloaded generic-array v0.14.4
[INFO] [stderr]   Downloaded sudoku v0.7.0
[INFO] running `Command { std: "docker" "create" "-v" "/var/lib/crater-agent-workspace/builds/worker-10/target:/opt/rustwide/target:rw,Z" "-v" "/var/lib/crater-agent-workspace/builds/worker-10/source:/opt/rustwide/workdir:ro,Z" "-v" "/var/lib/crater-agent-workspace/cargo-home:/opt/rustwide/cargo-home:ro,Z" "-v" "/var/lib/crater-agent-workspace/rustup-home:/opt/rustwide/rustup-home:ro,Z" "-e" "SOURCE_DIR=/opt/rustwide/workdir" "-e" "CARGO_TARGET_DIR=/opt/rustwide/target" "-e" "CARGO_HOME=/opt/rustwide/cargo-home" "-e" "RUSTUP_HOME=/opt/rustwide/rustup-home" "-w" "/opt/rustwide/workdir" "-m" "1610612736" "--user" "0:0" "--network" "none" "ghcr.io/rust-lang/crates-build-env/linux@sha256:a89201d6b5b9fd45c15d5952ece0a0129e7e80cb26ec023fd59cf09bc26f1604" "/opt/rustwide/cargo-home/bin/cargo" "+beta-2021-10-15" "metadata" "--no-deps" "--format-version=1", kill_on_drop: false }`
[INFO] [stderr] WARNING: Your kernel does not support swap limit capabilities or the cgroup is not mounted. Memory limited without swap.
[INFO] [stdout] ee03560e6a264b5a801c76923d8360511e7a19f0191ce7be30c425b6dcb9650a
[INFO] running `Command { std: "docker" "start" "-a" "ee03560e6a264b5a801c76923d8360511e7a19f0191ce7be30c425b6dcb9650a", kill_on_drop: false }`
[INFO] running `Command { std: "docker" "inspect" "ee03560e6a264b5a801c76923d8360511e7a19f0191ce7be30c425b6dcb9650a", kill_on_drop: false }`
[INFO] running `Command { std: "docker" "rm" "-f" "ee03560e6a264b5a801c76923d8360511e7a19f0191ce7be30c425b6dcb9650a", kill_on_drop: false }`
[INFO] [stdout] ee03560e6a264b5a801c76923d8360511e7a19f0191ce7be30c425b6dcb9650a
[INFO] running `Command { std: "docker" "create" "-v" "/var/lib/crater-agent-workspace/builds/worker-10/target:/opt/rustwide/target:rw,Z" "-v" "/var/lib/crater-agent-workspace/builds/worker-10/source:/opt/rustwide/workdir:ro,Z" "-v" "/var/lib/crater-agent-workspace/cargo-home:/opt/rustwide/cargo-home:ro,Z" "-v" "/var/lib/crater-agent-workspace/rustup-home:/opt/rustwide/rustup-home:ro,Z" "-e" "SOURCE_DIR=/opt/rustwide/workdir" "-e" "CARGO_TARGET_DIR=/opt/rustwide/target" "-e" "CARGO_INCREMENTAL=0" "-e" "RUST_BACKTRACE=full" "-e" "RUSTFLAGS=--cap-lints=warn" "-e" "CARGO_HOME=/opt/rustwide/cargo-home" "-e" "RUSTUP_HOME=/opt/rustwide/rustup-home" "-w" "/opt/rustwide/workdir" "-m" "1610612736" "--user" "0:0" "--network" "none" "ghcr.io/rust-lang/crates-build-env/linux@sha256:a89201d6b5b9fd45c15d5952ece0a0129e7e80cb26ec023fd59cf09bc26f1604" "/opt/rustwide/cargo-home/bin/cargo" "+beta-2021-10-15" "check" "--frozen" "--all" "--all-targets" "--message-format=json", kill_on_drop: false }`
[INFO] [stdout] 00f5c86ce171c1d78e5a94e52ffbf3c0ccdb5d57884def0d97ebbe44b36831c8
[INFO] [stderr] WARNING: Your kernel does not support swap limit capabilities or the cgroup is not mounted. Memory limited without swap.
[INFO] running `Command { std: "docker" "start" "-a" "00f5c86ce171c1d78e5a94e52ffbf3c0ccdb5d57884def0d97ebbe44b36831c8", kill_on_drop: false }`
[INFO] [stderr]     Blocking waiting for file lock on package cache
[INFO] [stderr]     Checking emath v0.11.0
[INFO] [stderr]     Checking atomic_refcell v0.1.7
[INFO] [stderr]     Checking arrayvec v0.6.1
[INFO] [stderr]     Checking webbrowser v0.5.5
[INFO] [stderr]     Checking pretty-type-name v1.0.0
[INFO] [stderr]     Checking hexasphere v3.4.0
[INFO] [stderr]    Compiling crossbeam-queue v0.3.2
[INFO] [stderr]     Checking ab_glyph v0.2.11
[INFO] [stderr]     Checking net2 v0.2.37
[INFO] [stderr]     Checking iovec v0.1.4
[INFO] [stderr]     Checking khronos-egl v3.0.2
[INFO] [stderr]     Checking wgpu-types v0.7.0
[INFO] [stderr]    Compiling xcb v0.8.2
[INFO] [stderr]     Checking rand v0.5.6
[INFO] [stderr]     Checking futures-lite v1.12.0
[INFO] [stderr]     Checking mio v0.7.11
[INFO] [stderr]    Compiling syn v1.0.65
[INFO] [stderr]     Checking ordered-float v2.5.1
[INFO] [stderr]     Checking chrono v0.4.19
[INFO] [stderr]     Checking guillotiere v0.6.1
[INFO] [stderr]     Checking simba v0.4.0
[INFO] [stderr]    Compiling spirv_cross v0.23.1
[INFO] [stderr]     Checking crossbeam-deque v0.8.0
[INFO] [stderr]     Checking image v0.23.14
[INFO] [stderr]     Checking glyph_brush_layout v0.2.2
[INFO] [stderr]     Checking mio v0.6.23
[INFO] [stderr]     Checking notify v5.0.0-pre.10
[INFO] [stderr]     Checking epaint v0.11.0
[INFO] [stderr]     Checking crossbeam v0.8.1
[INFO] [stderr]     Checking async-executor v1.4.1
[INFO] [stderr]     Checking sudoku v0.7.0
[INFO] [stderr] error: failed to run custom build command for `xcb v0.8.2`
[INFO] [stderr] 
[INFO] [stderr] Caused by:
[INFO] [stderr]   process didn't exit successfully: `/opt/rustwide/target/debug/build/xcb-a1e5ff19c86ffcff/build-script-build` (exit status: 101)
[INFO] [stderr]   --- stderr
[INFO] [stderr]   error occured in handler:  ('event:   ', ('xcb', 'Sync', 'AlarmNotify'))
[INFO] [stderr]   Traceback (most recent call last):
[INFO] [stderr]     File "/opt/rustwide/cargo-home/registry/src/github.com-1ecc6299db9ec823/xcb-0.8.2/rs_client.py", line 2448, in <module>
[INFO] [stderr]       module.generate()
[INFO] [stderr]     File "/opt/rustwide/cargo-home/registry/src/github.com-1ecc6299db9ec823/xcb-0.8.2/xcbgen/state.py", line 108, in generate
[INFO] [stderr]       self.close()
[INFO] [stderr]     File "/opt/rustwide/cargo-home/registry/src/github.com-1ecc6299db9ec823/xcb-0.8.2/rs_client.py", line 296, in rs_close
[INFO] [stderr]       _f.writeout(os.path.join(module.rs_srcdir, "ffi", "%s.rs" % _module_name(_ns.ext_name)))
[INFO] [stderr]     File "/opt/rustwide/cargo-home/registry/src/github.com-1ecc6299db9ec823/xcb-0.8.2/rs_client.py", line 114, in writeout
[INFO] [stderr]       with open(path, 'w') as f:
[INFO] [stderr]   OSError: [Errno 30] Read-only file system: '/opt/rustwide/cargo-home/registry/src/github.com-1ecc6299db9ec823/xcb-0.8.2/src/ffi/sync.rs'
[INFO] [stderr]   thread 'main' panicked at 'processing of /opt/rustwide/cargo-home/registry/src/github.com-1ecc6299db9ec823/xcb-0.8.2/xml/sync.xml returned non-zero (1)', /opt/rustwide/cargo-home/registry/src/github.com-1ecc6299db9ec823/xcb-0.8.2/build.rs:75:17
[INFO] [stderr]   stack backtrace:
[INFO] [stderr]      0:     0x564c6d5db93c - std::backtrace_rs::backtrace::libunwind::trace::h51faa62df48810e4
[INFO] [stderr]                                  at /rustc/58268ff091703ace98c3c2a8c5f2fb2c3aecace2/library/std/src/../../backtrace/src/backtrace/libunwind.rs:90:5
[INFO] [stderr]      1:     0x564c6d5db93c - std::backtrace_rs::backtrace::trace_unsynchronized::h91de4d8e16d607e4
[INFO] [stderr]                                  at /rustc/58268ff091703ace98c3c2a8c5f2fb2c3aecace2/library/std/src/../../backtrace/src/backtrace/mod.rs:66:5
[INFO] [stderr]      2:     0x564c6d5db93c - std::sys_common::backtrace::_print_fmt::h71b0935f97e4322c
[INFO] [stderr]                                  at /rustc/58268ff091703ace98c3c2a8c5f2fb2c3aecace2/library/std/src/sys_common/backtrace.rs:67:5
[INFO] [stderr]      3:     0x564c6d5db93c - <std::sys_common::backtrace::_print::DisplayBacktrace as core::fmt::Display>::fmt::h9a78218788c14e18
[INFO] [stderr]                                  at /rustc/58268ff091703ace98c3c2a8c5f2fb2c3aecace2/library/std/src/sys_common/backtrace.rs:46:22
[INFO] [stderr]      4:     0x564c6d5f9a1c - core::fmt::write::h3381b3176fe2b3d3
[INFO] [stderr]                                  at /rustc/58268ff091703ace98c3c2a8c5f2fb2c3aecace2/library/core/src/fmt/mod.rs:1150:17
[INFO] [stderr]      5:     0x564c6d5d9125 - std::io::Write::write_fmt::h1d5220480c7a2437
[INFO] [stderr]                                  at /rustc/58268ff091703ace98c3c2a8c5f2fb2c3aecace2/library/std/src/io/mod.rs:1667:15
[INFO] [stderr]      6:     0x564c6d5dd170 - std::sys_common::backtrace::_print::h4b77abc4d907ed0e
[INFO] [stderr]                                  at /rustc/58268ff091703ace98c3c2a8c5f2fb2c3aecace2/library/std/src/sys_common/backtrace.rs:49:5
[INFO] [stderr]      7:     0x564c6d5dd170 - std::sys_common::backtrace::print::hb170c60b542377ad
[INFO] [stderr]                                  at /rustc/58268ff091703ace98c3c2a8c5f2fb2c3aecace2/library/std/src/sys_common/backtrace.rs:36:9
[INFO] [stderr]      8:     0x564c6d5dd170 - std::panicking::default_hook::{{closure}}::h12bbda9af8901ee3
[INFO] [stderr]                                  at /rustc/58268ff091703ace98c3c2a8c5f2fb2c3aecace2/library/std/src/panicking.rs:210:50
[INFO] [stderr]      9:     0x564c6d5dcd27 - std::panicking::default_hook::h8c6c66d3f3ba6768
[INFO] [stderr]                                  at /rustc/58268ff091703ace98c3c2a8c5f2fb2c3aecace2/library/std/src/panicking.rs:227:9
[INFO] [stderr]     10:     0x564c6d5dd824 - std::panicking::rust_panic_with_hook::h36f2fa0bb09f4069
[INFO] [stderr]                                  at /rustc/58268ff091703ace98c3c2a8c5f2fb2c3aecace2/library/std/src/panicking.rs:624:17
[INFO] [stderr]     11:     0x564c6d5dd300 - std::panicking::begin_panic_handler::{{closure}}::h9c42b65a42d06a7a
[INFO] [stderr]                                  at /rustc/58268ff091703ace98c3c2a8c5f2fb2c3aecace2/library/std/src/panicking.rs:521:13
[INFO] [stderr]     12:     0x564c6d5dbe04 - std::sys_common::backtrace::__rust_end_short_backtrace::hc791bddfe31e532c
[INFO] [stderr]                                  at /rustc/58268ff091703ace98c3c2a8c5f2fb2c3aecace2/library/std/src/sys_common/backtrace.rs:141:18
[INFO] [stderr]     13:     0x564c6d5dd269 - rust_begin_unwind
[INFO] [stderr]                                  at /rustc/58268ff091703ace98c3c2a8c5f2fb2c3aecace2/library/std/src/panicking.rs:517:5
[INFO] [stderr]     14:     0x564c6d5b7b4b - std::panicking::begin_panic_fmt::h32ac317c038a272d
[INFO] [stderr]                                  at /rustc/58268ff091703ace98c3c2a8c5f2fb2c3aecace2/library/std/src/panicking.rs:460:5
[INFO] [stderr]     15:     0x564c6d5bb637 - build_script_build::main::{{closure}}::hda28866858b1cfd3
[INFO] [stderr]                                  at /opt/rustwide/cargo-home/registry/src/github.com-1ecc6299db9ec823/xcb-0.8.2/build.rs:75:17
[INFO] [stderr]     16:     0x564c6d5ba2fb - build_script_build::visit_xml::h27805a23daa8d4d6
[INFO] [stderr]                                  at /opt/rustwide/cargo-home/registry/src/github.com-1ecc6299db9ec823/xcb-0.8.2/build.rs:20:44
[INFO] [stderr]     17:     0x564c6d5baa23 - build_script_build::main::hec811cc74133da25
[INFO] [stderr]                                  at /opt/rustwide/cargo-home/registry/src/github.com-1ecc6299db9ec823/xcb-0.8.2/build.rs:56:5
[INFO] [stderr]     18:     0x564c6d5c055b - core::ops::function::FnOnce::call_once::h1c20ded7e902274c
[INFO] [stderr]                                  at /rustc/58268ff091703ace98c3c2a8c5f2fb2c3aecace2/library/core/src/ops/function.rs:227:5
[INFO] [stderr]     19:     0x564c6d5bb68e - std::sys_common::backtrace::__rust_begin_short_backtrace::h12676279dbd18a0d
[INFO] [stderr]                                  at /rustc/58268ff091703ace98c3c2a8c5f2fb2c3aecace2/library/std/src/sys_common/backtrace.rs:125:18
[INFO] [stderr]     20:     0x564c6d5c12b1 - std::rt::lang_start::{{closure}}::h58bfb2fdab6b655b
[INFO] [stderr]                                  at /rustc/58268ff091703ace98c3c2a8c5f2fb2c3aecace2/library/std/src/rt.rs:63:18
[INFO] [stderr]     21:     0x564c6d5ddd2a - core::ops::function::impls::<impl core::ops::function::FnOnce<A> for &F>::call_once::hc590b210ed55e22f
[INFO] [stderr]                                  at /rustc/58268ff091703ace98c3c2a8c5f2fb2c3aecace2/library/core/src/ops/function.rs:259:13
[INFO] [stderr]     22:     0x564c6d5ddd2a - std::panicking::try::do_call::h5f0600b7a33ea1af
[INFO] [stderr]                                  at /rustc/58268ff091703ace98c3c2a8c5f2fb2c3aecace2/library/std/src/panicking.rs:403:40
[INFO] [stderr]     23:     0x564c6d5ddd2a - std::panicking::try::he15826df0f376a33
[INFO] [stderr]                                  at /rustc/58268ff091703ace98c3c2a8c5f2fb2c3aecace2/library/std/src/panicking.rs:367:19
[INFO] [stderr]     24:     0x564c6d5ddd2a - std::panic::catch_unwind::hd8af3a578b6b4c86
[INFO] [stderr]                                  at /rustc/58268ff091703ace98c3c2a8c5f2fb2c3aecace2/library/std/src/panic.rs:129:14
[INFO] [stderr]     25:     0x564c6d5ddd2a - std::rt::lang_start_internal::{{closure}}::h301d1329324ae1f0
[INFO] [stderr]                                  at /rustc/58268ff091703ace98c3c2a8c5f2fb2c3aecace2/library/std/src/rt.rs:45:48
[INFO] [stderr]     26:     0x564c6d5ddd2a - std::panicking::try::do_call::h941e8fdb0bd03655
[INFO] [stderr]                                  at /rustc/58268ff091703ace98c3c2a8c5f2fb2c3aecace2/library/std/src/panicking.rs:403:40
[INFO] [stderr]     27:     0x564c6d5ddd2a - std::panicking::try::ha20a77bf65530f63
[INFO] [stderr]                                  at /rustc/58268ff091703ace98c3c2a8c5f2fb2c3aecace2/library/std/src/panicking.rs:367:19
[INFO] [stderr]     28:     0x564c6d5ddd2a - std::panic::catch_unwind::h33afc061cc69ef90
[INFO] [stderr]                                  at /rustc/58268ff091703ace98c3c2a8c5f2fb2c3aecace2/library/std/src/panic.rs:129:14
[INFO] [stderr]     29:     0x564c6d5ddd2a - std::rt::lang_start_internal::hc05c244593147106
[INFO] [stderr]                                  at /rustc/58268ff091703ace98c3c2a8c5f2fb2c3aecace2/library/std/src/rt.rs:45:20
[INFO] [stderr]     30:     0x564c6d5c1280 - std::rt::lang_start::hbf9688c0c10beabe
[INFO] [stderr]                                  at /rustc/58268ff091703ace98c3c2a8c5f2fb2c3aecace2/library/std/src/rt.rs:62:5
[INFO] [stderr]     31:     0x564c6d5bb67c - main
[INFO] [stderr]     32:     0x7f7ee43460b3 - __libc_start_main
[INFO] [stderr]     33:     0x564c6d5b891e - _start
[INFO] [stderr]     34:                0x0 - <unknown>
[INFO] [stderr] warning: build failed, waiting for other jobs to finish...
[INFO] [stderr] The following warnings were emitted during compilation:
[INFO] [stderr] 
[INFO] [stderr] warning: src/wrapper.cpp:2: warning: ignoring #pragma warning  [-Wunknown-pragmas]
[INFO] [stderr] warning:     2 | #pragma warning(disable : 4996 4101)
[INFO] [stderr] warning:       | 
[INFO] [stderr] warning: c++: fatal error: Killed signal terminated program cc1plus
[INFO] [stderr] warning: compilation terminated.
[INFO] [stderr] 
[INFO] [stderr] error: build failed
[INFO] running `Command { std: "docker" "inspect" "00f5c86ce171c1d78e5a94e52ffbf3c0ccdb5d57884def0d97ebbe44b36831c8", kill_on_drop: false }`
[INFO] running `Command { std: "docker" "rm" "-f" "00f5c86ce171c1d78e5a94e52ffbf3c0ccdb5d57884def0d97ebbe44b36831c8", kill_on_drop: false }`
[INFO] [stdout] 00f5c86ce171c1d78e5a94e52ffbf3c0ccdb5d57884def0d97ebbe44b36831c8
