[INFO] cloning repository https://github.com/slightlyoutofphase/staticvec
[INFO] running `Command { std: "git" "-c" "credential.helper=" "-c" "credential.helper=/workspace/cargo-home/bin/git-credential-null" "clone" "--bare" "https://github.com/slightlyoutofphase/staticvec" "/workspace/cache/git-repos/https%3A%2F%2Fgithub.com%2Fslightlyoutofphase%2Fstaticvec", kill_on_drop: false }`
[INFO] [stderr] Cloning into bare repository '/workspace/cache/git-repos/https%3A%2F%2Fgithub.com%2Fslightlyoutofphase%2Fstaticvec'...
[INFO] running `Command { std: "git" "rev-parse" "HEAD", kill_on_drop: false }`
[INFO] [stdout] 2d0634b1cd5b87e50afb8e5f2d077fd53e6d4231
[INFO] checking slightlyoutofphase/staticvec against 1.55.0 for beta-1.56-3
[INFO] running `Command { std: "git" "clone" "/workspace/cache/git-repos/https%3A%2F%2Fgithub.com%2Fslightlyoutofphase%2Fstaticvec" "/workspace/builds/worker-10/source", kill_on_drop: false }`
[INFO] [stderr] Cloning into '/workspace/builds/worker-10/source'...
[INFO] [stderr] done.
[INFO] validating manifest of git repo https://github.com/slightlyoutofphase/staticvec on toolchain 1.55.0
[INFO] running `Command { std: "/workspace/cargo-home/bin/cargo" "+1.55.0" "metadata" "--manifest-path" "Cargo.toml" "--no-deps", kill_on_drop: false }`
[INFO] started tweaking git repo https://github.com/slightlyoutofphase/staticvec
[INFO] removed 0 missing examples
[INFO] removed 0 missing tests
[INFO] finished tweaking git repo https://github.com/slightlyoutofphase/staticvec
[INFO] tweaked toml for git repo https://github.com/slightlyoutofphase/staticvec written to /workspace/builds/worker-10/source/Cargo.toml
[INFO] running `Command { std: "/workspace/cargo-home/bin/cargo" "+1.55.0" "generate-lockfile" "--manifest-path" "Cargo.toml" "-Zno-index-update", kill_on_drop: false }`
[INFO] running `Command { std: "/workspace/cargo-home/bin/cargo" "+1.55.0" "fetch" "--manifest-path" "Cargo.toml", kill_on_drop: false }`
[INFO] [stderr]  Downloading crates ...
[INFO] [stderr]   Downloaded oorandom v11.1.3
[INFO] [stderr]   Downloaded cool_asserts v1.1.1
[INFO] [stderr]   Downloaded serde_json v1.0.68
[INFO] [stderr]   Downloaded proc-macro2 v1.0.30
[INFO] [stderr]   Downloaded quote v1.0.10
[INFO] [stderr]   Downloaded syn v1.0.80
[INFO] running `Command { std: "docker" "create" "-v" "/var/lib/crater-agent-workspace/builds/worker-10/target:/opt/rustwide/target:rw,Z" "-v" "/var/lib/crater-agent-workspace/builds/worker-10/source:/opt/rustwide/workdir:ro,Z" "-v" "/var/lib/crater-agent-workspace/cargo-home:/opt/rustwide/cargo-home:ro,Z" "-v" "/var/lib/crater-agent-workspace/rustup-home:/opt/rustwide/rustup-home:ro,Z" "-e" "SOURCE_DIR=/opt/rustwide/workdir" "-e" "CARGO_TARGET_DIR=/opt/rustwide/target" "-e" "CARGO_HOME=/opt/rustwide/cargo-home" "-e" "RUSTUP_HOME=/opt/rustwide/rustup-home" "-w" "/opt/rustwide/workdir" "-m" "1610612736" "--user" "0:0" "--network" "none" "ghcr.io/rust-lang/crates-build-env/linux@sha256:a89201d6b5b9fd45c15d5952ece0a0129e7e80cb26ec023fd59cf09bc26f1604" "/opt/rustwide/cargo-home/bin/cargo" "+1.55.0" "metadata" "--no-deps" "--format-version=1", kill_on_drop: false }`
[INFO] [stderr] WARNING: Your kernel does not support swap limit capabilities or the cgroup is not mounted. Memory limited without swap.
[INFO] [stdout] 8d5cda011e7c106567ac0b06ec54e7e912a9ca2c931af19614a26c68b3e4b02c
[INFO] running `Command { std: "docker" "start" "-a" "8d5cda011e7c106567ac0b06ec54e7e912a9ca2c931af19614a26c68b3e4b02c", kill_on_drop: false }`
[INFO] running `Command { std: "docker" "inspect" "8d5cda011e7c106567ac0b06ec54e7e912a9ca2c931af19614a26c68b3e4b02c", kill_on_drop: false }`
[INFO] running `Command { std: "docker" "rm" "-f" "8d5cda011e7c106567ac0b06ec54e7e912a9ca2c931af19614a26c68b3e4b02c", kill_on_drop: false }`
[INFO] [stdout] 8d5cda011e7c106567ac0b06ec54e7e912a9ca2c931af19614a26c68b3e4b02c
[INFO] running `Command { std: "docker" "create" "-v" "/var/lib/crater-agent-workspace/builds/worker-10/target:/opt/rustwide/target:rw,Z" "-v" "/var/lib/crater-agent-workspace/builds/worker-10/source:/opt/rustwide/workdir:ro,Z" "-v" "/var/lib/crater-agent-workspace/cargo-home:/opt/rustwide/cargo-home:ro,Z" "-v" "/var/lib/crater-agent-workspace/rustup-home:/opt/rustwide/rustup-home:ro,Z" "-e" "SOURCE_DIR=/opt/rustwide/workdir" "-e" "CARGO_TARGET_DIR=/opt/rustwide/target" "-e" "CARGO_INCREMENTAL=0" "-e" "RUST_BACKTRACE=full" "-e" "RUSTFLAGS=--cap-lints=warn" "-e" "CARGO_HOME=/opt/rustwide/cargo-home" "-e" "RUSTUP_HOME=/opt/rustwide/rustup-home" "-w" "/opt/rustwide/workdir" "-m" "1610612736" "--user" "0:0" "--network" "none" "ghcr.io/rust-lang/crates-build-env/linux@sha256:a89201d6b5b9fd45c15d5952ece0a0129e7e80cb26ec023fd59cf09bc26f1604" "/opt/rustwide/cargo-home/bin/cargo" "+1.55.0" "check" "--frozen" "--all" "--all-targets" "--message-format=json", kill_on_drop: false }`
[INFO] [stdout] 393ea6abb9375a658bde8aa1bdc4e4b6f73b0ecd6625abb730bf454c7540cc06
[INFO] [stderr] WARNING: Your kernel does not support swap limit capabilities or the cgroup is not mounted. Memory limited without swap.
[INFO] running `Command { std: "docker" "start" "-a" "393ea6abb9375a658bde8aa1bdc4e4b6f73b0ecd6625abb730bf454c7540cc06", kill_on_drop: false }`
[INFO] [stderr]     Checking cool_asserts v1.1.1
[INFO] [stderr]     Checking oorandom v11.1.3
[INFO] [stderr]     Checking staticvec v0.10.8 (/opt/rustwide/workdir)
[INFO] [stdout] error[E0557]: feature has been removed
[INFO] [stdout]   --> src/lib.rs:51:3
[INFO] [stdout]    |
[INFO] [stdout] 51 |   const_raw_ptr_to_usize_cast,
[INFO] [stdout]    |   ^^^^^^^^^^^^^^^^^^^^^^^^^^^ feature has been removed
[INFO] [stdout]    |
[INFO] [stdout]    = note: at compile-time, pointers do not have an integer value, so these casts cannot be properly supported
[INFO] [stdout] 
[INFO] [stdout] 
[INFO] [stdout] error[E0554]: `#![feature]` may not be used on the stable release channel
[INFO] [stdout]   --> src/lib.rs:31:1
[INFO] [stdout]    |
[INFO] [stdout] 31 | / #![feature(
[INFO] [stdout] 32 | |   const_assume,
[INFO] [stdout] 33 | |   const_evaluatable_checked,
[INFO] [stdout] 34 | |   const_fn_floating_point_arithmetic,
[INFO] [stdout] ...  |
[INFO] [stdout] 69 | |   untagged_unions
[INFO] [stdout] 70 | | )]
[INFO] [stdout]    | |__^
[INFO] [stdout] 
[INFO] [stdout] 
[INFO] [stdout] error[E0554]: `#![feature]` may not be used on the stable release channel
[INFO] [stdout]   --> src/lib.rs:71:30
[INFO] [stdout]    |
[INFO] [stdout] 71 | #![cfg_attr(feature = "std", feature(read_initializer))]
[INFO] [stdout]    |                              ^^^^^^^^^^^^^^^^^^^^^^^^^
[INFO] [stdout] 
[INFO] [stdout] 
[INFO] [stdout] error[E0557]: feature has been removed
[INFO] [stdout]   --> src/lib.rs:51:3
[INFO] [stdout]    |
[INFO] [stdout] 51 |   const_raw_ptr_to_usize_cast,
[INFO] [stdout]    |   ^^^^^^^^^^^^^^^^^^^^^^^^^^^ feature has been removed
[INFO] [stdout]    |
[INFO] [stdout]    = note: at compile-time, pointers do not have an integer value, so these casts cannot be properly supported
[INFO] [stdout] 
[INFO] [stdout] 
[INFO] [stdout] error[E0554]: `#![feature]` may not be used on the stable release channel
[INFO] [stdout]   --> src/lib.rs:31:1
[INFO] [stdout]    |
[INFO] [stdout] 31 | / #![feature(
[INFO] [stdout] 32 | |   const_assume,
[INFO] [stdout] 33 | |   const_evaluatable_checked,
[INFO] [stdout] 34 | |   const_fn_floating_point_arithmetic,
[INFO] [stdout] ...  |
[INFO] [stdout] 69 | |   untagged_unions
[INFO] [stdout] 70 | | )]
[INFO] [stdout]    | |__^
[INFO] [stdout] 
[INFO] [stdout] 
[INFO] [stdout] error[E0554]: `#![feature]` may not be used on the stable release channel
[INFO] [stdout]   --> src/lib.rs:71:30
[INFO] [stdout]    |
[INFO] [stdout] 71 | #![cfg_attr(feature = "std", feature(read_initializer))]
[INFO] [stdout]    |                              ^^^^^^^^^^^^^^^^^^^^^^^^^
[INFO] [stdout] 
[INFO] [stdout] 
[INFO] [stdout] error: aborting due to 3 previous errors
[INFO] [stdout] 
[INFO] [stdout] 
[INFO] [stdout] Some errors have detailed explanations: E0554, E0557.
[INFO] [stdout] 
[INFO] [stdout] For more information about an error, try `rustc --explain E0554`.
[INFO] [stdout] 
[INFO] [stderr] error: could not compile `staticvec` due to 4 previous errors
[INFO] [stderr] warning: build failed, waiting for other jobs to finish...
[INFO] [stdout] error: aborting due to 3 previous errors
[INFO] [stdout] 
[INFO] [stdout] 
[INFO] [stdout] Some errors have detailed explanations: E0554, E0557.
[INFO] [stdout] 
[INFO] [stdout] For more information about an error, try `rustc --explain E0554`.
[INFO] [stdout] 
[INFO] [stderr] error: build failed
[INFO] running `Command { std: "docker" "inspect" "393ea6abb9375a658bde8aa1bdc4e4b6f73b0ecd6625abb730bf454c7540cc06", kill_on_drop: false }`
[INFO] running `Command { std: "docker" "rm" "-f" "393ea6abb9375a658bde8aa1bdc4e4b6f73b0ecd6625abb730bf454c7540cc06", kill_on_drop: false }`
[INFO] [stdout] 393ea6abb9375a658bde8aa1bdc4e4b6f73b0ecd6625abb730bf454c7540cc06
