[INFO] cloning repository https://github.com/skairunner/plant5
[INFO] running `Command { std: "git" "-c" "credential.helper=" "-c" "credential.helper=/workspace/cargo-home/bin/git-credential-null" "clone" "--bare" "https://github.com/skairunner/plant5" "/workspace/cache/git-repos/https%3A%2F%2Fgithub.com%2Fskairunner%2Fplant5", kill_on_drop: false }`
[INFO] [stderr] Cloning into bare repository '/workspace/cache/git-repos/https%3A%2F%2Fgithub.com%2Fskairunner%2Fplant5'...
[INFO] running `Command { std: "git" "rev-parse" "HEAD", kill_on_drop: false }`
[INFO] [stdout] 1fa97896b7c94f6ea75523fc79f23445740ee827
[INFO] checking skairunner/plant5 against beta-2021-10-15 for beta-1.56-3
[INFO] running `Command { std: "git" "clone" "/workspace/cache/git-repos/https%3A%2F%2Fgithub.com%2Fskairunner%2Fplant5" "/workspace/builds/worker-13/source", kill_on_drop: false }`
[INFO] [stderr] Cloning into '/workspace/builds/worker-13/source'...
[INFO] [stderr] done.
[INFO] validating manifest of git repo https://github.com/skairunner/plant5 on toolchain beta-2021-10-15
[INFO] running `Command { std: "/workspace/cargo-home/bin/cargo" "+beta-2021-10-15" "metadata" "--manifest-path" "Cargo.toml" "--no-deps", kill_on_drop: false }`
[INFO] started tweaking git repo https://github.com/skairunner/plant5
[INFO] finished tweaking git repo https://github.com/skairunner/plant5
[INFO] tweaked toml for git repo https://github.com/skairunner/plant5 written to /workspace/builds/worker-13/source/Cargo.toml
[INFO] crate git repo https://github.com/skairunner/plant5 already has a lockfile, it will not be regenerated
[INFO] running `Command { std: "/workspace/cargo-home/bin/cargo" "+beta-2021-10-15" "fetch" "--manifest-path" "Cargo.toml", kill_on_drop: false }`
[INFO] [stderr]     Blocking waiting for file lock on package cache
[INFO] [stderr]     Updating git repository `https://github.com/skairunner/gamma.git`
[INFO] [stderr]  Downloading crates ...
[INFO] [stderr]   Downloaded simplelog v0.9.0
[INFO] [stderr]   Downloaded bevy_wgpu v0.4.0
[INFO] [stderr]   Downloaded bevy_transform v0.4.0
[INFO] [stderr]   Downloaded bevy_scene v0.4.0
[INFO] [stderr]   Downloaded bevy_pbr v0.4.0
[INFO] [stderr]   Downloaded time v0.2.24
[INFO] [stderr]   Downloaded standback v0.2.14
[INFO] [stderr]   Downloaded bevy_dynamic_plugin v0.4.0
[INFO] [stderr]   Downloaded tar v0.4.30
[INFO] [stderr]   Downloaded gilrs v0.8.0
[INFO] [stderr]   Downloaded futures-task v0.3.9
[INFO] [stderr]   Downloaded chunked_transfer v1.3.0
[INFO] [stderr]   Downloaded bevy_log v0.4.0
[INFO] [stderr]   Downloaded thread_local v1.1.0
[INFO] [stderr]   Downloaded clang-sys v1.0.3
[INFO] [stderr]   Downloaded bevy_utils v0.4.0
[INFO] [stderr]   Downloaded bevy_math v0.4.0
[INFO] [stderr]   Downloaded bevy_reflect_derive v0.4.0
[INFO] [stderr]   Downloaded bytes v1.0.0
[INFO] [stderr]   Downloaded bevy_input v0.4.0
[INFO] [stderr]   Downloaded bevy_audio v0.4.0
[INFO] [stderr]   Downloaded glam v0.11.3
[INFO] [stderr]   Downloaded inotify-sys v0.1.4
[INFO] [stderr]   Downloaded shaderc v0.7.0
[INFO] [stderr]   Downloaded filetime v0.2.13
[INFO] [stderr]   Downloaded futures-sink v0.3.9
[INFO] [stderr]   Downloaded futures-util v0.3.9
[INFO] [stderr]   Downloaded inotify v0.8.3
[INFO] [stderr]   Downloaded bevy_text v0.4.0
[INFO] [stderr]   Downloaded bevy_sprite v0.4.0
[INFO] [stderr]   Downloaded bevy_core v0.4.0
[INFO] [stderr]   Downloaded fsevent v2.0.2
[INFO] [stderr]   Downloaded futures-executor v0.3.9
[INFO] [stderr]   Downloaded bevy_reflect v0.4.0
[INFO] [stderr]   Downloaded bevy_render v0.4.0
[INFO] [stderr]   Downloaded anyhow v1.0.37
[INFO] [stderr]   Downloaded futures-channel v0.3.9
[INFO] [stderr]   Downloaded ntest v0.7.3
[INFO] [stderr]   Downloaded gilrs-core v0.3.0
[INFO] [stderr]   Downloaded futures-macro v0.3.9
[INFO] [stderr]   Downloaded bevy_ecs v0.4.0
[INFO] [stderr]   Downloaded shaderc-sys v0.7.0
[INFO] [stderr]   Downloaded meval v0.2.0
[INFO] [stderr]   Downloaded futures v0.3.9
[INFO] [stderr]   Downloaded fsevent-sys v3.0.2
[INFO] [stderr]   Downloaded bevy_winit v0.4.0
[INFO] [stderr]   Downloaded futures-io v0.3.9
[INFO] [stderr]   Downloaded bevy_app v0.4.0
[INFO] [stderr]   Downloaded bevy_tasks v0.4.0
[INFO] [stderr]   Downloaded fixedbitset v0.3.1
[INFO] [stderr]   Downloaded ahash v0.6.2
[INFO] [stderr]   Downloaded pin-project-lite v0.2.3
[INFO] [stderr]   Downloaded bevy v0.4.0
[INFO] [stderr]   Downloaded bevy_window v0.4.0
[INFO] [stderr]   Downloaded bevy_internal v0.4.0
[INFO] [stderr]   Downloaded serde_yaml v0.8.15
[INFO] [stderr]   Downloaded futures-core v0.3.9
[INFO] [stderr]   Downloaded ntest_test_cases v0.7.3
[INFO] [stderr]   Downloaded ntest_proc_macro_helper v0.7.3
[INFO] [stderr]   Downloaded ntest_timeout v0.7.3
[INFO] [stderr]   Downloaded rectangle-pack v0.2.0
[INFO] [stderr]   Downloaded bevy_ecs_macros v0.4.0
[INFO] [stderr]   Downloaded bevy_gilrs v0.4.0
[INFO] [stderr]   Downloaded bevy_gltf v0.4.0
[INFO] [stderr]   Downloaded tracing-wasm v0.1.0
[INFO] [stderr]   Downloaded notify v5.0.0-pre.4
[INFO] [stderr]   Downloaded bevy_ui v0.4.0
[INFO] [stderr]   Downloaded bevy_diagnostic v0.4.0
[INFO] [stderr]   Downloaded bevy_asset v0.4.0
[INFO] [stderr]   Downloaded hexasphere v3.1.0
[INFO] [stderr]   Downloaded bevy_derive v0.4.0
[INFO] running `Command { std: "docker" "create" "-v" "/var/lib/crater-agent-workspace/builds/worker-13/target:/opt/rustwide/target:rw,Z" "-v" "/var/lib/crater-agent-workspace/builds/worker-13/source:/opt/rustwide/workdir:ro,Z" "-v" "/var/lib/crater-agent-workspace/cargo-home:/opt/rustwide/cargo-home:ro,Z" "-v" "/var/lib/crater-agent-workspace/rustup-home:/opt/rustwide/rustup-home:ro,Z" "-e" "SOURCE_DIR=/opt/rustwide/workdir" "-e" "CARGO_TARGET_DIR=/opt/rustwide/target" "-e" "CARGO_HOME=/opt/rustwide/cargo-home" "-e" "RUSTUP_HOME=/opt/rustwide/rustup-home" "-w" "/opt/rustwide/workdir" "-m" "1610612736" "--user" "0:0" "--network" "none" "ghcr.io/rust-lang/crates-build-env/linux@sha256:a89201d6b5b9fd45c15d5952ece0a0129e7e80cb26ec023fd59cf09bc26f1604" "/opt/rustwide/cargo-home/bin/cargo" "+beta-2021-10-15" "metadata" "--no-deps" "--format-version=1", kill_on_drop: false }`
[INFO] [stdout] e69eced666959cc7f01688ff864d3efe0212dfd2e9bc5198c86feb050db02bf1
[INFO] [stderr] WARNING: Your kernel does not support swap limit capabilities or the cgroup is not mounted. Memory limited without swap.
[INFO] running `Command { std: "docker" "start" "-a" "e69eced666959cc7f01688ff864d3efe0212dfd2e9bc5198c86feb050db02bf1", kill_on_drop: false }`
[INFO] running `Command { std: "docker" "inspect" "e69eced666959cc7f01688ff864d3efe0212dfd2e9bc5198c86feb050db02bf1", kill_on_drop: false }`
[INFO] running `Command { std: "docker" "rm" "-f" "e69eced666959cc7f01688ff864d3efe0212dfd2e9bc5198c86feb050db02bf1", kill_on_drop: false }`
[INFO] [stdout] e69eced666959cc7f01688ff864d3efe0212dfd2e9bc5198c86feb050db02bf1
[INFO] running `Command { std: "docker" "create" "-v" "/var/lib/crater-agent-workspace/builds/worker-13/target:/opt/rustwide/target:rw,Z" "-v" "/var/lib/crater-agent-workspace/builds/worker-13/source:/opt/rustwide/workdir:ro,Z" "-v" "/var/lib/crater-agent-workspace/cargo-home:/opt/rustwide/cargo-home:ro,Z" "-v" "/var/lib/crater-agent-workspace/rustup-home:/opt/rustwide/rustup-home:ro,Z" "-e" "SOURCE_DIR=/opt/rustwide/workdir" "-e" "CARGO_TARGET_DIR=/opt/rustwide/target" "-e" "CARGO_INCREMENTAL=0" "-e" "RUST_BACKTRACE=full" "-e" "RUSTFLAGS=--cap-lints=warn" "-e" "CARGO_HOME=/opt/rustwide/cargo-home" "-e" "RUSTUP_HOME=/opt/rustwide/rustup-home" "-w" "/opt/rustwide/workdir" "-m" "1610612736" "--user" "0:0" "--network" "none" "ghcr.io/rust-lang/crates-build-env/linux@sha256:a89201d6b5b9fd45c15d5952ece0a0129e7e80cb26ec023fd59cf09bc26f1604" "/opt/rustwide/cargo-home/bin/cargo" "+beta-2021-10-15" "check" "--frozen" "--all" "--all-targets" "--message-format=json", kill_on_drop: false }`
[INFO] [stdout] 7505d49bb23dc38f089171145a1121a21da70d52a89f124b74a52b27cf03974d
[INFO] [stderr] WARNING: Your kernel does not support swap limit capabilities or the cgroup is not mounted. Memory limited without swap.
[INFO] running `Command { std: "docker" "start" "-a" "7505d49bb23dc38f089171145a1121a21da70d52a89f124b74a52b27cf03974d", kill_on_drop: false }`
[INFO] [stderr]    Compiling libc v0.2.82
[INFO] [stderr]    Compiling syn v1.0.58
[INFO] [stderr]    Compiling getrandom v0.1.16
[INFO] [stderr]     Checking pin-project-lite v0.2.3
[INFO] [stderr]    Compiling getrandom v0.2.1
[INFO] [stderr]     Checking fixedbitset v0.3.1
[INFO] [stderr]    Compiling serde_json v1.0.61
[INFO] [stderr]    Compiling nix v0.15.0
[INFO] [stderr]     Checking ttf-parser v0.9.0
[INFO] [stderr]    Compiling cpal v0.13.1
[INFO] [stderr]     Checking rectangle-pack v0.2.0
[INFO] [stderr]    Compiling ntest_proc_macro_helper v0.7.3
[INFO] [stderr]    Compiling ahash v0.6.2
[INFO] [stderr]    Compiling glam v0.11.3
[INFO] [stderr]     Checking futures-task v0.3.9
[INFO] [stderr]     Checking futures-channel v0.3.9
[INFO] [stderr]     Checking regex-automata v0.1.9
[INFO] [stderr]     Checking meval v0.2.0
[INFO] [stderr]     Checking ash v0.31.0
[INFO] [stderr]     Checking async-channel v1.5.1
[INFO] [stderr]     Checking futures-lite v1.11.3
[INFO] [stderr]     Checking tracing-log v0.1.1
[INFO] [stderr]     Checking euclid v0.22.1
[INFO] [stderr]     Checking image v0.23.12
[INFO] [stderr]     Checking matchers v0.0.1
[INFO] [stderr]     Checking owned_ttf_parser v0.9.0
[INFO] [stderr]     Checking async-executor v1.4.0
[INFO] [stderr]     Checking guillotiere v0.6.0
[INFO] [stderr]     Checking ab_glyph v0.2.7
[INFO] [stderr]     Checking glyph_brush_layout v0.2.1
[INFO] [stderr]     Checking num_cpus v1.13.0
[INFO] [stderr]     Checking iovec v0.1.4
[INFO] [stderr]     Checking net2 v0.2.37
[INFO] [stderr]     Checking inotify-sys v0.1.4
[INFO] [stderr]     Checking filetime v0.2.13
[INFO] [stderr]     Checking raw-window-handle v0.3.3
[INFO] [stderr]     Checking x11 v2.18.2
[INFO] [stderr]     Checking time v0.1.43
[INFO] [stderr]     Checking alsa-sys v0.3.1
[INFO] [stderr]     Checking x11-dl v2.18.5
[INFO] [stderr]     Checking nix v0.18.0
[INFO] [stderr]     Checking slice-deque v0.3.0
[INFO] [stderr]     Checking libudev-sys v0.1.4
[INFO] [stderr]    Compiling jobserver v0.1.21
[INFO] [stderr]     Checking gfx-hal v0.6.0
[INFO] [stderr]     Checking inotify v0.8.3
[INFO] [stderr]     Checking bevy_tasks v0.4.0
[INFO] [stderr]     Checking rand_core v0.6.1
[INFO] [stderr]     Checking rand_core v0.5.1
[INFO] [stderr]     Checking mio v0.6.23
[INFO] [stderr]     Checking chrono v0.4.19
[INFO] [stderr]    Compiling cc v1.0.66
[INFO] [stderr]     Checking rand_chacha v0.2.2
[INFO] [stderr]     Checking rand_chacha v0.3.0
[INFO] [stderr]     Checking rand v0.8.3
[INFO] [stderr]     Checking rand v0.7.3
[INFO] [stderr]     Checking mio-extras v2.0.6
[INFO] [stderr]     Checking simplelog v0.9.0
[INFO] [stderr]     Checking notify v5.0.0-pre.4
[INFO] [stderr]    Compiling spirv-reflect v0.2.3
[INFO] [stderr]    Compiling minimp3-sys v0.3.2
[INFO] [stderr]     Checking gfx-descriptor v0.2.0
[INFO] [stderr]     Checking gfx-backend-empty v0.6.0
[INFO] [stderr]     Checking gfx-memory v0.2.2
[INFO] [stderr]     Checking alsa v0.4.3
[INFO] [stderr]    Compiling serde_derive v1.0.118
[INFO] [stderr]    Compiling thiserror-impl v1.0.23
[INFO] [stderr]    Compiling tracing-attributes v0.1.11
[INFO] [stderr]    Compiling futures-macro v0.3.9
[INFO] [stderr]    Compiling gltf-derive v0.15.2
[INFO] [stderr]    Compiling ntest_test_cases v0.7.3
[INFO] [stderr]     Checking futures-util v0.3.9
[INFO] [stderr]     Checking tracing v0.1.22
[INFO] [stderr]     Checking thiserror v1.0.23
[INFO] [stderr]     Checking naga v0.2.0
[INFO] [stderr]     Checking minimp3 v0.5.1
[INFO] [stderr]     Checking gamma v0.8.1 (https://github.com/skairunner/gamma.git?branch=removeable#73559dff)
[INFO] [stderr]     Checking rodio v0.13.0
[INFO] [stderr]     Checking futures-executor v0.3.9
[INFO] [stderr]     Checking futures v0.3.9
[INFO] [stderr]     Checking serde v1.0.118
[INFO] [stderr]     Checking smallvec v1.6.1
[INFO] [stderr]     Checking uuid v0.8.1
[INFO] [stderr]     Checking erased-serde v0.3.13
[INFO] [stderr]     Checking ron v0.6.4
[INFO] [stderr]     Checking tracing-serde v0.1.2
[INFO] [stderr]     Checking serde_yaml v0.8.15
[INFO] [stderr]     Checking parking_lot_core v0.8.2
[INFO] [stderr]     Checking gfx-backend-vulkan v0.6.5
[INFO] [stderr]     Checking bevy_utils v0.4.0
[INFO] [stderr]     Checking gilrs-core v0.3.0
[INFO] [stderr]    Compiling toml v0.5.8
[INFO] [stderr]     Checking hexasphere v3.1.0
[INFO] [stderr]     Checking gltf-json v0.15.2
[INFO] [stderr]     Checking tracing-subscriber v0.2.15
[INFO] [stderr]     Checking parking_lot v0.11.1
[INFO] [stderr]     Checking gilrs v0.8.0
[INFO] [stderr]     Checking winit v0.24.0
[INFO] [stderr]     Checking wgpu-core v0.6.5
[INFO] [stderr]    Compiling find-crate v0.6.3
[INFO] [stderr]    Compiling proc-macro-crate v0.1.5
[INFO] [stderr]    Compiling bevy_ecs_macros v0.4.0
[INFO] [stderr]    Compiling bevy_derive v0.4.0
[INFO] [stderr]    Compiling bevy_reflect_derive v0.4.0
[INFO] [stderr]    Compiling ntest_timeout v0.7.3
[INFO] [stderr]     Checking gltf v0.15.2
[INFO] [stderr]     Checking ntest v0.7.3
[INFO] [stderr]     Checking bevy_ecs v0.4.0
[INFO] [stderr]     Checking wgpu v0.6.2
[INFO] [stderr]     Checking bevy_app v0.4.0
[INFO] [stderr]     Checking bevy_reflect v0.4.0
[INFO] [stderr]     Checking bevy_log v0.4.0
[INFO] [stderr]     Checking bevy_dynamic_plugin v0.4.0
[INFO] [stderr]     Checking bevy_math v0.4.0
[INFO] [stderr]     Checking bevy_asset v0.4.0
[INFO] [stderr]     Checking bevy_window v0.4.0
[INFO] [stderr]     Checking bevy_transform v0.4.0
[INFO] [stderr]     Checking bevy_core v0.4.0
[INFO] [stderr]     Checking bevy_input v0.4.0
[INFO] [stderr]     Checking bevy_winit v0.4.0
[INFO] [stderr]     Checking bevy_gilrs v0.4.0
[INFO] [stderr]     Checking bevy_scene v0.4.0
[INFO] [stderr]     Checking bevy_audio v0.4.0
[INFO] [stderr]     Checking bevy_render v0.4.0
[INFO] [stderr]     Checking bevy_diagnostic v0.4.0
[INFO] [stderr]     Checking bevy_sprite v0.4.0
[INFO] [stderr]     Checking bevy_pbr v0.4.0
[INFO] [stderr]     Checking bevy_wgpu v0.4.0
[INFO] [stderr]     Checking bevy_text v0.4.0
[INFO] [stderr]     Checking bevy_gltf v0.4.0
[INFO] [stderr]     Checking bevy_ui v0.4.0
[INFO] [stderr]     Checking bevy_internal v0.4.0
[INFO] [stderr]     Checking bevy v0.4.0
[INFO] [stderr]     Checking plant5 v0.1.0 (/opt/rustwide/workdir)
[INFO] [stdout] warning: enum is never used: `CheckDirty`
[INFO] [stdout]   --> src/rgg/procedures.rs:48:6
[INFO] [stdout]    |
[INFO] [stdout] 48 | enum CheckDirty {
[INFO] [stdout]    |      ^^^^^^^^^^
[INFO] [stdout]    |
[INFO] [stdout]    = note: `#[warn(dead_code)]` on by default
[INFO] [stdout] 
[INFO] [stdout] 
[INFO] [stdout] error[E0599]: no function or associated item named `new` found for struct `rgg_graph::RggGraph` in the current scope
[INFO] [stdout]    --> src/rgg/matcher.rs:217:35
[INFO] [stdout]     |
[INFO] [stdout] 217 |         let mut graph = RggGraph::new();
[INFO] [stdout]     |                                   ^^^ function or associated item not found in `rgg_graph::RggGraph`
[INFO] [stdout]     |
[INFO] [stdout]    ::: src/rgg/rgg_graph.rs:7:1
[INFO] [stdout]     |
[INFO] [stdout] 7   | pub struct RggGraph {
[INFO] [stdout]     | ------------------- function or associated item `new` not found for this
[INFO] [stdout]     |
[INFO] [stdout]     = help: items from traits can only be used if the trait is implemented and in scope
[INFO] [stdout]     = note: the following traits define an item `new`, perhaps you need to implement one of them:
[INFO] [stdout]             candidate #1: `QueryTuple`
[INFO] [stdout]             candidate #2: `AHashExt`
[INFO] [stdout]             candidate #3: `rand::distributions::uniform::UniformSampler`
[INFO] [stdout]             candidate #4: `parking_lot_core::thread_parker::ThreadParkerT`
[INFO] [stdout]             candidate #5: `UniformSampler`
[INFO] [stdout] 
[INFO] [stdout] 
[INFO] [stdout] warning: 1 warning emitted
[INFO] [stdout] 
[INFO] [stdout] 
[INFO] [stdout] error[E0599]: no function or associated item named `new` found for struct `rgg_graph::RggGraph` in the current scope
[INFO] [stdout]    --> src/rgg/procedures.rs:210:35
[INFO] [stdout]     |
[INFO] [stdout] 210 |         let mut graph = RggGraph::new();
[INFO] [stdout]     |                                   ^^^ function or associated item not found in `rgg_graph::RggGraph`
[INFO] [stdout]     |
[INFO] [stdout]    ::: src/rgg/rgg_graph.rs:7:1
[INFO] [stdout]     |
[INFO] [stdout] 7   | pub struct RggGraph {
[INFO] [stdout]     | ------------------- function or associated item `new` not found for this
[INFO] [stdout]     |
[INFO] [stdout]     = help: items from traits can only be used if the trait is implemented and in scope
[INFO] [stdout]     = note: the following traits define an item `new`, perhaps you need to implement one of them:
[INFO] [stdout]             candidate #1: `QueryTuple`
[INFO] [stdout]             candidate #2: `AHashExt`
[INFO] [stdout]             candidate #3: `rand::distributions::uniform::UniformSampler`
[INFO] [stdout]             candidate #4: `parking_lot_core::thread_parker::ThreadParkerT`
[INFO] [stdout]             candidate #5: `UniformSampler`
[INFO] [stdout] 
[INFO] [stdout] 
[INFO] [stdout] error[E0308]: mismatched types
[INFO] [stdout]    --> src/rgg/procedures.rs:232:23
[INFO] [stdout]     |
[INFO] [stdout] 232 |             new_node: Node::new("newnode"),
[INFO] [stdout]     |                       ^^^^^^^^^^^^^^^^^^^^ expected struct `rgg::node::ToNode`, found struct `rgg::node::Node`
[INFO] [stdout] 
[INFO] [stdout] 
[INFO] [stdout] error[E0599]: no function or associated item named `new` found for struct `rgg_graph::RggGraph` in the current scope
[INFO] [stdout]    --> src/rgg/procedures.rs:259:35
[INFO] [stdout]     |
[INFO] [stdout] 259 |         let mut graph = RggGraph::new();
[INFO] [stdout]     |                                   ^^^ function or associated item not found in `rgg_graph::RggGraph`
[INFO] [stdout]     |
[INFO] [stdout]    ::: src/rgg/rgg_graph.rs:7:1
[INFO] [stdout]     |
[INFO] [stdout] 7   | pub struct RggGraph {
[INFO] [stdout]     | ------------------- function or associated item `new` not found for this
[INFO] [stdout]     |
[INFO] [stdout]     = help: items from traits can only be used if the trait is implemented and in scope
[INFO] [stdout]     = note: the following traits define an item `new`, perhaps you need to implement one of them:
[INFO] [stdout]             candidate #1: `QueryTuple`
[INFO] [stdout]             candidate #2: `AHashExt`
[INFO] [stdout]             candidate #3: `rand::distributions::uniform::UniformSampler`
[INFO] [stdout]             candidate #4: `parking_lot_core::thread_parker::ThreadParkerT`
[INFO] [stdout]             candidate #5: `UniformSampler`
[INFO] [stdout] 
[INFO] [stdout] 
[INFO] [stdout] error[E0277]: the type `str` cannot be indexed by `i32`
[INFO] [stdout]    --> src/rgg/serde.rs:192:56
[INFO] [stdout]     |
[INFO] [stdout] 192 |                 assert_eq!(proc.new_node.values["foo"].get::<i32>(), 1);
[INFO] [stdout]     |                                                        ^^^ string indices are ranges of `usize`
[INFO] [stdout]     |
[INFO] [stdout]     = help: the trait `SliceIndex<str>` is not implemented for `i32`
[INFO] [stdout] 
[INFO] [stdout] 
[INFO] [stdout] error[E0061]: this function takes 1 argument but 0 arguments were supplied
[INFO] [stdout]    --> src/rgg/serde.rs:192:56
[INFO] [stdout]     |
[INFO] [stdout] 192 |                 assert_eq!(proc.new_node.values["foo"].get::<i32>(), 1);
[INFO] [stdout]     |                                                        ^^^------- supplied 0 arguments
[INFO] [stdout]     |                                                        |
[INFO] [stdout]     |                                                        expected 1 argument
[INFO] [stdout]     |
[INFO] [stdout] note: associated function defined here
[INFO] [stdout] 
[INFO] [stdout] 
[INFO] [stdout] error[E0308]: mismatched types
[INFO] [stdout]    --> src/rgg/serde.rs:192:17
[INFO] [stdout]     |
[INFO] [stdout] 192 |                 assert_eq!(proc.new_node.values["foo"].get::<i32>(), 1);
[INFO] [stdout]     |                 ^^^^^^^^^^^^^^^^^^^^^^^^^^^^^^^^^^^^^^^^^^^^^^^^^^^^^^^^ expected enum `std::option::Option`, found integer
[INFO] [stdout]     |
[INFO] [stdout]     = note: expected enum `std::option::Option<&_>`
[INFO] [stdout]                found type `{integer}`
[INFO] [stdout]     = note: this error originates in the macro `assert_eq` (in Nightly builds, run with -Z macro-backtrace for more info)
[INFO] [stdout] 
[INFO] [stdout] 
[INFO] [stdout] error[E0277]: the type `str` cannot be indexed by `f32`
[INFO] [stdout]    --> src/rgg/serde.rs:215:59
[INFO] [stdout]     |
[INFO] [stdout] 215 |                 assert_eq!(proc.replacement.values["foo"].get::<f32>(), 5.5);
[INFO] [stdout]     |                                                           ^^^ string indices are ranges of `usize`
[INFO] [stdout]     |
[INFO] [stdout]     = help: the trait `SliceIndex<str>` is not implemented for `f32`
[INFO] [stdout] 
[INFO] [stdout] 
[INFO] [stdout] error[E0061]: this function takes 1 argument but 0 arguments were supplied
[INFO] [stdout]    --> src/rgg/serde.rs:215:59
[INFO] [stdout]     |
[INFO] [stdout] 215 |                 assert_eq!(proc.replacement.values["foo"].get::<f32>(), 5.5);
[INFO] [stdout]     |                                                           ^^^------- supplied 0 arguments
[INFO] [stdout]     |                                                           |
[INFO] [stdout]     |                                                           expected 1 argument
[INFO] [stdout]     |
[INFO] [stdout] note: associated function defined here
[INFO] [stdout] 
[INFO] [stdout] 
[INFO] [stdout] error[E0308]: mismatched types
[INFO] [stdout]    --> src/rgg/serde.rs:215:17
[INFO] [stdout]     |
[INFO] [stdout] 215 |                 assert_eq!(proc.replacement.values["foo"].get::<f32>(), 5.5);
[INFO] [stdout]     |                 ^^^^^^^^^^^^^^^^^^^^^^^^^^^^^^^^^^^^^^^^^^^^^^^^^^^^^^^^^^^^^ expected enum `std::option::Option`, found floating-point number
[INFO] [stdout]     |
[INFO] [stdout]     = note: expected enum `std::option::Option<&_>`
[INFO] [stdout]                found type `{float}`
[INFO] [stdout]     = note: this error originates in the macro `assert_eq` (in Nightly builds, run with -Z macro-backtrace for more info)
[INFO] [stdout] 
[INFO] [stdout] 
[INFO] [stdout] error[E0277]: the type `str` cannot be indexed by `i32`
[INFO] [stdout]    --> src/rgg/serde.rs:216:59
[INFO] [stdout]     |
[INFO] [stdout] 216 |                 assert_eq!(proc.replacement.values["bar"].get::<i32>(), 2);
[INFO] [stdout]     |                                                           ^^^ string indices are ranges of `usize`
[INFO] [stdout]     |
[INFO] [stdout]     = help: the trait `SliceIndex<str>` is not implemented for `i32`
[INFO] [stdout] 
[INFO] [stdout] 
[INFO] [stdout] error[E0061]: this function takes 1 argument but 0 arguments were supplied
[INFO] [stdout]    --> src/rgg/serde.rs:216:59
[INFO] [stdout]     |
[INFO] [stdout] 216 |                 assert_eq!(proc.replacement.values["bar"].get::<i32>(), 2);
[INFO] [stdout]     |                                                           ^^^------- supplied 0 arguments
[INFO] [stdout]     |                                                           |
[INFO] [stdout]     |                                                           expected 1 argument
[INFO] [stdout]     |
[INFO] [stdout] note: associated function defined here
[INFO] [stdout] 
[INFO] [stdout] 
[INFO] [stdout] error[E0308]: mismatched types
[INFO] [stdout]    --> src/rgg/serde.rs:216:17
[INFO] [stdout]     |
[INFO] [stdout] 216 |                 assert_eq!(proc.replacement.values["bar"].get::<i32>(), 2);
[INFO] [stdout]     |                 ^^^^^^^^^^^^^^^^^^^^^^^^^^^^^^^^^^^^^^^^^^^^^^^^^^^^^^^^^^^ expected enum `std::option::Option`, found integer
[INFO] [stdout]     |
[INFO] [stdout]     = note: expected enum `std::option::Option<&_>`
[INFO] [stdout]                found type `{integer}`
[INFO] [stdout]     = note: this error originates in the macro `assert_eq` (in Nightly builds, run with -Z macro-backtrace for more info)
[INFO] [stdout] 
[INFO] [stdout] 
[INFO] [stdout] warning: unused import: `gamma::graph::AppendableGraph`
[INFO] [stdout]    --> src/rgg/matcher.rs:178:9
[INFO] [stdout]     |
[INFO] [stdout] 178 |     use gamma::graph::AppendableGraph;
[INFO] [stdout]     |         ^^^^^^^^^^^^^^^^^^^^^^^^^^^^^
[INFO] [stdout]     |
[INFO] [stdout]     = note: `#[warn(unused_imports)]` on by default
[INFO] [stdout] 
[INFO] [stdout] 
[INFO] [stdout] warning: unused import: `AppendableGraph`
[INFO] [stdout]    --> src/rgg/procedures.rs:205:24
[INFO] [stdout]     |
[INFO] [stdout] 205 |     use gamma::graph::{AppendableGraph, Graph};
[INFO] [stdout]     |                        ^^^^^^^^^^^^^^^
[INFO] [stdout] 
[INFO] [stdout] 
[INFO] [stdout] error: aborting due to 13 previous errors; 2 warnings emitted
[INFO] [stdout] 
[INFO] [stdout] 
[INFO] [stdout] Some errors have detailed explanations: E0061, E0277, E0308, E0599.
[INFO] [stdout] 
[INFO] [stdout] For more information about an error, try `rustc --explain E0061`.
[INFO] [stdout] 
[INFO] [stderr] error: could not compile `plant5` due to 14 previous errors; 2 warnings emitted
[INFO] running `Command { std: "docker" "inspect" "7505d49bb23dc38f089171145a1121a21da70d52a89f124b74a52b27cf03974d", kill_on_drop: false }`
[INFO] running `Command { std: "docker" "rm" "-f" "7505d49bb23dc38f089171145a1121a21da70d52a89f124b74a52b27cf03974d", kill_on_drop: false }`
[INFO] [stdout] 7505d49bb23dc38f089171145a1121a21da70d52a89f124b74a52b27cf03974d
