[INFO] cloning repository https://github.com/sinitcin/poll_devices
[INFO] running `Command { std: "git" "-c" "credential.helper=" "-c" "credential.helper=/workspace/cargo-home/bin/git-credential-null" "clone" "--bare" "https://github.com/sinitcin/poll_devices" "/workspace/cache/git-repos/https%3A%2F%2Fgithub.com%2Fsinitcin%2Fpoll_devices", kill_on_drop: false }`
[INFO] [stderr] Cloning into bare repository '/workspace/cache/git-repos/https%3A%2F%2Fgithub.com%2Fsinitcin%2Fpoll_devices'...
[INFO] running `Command { std: "git" "rev-parse" "HEAD", kill_on_drop: false }`
[INFO] [stdout] 91f3c8217293c02b9f21a8c82f6c31b8ce9bbfbb
[INFO] checking sinitcin/poll_devices against beta-2021-10-15 for beta-1.56-3
[INFO] running `Command { std: "git" "clone" "/workspace/cache/git-repos/https%3A%2F%2Fgithub.com%2Fsinitcin%2Fpoll_devices" "/workspace/builds/worker-5/source", kill_on_drop: false }`
[INFO] [stderr] Cloning into '/workspace/builds/worker-5/source'...
[INFO] [stderr] done.
[INFO] validating manifest of git repo https://github.com/sinitcin/poll_devices on toolchain beta-2021-10-15
[INFO] running `Command { std: "/workspace/cargo-home/bin/cargo" "+beta-2021-10-15" "metadata" "--manifest-path" "Cargo.toml" "--no-deps", kill_on_drop: false }`
[INFO] started tweaking git repo https://github.com/sinitcin/poll_devices
[INFO] finished tweaking git repo https://github.com/sinitcin/poll_devices
[INFO] tweaked toml for git repo https://github.com/sinitcin/poll_devices written to /workspace/builds/worker-5/source/Cargo.toml
[INFO] crate git repo https://github.com/sinitcin/poll_devices already has a lockfile, it will not be regenerated
[INFO] running `Command { std: "/workspace/cargo-home/bin/cargo" "+beta-2021-10-15" "fetch" "--manifest-path" "Cargo.toml", kill_on_drop: false }`
[INFO] [stderr]     Blocking waiting for file lock on package cache
[INFO] [stderr]     Blocking waiting for file lock on package cache
[INFO] running `Command { std: "docker" "create" "-v" "/var/lib/crater-agent-workspace/builds/worker-5/target:/opt/rustwide/target:rw,Z" "-v" "/var/lib/crater-agent-workspace/builds/worker-5/source:/opt/rustwide/workdir:ro,Z" "-v" "/var/lib/crater-agent-workspace/cargo-home:/opt/rustwide/cargo-home:ro,Z" "-v" "/var/lib/crater-agent-workspace/rustup-home:/opt/rustwide/rustup-home:ro,Z" "-e" "SOURCE_DIR=/opt/rustwide/workdir" "-e" "CARGO_TARGET_DIR=/opt/rustwide/target" "-e" "CARGO_HOME=/opt/rustwide/cargo-home" "-e" "RUSTUP_HOME=/opt/rustwide/rustup-home" "-w" "/opt/rustwide/workdir" "-m" "1610612736" "--user" "0:0" "--network" "none" "ghcr.io/rust-lang/crates-build-env/linux@sha256:a89201d6b5b9fd45c15d5952ece0a0129e7e80cb26ec023fd59cf09bc26f1604" "/opt/rustwide/cargo-home/bin/cargo" "+beta-2021-10-15" "metadata" "--no-deps" "--format-version=1", kill_on_drop: false }`
[INFO] [stdout] 666ada4c0643239729dc477bbe5291d7340ee35355017f1c0e0df78f4d8fb0f3
[INFO] [stderr] WARNING: Your kernel does not support swap limit capabilities or the cgroup is not mounted. Memory limited without swap.
[INFO] running `Command { std: "docker" "start" "-a" "666ada4c0643239729dc477bbe5291d7340ee35355017f1c0e0df78f4d8fb0f3", kill_on_drop: false }`
[INFO] running `Command { std: "docker" "inspect" "666ada4c0643239729dc477bbe5291d7340ee35355017f1c0e0df78f4d8fb0f3", kill_on_drop: false }`
[INFO] running `Command { std: "docker" "rm" "-f" "666ada4c0643239729dc477bbe5291d7340ee35355017f1c0e0df78f4d8fb0f3", kill_on_drop: false }`
[INFO] [stdout] 666ada4c0643239729dc477bbe5291d7340ee35355017f1c0e0df78f4d8fb0f3
[INFO] running `Command { std: "docker" "create" "-v" "/var/lib/crater-agent-workspace/builds/worker-5/target:/opt/rustwide/target:rw,Z" "-v" "/var/lib/crater-agent-workspace/builds/worker-5/source:/opt/rustwide/workdir:ro,Z" "-v" "/var/lib/crater-agent-workspace/cargo-home:/opt/rustwide/cargo-home:ro,Z" "-v" "/var/lib/crater-agent-workspace/rustup-home:/opt/rustwide/rustup-home:ro,Z" "-e" "SOURCE_DIR=/opt/rustwide/workdir" "-e" "CARGO_TARGET_DIR=/opt/rustwide/target" "-e" "CARGO_INCREMENTAL=0" "-e" "RUST_BACKTRACE=full" "-e" "RUSTFLAGS=--cap-lints=warn" "-e" "CARGO_HOME=/opt/rustwide/cargo-home" "-e" "RUSTUP_HOME=/opt/rustwide/rustup-home" "-w" "/opt/rustwide/workdir" "-m" "1610612736" "--user" "0:0" "--network" "none" "ghcr.io/rust-lang/crates-build-env/linux@sha256:a89201d6b5b9fd45c15d5952ece0a0129e7e80cb26ec023fd59cf09bc26f1604" "/opt/rustwide/cargo-home/bin/cargo" "+beta-2021-10-15" "check" "--frozen" "--all" "--all-targets" "--message-format=json", kill_on_drop: false }`
[INFO] [stdout] 900281e1ccf81868c4d62bd0de11c12acec9a191e53b68519c0008e8f7eccb52
[INFO] [stderr] WARNING: Your kernel does not support swap limit capabilities or the cgroup is not mounted. Memory limited without swap.
[INFO] running `Command { std: "docker" "start" "-a" "900281e1ccf81868c4d62bd0de11c12acec9a191e53b68519c0008e8f7eccb52", kill_on_drop: false }`
[INFO] [stderr]     Blocking waiting for file lock on package cache
[INFO] [stderr]     Blocking waiting for file lock on package cache
[INFO] [stderr]    Compiling libsqlite3-sys v0.9.3
[INFO] [stderr]     Checking libconfig v0.1.0 (/opt/rustwide/workdir/libconfig)
[INFO] [stderr]     Checking serial-core v0.4.0
[INFO] [stderr]     Checking ioctl-rs v0.1.6
[INFO] [stderr]     Checking termios v0.2.2
[INFO] [stderr]     Checking rand v0.4.3
[INFO] [stderr]     Checking time v0.1.41
[INFO] [stderr]     Checking serde_json v1.0.33
[INFO] [stdout] error[E0283]: type annotations needed
[INFO] [stdout]   --> libconfig/src/lib.rs:68:49
[INFO] [stdout]    |
[INFO] [stdout] 68 |             .set(format!("host_{}", &self.base).as_ref(), host);
[INFO] [stdout]    |                  -------------------------------^^^^^^--
[INFO] [stdout]    |                  |                              |
[INFO] [stdout]    |                  |                              cannot infer type for type parameter `T` declared on the trait `AsRef`
[INFO] [stdout]    |                  this method call resolves to `&T`
[INFO] [stdout]    |
[INFO] [stdout]    = note: cannot satisfy `String: AsRef<_>`
[INFO] [stdout] 
[INFO] [stdout] 
[INFO] [stdout] error[E0283]: type annotations needed
[INFO] [stdout]   --> libconfig/src/lib.rs:87:49
[INFO] [stdout]    |
[INFO] [stdout] 87 |             .set(format!("port_{}", &self.base).as_ref(), format!("{}", port));
[INFO] [stdout]    |                  -------------------------------^^^^^^--
[INFO] [stdout]    |                  |                              |
[INFO] [stdout]    |                  |                              cannot infer type for type parameter `T` declared on the trait `AsRef`
[INFO] [stdout]    |                  this method call resolves to `&T`
[INFO] [stdout]    |
[INFO] [stdout]    = note: cannot satisfy `String: AsRef<_>`
[INFO] [stdout] 
[INFO] [stdout] 
[INFO] [stdout] error: aborting due to 2 previous errors
[INFO] [stdout] 
[INFO] [stdout] 
[INFO] [stdout] For more information about this error, try `rustc --explain E0283`.
[INFO] [stdout] 
[INFO] [stderr] error: could not compile `libconfig` due to 3 previous errors
[INFO] [stderr] warning: build failed, waiting for other jobs to finish...
[INFO] [stdout] error[E0283]: type annotations needed
[INFO] [stdout]   --> libconfig/src/lib.rs:68:49
[INFO] [stdout]    |
[INFO] [stdout] 68 |             .set(format!("host_{}", &self.base).as_ref(), host);
[INFO] [stdout]    |                  -------------------------------^^^^^^--
[INFO] [stdout]    |                  |                              |
[INFO] [stdout]    |                  |                              cannot infer type for type parameter `T` declared on the trait `AsRef`
[INFO] [stdout]    |                  this method call resolves to `&T`
[INFO] [stdout]    |
[INFO] [stdout]    = note: cannot satisfy `String: AsRef<_>`
[INFO] [stdout] 
[INFO] [stdout] 
[INFO] [stdout] error[E0283]: type annotations needed
[INFO] [stdout]   --> libconfig/src/lib.rs:87:49
[INFO] [stdout]    |
[INFO] [stdout] 87 |             .set(format!("port_{}", &self.base).as_ref(), format!("{}", port));
[INFO] [stdout]    |                  -------------------------------^^^^^^--
[INFO] [stdout]    |                  |                              |
[INFO] [stdout]    |                  |                              cannot infer type for type parameter `T` declared on the trait `AsRef`
[INFO] [stdout]    |                  this method call resolves to `&T`
[INFO] [stdout]    |
[INFO] [stdout]    = note: cannot satisfy `String: AsRef<_>`
[INFO] [stdout] 
[INFO] [stdout] 
[INFO] [stdout] error: aborting due to 2 previous errors
[INFO] [stdout] 
[INFO] [stdout] 
[INFO] [stdout] For more information about this error, try `rustc --explain E0283`.
[INFO] [stdout] 
[INFO] [stderr] error: build failed
[INFO] running `Command { std: "docker" "inspect" "900281e1ccf81868c4d62bd0de11c12acec9a191e53b68519c0008e8f7eccb52", kill_on_drop: false }`
[INFO] running `Command { std: "docker" "rm" "-f" "900281e1ccf81868c4d62bd0de11c12acec9a191e53b68519c0008e8f7eccb52", kill_on_drop: false }`
[INFO] [stdout] 900281e1ccf81868c4d62bd0de11c12acec9a191e53b68519c0008e8f7eccb52
