[INFO] cloning repository https://github.com/singulared/proxy-actor
[INFO] running `Command { std: "git" "-c" "credential.helper=" "-c" "credential.helper=/workspace/cargo-home/bin/git-credential-null" "clone" "--bare" "https://github.com/singulared/proxy-actor" "/workspace/cache/git-repos/https%3A%2F%2Fgithub.com%2Fsingulared%2Fproxy-actor", kill_on_drop: false }`
[INFO] [stderr] Cloning into bare repository '/workspace/cache/git-repos/https%3A%2F%2Fgithub.com%2Fsingulared%2Fproxy-actor'...
[INFO] running `Command { std: "git" "rev-parse" "HEAD", kill_on_drop: false }`
[INFO] [stdout] 7212a2f947f878425f500eac3c2e482d2763854b
[INFO] checking singulared/proxy-actor against beta-2021-10-15 for beta-1.56-3
[INFO] running `Command { std: "git" "clone" "/workspace/cache/git-repos/https%3A%2F%2Fgithub.com%2Fsingulared%2Fproxy-actor" "/workspace/builds/worker-8/source", kill_on_drop: false }`
[INFO] [stderr] Cloning into '/workspace/builds/worker-8/source'...
[INFO] [stderr] done.
[INFO] validating manifest of git repo https://github.com/singulared/proxy-actor on toolchain beta-2021-10-15
[INFO] running `Command { std: "/workspace/cargo-home/bin/cargo" "+beta-2021-10-15" "metadata" "--manifest-path" "Cargo.toml" "--no-deps", kill_on_drop: false }`
[INFO] started tweaking git repo https://github.com/singulared/proxy-actor
[INFO] finished tweaking git repo https://github.com/singulared/proxy-actor
[INFO] tweaked toml for git repo https://github.com/singulared/proxy-actor written to /workspace/builds/worker-8/source/Cargo.toml
[INFO] crate git repo https://github.com/singulared/proxy-actor already has a lockfile, it will not be regenerated
[INFO] running `Command { std: "/workspace/cargo-home/bin/cargo" "+beta-2021-10-15" "fetch" "--manifest-path" "Cargo.toml", kill_on_drop: false }`
[INFO] [stderr]  Downloading crates ...
[INFO] [stderr]   Downloaded actix-rt v0.2.2
[INFO] [stderr]   Downloaded actix-server v0.5.1
[INFO] [stderr]   Downloaded syn v0.15.35
[INFO] [stderr]   Downloaded ipconfig v0.2.0
[INFO] [stderr]   Downloaded socket2 v0.3.9
[INFO] [stderr]   Downloaded winreg v0.6.0
[INFO] [stderr]   Downloaded h2 v0.1.23
[INFO] [stderr]   Downloaded signal-hook v0.1.9
[INFO] [stderr]   Downloaded signal-hook-registry v1.0.1
[INFO] [stderr]   Downloaded actix-connect v0.2.0
[INFO] [stderr]   Downloaded actix v0.8.3
[INFO] [stderr]   Downloaded actix-server-config v0.1.1
[INFO] [stderr]   Downloaded string v0.2.0
[INFO] [stderr]   Downloaded actix-utils v0.4.1
[INFO] [stderr]   Downloaded copyless v0.1.3
[INFO] [stderr]   Downloaded actix-http v0.2.3
[INFO] [stderr]   Downloaded awc v0.2.1
[INFO] [stderr]   Downloaded hashbrown v0.3.1
[INFO] [stderr]   Downloaded actix-threadpool v0.1.1
[INFO] [stderr]   Downloaded regex-syntax v0.6.7
[INFO] [stderr]   Downloaded serde_derive v1.0.92
[INFO] [stderr]   Downloaded serde v1.0.92
[INFO] [stderr]   Downloaded actix-web v1.0.0
[INFO] [stderr]   Downloaded ring v0.14.6
[INFO] [stderr]   Downloaded futures v0.1.27
[INFO] [stderr]   Downloaded derive_more v0.14.1
[INFO] [stderr]   Downloaded regex v1.1.7
[INFO] [stderr]   Downloaded actix_derive v0.4.0
[INFO] running `Command { std: "docker" "create" "-v" "/var/lib/crater-agent-workspace/builds/worker-8/target:/opt/rustwide/target:rw,Z" "-v" "/var/lib/crater-agent-workspace/builds/worker-8/source:/opt/rustwide/workdir:ro,Z" "-v" "/var/lib/crater-agent-workspace/cargo-home:/opt/rustwide/cargo-home:ro,Z" "-v" "/var/lib/crater-agent-workspace/rustup-home:/opt/rustwide/rustup-home:ro,Z" "-e" "SOURCE_DIR=/opt/rustwide/workdir" "-e" "CARGO_TARGET_DIR=/opt/rustwide/target" "-e" "CARGO_HOME=/opt/rustwide/cargo-home" "-e" "RUSTUP_HOME=/opt/rustwide/rustup-home" "-w" "/opt/rustwide/workdir" "-m" "1610612736" "--user" "0:0" "--network" "none" "ghcr.io/rust-lang/crates-build-env/linux@sha256:a89201d6b5b9fd45c15d5952ece0a0129e7e80cb26ec023fd59cf09bc26f1604" "/opt/rustwide/cargo-home/bin/cargo" "+beta-2021-10-15" "metadata" "--no-deps" "--format-version=1", kill_on_drop: false }`
[INFO] [stdout] cd59841814cc8b5a02fc415eb5e22b170b4e23913fd1d308bade98558f83d477
[INFO] [stderr] WARNING: Your kernel does not support swap limit capabilities or the cgroup is not mounted. Memory limited without swap.
[INFO] running `Command { std: "docker" "start" "-a" "cd59841814cc8b5a02fc415eb5e22b170b4e23913fd1d308bade98558f83d477", kill_on_drop: false }`
[INFO] running `Command { std: "docker" "inspect" "cd59841814cc8b5a02fc415eb5e22b170b4e23913fd1d308bade98558f83d477", kill_on_drop: false }`
[INFO] running `Command { std: "docker" "rm" "-f" "cd59841814cc8b5a02fc415eb5e22b170b4e23913fd1d308bade98558f83d477", kill_on_drop: false }`
[INFO] [stdout] cd59841814cc8b5a02fc415eb5e22b170b4e23913fd1d308bade98558f83d477
[INFO] running `Command { std: "docker" "create" "-v" "/var/lib/crater-agent-workspace/builds/worker-8/target:/opt/rustwide/target:rw,Z" "-v" "/var/lib/crater-agent-workspace/builds/worker-8/source:/opt/rustwide/workdir:ro,Z" "-v" "/var/lib/crater-agent-workspace/cargo-home:/opt/rustwide/cargo-home:ro,Z" "-v" "/var/lib/crater-agent-workspace/rustup-home:/opt/rustwide/rustup-home:ro,Z" "-e" "SOURCE_DIR=/opt/rustwide/workdir" "-e" "CARGO_TARGET_DIR=/opt/rustwide/target" "-e" "CARGO_INCREMENTAL=0" "-e" "RUST_BACKTRACE=full" "-e" "RUSTFLAGS=--cap-lints=warn" "-e" "CARGO_HOME=/opt/rustwide/cargo-home" "-e" "RUSTUP_HOME=/opt/rustwide/rustup-home" "-w" "/opt/rustwide/workdir" "-m" "1610612736" "--user" "0:0" "--network" "none" "ghcr.io/rust-lang/crates-build-env/linux@sha256:a89201d6b5b9fd45c15d5952ece0a0129e7e80cb26ec023fd59cf09bc26f1604" "/opt/rustwide/cargo-home/bin/cargo" "+beta-2021-10-15" "check" "--frozen" "--all" "--all-targets" "--message-format=json", kill_on_drop: false }`
[INFO] [stdout] 47ebcad77a8c90a3c7b7b693c1ba2a47c89e724f127dcef449052edefcb02478
[INFO] [stderr] WARNING: Your kernel does not support swap limit capabilities or the cgroup is not mounted. Memory limited without swap.
[INFO] running `Command { std: "docker" "start" "-a" "47ebcad77a8c90a3c7b7b693c1ba2a47c89e724f127dcef449052edefcb02478", kill_on_drop: false }`
[INFO] [stderr]     Blocking waiting for file lock on package cache
[INFO] [stderr]     Blocking waiting for file lock on package cache
[INFO] [stderr]    Compiling syn v0.15.35
[INFO] [stderr]    Compiling serde v1.0.92
[INFO] [stderr]     Checking arc-swap v0.3.11
[INFO] [stderr]     Checking hashbrown v0.3.1
[INFO] [stderr]     Checking copyless v0.1.3
[INFO] [stderr]     Checking actix-service v0.4.1
[INFO] [stderr]    Compiling brotli-sys v0.3.2
[INFO] [stderr]    Compiling ring v0.14.6
[INFO] [stderr]     Checking crossbeam-channel v0.3.8
[INFO] [stderr]    Compiling unicase v2.4.0
[INFO] [stderr]     Checking num_cpus v1.10.0
[INFO] [stderr]    Compiling parking_lot_core v0.5.0
[INFO] [stderr]    Compiling parking_lot v0.8.0
[INFO] [stderr]     Checking hostname v0.1.5
[INFO] [stderr]     Checking socket2 v0.3.9
[INFO] [stderr]     Checking url v1.7.2
[INFO] [stderr]     Checking miniz-sys v0.1.12
[INFO] [stderr]     Checking bytes v0.4.12
[INFO] [stderr]     Checking resolv-conf v0.6.2
[INFO] [stderr]     Checking threadpool v1.7.1
[INFO] [stderr]     Checking parking_lot_core v0.4.0
[INFO] [stderr]     Checking signal-hook-registry v1.0.1
[INFO] [stderr]     Checking flate2 v1.0.7
[INFO] [stderr]     Checking tokio-io v0.1.12
[INFO] [stderr]     Checking http v0.1.17
[INFO] [stderr]     Checking string v0.2.0
[INFO] [stderr]     Checking signal-hook v0.1.9
[INFO] [stderr]     Checking mime v0.3.13
[INFO] [stderr]     Checking parking_lot v0.7.1
[INFO] [stderr]     Checking tokio-reactor v0.1.9
[INFO] [stderr]     Checking tokio-codec v0.1.1
[INFO] [stderr]     Checking actix-codec v0.1.2
[INFO] [stderr]     Checking tokio-tcp v0.1.3
[INFO] [stderr]     Checking tokio-udp v0.1.3
[INFO] [stderr]     Checking tokio-signal v0.2.7
[INFO] [stderr]     Checking actix-utils v0.4.1
[INFO] [stderr]     Checking actix-server-config v0.1.1
[INFO] [stderr]     Checking h2 v0.1.23
[INFO] [stderr]     Checking brotli2 v0.3.2
[INFO] [stderr]    Compiling synstructure v0.10.2
[INFO] [stderr]    Compiling serde_derive v1.0.92
[INFO] [stderr]    Compiling derive_more v0.14.1
[INFO] [stderr]    Compiling enum-as-inner v0.2.1
[INFO] [stderr]    Compiling actix-web-codegen v0.1.2
[INFO] [stderr]    Compiling actix_derive v0.4.0
[INFO] [stderr]    Compiling failure_derive v0.1.5
[INFO] [stderr]     Checking failure v0.1.5
[INFO] [stderr]     Checking trust-dns-proto v0.7.4
[INFO] [stderr]     Checking actix-threadpool v0.1.1
[INFO] [stderr]     Checking actix-rt v0.2.2
[INFO] [stderr]     Checking actix-server v0.5.1
[INFO] [stderr]     Checking trust-dns-resolver v0.11.1
[INFO] [stderr]     Checking actix-connect v0.2.0
[INFO] [stderr]     Checking serde_urlencoded v0.5.5
[INFO] [stderr]     Checking serde_json v1.0.39
[INFO] [stderr]     Checking actix-router v0.1.5
[INFO] [stderr]     Checking actix-http v0.2.3
[INFO] [stderr]     Checking awc v0.2.1
[INFO] [stderr]     Checking actix v0.8.3
[INFO] [stderr]     Checking actix-web v1.0.0
[INFO] [stderr]     Checking actix-proxy v0.1.0 (/opt/rustwide/workdir)
[INFO] [stdout] error: expected non-macro attribute, found attribute macro `derive`
[INFO] [stdout]   --> src/main.rs:63:7
[INFO] [stdout]    |
[INFO] [stdout] 63 |     #[derive(Message)]
[INFO] [stdout]    |       ^^^^^^ not a non-macro attribute
[INFO] [stdout] 
[INFO] [stdout] 
[INFO] [stdout] error: expected non-macro attribute, found attribute macro `derive`
[INFO] [stdout]   --> src/main.rs:65:7
[INFO] [stdout]    |
[INFO] [stdout] 65 |     #[derive(Message)]
[INFO] [stdout]    |       ^^^^^^ not a non-macro attribute
[INFO] [stdout] 
[INFO] [stdout] 
[INFO] [stdout] warning: unused `#[macro_use]` import
[INFO] [stdout]  --> src/main.rs:1:1
[INFO] [stdout]   |
[INFO] [stdout] 1 | #[macro_use]
[INFO] [stdout]   | ^^^^^^^^^^^^
[INFO] [stdout]   |
[INFO] [stdout]   = note: `#[warn(unused_imports)]` on by default
[INFO] [stdout] 
[INFO] [stdout] 
[INFO] [stdout] warning: unused import: `actix::dev::MessageResponse`
[INFO] [stdout]  --> src/main.rs:5:5
[INFO] [stdout]   |
[INFO] [stdout] 5 | use actix::dev::MessageResponse;
[INFO] [stdout]   |     ^^^^^^^^^^^^^^^^^^^^^^^^^^^
[INFO] [stdout] 
[INFO] [stdout] 
[INFO] [stdout] error: expected non-macro attribute, found attribute macro `derive`
[INFO] [stdout]   --> src/main.rs:63:7
[INFO] [stdout]    |
[INFO] [stdout] 63 |     #[derive(Message)]
[INFO] [stdout]    |       ^^^^^^ not a non-macro attribute
[INFO] [stdout] 
[INFO] [stdout] 
[INFO] [stdout] error: expected non-macro attribute, found attribute macro `derive`
[INFO] [stdout]   --> src/main.rs:65:7
[INFO] [stdout]    |
[INFO] [stdout] 65 |     #[derive(Message)]
[INFO] [stdout]    |       ^^^^^^ not a non-macro attribute
[INFO] [stdout] 
[INFO] [stdout] 
[INFO] [stdout] warning: unused `#[macro_use]` import
[INFO] [stdout]  --> src/main.rs:1:1
[INFO] [stdout]   |
[INFO] [stdout] 1 | #[macro_use]
[INFO] [stdout]   | ^^^^^^^^^^^^
[INFO] [stdout]   |
[INFO] [stdout]   = note: `#[warn(unused_imports)]` on by default
[INFO] [stdout] 
[INFO] [stdout] 
[INFO] [stdout] warning: unused import: `actix::dev::MessageResponse`
[INFO] [stdout]  --> src/main.rs:5:5
[INFO] [stdout]   |
[INFO] [stdout] 5 | use actix::dev::MessageResponse;
[INFO] [stdout]   |     ^^^^^^^^^^^^^^^^^^^^^^^^^^^
[INFO] [stdout] 
[INFO] [stdout] 
[INFO] [stdout] error[E0053]: method `from` has an incompatible type for trait
[INFO] [stdout]   --> src/main.rs:90:20
[INFO] [stdout]    |
[INFO] [stdout] 90 |     fn from(error: MailboxError) -> Self {
[INFO] [stdout]    |                    ^^^^^^^^^^^^
[INFO] [stdout]    |                    |
[INFO] [stdout]    |                    expected struct `String`, found enum `actix::MailboxError`
[INFO] [stdout]    |                    help: change the parameter type to match the trait: `String`
[INFO] [stdout]    |
[INFO] [stdout]    = note: expected fn pointer `fn(String) -> ServiceError`
[INFO] [stdout]               found fn pointer `fn(actix::MailboxError) -> ServiceError`
[INFO] [stdout] 
[INFO] [stdout] 
[INFO] [stdout] error[E0271]: type mismatch resolving `<T as actix::Message>::Result == Result<<<T as actix::Message>::Result as futures::IntoFuture>::Item, <<T as actix::Message>::Result as futures::IntoFuture>::Error>`
[INFO] [stdout]    --> src/main.rs:104:5
[INFO] [stdout]     |
[INFO] [stdout] 104 |     type Result = ResponseFuture<<<<T as Message>::Result as IntoFuture>::Future as Future>::Item, <<<T as Message>::Result as IntoFuture>::Future as Future>::Error>;
[INFO] [stdout]     |     ^^^^^^^^^^^^^^^^^^^^^^^^^^^^^^^^^^^^^^^^^^^^^^^^^^^^^^^^^^^^^^^^^^^^^^^^^^^^^^^^^^^^^^^^^^^^^^^^^^^^^^^^^^^^^^^^^^^^^^^^^^^^^^^^^^^^^^^^^^^^^^^^^^^^^^^^^^^^^^^^^^ expected enum `Result`, found associated type
[INFO] [stdout]     |
[INFO] [stdout]     = note:         expected enum `Result<<<T as actix::Message>::Result as futures::IntoFuture>::Item, <<T as actix::Message>::Result as futures::IntoFuture>::Error>`
[INFO] [stdout]             found associated type `<T as actix::Message>::Result`
[INFO] [stdout]     = help: consider constraining the associated type `<T as actix::Message>::Result` to `Result<<<T as actix::Message>::Result as futures::IntoFuture>::Item, <<T as actix::Message>::Result as futures::IntoFuture>::Error>`
[INFO] [stdout]     = note: for more information, visit https://doc.rust-lang.org/book/ch19-03-advanced-traits.html
[INFO] [stdout]     = note: required because of the requirements on the impl of `MessageResponse<Proxy, T>` for `Box<(dyn futures::Future<Error = <<T as actix::Message>::Result as futures::IntoFuture>::Error, Item = <<T as actix::Message>::Result as futures::IntoFuture>::Item> + 'static)>`
[INFO] [stdout] note: required by a bound in `actix::Handler::Result`
[INFO] [stdout]    --> /opt/rustwide/cargo-home/registry/src/github.com-1ecc6299db9ec823/actix-0.8.3/src/handler.rs:24:18
[INFO] [stdout]     |
[INFO] [stdout] 24  |     type Result: MessageResponse<Self, M>;
[INFO] [stdout]     |                  ^^^^^^^^^^^^^^^^^^^^^^^^ required by this bound in `actix::Handler::Result`
[INFO] [stdout] 
[INFO] [stdout] 
[INFO] [stdout] error: aborting due to 4 previous errors; 2 warnings emitted
[INFO] [stdout] 
[INFO] [stdout] 
[INFO] [stdout] Some errors have detailed explanations: E0053, E0271.
[INFO] [stdout] 
[INFO] [stdout] For more information about an error, try `rustc --explain E0053`.
[INFO] [stdout] 
[INFO] [stdout] error[E0053]: method `from` has an incompatible type for trait
[INFO] [stdout]   --> src/main.rs:90:20
[INFO] [stdout]    |
[INFO] [stdout] 90 |     fn from(error: MailboxError) -> Self {
[INFO] [stdout]    |                    ^^^^^^^^^^^^
[INFO] [stdout]    |                    |
[INFO] [stdout]    |                    expected struct `String`, found enum `actix::MailboxError`
[INFO] [stdout]    |                    help: change the parameter type to match the trait: `String`
[INFO] [stdout]    |
[INFO] [stdout]    = note: expected fn pointer `fn(String) -> ServiceError`
[INFO] [stdout]               found fn pointer `fn(actix::MailboxError) -> ServiceError`
[INFO] [stdout] 
[INFO] [stdout] 
[INFO] [stdout] error[E0271]: type mismatch resolving `<T as actix::Message>::Result == Result<<<T as actix::Message>::Result as futures::IntoFuture>::Item, <<T as actix::Message>::Result as futures::IntoFuture>::Error>`
[INFO] [stdout]    --> src/main.rs:104:5
[INFO] [stdout]     |
[INFO] [stdout] 104 |     type Result = ResponseFuture<<<<T as Message>::Result as IntoFuture>::Future as Future>::Item, <<<T as Message>::Result as IntoFuture>::Future as Future>::Error>;
[INFO] [stdout]     |     ^^^^^^^^^^^^^^^^^^^^^^^^^^^^^^^^^^^^^^^^^^^^^^^^^^^^^^^^^^^^^^^^^^^^^^^^^^^^^^^^^^^^^^^^^^^^^^^^^^^^^^^^^^^^^^^^^^^^^^^^^^^^^^^^^^^^^^^^^^^^^^^^^^^^^^^^^^^^^^^^^^ expected enum `Result`, found associated type
[INFO] [stdout]     |
[INFO] [stdout]     = note:         expected enum `Result<<<T as actix::Message>::Result as futures::IntoFuture>::Item, <<T as actix::Message>::Result as futures::IntoFuture>::Error>`
[INFO] [stdout]             found associated type `<T as actix::Message>::Result`
[INFO] [stdout]     = help: consider constraining the associated type `<T as actix::Message>::Result` to `Result<<<T as actix::Message>::Result as futures::IntoFuture>::Item, <<T as actix::Message>::Result as futures::IntoFuture>::Error>`
[INFO] [stdout]     = note: for more information, visit https://doc.rust-lang.org/book/ch19-03-advanced-traits.html
[INFO] [stdout]     = note: required because of the requirements on the impl of `MessageResponse<Proxy, T>` for `Box<(dyn futures::Future<Error = <<T as actix::Message>::Result as futures::IntoFuture>::Error, Item = <<T as actix::Message>::Result as futures::IntoFuture>::Item> + 'static)>`
[INFO] [stdout] note: required by a bound in `actix::Handler::Result`
[INFO] [stdout]    --> /opt/rustwide/cargo-home/registry/src/github.com-1ecc6299db9ec823/actix-0.8.3/src/handler.rs:24:18
[INFO] [stdout]     |
[INFO] [stdout] 24  |     type Result: MessageResponse<Self, M>;
[INFO] [stdout]     |                  ^^^^^^^^^^^^^^^^^^^^^^^^ required by this bound in `actix::Handler::Result`
[INFO] [stdout] 
[INFO] [stdout] 
[INFO] [stderr] error: could not compile `actix-proxy` due to 5 previous errors; 2 warnings emitted
[INFO] [stdout] error: aborting due to 4 previous errors; 2 warnings emitted
[INFO] [stdout] 
[INFO] [stdout] 
[INFO] [stderr] warning: build failed, waiting for other jobs to finish...
[INFO] [stdout] Some errors have detailed explanations: E0053, E0271.
[INFO] [stdout] 
[INFO] [stdout] For more information about an error, try `rustc --explain E0053`.
[INFO] [stdout] 
[INFO] [stderr] error: build failed
[INFO] running `Command { std: "docker" "inspect" "47ebcad77a8c90a3c7b7b693c1ba2a47c89e724f127dcef449052edefcb02478", kill_on_drop: false }`
[INFO] running `Command { std: "docker" "rm" "-f" "47ebcad77a8c90a3c7b7b693c1ba2a47c89e724f127dcef449052edefcb02478", kill_on_drop: false }`
[INFO] [stdout] 47ebcad77a8c90a3c7b7b693c1ba2a47c89e724f127dcef449052edefcb02478
