[INFO] cloning repository https://github.com/simvux/vec-reuse-test
[INFO] running `Command { std: "git" "-c" "credential.helper=" "-c" "credential.helper=/workspace/cargo-home/bin/git-credential-null" "clone" "--bare" "https://github.com/simvux/vec-reuse-test" "/workspace/cache/git-repos/https%3A%2F%2Fgithub.com%2Fsimvux%2Fvec-reuse-test", kill_on_drop: false }`
[INFO] [stderr] Cloning into bare repository '/workspace/cache/git-repos/https%3A%2F%2Fgithub.com%2Fsimvux%2Fvec-reuse-test'...
[INFO] running `Command { std: "git" "rev-parse" "HEAD", kill_on_drop: false }`
[INFO] [stdout] 231b3c4733521b93a68c9d66b9ae8d57cbf98cc3
[INFO] checking simvux/vec-reuse-test against 1.55.0 for beta-1.56-3
[INFO] running `Command { std: "git" "clone" "/workspace/cache/git-repos/https%3A%2F%2Fgithub.com%2Fsimvux%2Fvec-reuse-test" "/workspace/builds/worker-12/source", kill_on_drop: false }`
[INFO] [stderr] Cloning into '/workspace/builds/worker-12/source'...
[INFO] [stderr] done.
[INFO] validating manifest of git repo https://github.com/simvux/vec-reuse-test on toolchain 1.55.0
[INFO] running `Command { std: "/workspace/cargo-home/bin/cargo" "+1.55.0" "metadata" "--manifest-path" "Cargo.toml" "--no-deps", kill_on_drop: false }`
[INFO] started tweaking git repo https://github.com/simvux/vec-reuse-test
[INFO] finished tweaking git repo https://github.com/simvux/vec-reuse-test
[INFO] tweaked toml for git repo https://github.com/simvux/vec-reuse-test written to /workspace/builds/worker-12/source/Cargo.toml
[INFO] crate git repo https://github.com/simvux/vec-reuse-test already has a lockfile, it will not be regenerated
[INFO] running `Command { std: "/workspace/cargo-home/bin/cargo" "+1.55.0" "fetch" "--manifest-path" "Cargo.toml", kill_on_drop: false }`
[INFO] running `Command { std: "docker" "create" "-v" "/var/lib/crater-agent-workspace/builds/worker-12/target:/opt/rustwide/target:rw,Z" "-v" "/var/lib/crater-agent-workspace/builds/worker-12/source:/opt/rustwide/workdir:ro,Z" "-v" "/var/lib/crater-agent-workspace/cargo-home:/opt/rustwide/cargo-home:ro,Z" "-v" "/var/lib/crater-agent-workspace/rustup-home:/opt/rustwide/rustup-home:ro,Z" "-e" "SOURCE_DIR=/opt/rustwide/workdir" "-e" "CARGO_TARGET_DIR=/opt/rustwide/target" "-e" "CARGO_HOME=/opt/rustwide/cargo-home" "-e" "RUSTUP_HOME=/opt/rustwide/rustup-home" "-w" "/opt/rustwide/workdir" "-m" "1610612736" "--user" "0:0" "--network" "none" "ghcr.io/rust-lang/crates-build-env/linux@sha256:a89201d6b5b9fd45c15d5952ece0a0129e7e80cb26ec023fd59cf09bc26f1604" "/opt/rustwide/cargo-home/bin/cargo" "+1.55.0" "metadata" "--no-deps" "--format-version=1", kill_on_drop: false }`
[INFO] [stderr] WARNING: Your kernel does not support swap limit capabilities or the cgroup is not mounted. Memory limited without swap.
[INFO] [stdout] 0a10faa6e9970af2aaa767839fa63458b5a0942a275ff91c9aa4f94c07d115cb
[INFO] running `Command { std: "docker" "start" "-a" "0a10faa6e9970af2aaa767839fa63458b5a0942a275ff91c9aa4f94c07d115cb", kill_on_drop: false }`
[INFO] running `Command { std: "docker" "inspect" "0a10faa6e9970af2aaa767839fa63458b5a0942a275ff91c9aa4f94c07d115cb", kill_on_drop: false }`
[INFO] running `Command { std: "docker" "rm" "-f" "0a10faa6e9970af2aaa767839fa63458b5a0942a275ff91c9aa4f94c07d115cb", kill_on_drop: false }`
[INFO] [stdout] 0a10faa6e9970af2aaa767839fa63458b5a0942a275ff91c9aa4f94c07d115cb
[INFO] running `Command { std: "docker" "create" "-v" "/var/lib/crater-agent-workspace/builds/worker-12/target:/opt/rustwide/target:rw,Z" "-v" "/var/lib/crater-agent-workspace/builds/worker-12/source:/opt/rustwide/workdir:ro,Z" "-v" "/var/lib/crater-agent-workspace/cargo-home:/opt/rustwide/cargo-home:ro,Z" "-v" "/var/lib/crater-agent-workspace/rustup-home:/opt/rustwide/rustup-home:ro,Z" "-e" "SOURCE_DIR=/opt/rustwide/workdir" "-e" "CARGO_TARGET_DIR=/opt/rustwide/target" "-e" "CARGO_INCREMENTAL=0" "-e" "RUST_BACKTRACE=full" "-e" "RUSTFLAGS=--cap-lints=warn" "-e" "CARGO_HOME=/opt/rustwide/cargo-home" "-e" "RUSTUP_HOME=/opt/rustwide/rustup-home" "-w" "/opt/rustwide/workdir" "-m" "1610612736" "--user" "0:0" "--network" "none" "ghcr.io/rust-lang/crates-build-env/linux@sha256:a89201d6b5b9fd45c15d5952ece0a0129e7e80cb26ec023fd59cf09bc26f1604" "/opt/rustwide/cargo-home/bin/cargo" "+1.55.0" "check" "--frozen" "--all" "--all-targets" "--message-format=json", kill_on_drop: false }`
[INFO] [stdout] 84ca247911585a7855dd3cc82bd0032c26c1cf05a3157d319acdc3007b0cc345
[INFO] [stderr] WARNING: Your kernel does not support swap limit capabilities or the cgroup is not mounted. Memory limited without swap.
[INFO] running `Command { std: "docker" "start" "-a" "84ca247911585a7855dd3cc82bd0032c26c1cf05a3157d319acdc3007b0cc345", kill_on_drop: false }`
[INFO] [stderr]     Checking vec-reuse-test v0.1.0 (/opt/rustwide/workdir)
[INFO] [stdout] error[E0554]: `#![feature]` may not be used on the stable release channel
[INFO] [stdout]  --> src/main.rs:1:1
[INFO] [stdout]   |
[INFO] [stdout] 1 | #![feature(test)]
[INFO] [stdout]   | ^^^^^^^^^^^^^^^^^
[INFO] [stdout] 
[INFO] [stdout] 
[INFO] [stdout] error[E0554]: `#![feature]` may not be used on the stable release channel
[INFO] [stdout]  --> src/main.rs:2:1
[INFO] [stdout]   |
[INFO] [stdout] 2 | #![feature(const_vec_new)]
[INFO] [stdout]   | ^^^^^^^^^^^^^^^^^^^^^^^^^^
[INFO] [stdout] 
[INFO] [stdout] 
[INFO] [stdout] error[E0658]: use of unstable library feature 'bench_black_box'
[INFO] [stdout]  --> src/main.rs:4:5
[INFO] [stdout]   |
[INFO] [stdout] 4 | use std::hint::black_box;
[INFO] [stdout]   |     ^^^^^^^^^^^^^^^^^^^^
[INFO] [stdout]   |
[INFO] [stdout]   = note: see issue #64102 <https://github.com/rust-lang/rust/issues/64102> for more information
[INFO] [stdout] 
[INFO] [stdout] 
[INFO] [stdout] error[E0658]: use of unstable library feature 'bench_black_box'
[INFO] [stdout]   --> src/main.rs:30:17
[INFO] [stdout]    |
[INFO] [stdout] 30 |                 black_box(&VEC2);
[INFO] [stdout]    |                 ^^^^^^^^^
[INFO] [stdout]    |
[INFO] [stdout]    = note: see issue #64102 <https://github.com/rust-lang/rust/issues/64102> for more information
[INFO] [stdout] 
[INFO] [stdout] 
[INFO] [stdout] error[E0658]: use of unstable library feature 'bench_black_box'
[INFO] [stdout]   --> src/main.rs:43:13
[INFO] [stdout]    |
[INFO] [stdout] 43 |             black_box(&vec);
[INFO] [stdout]    |             ^^^^^^^^^
[INFO] [stdout]    |
[INFO] [stdout]    = note: see issue #64102 <https://github.com/rust-lang/rust/issues/64102> for more information
[INFO] [stdout] 
[INFO] [stdout] 
[INFO] [stdout] error[E0658]: use of unstable library feature 'bench_black_box'
[INFO] [stdout]   --> src/main.rs:57:17
[INFO] [stdout]    |
[INFO] [stdout] 57 |                 black_box(&VEC);
[INFO] [stdout]    |                 ^^^^^^^^^
[INFO] [stdout]    |
[INFO] [stdout]    = note: see issue #64102 <https://github.com/rust-lang/rust/issues/64102> for more information
[INFO] [stdout] 
[INFO] [stdout] 
[INFO] [stdout] error[E0658]: use of unstable library feature 'bench_black_box'
[INFO] [stdout]   --> src/main.rs:71:13
[INFO] [stdout]    |
[INFO] [stdout] 71 |             black_box(&vec);
[INFO] [stdout]    |             ^^^^^^^^^
[INFO] [stdout]    |
[INFO] [stdout]    = note: see issue #64102 <https://github.com/rust-lang/rust/issues/64102> for more information
[INFO] [stdout] 
[INFO] [stdout] 
[INFO] [stdout] error[E0658]: use of unstable library feature 'bench_black_box'
[INFO] [stdout]   --> src/main.rs:83:13
[INFO] [stdout]    |
[INFO] [stdout] 83 |             black_box(&vec);
[INFO] [stdout]    |             ^^^^^^^^^
[INFO] [stdout]    |
[INFO] [stdout]    = note: see issue #64102 <https://github.com/rust-lang/rust/issues/64102> for more information
[INFO] [stdout] 
[INFO] [stdout] 
[INFO] [stdout] error[E0658]: use of unstable library feature 'bench_black_box'
[INFO] [stdout]   --> src/main.rs:95:13
[INFO] [stdout]    |
[INFO] [stdout] 95 |             black_box(&vec);
[INFO] [stdout]    |             ^^^^^^^^^
[INFO] [stdout]    |
[INFO] [stdout]    = note: see issue #64102 <https://github.com/rust-lang/rust/issues/64102> for more information
[INFO] [stdout] 
[INFO] [stdout] 
[INFO] [stdout] error: aborting due to 9 previous errors
[INFO] [stdout] 
[INFO] [stdout] 
[INFO] [stdout] Some errors have detailed explanations: E0554, E0658.
[INFO] [stdout] 
[INFO] [stdout] For more information about an error, try `rustc --explain E0554`.
[INFO] [stdout] 
[INFO] [stderr] error: could not compile `vec-reuse-test` due to 10 previous errors
[INFO] [stderr] warning: build failed, waiting for other jobs to finish...
[INFO] [stdout] error[E0554]: `#![feature]` may not be used on the stable release channel
[INFO] [stdout]  --> src/main.rs:1:1
[INFO] [stdout]   |
[INFO] [stdout] 1 | #![feature(test)]
[INFO] [stdout]   | ^^^^^^^^^^^^^^^^^
[INFO] [stdout] 
[INFO] [stdout] 
[INFO] [stdout] error[E0554]: `#![feature]` may not be used on the stable release channel
[INFO] [stdout]  --> src/main.rs:2:1
[INFO] [stdout]   |
[INFO] [stdout] 2 | #![feature(const_vec_new)]
[INFO] [stdout]   | ^^^^^^^^^^^^^^^^^^^^^^^^^^
[INFO] [stdout] 
[INFO] [stdout] 
[INFO] [stdout] error[E0658]: use of unstable library feature 'bench_black_box'
[INFO] [stdout]  --> src/main.rs:4:5
[INFO] [stdout]   |
[INFO] [stdout] 4 | use std::hint::black_box;
[INFO] [stdout]   |     ^^^^^^^^^^^^^^^^^^^^
[INFO] [stdout]   |
[INFO] [stdout]   = note: see issue #64102 <https://github.com/rust-lang/rust/issues/64102> for more information
[INFO] [stdout] 
[INFO] [stdout] 
[INFO] [stdout] error[E0658]: use of unstable library feature 'bench_black_box'
[INFO] [stdout]   --> src/main.rs:30:17
[INFO] [stdout]    |
[INFO] [stdout] 30 |                 black_box(&VEC2);
[INFO] [stdout]    |                 ^^^^^^^^^
[INFO] [stdout]    |
[INFO] [stdout]    = note: see issue #64102 <https://github.com/rust-lang/rust/issues/64102> for more information
[INFO] [stdout] 
[INFO] [stdout] 
[INFO] [stdout] error[E0658]: use of unstable library feature 'bench_black_box'
[INFO] [stdout]   --> src/main.rs:43:13
[INFO] [stdout]    |
[INFO] [stdout] 43 |             black_box(&vec);
[INFO] [stdout]    |             ^^^^^^^^^
[INFO] [stdout]    |
[INFO] [stdout]    = note: see issue #64102 <https://github.com/rust-lang/rust/issues/64102> for more information
[INFO] [stdout] 
[INFO] [stdout] 
[INFO] [stdout] error[E0658]: use of unstable library feature 'bench_black_box'
[INFO] [stdout]   --> src/main.rs:57:17
[INFO] [stdout]    |
[INFO] [stdout] 57 |                 black_box(&VEC);
[INFO] [stdout]    |                 ^^^^^^^^^
[INFO] [stdout]    |
[INFO] [stdout]    = note: see issue #64102 <https://github.com/rust-lang/rust/issues/64102> for more information
[INFO] [stdout] 
[INFO] [stdout] 
[INFO] [stdout] error[E0658]: use of unstable library feature 'bench_black_box'
[INFO] [stdout]   --> src/main.rs:71:13
[INFO] [stdout]    |
[INFO] [stdout] 71 |             black_box(&vec);
[INFO] [stdout]    |             ^^^^^^^^^
[INFO] [stdout]    |
[INFO] [stdout]    = note: see issue #64102 <https://github.com/rust-lang/rust/issues/64102> for more information
[INFO] [stdout] 
[INFO] [stdout] 
[INFO] [stdout] error[E0658]: use of unstable library feature 'bench_black_box'
[INFO] [stdout]   --> src/main.rs:83:13
[INFO] [stdout]    |
[INFO] [stdout] 83 |             black_box(&vec);
[INFO] [stdout]    |             ^^^^^^^^^
[INFO] [stdout]    |
[INFO] [stdout]    = note: see issue #64102 <https://github.com/rust-lang/rust/issues/64102> for more information
[INFO] [stdout] 
[INFO] [stdout] 
[INFO] [stdout] error[E0658]: use of unstable library feature 'bench_black_box'
[INFO] [stdout]   --> src/main.rs:95:13
[INFO] [stdout]    |
[INFO] [stdout] 95 |             black_box(&vec);
[INFO] [stdout]    |             ^^^^^^^^^
[INFO] [stdout]    |
[INFO] [stdout]    = note: see issue #64102 <https://github.com/rust-lang/rust/issues/64102> for more information
[INFO] [stdout] 
[INFO] [stdout] 
[INFO] [stdout] error: aborting due to 9 previous errors
[INFO] [stdout] 
[INFO] [stdout] 
[INFO] [stdout] Some errors have detailed explanations: E0554, E0658.
[INFO] [stdout] 
[INFO] [stdout] For more information about an error, try `rustc --explain E0554`.
[INFO] [stdout] 
[INFO] [stderr] error: build failed
[INFO] running `Command { std: "docker" "inspect" "84ca247911585a7855dd3cc82bd0032c26c1cf05a3157d319acdc3007b0cc345", kill_on_drop: false }`
[INFO] running `Command { std: "docker" "rm" "-f" "84ca247911585a7855dd3cc82bd0032c26c1cf05a3157d319acdc3007b0cc345", kill_on_drop: false }`
[INFO] [stdout] 84ca247911585a7855dd3cc82bd0032c26c1cf05a3157d319acdc3007b0cc345
