[INFO] cloning repository https://github.com/sim82/crystal_planes
[INFO] running `Command { std: "git" "-c" "credential.helper=" "-c" "credential.helper=/workspace/cargo-home/bin/git-credential-null" "clone" "--bare" "https://github.com/sim82/crystal_planes" "/workspace/cache/git-repos/https%3A%2F%2Fgithub.com%2Fsim82%2Fcrystal_planes", kill_on_drop: false }`
[INFO] [stderr] Cloning into bare repository '/workspace/cache/git-repos/https%3A%2F%2Fgithub.com%2Fsim82%2Fcrystal_planes'...
[INFO] running `Command { std: "git" "rev-parse" "HEAD", kill_on_drop: false }`
[INFO] [stdout] be36631b020031aeef352d255d11c31ac849cd6f
[INFO] checking sim82/crystal_planes against 1.55.0 for beta-1.56-3
[INFO] running `Command { std: "git" "clone" "/workspace/cache/git-repos/https%3A%2F%2Fgithub.com%2Fsim82%2Fcrystal_planes" "/workspace/builds/worker-6/source", kill_on_drop: false }`
[INFO] [stderr] Cloning into '/workspace/builds/worker-6/source'...
[INFO] [stderr] done.
[INFO] validating manifest of git repo https://github.com/sim82/crystal_planes on toolchain 1.55.0
[INFO] running `Command { std: "/workspace/cargo-home/bin/cargo" "+1.55.0" "metadata" "--manifest-path" "Cargo.toml" "--no-deps", kill_on_drop: false }`
[INFO] removed /workspace/builds/worker-6/source/.cargo/config.toml
[INFO] started tweaking git repo https://github.com/sim82/crystal_planes
[INFO] finished tweaking git repo https://github.com/sim82/crystal_planes
[INFO] tweaked toml for git repo https://github.com/sim82/crystal_planes written to /workspace/builds/worker-6/source/Cargo.toml
[INFO] running `Command { std: "/workspace/cargo-home/bin/cargo" "+1.55.0" "generate-lockfile" "--manifest-path" "Cargo.toml" "-Zno-index-update", kill_on_drop: false }`
[INFO] [stderr]     Updating git repository `https://github.com/bevyengine/bevy.git`
[INFO] [stderr]     Updating git repository `https://github.com/jakobhellermann/bevy_egui.git`
[INFO] [stderr]     Updating git repository `https://github.com/sim82/bevy_fly_camera.git`
[INFO] running `Command { std: "/workspace/cargo-home/bin/cargo" "+1.55.0" "fetch" "--manifest-path" "Cargo.toml", kill_on_drop: false }`
[INFO] running `Command { std: "docker" "create" "-v" "/var/lib/crater-agent-workspace/builds/worker-6/target:/opt/rustwide/target:rw,Z" "-v" "/var/lib/crater-agent-workspace/builds/worker-6/source:/opt/rustwide/workdir:ro,Z" "-v" "/var/lib/crater-agent-workspace/cargo-home:/opt/rustwide/cargo-home:ro,Z" "-v" "/var/lib/crater-agent-workspace/rustup-home:/opt/rustwide/rustup-home:ro,Z" "-e" "SOURCE_DIR=/opt/rustwide/workdir" "-e" "CARGO_TARGET_DIR=/opt/rustwide/target" "-e" "CARGO_HOME=/opt/rustwide/cargo-home" "-e" "RUSTUP_HOME=/opt/rustwide/rustup-home" "-w" "/opt/rustwide/workdir" "-m" "1610612736" "--user" "0:0" "--network" "none" "ghcr.io/rust-lang/crates-build-env/linux@sha256:a89201d6b5b9fd45c15d5952ece0a0129e7e80cb26ec023fd59cf09bc26f1604" "/opt/rustwide/cargo-home/bin/cargo" "+1.55.0" "metadata" "--no-deps" "--format-version=1", kill_on_drop: false }`
[INFO] [stdout] cc7b554c5e85407e930cfad623370cc1d44750d8d3a2c47a2f6c6e517eb0a21d
[INFO] [stderr] WARNING: Your kernel does not support swap limit capabilities or the cgroup is not mounted. Memory limited without swap.
[INFO] running `Command { std: "docker" "start" "-a" "cc7b554c5e85407e930cfad623370cc1d44750d8d3a2c47a2f6c6e517eb0a21d", kill_on_drop: false }`
[INFO] running `Command { std: "docker" "inspect" "cc7b554c5e85407e930cfad623370cc1d44750d8d3a2c47a2f6c6e517eb0a21d", kill_on_drop: false }`
[INFO] running `Command { std: "docker" "rm" "-f" "cc7b554c5e85407e930cfad623370cc1d44750d8d3a2c47a2f6c6e517eb0a21d", kill_on_drop: false }`
[INFO] [stdout] cc7b554c5e85407e930cfad623370cc1d44750d8d3a2c47a2f6c6e517eb0a21d
[INFO] running `Command { std: "docker" "create" "-v" "/var/lib/crater-agent-workspace/builds/worker-6/target:/opt/rustwide/target:rw,Z" "-v" "/var/lib/crater-agent-workspace/builds/worker-6/source:/opt/rustwide/workdir:ro,Z" "-v" "/var/lib/crater-agent-workspace/cargo-home:/opt/rustwide/cargo-home:ro,Z" "-v" "/var/lib/crater-agent-workspace/rustup-home:/opt/rustwide/rustup-home:ro,Z" "-e" "SOURCE_DIR=/opt/rustwide/workdir" "-e" "CARGO_TARGET_DIR=/opt/rustwide/target" "-e" "CARGO_INCREMENTAL=0" "-e" "RUST_BACKTRACE=full" "-e" "RUSTFLAGS=--cap-lints=warn" "-e" "CARGO_HOME=/opt/rustwide/cargo-home" "-e" "RUSTUP_HOME=/opt/rustwide/rustup-home" "-w" "/opt/rustwide/workdir" "-m" "1610612736" "--user" "0:0" "--network" "none" "ghcr.io/rust-lang/crates-build-env/linux@sha256:a89201d6b5b9fd45c15d5952ece0a0129e7e80cb26ec023fd59cf09bc26f1604" "/opt/rustwide/cargo-home/bin/cargo" "+1.55.0" "check" "--frozen" "--all" "--all-targets" "--message-format=json", kill_on_drop: false }`
[INFO] [stdout] 281d5f30b39f47c9bcd22bf92c3fd0c335d415143ee5d6ef2bb09d64968d22a5
[INFO] [stderr] WARNING: Your kernel does not support swap limit capabilities or the cgroup is not mounted. Memory limited without swap.
[INFO] running `Command { std: "docker" "start" "-a" "281d5f30b39f47c9bcd22bf92c3fd0c335d415143ee5d6ef2bb09d64968d22a5", kill_on_drop: false }`
[INFO] [stderr]     Checking cfg-if v1.0.0
[INFO] [stderr]    Compiling syn v1.0.80
[INFO] [stderr]     Checking lazy_static v1.4.0
[INFO] [stderr]     Checking scopeguard v1.1.0
[INFO] [stderr]     Checking bitflags v1.3.2
[INFO] [stderr]     Checking byteorder v1.4.3
[INFO] [stderr]     Checking once_cell v1.8.0
[INFO] [stderr]     Checking pin-project-lite v0.2.7
[INFO] [stderr]     Checking cache-padded v1.1.1
[INFO] [stderr]     Checking futures-io v0.3.17
[INFO] [stderr]     Checking parking v2.0.0
[INFO] [stderr]     Checking waker-fn v1.1.0
[INFO] [stderr]     Checking fastrand v1.5.0
[INFO] [stderr]     Checking event-listener v2.5.1
[INFO] [stderr]     Checking downcast-rs v1.2.0
[INFO] [stderr]     Checking slab v0.4.5
[INFO] [stderr]     Checking async-task v4.0.3
[INFO] [stderr]     Checking fixedbitset v0.4.0
[INFO] [stderr]     Checking itoa v0.4.8
[INFO] [stderr]     Checking regex-syntax v0.6.25
[INFO] [stderr]     Checking ansi_term v0.12.1
[INFO] [stderr]     Checking ppv-lite86 v0.2.14
[INFO] [stderr]     Checking same-file v1.0.6
[INFO] [stderr]     Checking hashbrown v0.11.2
[INFO] [stderr]     Checking either v1.6.1
[INFO] [stderr]     Checking adler32 v1.2.0
[INFO] [stderr]     Checking fixedbitset v0.2.0
[INFO] [stderr]     Checking weezl v0.1.5
[INFO] [stderr]     Checking adler v1.0.2
[INFO] [stderr]    Compiling drm-fourcc v2.2.0
[INFO] [stderr]     Checking color_quant v1.1.0
[INFO] [stderr]     Checking termcolor v1.1.2
[INFO] [stderr]     Checking unicode-width v0.1.9
[INFO] [stderr]     Checking bit-vec v0.6.3
[INFO] [stderr]     Checking scoped_threadpool v0.1.9
[INFO] [stderr]     Checking ttf-parser v0.12.3
[INFO] [stderr]     Checking hex v0.4.3
[INFO] [stderr]    Compiling khronos-egl v4.1.0
[INFO] [stderr]     Checking ab_glyph_rasterizer v0.1.4
[INFO] [stderr]     Checking ahash v0.4.7
[INFO] [stderr]     Checking arrayvec v0.5.2
[INFO] [stderr]     Checking renderdoc-sys v0.7.1
[INFO] [stderr]     Checking glow v0.9.0
[INFO] [stderr]     Checking percent-encoding v2.1.0
[INFO] [stderr]     Checking svg_fmt v0.4.1
[INFO] [stderr]    Compiling winit v0.25.0
[INFO] [stderr]     Checking tinyvec_macros v0.1.0
[INFO] [stderr]     Checking inplace_it v0.3.3
[INFO] [stderr]     Checking profiling v1.0.3
[INFO] [stderr]     Checking copyless v0.1.5
[INFO] [stderr]     Checking rectangle-pack v0.4.2
[INFO] [stderr]     Checking base64 v0.13.0
[INFO] [stderr]     Checking vec_map v0.8.2
[INFO] [stderr]     Checking xi-unicode v0.3.0
[INFO] [stderr]     Checking claxon v0.4.3
[INFO] [stderr]     Checking fnv v1.0.7
[INFO] [stderr]     Checking hound v3.4.0
[INFO] [stderr]     Checking emath v0.14.0
[INFO] [stderr]     Checking atomic_refcell v0.1.8
[INFO] [stderr]    Compiling packed_simd_2 v0.3.6
[INFO] [stderr]     Checking rawpointer v0.2.1
[INFO] [stderr]     Checking webbrowser v0.5.5
[INFO] [stderr]     Checking cfg-if v0.1.10
[INFO] [stderr]     Checking md5 v0.7.0
[INFO] [stderr]     Checking arrayvec v0.7.1
[INFO] [stderr]    Compiling libc v0.2.104
[INFO] [stderr]    Compiling serde v1.0.130
[INFO] [stderr]    Compiling log v0.4.14
[INFO] [stderr]    Compiling parking_lot_core v0.8.5
[INFO] [stderr]    Compiling memchr v2.4.1
[INFO] [stderr]    Compiling ahash v0.7.6
[INFO] [stderr]    Compiling crossbeam-utils v0.8.5
[INFO] [stderr]    Compiling futures-core v0.3.17
[INFO] [stderr]    Compiling erased-serde v0.3.16
[INFO] [stderr]     Checking instant v0.1.11
[INFO] [stderr]     Checking libloading v0.7.1
[INFO] [stderr]     Checking gpu-alloc-types v0.2.0
[INFO] [stderr]     Checking gpu-descriptor-types v0.1.1
[INFO] [stderr]     Checking wgpu-types v0.9.0
[INFO] [stderr]    Compiling crossbeam-epoch v0.9.5
[INFO] [stderr]    Compiling ryu v1.0.5
[INFO] [stderr]    Compiling serde_json v1.0.68
[INFO] [stderr]     Checking concurrent-queue v1.2.2
[INFO] [stderr]    Compiling rayon-core v1.9.1
[INFO] [stderr]     Checking tracing-core v0.1.21
[INFO] [stderr]     Checking sharded-slab v0.1.4
[INFO] [stderr]    Compiling anyhow v1.0.44
[INFO] [stderr]     Checking lock_api v0.4.5
[INFO] [stderr]    Compiling crc32fast v1.2.1
[INFO] [stderr]     Checking thread_local v1.1.3
[INFO] [stderr]     Checking fxhash v0.2.1
[INFO] [stderr]     Checking ogg v0.8.0
[INFO] [stderr]     Checking walkdir v2.3.2
[INFO] [stderr]     Checking deflate v0.8.6
[INFO] [stderr]     Checking miniz_oxide v0.3.7
[INFO] [stderr]    Compiling bevy-glsl-to-spirv v0.2.1
[INFO] [stderr]    Compiling crossbeam-queue v0.3.2
[INFO] [stderr]    Compiling wgpu-core v0.9.2
[INFO] [stderr]    Compiling libm v0.1.4
[INFO] [stderr]     Checking gif v0.11.3
[INFO] [stderr]     Checking codespan-reporting v0.11.1
[INFO] [stderr]     Checking bit-set v0.5.2
[INFO] [stderr]    Compiling cpal v0.13.4
[INFO] [stderr]     Checking hashbrown v0.9.1
[INFO] [stderr]     Checking tinyvec v1.5.0
[INFO] [stderr]     Checking matrixmultiply v0.3.1
[INFO] [stderr]    Compiling indexmap v1.7.0
[INFO] [stderr]    Compiling num-traits v0.2.14
[INFO] [stderr]    Compiling memoffset v0.6.4
[INFO] [stderr]    Compiling num-integer v0.1.44
[INFO] [stderr]    Compiling miniz_oxide v0.4.4
[INFO] [stderr]    Compiling num-rational v0.3.2
[INFO] [stderr]    Compiling num-iter v0.1.42
[INFO] [stderr]    Compiling alsa-sys v0.3.1
[INFO] [stderr]    Compiling libudev-sys v0.1.4
[INFO] [stderr]    Compiling x11-dl v2.19.1
[INFO] [stderr]    Compiling rayon v1.5.1
[INFO] [stderr]     Checking gpu-alloc v0.4.7
[INFO] [stderr]     Checking ash v0.32.1
[INFO] [stderr]     Checking owned_ttf_parser v0.12.1
[INFO] [stderr]    Compiling getrandom v0.2.3
[INFO] [stderr]    Compiling xcb v0.8.2
[INFO] [stderr]     Checking tracing-log v0.1.2
[INFO] [stderr]     Checking gfx-renderdoc v0.1.0
[INFO] [stderr]     Checking gpu-descriptor v0.1.1
[INFO] [stderr]     Checking async-channel v1.6.1
[INFO] [stderr]     Checking regex-automata v0.1.10
[INFO] [stderr]     Checking crossbeam-channel v0.5.1
[INFO] [stderr]     Checking png v0.16.8
[INFO] [stderr]     Checking futures-lite v1.12.0
[INFO] [stderr]     Checking aho-corasick v0.7.18
[INFO] [stderr]     Checking ab_glyph v0.2.11
[INFO] [stderr]    Compiling spirv-reflect v0.2.3
[INFO] [stderr]     Checking lewton v0.10.2
[INFO] [stderr]     Checking stretch v0.3.2
[INFO] [stderr]    Compiling minimp3-sys v0.3.2
[INFO] [stderr]     Checking petgraph v0.5.1
[INFO] [stderr]     Checking spirv_headers v1.5.0
[INFO] [stderr]     Checking approx v0.5.0
[INFO] [stderr] error: failed to run custom build command for `xcb v0.8.2`
[INFO] [stderr] 
[INFO] [stderr] Caused by:
[INFO] [stderr]   process didn't exit successfully: `/opt/rustwide/target/debug/build/xcb-f7b5452341608a86/build-script-build` (exit status: 101)
[INFO] [stderr]   --- stderr
[INFO] [stderr]   error occured in handler:  ('event:   ', ('xcb', 'Sync', 'AlarmNotify'))
[INFO] [stderr]   Traceback (most recent call last):
[INFO] [stderr]     File "/opt/rustwide/cargo-home/registry/src/github.com-1ecc6299db9ec823/xcb-0.8.2/rs_client.py", line 2448, in <module>
[INFO] [stderr]       module.generate()
[INFO] [stderr]     File "/opt/rustwide/cargo-home/registry/src/github.com-1ecc6299db9ec823/xcb-0.8.2/xcbgen/state.py", line 108, in generate
[INFO] [stderr]       self.close()
[INFO] [stderr]     File "/opt/rustwide/cargo-home/registry/src/github.com-1ecc6299db9ec823/xcb-0.8.2/rs_client.py", line 296, in rs_close
[INFO] [stderr]       _f.writeout(os.path.join(module.rs_srcdir, "ffi", "%s.rs" % _module_name(_ns.ext_name)))
[INFO] [stderr]     File "/opt/rustwide/cargo-home/registry/src/github.com-1ecc6299db9ec823/xcb-0.8.2/rs_client.py", line 114, in writeout
[INFO] [stderr]       with open(path, 'w') as f:
[INFO] [stderr]   OSError: [Errno 30] Read-only file system: '/opt/rustwide/cargo-home/registry/src/github.com-1ecc6299db9ec823/xcb-0.8.2/src/ffi/sync.rs'
[INFO] [stderr]   thread 'main' panicked at 'processing of /opt/rustwide/cargo-home/registry/src/github.com-1ecc6299db9ec823/xcb-0.8.2/xml/sync.xml returned non-zero (1)', /opt/rustwide/cargo-home/registry/src/github.com-1ecc6299db9ec823/xcb-0.8.2/build.rs:75:17
[INFO] [stderr]   stack backtrace:
[INFO] [stderr]      0:     0x556349c42490 - std::backtrace_rs::backtrace::libunwind::trace::ha0ad43e8a952bfe7
[INFO] [stderr]                                  at /rustc/c8dfcfe046a7680554bf4eb612bad840e7631c4b/library/std/src/../../backtrace/src/backtrace/libunwind.rs:90:5
[INFO] [stderr]      1:     0x556349c42490 - std::backtrace_rs::backtrace::trace_unsynchronized::h6830419c0c4130dc
[INFO] [stderr]                                  at /rustc/c8dfcfe046a7680554bf4eb612bad840e7631c4b/library/std/src/../../backtrace/src/backtrace/mod.rs:66:5
[INFO] [stderr]      2:     0x556349c42490 - std::sys_common::backtrace::_print_fmt::h8f3516631ffa1ef5
[INFO] [stderr]                                  at /rustc/c8dfcfe046a7680554bf4eb612bad840e7631c4b/library/std/src/sys_common/backtrace.rs:67:5
[INFO] [stderr]      3:     0x556349c42490 - <std::sys_common::backtrace::_print::DisplayBacktrace as core::fmt::Display>::fmt::he1640d5f0d93f618
[INFO] [stderr]                                  at /rustc/c8dfcfe046a7680554bf4eb612bad840e7631c4b/library/std/src/sys_common/backtrace.rs:46:22
[INFO] [stderr]      4:     0x556349c5f7dc - core::fmt::write::h88012e1f01caeebf
[INFO] [stderr]                                  at /rustc/c8dfcfe046a7680554bf4eb612bad840e7631c4b/library/core/src/fmt/mod.rs:1115:17
[INFO] [stderr]      5:     0x556349c400a5 - std::io::Write::write_fmt::h360fa85b30182555
[INFO] [stderr]                                  at /rustc/c8dfcfe046a7680554bf4eb612bad840e7631c4b/library/std/src/io/mod.rs:1665:15
[INFO] [stderr]      6:     0x556349c4426b - std::sys_common::backtrace::_print::ha1f00492f406a015
[INFO] [stderr]                                  at /rustc/c8dfcfe046a7680554bf4eb612bad840e7631c4b/library/std/src/sys_common/backtrace.rs:49:5
[INFO] [stderr]      7:     0x556349c4426b - std::sys_common::backtrace::print::hd54561b13feb6af3
[INFO] [stderr]                                  at /rustc/c8dfcfe046a7680554bf4eb612bad840e7631c4b/library/std/src/sys_common/backtrace.rs:36:9
[INFO] [stderr]      8:     0x556349c4426b - std::panicking::default_hook::{{closure}}::h84fe124cd0864662
[INFO] [stderr]                                  at /rustc/c8dfcfe046a7680554bf4eb612bad840e7631c4b/library/std/src/panicking.rs:208:50
[INFO] [stderr]      9:     0x556349c43d41 - std::panicking::default_hook::h5a8e74a76ce290a7
[INFO] [stderr]                                  at /rustc/c8dfcfe046a7680554bf4eb612bad840e7631c4b/library/std/src/panicking.rs:225:9
[INFO] [stderr]     10:     0x556349c44934 - std::panicking::rust_panic_with_hook::h67c812a4fe9d4c91
[INFO] [stderr]                                  at /rustc/c8dfcfe046a7680554bf4eb612bad840e7631c4b/library/std/src/panicking.rs:622:17
[INFO] [stderr]     11:     0x556349c44417 - std::panicking::begin_panic_handler::{{closure}}::h33f9c1b96af300d7
[INFO] [stderr]                                  at /rustc/c8dfcfe046a7680554bf4eb612bad840e7631c4b/library/std/src/panicking.rs:519:13
[INFO] [stderr]     12:     0x556349c4298c - std::sys_common::backtrace::__rust_end_short_backtrace::h51bae64be5921f0e
[INFO] [stderr]                                  at /rustc/c8dfcfe046a7680554bf4eb612bad840e7631c4b/library/std/src/sys_common/backtrace.rs:141:18
[INFO] [stderr]     13:     0x556349c44379 - rust_begin_unwind
[INFO] [stderr]                                  at /rustc/c8dfcfe046a7680554bf4eb612bad840e7631c4b/library/std/src/panicking.rs:515:5
[INFO] [stderr]     14:     0x556349c24b9b - std::panicking::begin_panic_fmt::h7ab3d84aa4ae32a2
[INFO] [stderr]                                  at /rustc/c8dfcfe046a7680554bf4eb612bad840e7631c4b/library/std/src/panicking.rs:457:5
[INFO] [stderr]     15:     0x556349c286f9 - build_script_build::main::{{closure}}::h94e47b968f1ef1d2
[INFO] [stderr]                                  at /opt/rustwide/cargo-home/registry/src/github.com-1ecc6299db9ec823/xcb-0.8.2/build.rs:75:17
[INFO] [stderr]     16:     0x556349c272f0 - build_script_build::visit_xml::h28fca851c3c0892f
[INFO] [stderr]                                  at /opt/rustwide/cargo-home/registry/src/github.com-1ecc6299db9ec823/xcb-0.8.2/build.rs:20:44
[INFO] [stderr]     17:     0x556349c27a80 - build_script_build::main::h3e5b64df761bc657
[INFO] [stderr]                                  at /opt/rustwide/cargo-home/registry/src/github.com-1ecc6299db9ec823/xcb-0.8.2/build.rs:56:5
[INFO] [stderr]     18:     0x556349c2c76b - core::ops::function::FnOnce::call_once::h7057339082d6923c
[INFO] [stderr]                                  at /rustc/c8dfcfe046a7680554bf4eb612bad840e7631c4b/library/core/src/ops/function.rs:227:5
[INFO] [stderr]     19:     0x556349c2d99e - std::sys_common::backtrace::__rust_begin_short_backtrace::h34d973834ffd72ca
[INFO] [stderr]                                  at /rustc/c8dfcfe046a7680554bf4eb612bad840e7631c4b/library/std/src/sys_common/backtrace.rs:125:18
[INFO] [stderr]     20:     0x556349c2bc11 - std::rt::lang_start::{{closure}}::h33f16cef404f261b
[INFO] [stderr]                                  at /rustc/c8dfcfe046a7680554bf4eb612bad840e7631c4b/library/std/src/rt.rs:63:18
[INFO] [stderr]     21:     0x556349c44e3a - core::ops::function::impls::<impl core::ops::function::FnOnce<A> for &F>::call_once::ha9408abe89f69dc4
[INFO] [stderr]                                  at /rustc/c8dfcfe046a7680554bf4eb612bad840e7631c4b/library/core/src/ops/function.rs:259:13
[INFO] [stderr]     22:     0x556349c44e3a - std::panicking::try::do_call::h5b0cc9e9102acb65
[INFO] [stderr]                                  at /rustc/c8dfcfe046a7680554bf4eb612bad840e7631c4b/library/std/src/panicking.rs:401:40
[INFO] [stderr]     23:     0x556349c44e3a - std::panicking::try::hddc7f8229138b3ba
[INFO] [stderr]                                  at /rustc/c8dfcfe046a7680554bf4eb612bad840e7631c4b/library/std/src/panicking.rs:365:19
[INFO] [stderr]     24:     0x556349c44e3a - std::panic::catch_unwind::hfa401ff8bab2986e
[INFO] [stderr]                                  at /rustc/c8dfcfe046a7680554bf4eb612bad840e7631c4b/library/std/src/panic.rs:434:14
[INFO] [stderr]     25:     0x556349c44e3a - std::rt::lang_start_internal::{{closure}}::h8163422320d11405
[INFO] [stderr]                                  at /rustc/c8dfcfe046a7680554bf4eb612bad840e7631c4b/library/std/src/rt.rs:45:48
[INFO] [stderr]     26:     0x556349c44e3a - std::panicking::try::do_call::hc742cc7bb4f0fb20
[INFO] [stderr]                                  at /rustc/c8dfcfe046a7680554bf4eb612bad840e7631c4b/library/std/src/panicking.rs:401:40
[INFO] [stderr]     27:     0x556349c44e3a - std::panicking::try::ha37d8d2dd1acf7d3
[INFO] [stderr]                                  at /rustc/c8dfcfe046a7680554bf4eb612bad840e7631c4b/library/std/src/panicking.rs:365:19
[INFO] [stderr]     28:     0x556349c44e3a - std::panic::catch_unwind::h8a5381d5ecf437bc
[INFO] [stderr]                                  at /rustc/c8dfcfe046a7680554bf4eb612bad840e7631c4b/library/std/src/panic.rs:434:14
[INFO] [stderr]     29:     0x556349c44e3a - std::rt::lang_start_internal::h7e2cee8c90d4a4d3
[INFO] [stderr]                                  at /rustc/c8dfcfe046a7680554bf4eb612bad840e7631c4b/library/std/src/rt.rs:45:20
[INFO] [stderr]     30:     0x556349c2bbe0 - std::rt::lang_start::hcc08b0003b80a0ee
[INFO] [stderr]                                  at /rustc/c8dfcfe046a7680554bf4eb612bad840e7631c4b/library/std/src/rt.rs:62:5
[INFO] [stderr]     31:     0x556349c2875c - main
[INFO] [stderr]     32:     0x7f963c4220b3 - __libc_start_main
[INFO] [stderr]     33:     0x556349c2593e - _start
[INFO] [stderr]     34:                0x0 - <unknown>
[INFO] [stderr] warning: build failed, waiting for other jobs to finish...
[INFO] [stdout] error: type parameters must be declared prior to const parameters
[INFO] [stdout]   --> /opt/rustwide/cargo-home/registry/src/github.com-1ecc6299db9ec823/packed_simd_2-0.3.6/src/codegen/llvm.rs:20:54
[INFO] [stdout]    |
[INFO] [stdout] 20 | pub unsafe fn __shuffle_vector2<const IDX: [u32; 2], T, U>(x: T, y: T) -> U
[INFO] [stdout]    |                                ----------------------^--^- help: reorder the parameters: lifetimes, then types, then consts: `<T, U, const IDX: [u32; 2]>`
[INFO] [stdout] 
[INFO] [stdout] 
[INFO] [stdout] error: type parameters must be declared prior to const parameters
[INFO] [stdout]   --> /opt/rustwide/cargo-home/registry/src/github.com-1ecc6299db9ec823/packed_simd_2-0.3.6/src/codegen/llvm.rs:30:54
[INFO] [stdout]    |
[INFO] [stdout] 30 | pub unsafe fn __shuffle_vector4<const IDX: [u32; 4], T, U>(x: T, y: T) -> U
[INFO] [stdout]    |                                ----------------------^--^- help: reorder the parameters: lifetimes, then types, then consts: `<T, U, const IDX: [u32; 4]>`
[INFO] [stdout] 
[INFO] [stdout] 
[INFO] [stdout] error: type parameters must be declared prior to const parameters
[INFO] [stdout]   --> /opt/rustwide/cargo-home/registry/src/github.com-1ecc6299db9ec823/packed_simd_2-0.3.6/src/codegen/llvm.rs:40:54
[INFO] [stdout]    |
[INFO] [stdout] 40 | pub unsafe fn __shuffle_vector8<const IDX: [u32; 8], T, U>(x: T, y: T) -> U
[INFO] [stdout]    |                                ----------------------^--^- help: reorder the parameters: lifetimes, then types, then consts: `<T, U, const IDX: [u32; 8]>`
[INFO] [stdout] 
[INFO] [stdout] 
[INFO] [stdout] error: type parameters must be declared prior to const parameters
[INFO] [stdout]   --> /opt/rustwide/cargo-home/registry/src/github.com-1ecc6299db9ec823/packed_simd_2-0.3.6/src/codegen/llvm.rs:50:56
[INFO] [stdout]    |
[INFO] [stdout] 50 | pub unsafe fn __shuffle_vector16<const IDX: [u32; 16], T, U>(x: T, y: T) -> U
[INFO] [stdout]    |                                 -----------------------^--^- help: reorder the parameters: lifetimes, then types, then consts: `<T, U, const IDX: [u32; 16]>`
[INFO] [stdout] 
[INFO] [stdout] 
[INFO] [stdout] error: type parameters must be declared prior to const parameters
[INFO] [stdout]   --> /opt/rustwide/cargo-home/registry/src/github.com-1ecc6299db9ec823/packed_simd_2-0.3.6/src/codegen/llvm.rs:60:56
[INFO] [stdout]    |
[INFO] [stdout] 60 | pub unsafe fn __shuffle_vector32<const IDX: [u32; 32], T, U>(x: T, y: T) -> U
[INFO] [stdout]    |                                 -----------------------^--^- help: reorder the parameters: lifetimes, then types, then consts: `<T, U, const IDX: [u32; 32]>`
[INFO] [stdout] 
[INFO] [stdout] 
[INFO] [stdout] error: type parameters must be declared prior to const parameters
[INFO] [stdout]   --> /opt/rustwide/cargo-home/registry/src/github.com-1ecc6299db9ec823/packed_simd_2-0.3.6/src/codegen/llvm.rs:70:56
[INFO] [stdout]    |
[INFO] [stdout] 70 | pub unsafe fn __shuffle_vector64<const IDX: [u32; 64], T, U>(x: T, y: T) -> U
[INFO] [stdout]    |                                 -----------------------^--^- help: reorder the parameters: lifetimes, then types, then consts: `<T, U, const IDX: [u32; 64]>`
[INFO] [stdout] 
[INFO] [stdout] 
[INFO] [stdout] error[E0554]: `#![feature]` may not be used on the stable release channel
[INFO] [stdout]    --> /opt/rustwide/cargo-home/registry/src/github.com-1ecc6299db9ec823/packed_simd_2-0.3.6/src/lib.rs:214:1
[INFO] [stdout]     |
[INFO] [stdout] 214 | / #![feature(
[INFO] [stdout] 215 | |     adt_const_params,
[INFO] [stdout] 216 | |     repr_simd,
[INFO] [stdout] 217 | |     rustc_attrs,
[INFO] [stdout] ...   |
[INFO] [stdout] 227 | |     llvm_asm
[INFO] [stdout] 228 | | )]
[INFO] [stdout]     | |__^
[INFO] [stdout] 
[INFO] [stdout] 
[INFO] [stdout] error: `[u32; 2]` is forbidden as the type of a const generic parameter
[INFO] [stdout]   --> /opt/rustwide/cargo-home/registry/src/github.com-1ecc6299db9ec823/packed_simd_2-0.3.6/src/codegen/llvm.rs:20:44
[INFO] [stdout]    |
[INFO] [stdout] 20 | pub unsafe fn __shuffle_vector2<const IDX: [u32; 2], T, U>(x: T, y: T) -> U
[INFO] [stdout]    |                                            ^^^^^^^^
[INFO] [stdout]    |
[INFO] [stdout]    = note: the only supported types are integers, `bool` and `char`
[INFO] [stdout] 
[INFO] [stdout] 
[INFO] [stdout] error: `[u32; 4]` is forbidden as the type of a const generic parameter
[INFO] [stdout]   --> /opt/rustwide/cargo-home/registry/src/github.com-1ecc6299db9ec823/packed_simd_2-0.3.6/src/codegen/llvm.rs:30:44
[INFO] [stdout]    |
[INFO] [stdout] 30 | pub unsafe fn __shuffle_vector4<const IDX: [u32; 4], T, U>(x: T, y: T) -> U
[INFO] [stdout]    |                                            ^^^^^^^^
[INFO] [stdout]    |
[INFO] [stdout]    = note: the only supported types are integers, `bool` and `char`
[INFO] [stdout] 
[INFO] [stdout] 
[INFO] [stdout] error: `[u32; 8]` is forbidden as the type of a const generic parameter
[INFO] [stdout]   --> /opt/rustwide/cargo-home/registry/src/github.com-1ecc6299db9ec823/packed_simd_2-0.3.6/src/codegen/llvm.rs:40:44
[INFO] [stdout]    |
[INFO] [stdout] 40 | pub unsafe fn __shuffle_vector8<const IDX: [u32; 8], T, U>(x: T, y: T) -> U
[INFO] [stdout]    |                                            ^^^^^^^^
[INFO] [stdout]    |
[INFO] [stdout]    = note: the only supported types are integers, `bool` and `char`
[INFO] [stdout] 
[INFO] [stdout] 
[INFO] [stdout] error: `[u32; 16]` is forbidden as the type of a const generic parameter
[INFO] [stdout]   --> /opt/rustwide/cargo-home/registry/src/github.com-1ecc6299db9ec823/packed_simd_2-0.3.6/src/codegen/llvm.rs:50:45
[INFO] [stdout]    |
[INFO] [stdout] 50 | pub unsafe fn __shuffle_vector16<const IDX: [u32; 16], T, U>(x: T, y: T) -> U
[INFO] [stdout]    |                                             ^^^^^^^^^
[INFO] [stdout]    |
[INFO] [stdout]    = note: the only supported types are integers, `bool` and `char`
[INFO] [stdout] 
[INFO] [stdout] 
[INFO] [stdout] error: `[u32; 32]` is forbidden as the type of a const generic parameter
[INFO] [stdout]   --> /opt/rustwide/cargo-home/registry/src/github.com-1ecc6299db9ec823/packed_simd_2-0.3.6/src/codegen/llvm.rs:60:45
[INFO] [stdout]    |
[INFO] [stdout] 60 | pub unsafe fn __shuffle_vector32<const IDX: [u32; 32], T, U>(x: T, y: T) -> U
[INFO] [stdout]    |                                             ^^^^^^^^^
[INFO] [stdout]    |
[INFO] [stdout]    = note: the only supported types are integers, `bool` and `char`
[INFO] [stdout] 
[INFO] [stdout] 
[INFO] [stdout] error: `[u32; 64]` is forbidden as the type of a const generic parameter
[INFO] [stdout]   --> /opt/rustwide/cargo-home/registry/src/github.com-1ecc6299db9ec823/packed_simd_2-0.3.6/src/codegen/llvm.rs:70:45
[INFO] [stdout]    |
[INFO] [stdout] 70 | pub unsafe fn __shuffle_vector64<const IDX: [u32; 64], T, U>(x: T, y: T) -> U
[INFO] [stdout]    |                                             ^^^^^^^^^
[INFO] [stdout]    |
[INFO] [stdout]    = note: the only supported types are integers, `bool` and `char`
[INFO] [stdout] 
[INFO] [stdout] 
[INFO] [stdout] error: aborting due to 13 previous errors
[INFO] [stdout] 
[INFO] [stdout] 
[INFO] [stdout] For more information about this error, try `rustc --explain E0554`.
[INFO] [stdout] 
[INFO] [stderr] error: build failed
[INFO] running `Command { std: "docker" "inspect" "281d5f30b39f47c9bcd22bf92c3fd0c335d415143ee5d6ef2bb09d64968d22a5", kill_on_drop: false }`
[INFO] running `Command { std: "docker" "rm" "-f" "281d5f30b39f47c9bcd22bf92c3fd0c335d415143ee5d6ef2bb09d64968d22a5", kill_on_drop: false }`
[INFO] [stdout] 281d5f30b39f47c9bcd22bf92c3fd0c335d415143ee5d6ef2bb09d64968d22a5
