[INFO] cloning repository https://github.com/sigmaSd/trycatch
[INFO] running `Command { std: "git" "-c" "credential.helper=" "-c" "credential.helper=/workspace/cargo-home/bin/git-credential-null" "clone" "--bare" "https://github.com/sigmaSd/trycatch" "/workspace/cache/git-repos/https%3A%2F%2Fgithub.com%2FsigmaSd%2Ftrycatch", kill_on_drop: false }`
[INFO] [stderr] Cloning into bare repository '/workspace/cache/git-repos/https%3A%2F%2Fgithub.com%2FsigmaSd%2Ftrycatch'...
[INFO] running `Command { std: "git" "rev-parse" "HEAD", kill_on_drop: false }`
[INFO] [stdout] 53f81af1d3448ddfa364a4fbe18df5971b222508
[INFO] checking sigmaSd/trycatch against beta-2021-10-15 for beta-1.56-3
[INFO] running `Command { std: "git" "clone" "/workspace/cache/git-repos/https%3A%2F%2Fgithub.com%2FsigmaSd%2Ftrycatch" "/workspace/builds/worker-9/source", kill_on_drop: false }`
[INFO] [stderr] Cloning into '/workspace/builds/worker-9/source'...
[INFO] [stderr] done.
[INFO] validating manifest of git repo https://github.com/sigmaSd/trycatch on toolchain beta-2021-10-15
[INFO] running `Command { std: "/workspace/cargo-home/bin/cargo" "+beta-2021-10-15" "metadata" "--manifest-path" "Cargo.toml" "--no-deps", kill_on_drop: false }`
[INFO] started tweaking git repo https://github.com/sigmaSd/trycatch
[INFO] finished tweaking git repo https://github.com/sigmaSd/trycatch
[INFO] tweaked toml for git repo https://github.com/sigmaSd/trycatch written to /workspace/builds/worker-9/source/Cargo.toml
[INFO] crate git repo https://github.com/sigmaSd/trycatch already has a lockfile, it will not be regenerated
[INFO] running `Command { std: "/workspace/cargo-home/bin/cargo" "+beta-2021-10-15" "fetch" "--manifest-path" "Cargo.toml", kill_on_drop: false }`
[INFO] running `Command { std: "docker" "create" "-v" "/var/lib/crater-agent-workspace/builds/worker-9/target:/opt/rustwide/target:rw,Z" "-v" "/var/lib/crater-agent-workspace/builds/worker-9/source:/opt/rustwide/workdir:ro,Z" "-v" "/var/lib/crater-agent-workspace/cargo-home:/opt/rustwide/cargo-home:ro,Z" "-v" "/var/lib/crater-agent-workspace/rustup-home:/opt/rustwide/rustup-home:ro,Z" "-e" "SOURCE_DIR=/opt/rustwide/workdir" "-e" "CARGO_TARGET_DIR=/opt/rustwide/target" "-e" "CARGO_HOME=/opt/rustwide/cargo-home" "-e" "RUSTUP_HOME=/opt/rustwide/rustup-home" "-w" "/opt/rustwide/workdir" "-m" "1610612736" "--user" "0:0" "--network" "none" "ghcr.io/rust-lang/crates-build-env/linux@sha256:a89201d6b5b9fd45c15d5952ece0a0129e7e80cb26ec023fd59cf09bc26f1604" "/opt/rustwide/cargo-home/bin/cargo" "+beta-2021-10-15" "metadata" "--no-deps" "--format-version=1", kill_on_drop: false }`
[INFO] [stderr] WARNING: Your kernel does not support swap limit capabilities or the cgroup is not mounted. Memory limited without swap.
[INFO] [stdout] 541cb15492aae217ddcb1facab6e63dc3e7fcb9d6ccf2cdf2ebabffa1fb46d00
[INFO] running `Command { std: "docker" "start" "-a" "541cb15492aae217ddcb1facab6e63dc3e7fcb9d6ccf2cdf2ebabffa1fb46d00", kill_on_drop: false }`
[INFO] running `Command { std: "docker" "inspect" "541cb15492aae217ddcb1facab6e63dc3e7fcb9d6ccf2cdf2ebabffa1fb46d00", kill_on_drop: false }`
[INFO] running `Command { std: "docker" "rm" "-f" "541cb15492aae217ddcb1facab6e63dc3e7fcb9d6ccf2cdf2ebabffa1fb46d00", kill_on_drop: false }`
[INFO] [stdout] 541cb15492aae217ddcb1facab6e63dc3e7fcb9d6ccf2cdf2ebabffa1fb46d00
[INFO] running `Command { std: "docker" "create" "-v" "/var/lib/crater-agent-workspace/builds/worker-9/target:/opt/rustwide/target:rw,Z" "-v" "/var/lib/crater-agent-workspace/builds/worker-9/source:/opt/rustwide/workdir:ro,Z" "-v" "/var/lib/crater-agent-workspace/cargo-home:/opt/rustwide/cargo-home:ro,Z" "-v" "/var/lib/crater-agent-workspace/rustup-home:/opt/rustwide/rustup-home:ro,Z" "-e" "SOURCE_DIR=/opt/rustwide/workdir" "-e" "CARGO_TARGET_DIR=/opt/rustwide/target" "-e" "CARGO_INCREMENTAL=0" "-e" "RUST_BACKTRACE=full" "-e" "RUSTFLAGS=--cap-lints=warn" "-e" "CARGO_HOME=/opt/rustwide/cargo-home" "-e" "RUSTUP_HOME=/opt/rustwide/rustup-home" "-w" "/opt/rustwide/workdir" "-m" "1610612736" "--user" "0:0" "--network" "none" "ghcr.io/rust-lang/crates-build-env/linux@sha256:a89201d6b5b9fd45c15d5952ece0a0129e7e80cb26ec023fd59cf09bc26f1604" "/opt/rustwide/cargo-home/bin/cargo" "+beta-2021-10-15" "check" "--frozen" "--all" "--all-targets" "--message-format=json", kill_on_drop: false }`
[INFO] [stderr] WARNING: Your kernel does not support swap limit capabilities or the cgroup is not mounted. Memory limited without swap.
[INFO] [stdout] 5e2443e035a60ce5e9f298852578d82783ce5b01c05981d1980e6af274654a54
[INFO] running `Command { std: "docker" "start" "-a" "5e2443e035a60ce5e9f298852578d82783ce5b01c05981d1980e6af274654a54", kill_on_drop: false }`
[INFO] [stderr]    Compiling trycatch-derive v0.1.0 (/opt/rustwide/workdir/trycatch-derive)
[INFO] [stderr]     Checking trycatch v0.1.0 (/opt/rustwide/workdir)
[INFO] [stdout] error[E0277]: `MyE` doesn't implement `Debug`
[INFO] [stdout]    --> src/lib.rs:145:18
[INFO] [stdout]     |
[INFO] [stdout] 145 |         #[derive(Exception)]
[INFO] [stdout]     |                  ^^^^^^^^^ `MyE` cannot be formatted using `{:?}`
[INFO] [stdout]     |
[INFO] [stdout]     = help: the trait `Debug` is not implemented for `MyE`
[INFO] [stdout]     = note: add `#[derive(Debug)]` to `MyE` or manually `impl Debug for MyE`
[INFO] [stdout] note: required by a bound in `Exception`
[INFO] [stdout]    --> src/lib.rs:99:39
[INFO] [stdout]     |
[INFO] [stdout] 99  | pub trait Exception: 'static + Send + fmt::Debug {
[INFO] [stdout]     |                                       ^^^^^^^^^^ required by this bound in `Exception`
[INFO] [stdout]     = note: this error originates in the derive macro `Exception` (in Nightly builds, run with -Z macro-backtrace for more info)
[INFO] [stdout] 
[INFO] [stdout] 
[INFO] [stdout] error[E0277]: `E` doesn't implement `Debug`
[INFO] [stdout]    --> src/lib.rs:176:18
[INFO] [stdout]     |
[INFO] [stdout] 176 |         #[derive(Exception)]
[INFO] [stdout]     |                  ^^^^^^^^^ `E` cannot be formatted using `{:?}`
[INFO] [stdout]     |
[INFO] [stdout]     = help: the trait `Debug` is not implemented for `E`
[INFO] [stdout]     = note: add `#[derive(Debug)]` to `E` or manually `impl Debug for E`
[INFO] [stdout] note: required by a bound in `Exception`
[INFO] [stdout]    --> src/lib.rs:99:39
[INFO] [stdout]     |
[INFO] [stdout] 99  | pub trait Exception: 'static + Send + fmt::Debug {
[INFO] [stdout]     |                                       ^^^^^^^^^^ required by this bound in `Exception`
[INFO] [stdout]     = note: this error originates in the derive macro `Exception` (in Nightly builds, run with -Z macro-backtrace for more info)
[INFO] [stdout] 
[INFO] [stdout] 
[INFO] [stdout] error[E0277]: `test::multi_exception::A` doesn't implement `Debug`
[INFO] [stdout]    --> src/lib.rs:188:18
[INFO] [stdout]     |
[INFO] [stdout] 188 |         #[derive(Exception)]
[INFO] [stdout]     |                  ^^^^^^^^^ `test::multi_exception::A` cannot be formatted using `{:?}`
[INFO] [stdout]     |
[INFO] [stdout]     = help: the trait `Debug` is not implemented for `test::multi_exception::A`
[INFO] [stdout]     = note: add `#[derive(Debug)]` to `test::multi_exception::A` or manually `impl Debug for test::multi_exception::A`
[INFO] [stdout] note: required by a bound in `Exception`
[INFO] [stdout]    --> src/lib.rs:99:39
[INFO] [stdout]     |
[INFO] [stdout] 99  | pub trait Exception: 'static + Send + fmt::Debug {
[INFO] [stdout]     |                                       ^^^^^^^^^^ required by this bound in `Exception`
[INFO] [stdout]     = note: this error originates in the derive macro `Exception` (in Nightly builds, run with -Z macro-backtrace for more info)
[INFO] [stdout] 
[INFO] [stdout] 
[INFO] [stdout] error[E0277]: `test::multi_exception::B` doesn't implement `Debug`
[INFO] [stdout]    --> src/lib.rs:190:18
[INFO] [stdout]     |
[INFO] [stdout] 190 |         #[derive(Exception)]
[INFO] [stdout]     |                  ^^^^^^^^^ `test::multi_exception::B` cannot be formatted using `{:?}`
[INFO] [stdout]     |
[INFO] [stdout]     = help: the trait `Debug` is not implemented for `test::multi_exception::B`
[INFO] [stdout]     = note: add `#[derive(Debug)]` to `test::multi_exception::B` or manually `impl Debug for test::multi_exception::B`
[INFO] [stdout] note: required by a bound in `Exception`
[INFO] [stdout]    --> src/lib.rs:99:39
[INFO] [stdout]     |
[INFO] [stdout] 99  | pub trait Exception: 'static + Send + fmt::Debug {
[INFO] [stdout]     |                                       ^^^^^^^^^^ required by this bound in `Exception`
[INFO] [stdout]     = note: this error originates in the derive macro `Exception` (in Nightly builds, run with -Z macro-backtrace for more info)
[INFO] [stdout] 
[INFO] [stdout] 
[INFO] [stdout] error[E0277]: `test::simpler::A` doesn't implement `Debug`
[INFO] [stdout]    --> src/lib.rs:212:18
[INFO] [stdout]     |
[INFO] [stdout] 212 |         #[derive(Exception)]
[INFO] [stdout]     |                  ^^^^^^^^^ `test::simpler::A` cannot be formatted using `{:?}`
[INFO] [stdout]     |
[INFO] [stdout]     = help: the trait `Debug` is not implemented for `test::simpler::A`
[INFO] [stdout]     = note: add `#[derive(Debug)]` to `test::simpler::A` or manually `impl Debug for test::simpler::A`
[INFO] [stdout] note: required by a bound in `Exception`
[INFO] [stdout]    --> src/lib.rs:99:39
[INFO] [stdout]     |
[INFO] [stdout] 99  | pub trait Exception: 'static + Send + fmt::Debug {
[INFO] [stdout]     |                                       ^^^^^^^^^^ required by this bound in `Exception`
[INFO] [stdout]     = note: this error originates in the derive macro `Exception` (in Nightly builds, run with -Z macro-backtrace for more info)
[INFO] [stdout] 
[INFO] [stdout] 
[INFO] [stdout] error[E0277]: `test::complex::A` doesn't implement `Debug`
[INFO] [stdout]    --> src/lib.rs:220:18
[INFO] [stdout]     |
[INFO] [stdout] 220 |         #[derive(Exception)]
[INFO] [stdout]     |                  ^^^^^^^^^ `test::complex::A` cannot be formatted using `{:?}`
[INFO] [stdout]     |
[INFO] [stdout]     = help: the trait `Debug` is not implemented for `test::complex::A`
[INFO] [stdout]     = note: add `#[derive(Debug)]` to `test::complex::A` or manually `impl Debug for test::complex::A`
[INFO] [stdout] note: required by a bound in `Exception`
[INFO] [stdout]    --> src/lib.rs:99:39
[INFO] [stdout]     |
[INFO] [stdout] 99  | pub trait Exception: 'static + Send + fmt::Debug {
[INFO] [stdout]     |                                       ^^^^^^^^^^ required by this bound in `Exception`
[INFO] [stdout]     = note: this error originates in the derive macro `Exception` (in Nightly builds, run with -Z macro-backtrace for more info)
[INFO] [stdout] 
[INFO] [stdout] 
[INFO] [stdout] error[E0277]: `test::complex::B` doesn't implement `Debug`
[INFO] [stdout]    --> src/lib.rs:222:18
[INFO] [stdout]     |
[INFO] [stdout] 222 |         #[derive(Exception)]
[INFO] [stdout]     |                  ^^^^^^^^^ `test::complex::B` cannot be formatted using `{:?}`
[INFO] [stdout]     |
[INFO] [stdout]     = help: the trait `Debug` is not implemented for `test::complex::B`
[INFO] [stdout]     = note: add `#[derive(Debug)]` to `test::complex::B` or manually `impl Debug for test::complex::B`
[INFO] [stdout] note: required by a bound in `Exception`
[INFO] [stdout]    --> src/lib.rs:99:39
[INFO] [stdout]     |
[INFO] [stdout] 99  | pub trait Exception: 'static + Send + fmt::Debug {
[INFO] [stdout]     |                                       ^^^^^^^^^^ required by this bound in `Exception`
[INFO] [stdout]     = note: this error originates in the derive macro `Exception` (in Nightly builds, run with -Z macro-backtrace for more info)
[INFO] [stdout] 
[INFO] [stdout] 
[INFO] [stdout] error: aborting due to 7 previous errors
[INFO] [stdout] 
[INFO] [stdout] 
[INFO] [stdout] For more information about this error, try `rustc --explain E0277`.
[INFO] [stdout] 
[INFO] [stderr] error: could not compile `trycatch` due to 8 previous errors
[INFO] running `Command { std: "docker" "inspect" "5e2443e035a60ce5e9f298852578d82783ce5b01c05981d1980e6af274654a54", kill_on_drop: false }`
[INFO] running `Command { std: "docker" "rm" "-f" "5e2443e035a60ce5e9f298852578d82783ce5b01c05981d1980e6af274654a54", kill_on_drop: false }`
[INFO] [stdout] 5e2443e035a60ce5e9f298852578d82783ce5b01c05981d1980e6af274654a54
