[INFO] cloning repository https://github.com/shymega/scrobblers
[INFO] running `Command { std: "git" "-c" "credential.helper=" "-c" "credential.helper=/workspace/cargo-home/bin/git-credential-null" "clone" "--bare" "https://github.com/shymega/scrobblers" "/workspace/cache/git-repos/https%3A%2F%2Fgithub.com%2Fshymega%2Fscrobblers", kill_on_drop: false }`
[INFO] [stderr] Cloning into bare repository '/workspace/cache/git-repos/https%3A%2F%2Fgithub.com%2Fshymega%2Fscrobblers'...
[INFO] running `Command { std: "git" "rev-parse" "HEAD", kill_on_drop: false }`
[INFO] [stdout] ac871c89b02e9f67c05e286fcc618ad72f29e099
[INFO] checking shymega/scrobblers against 1.55.0 for beta-1.56-3
[INFO] running `Command { std: "git" "clone" "/workspace/cache/git-repos/https%3A%2F%2Fgithub.com%2Fshymega%2Fscrobblers" "/workspace/builds/worker-10/source", kill_on_drop: false }`
[INFO] [stderr] Cloning into '/workspace/builds/worker-10/source'...
[INFO] [stderr] done.
[INFO] validating manifest of git repo https://github.com/shymega/scrobblers on toolchain 1.55.0
[INFO] running `Command { std: "/workspace/cargo-home/bin/cargo" "+1.55.0" "metadata" "--manifest-path" "Cargo.toml" "--no-deps", kill_on_drop: false }`
[INFO] removed /workspace/builds/worker-10/source/rust-toolchain
[INFO] started tweaking git repo https://github.com/shymega/scrobblers
[INFO] finished tweaking git repo https://github.com/shymega/scrobblers
[INFO] tweaked toml for git repo https://github.com/shymega/scrobblers written to /workspace/builds/worker-10/source/Cargo.toml
[INFO] crate git repo https://github.com/shymega/scrobblers already has a lockfile, it will not be regenerated
[INFO] running `Command { std: "/workspace/cargo-home/bin/cargo" "+1.55.0" "fetch" "--manifest-path" "Cargo.toml", kill_on_drop: false }`
[INFO] [stderr]     Blocking waiting for file lock on package cache
[INFO] running `Command { std: "docker" "create" "-v" "/var/lib/crater-agent-workspace/builds/worker-10/target:/opt/rustwide/target:rw,Z" "-v" "/var/lib/crater-agent-workspace/builds/worker-10/source:/opt/rustwide/workdir:ro,Z" "-v" "/var/lib/crater-agent-workspace/cargo-home:/opt/rustwide/cargo-home:ro,Z" "-v" "/var/lib/crater-agent-workspace/rustup-home:/opt/rustwide/rustup-home:ro,Z" "-e" "SOURCE_DIR=/opt/rustwide/workdir" "-e" "CARGO_TARGET_DIR=/opt/rustwide/target" "-e" "CARGO_HOME=/opt/rustwide/cargo-home" "-e" "RUSTUP_HOME=/opt/rustwide/rustup-home" "-w" "/opt/rustwide/workdir" "-m" "1610612736" "--user" "0:0" "--network" "none" "ghcr.io/rust-lang/crates-build-env/linux@sha256:a89201d6b5b9fd45c15d5952ece0a0129e7e80cb26ec023fd59cf09bc26f1604" "/opt/rustwide/cargo-home/bin/cargo" "+1.55.0" "metadata" "--no-deps" "--format-version=1", kill_on_drop: false }`
[INFO] [stdout] 3ff0d2ca1925c7ed6ebbd82b4b9884eabbff7632279640b57788e4bf6428b6fc
[INFO] [stderr] WARNING: Your kernel does not support swap limit capabilities or the cgroup is not mounted. Memory limited without swap.
[INFO] running `Command { std: "docker" "start" "-a" "3ff0d2ca1925c7ed6ebbd82b4b9884eabbff7632279640b57788e4bf6428b6fc", kill_on_drop: false }`
[INFO] running `Command { std: "docker" "inspect" "3ff0d2ca1925c7ed6ebbd82b4b9884eabbff7632279640b57788e4bf6428b6fc", kill_on_drop: false }`
[INFO] running `Command { std: "docker" "rm" "-f" "3ff0d2ca1925c7ed6ebbd82b4b9884eabbff7632279640b57788e4bf6428b6fc", kill_on_drop: false }`
[INFO] [stdout] 3ff0d2ca1925c7ed6ebbd82b4b9884eabbff7632279640b57788e4bf6428b6fc
[INFO] running `Command { std: "docker" "create" "-v" "/var/lib/crater-agent-workspace/builds/worker-10/target:/opt/rustwide/target:rw,Z" "-v" "/var/lib/crater-agent-workspace/builds/worker-10/source:/opt/rustwide/workdir:ro,Z" "-v" "/var/lib/crater-agent-workspace/cargo-home:/opt/rustwide/cargo-home:ro,Z" "-v" "/var/lib/crater-agent-workspace/rustup-home:/opt/rustwide/rustup-home:ro,Z" "-e" "SOURCE_DIR=/opt/rustwide/workdir" "-e" "CARGO_TARGET_DIR=/opt/rustwide/target" "-e" "CARGO_INCREMENTAL=0" "-e" "RUST_BACKTRACE=full" "-e" "RUSTFLAGS=--cap-lints=warn" "-e" "CARGO_HOME=/opt/rustwide/cargo-home" "-e" "RUSTUP_HOME=/opt/rustwide/rustup-home" "-w" "/opt/rustwide/workdir" "-m" "1610612736" "--user" "0:0" "--network" "none" "ghcr.io/rust-lang/crates-build-env/linux@sha256:a89201d6b5b9fd45c15d5952ece0a0129e7e80cb26ec023fd59cf09bc26f1604" "/opt/rustwide/cargo-home/bin/cargo" "+1.55.0" "check" "--frozen" "--all" "--all-targets" "--message-format=json", kill_on_drop: false }`
[INFO] [stderr] WARNING: Your kernel does not support swap limit capabilities or the cgroup is not mounted. Memory limited without swap.
[INFO] [stdout] 3a88252c6a8e79c38ddac1c3e71964f8f8f39f7a2388eabae004e47199dbb87d
[INFO] running `Command { std: "docker" "start" "-a" "3a88252c6a8e79c38ddac1c3e71964f8f8f39f7a2388eabae004e47199dbb87d", kill_on_drop: false }`
[INFO] [stderr]    Compiling libc v0.2.73
[INFO] [stderr]    Compiling log v0.4.11
[INFO] [stderr]    Compiling proc-macro2 v1.0.19
[INFO] [stderr]    Compiling syn v1.0.35
[INFO] [stderr]     Checking futures v0.1.29
[INFO] [stderr]    Compiling slog v2.5.2
[INFO] [stderr]     Checking arc-swap v0.4.7
[INFO] [stderr]     Checking take_mut v0.2.2
[INFO] [stderr]    Compiling pkg-config v0.3.18
[INFO] [stderr]    Compiling serde v1.0.114
[INFO] [stderr]    Compiling serde_json v1.0.56
[INFO] [stderr]     Checking itoa v0.4.6
[INFO] [stderr]    Compiling serde_derive v1.0.114
[INFO] [stderr]     Checking regex-syntax v0.6.18
[INFO] [stderr]    Compiling winapi v0.3.9
[INFO] [stderr]     Checking tinyvec v0.3.3
[INFO] [stderr]    Compiling httparse v1.3.4
[INFO] [stderr]     Checking smallvec v1.4.1
[INFO] [stderr]    Compiling unicode-xid v0.0.4
[INFO] [stderr]     Checking adler v0.2.3
[INFO] [stderr]    Compiling failure_derive v0.1.8
[INFO] [stderr]     Checking gimli v0.22.0
[INFO] [stderr]    Compiling proc-macro-hack v0.5.16
[INFO] [stderr]     Checking object v0.20.0
[INFO] [stderr]     Checking mio-named-pipes v0.1.7
[INFO] [stderr]    Compiling quote v0.3.15
[INFO] [stderr]     Checking percent-encoding v1.0.1
[INFO] [stderr]     Checking rustc-demangle v0.1.16
[INFO] [stderr]     Checking safemem v0.3.3
[INFO] [stderr]    Compiling error-chain v0.10.0
[INFO] [stderr]     Checking unicode-width v0.1.8
[INFO] [stderr]     Checking language-tags v0.2.2
[INFO] [stderr]     Checking typeable v0.1.2
[INFO] [stderr]     Checking traitobject v0.1.0
[INFO] [stderr]     Checking bufstream v0.1.4
[INFO] [stderr]     Checking rustc-serialize v0.3.24
[INFO] [stderr]     Checking vec_map v0.8.2
[INFO] [stderr]    Compiling cc v1.0.58
[INFO] [stderr]    Compiling num-traits v0.2.12
[INFO] [stderr]    Compiling num-integer v0.1.43
[INFO] [stderr]    Compiling memoffset v0.5.5
[INFO] [stderr]     Checking lock_api v0.3.4
[INFO] [stderr]    Compiling proc-macro2 v0.3.8
[INFO] [stderr]    Compiling standback v0.2.9
[INFO] [stderr]    Compiling unicase v2.6.0
[INFO] [stderr]    Compiling proc-macro2 v0.2.3
[INFO] [stderr]    Compiling time v0.2.16
[INFO] [stderr]    Compiling unicase v1.4.2
[INFO] [stderr]     Checking unicode-normalization v0.1.13
[INFO] [stderr]     Checking miniz_oxide v0.4.0
[INFO] [stderr]    Compiling synom v0.11.3
[INFO] [stderr]    Compiling libdbus-sys v0.2.1
[INFO] [stderr]    Compiling libsqlite3-sys v0.18.0
[INFO] [stderr]    Compiling quote v0.4.2
[INFO] [stderr]     Checking tokio-sync v0.1.8
[INFO] [stderr]     Checking tokio-service v0.1.0
[INFO] [stderr]     Checking base64 v0.9.3
[INFO] [stderr]    Compiling syn v0.11.11
[INFO] [stderr]    Compiling quote v0.5.2
[INFO] [stderr]     Checking aho-corasick v0.7.13
[INFO] [stderr]     Checking bstr v0.2.13
[INFO] [stderr]     Checking log v0.3.9
[INFO] [stderr]    Compiling syn v0.12.15
[INFO] [stderr]     Checking tokio-executor v0.1.10
[INFO] [stderr]     Checking crossbeam-channel v0.4.3
[INFO] [stderr]     Checking crossbeam-queue v0.2.3
[INFO] [stderr]     Checking idna v0.1.5
[INFO] [stderr]    Compiling syn v0.13.11
[INFO] [stderr]     Checking slog-scope v4.3.0
[INFO] [stderr]     Checking crossbeam-epoch v0.8.2
[INFO] [stderr]     Checking addr2line v0.13.0
[INFO] [stderr]     Checking mime v0.2.6
[INFO] [stderr]     Checking iovec v0.1.4
[INFO] [stderr]     Checking time v0.1.43
[INFO] [stderr]     Checking num_cpus v1.13.0
[INFO] [stderr]     Checking dirs-sys v0.3.5
[INFO] [stderr]     Checking net2 v0.2.34
[INFO] [stderr]     Checking atty v0.2.14
[INFO] [stderr]     Checking parking_lot_core v0.6.2
[INFO] [stderr]     Checking getrandom v0.1.14
[INFO] [stderr]     Checking socket2 v0.3.12
[INFO] [stderr]     Checking parking_lot_core v0.7.2
[INFO] [stderr]     Checking term_size v0.3.2
[INFO] [stderr]     Checking tokio-timer v0.2.13
[INFO] [stderr]     Checking tokio-current-thread v0.1.7
[INFO] [stderr]    Compiling quote v1.0.7
[INFO] [stderr]    Compiling libloading v0.5.2
[INFO] [stderr]     Checking dbus v0.6.5
[INFO] [stderr]     Checking crossbeam-deque v0.7.3
[INFO] [stderr]     Checking slog-async v2.5.0
[INFO] [stderr]     Checking bytes v0.4.12
[INFO] [stderr]     Checking backtrace v0.3.50
[INFO] [stderr]     Checking dirs v2.0.2
[INFO] [stderr]     Checking regex v1.3.9
[INFO] [stderr]     Checking url v1.7.2
[INFO] [stderr]     Checking mio v0.6.22
[INFO] [stderr]     Checking textwrap v0.11.0
[INFO] [stderr]     Checking rand_core v0.5.1
[INFO] [stderr]     Checking mpd v0.0.12
[INFO] [stderr]     Checking parking_lot v0.9.0
[INFO] [stderr]     Checking miow v0.3.5
[INFO] [stderr]     Checking parking_lot v0.10.2
[INFO] [stderr]     Checking term v0.6.1
[INFO] [stderr]     Checking tokio-threadpool v0.1.18
[INFO] [stderr]     Checking tokio-io v0.1.13
[INFO] [stderr]     Checking clap v2.33.1
[INFO] [stderr]     Checking rand_chacha v0.2.2
[INFO] [stderr]     Checking chrono v0.4.13
[INFO] [stderr]     Checking tokio-codec v0.1.2
[INFO] [stderr]     Checking hyper v0.10.16
[INFO] [stderr]     Checking rand v0.7.3
[INFO] [stderr]     Checking tokio-reactor v0.1.12
[INFO] [stderr]     Checking mio-uds v0.6.8
[INFO] [stderr]     Checking tokio-fs v0.1.7
[INFO] [stderr]     Checking tokio-udp v0.1.6
[INFO] [stderr]     Checking tokio-uds v0.2.7
[INFO] [stderr]     Checking tokio-tcp v0.1.4
[INFO] [stderr]     Checking globset v0.4.5
[INFO] [stderr]    Compiling derive_is_enum_variant v0.1.1
[INFO] [stderr]     Checking slog-term v2.6.0
[INFO] [stderr]     Checking tokio v0.1.22
[INFO] [stderr]    Compiling enum-kinds v0.4.1
[INFO] [stderr]     Checking targets v0.1.0 (/opt/rustwide/workdir/lib/targets)
[INFO] [stderr]     Checking dyn v0.1.0 (/opt/rustwide/workdir/lib/dyn)
[INFO] [stderr]     Checking tokio-named-pipes v0.1.0
[INFO] [stderr]     Checking parity-tokio-ipc v0.4.0
[INFO] [stderr]     Checking scrobblers-controllers-cli v0.1.0 (/opt/rustwide/workdir/bin/controllers/cli)
[INFO] [stderr]    Compiling darling_core v0.4.0
[INFO] [stderr]    Compiling darling_macro v0.4.0
[INFO] [stderr]    Compiling synstructure v0.12.4
[INFO] [stderr]    Compiling darling v0.4.0
[INFO] [stderr]    Compiling from_variants_impl v0.3.0
[INFO] [stderr]    Compiling time-macros-impl v0.1.1
[INFO] [stderr]    Compiling diesel_derives v1.4.1
[INFO] [stderr]     Checking from_variants v0.3.0
[INFO] [stderr]     Checking time-macros v0.1.0
[INFO] [stderr]     Checking failure v0.1.8
[INFO] [stderr]     Checking mpris v1.1.2
[INFO] [stderr]     Checking sources v0.1.0 (/opt/rustwide/workdir/lib/sources)
[INFO] [stdout] error[E0432]: unresolved import `common`
[INFO] [stdout]   --> lib/sources/src/mpd/mod.rs:29:5
[INFO] [stdout]    |
[INFO] [stdout] 29 | use common::Song;
[INFO] [stdout]    |     ^^^^^^ help: a similar path exists: `crate::common`
[INFO] [stdout]    |
[INFO] [stdout]    = note: `use` statements changed in Rust 2018; read more at <https://doc.rust-lang.org/edition-guide/rust-2018/module-system/path-clarity.html>
[INFO] [stdout] 
[INFO] [stdout] 
[INFO] [stdout] warning: trait objects without an explicit `dyn` are deprecated
[INFO] [stdout]   --> lib/sources/src/common.rs:56:41
[INFO] [stdout]    |
[INFO] [stdout] 56 |     fn into_stream(&'a mut self) -> Box<Iterator<Item = ScrobbleEvent> + 'a>;
[INFO] [stdout]    |                                         ^^^^^^^^^^^^^^^^^^^^^^^^^^^^^^^^^^^ help: use `dyn`: `dyn Iterator<Item = ScrobbleEvent> + 'a`
[INFO] [stdout]    |
[INFO] [stdout]    = note: `#[warn(bare_trait_objects)]` on by default
[INFO] [stdout]    = warning: this is accepted in the current edition (Rust 2018) but is a hard error in Rust 2021!
[INFO] [stdout]    = note: for more information, see issue #80165 <https://github.com/rust-lang/rust/issues/80165>
[INFO] [stdout] 
[INFO] [stdout] 
[INFO] [stdout] warning: unused imports: `Metadata`, `PlaybackStatus`, `Progress`
[INFO] [stdout]   --> lib/sources/src/mpris.rs:20:31
[INFO] [stdout]    |
[INFO] [stdout] 20 | use mpris::{DBusError, Event, Metadata, PlaybackStatus, Player, PlayerFinder, Progress};
[INFO] [stdout]    |                               ^^^^^^^^  ^^^^^^^^^^^^^^                        ^^^^^^^^
[INFO] [stdout]    |
[INFO] [stdout]    = note: `#[warn(unused_imports)]` on by default
[INFO] [stdout] 
[INFO] [stdout] 
[INFO] [stdout] warning: the item `Event` is imported redundantly
[INFO] [stdout]   --> lib/sources/src/mpris.rs:51:9
[INFO] [stdout]    |
[INFO] [stdout] 20 | use mpris::{DBusError, Event, Metadata, PlaybackStatus, Player, PlayerFinder, Progress};
[INFO] [stdout]    |                        ----- the item `Event` is already imported here
[INFO] [stdout] ...
[INFO] [stdout] 51 |     use mpris::Event;
[INFO] [stdout]    |         ^^^^^^^^^^^^
[INFO] [stdout] 
[INFO] [stdout] 
[INFO] [stdout] warning: trait objects without an explicit `dyn` are deprecated
[INFO] [stdout]   --> lib/sources/src/mpris.rs:68:41
[INFO] [stdout]    |
[INFO] [stdout] 68 |     fn into_stream(&'a mut self) -> Box<Iterator<Item = ScrobbleEvent> + 'a> {
[INFO] [stdout]    |                                         ^^^^^^^^^^^^^^^^^^^^^^^^^^^^^^^^^^^ help: use `dyn`: `dyn Iterator<Item = ScrobbleEvent> + 'a`
[INFO] [stdout]    |
[INFO] [stdout]    = warning: this is accepted in the current edition (Rust 2018) but is a hard error in Rust 2021!
[INFO] [stdout]    = note: for more information, see issue #80165 <https://github.com/rust-lang/rust/issues/80165>
[INFO] [stdout] 
[INFO] [stdout] 
[INFO] [stdout] error[E0432]: unresolved import `common`
[INFO] [stdout]   --> lib/sources/src/mpd/mod.rs:29:5
[INFO] [stdout]    |
[INFO] [stdout] 29 | use common::Song;
[INFO] [stdout]    |     ^^^^^^ help: a similar path exists: `crate::common`
[INFO] [stdout]    |
[INFO] [stdout]    = note: `use` statements changed in Rust 2018; read more at <https://doc.rust-lang.org/edition-guide/rust-2018/module-system/path-clarity.html>
[INFO] [stdout] 
[INFO] [stdout] 
[INFO] [stdout] warning: trait objects without an explicit `dyn` are deprecated
[INFO] [stdout]   --> lib/sources/src/common.rs:56:41
[INFO] [stdout]    |
[INFO] [stdout] 56 |     fn into_stream(&'a mut self) -> Box<Iterator<Item = ScrobbleEvent> + 'a>;
[INFO] [stdout]    |                                         ^^^^^^^^^^^^^^^^^^^^^^^^^^^^^^^^^^^ help: use `dyn`: `dyn Iterator<Item = ScrobbleEvent> + 'a`
[INFO] [stdout]    |
[INFO] [stdout]    = note: `#[warn(bare_trait_objects)]` on by default
[INFO] [stdout]    = warning: this is accepted in the current edition (Rust 2018) but is a hard error in Rust 2021!
[INFO] [stdout]    = note: for more information, see issue #80165 <https://github.com/rust-lang/rust/issues/80165>
[INFO] [stdout] 
[INFO] [stdout] 
[INFO] [stdout] warning: unused imports: `Metadata`, `PlaybackStatus`, `Progress`
[INFO] [stdout]   --> lib/sources/src/mpris.rs:20:31
[INFO] [stdout]    |
[INFO] [stdout] 20 | use mpris::{DBusError, Event, Metadata, PlaybackStatus, Player, PlayerFinder, Progress};
[INFO] [stdout]    |                               ^^^^^^^^  ^^^^^^^^^^^^^^                        ^^^^^^^^
[INFO] [stdout]    |
[INFO] [stdout]    = note: `#[warn(unused_imports)]` on by default
[INFO] [stdout] 
[INFO] [stdout] 
[INFO] [stdout] warning: the item `Event` is imported redundantly
[INFO] [stdout]   --> lib/sources/src/mpris.rs:51:9
[INFO] [stdout]    |
[INFO] [stdout] 20 | use mpris::{DBusError, Event, Metadata, PlaybackStatus, Player, PlayerFinder, Progress};
[INFO] [stdout]    |                        ----- the item `Event` is already imported here
[INFO] [stdout] ...
[INFO] [stdout] 51 |     use mpris::Event;
[INFO] [stdout]    |         ^^^^^^^^^^^^
[INFO] [stdout] 
[INFO] [stdout] 
[INFO] [stdout] warning: trait objects without an explicit `dyn` are deprecated
[INFO] [stdout]   --> lib/sources/src/mpris.rs:68:41
[INFO] [stdout]    |
[INFO] [stdout] 68 |     fn into_stream(&'a mut self) -> Box<Iterator<Item = ScrobbleEvent> + 'a> {
[INFO] [stdout]    |                                         ^^^^^^^^^^^^^^^^^^^^^^^^^^^^^^^^^^^ help: use `dyn`: `dyn Iterator<Item = ScrobbleEvent> + 'a`
[INFO] [stdout]    |
[INFO] [stdout]    = warning: this is accepted in the current edition (Rust 2018) but is a hard error in Rust 2021!
[INFO] [stdout]    = note: for more information, see issue #80165 <https://github.com/rust-lang/rust/issues/80165>
[INFO] [stdout] 
[INFO] [stdout] 
[INFO] [stdout] error[E0599]: no variant or associated item named `NotActive` found for enum `ScrobbleEvent` in the current scope
[INFO] [stdout]   --> lib/sources/src/mpris.rs:59:47
[INFO] [stdout]    |
[INFO] [stdout] 59 |         Event::Stopped => Some(ScrobbleEvent::NotActive),
[INFO] [stdout]    |                                               ^^^^^^^^^ variant or associated item not found in `ScrobbleEvent`
[INFO] [stdout]    | 
[INFO] [stdout]   ::: lib/sources/src/common.rs:49:1
[INFO] [stdout]    |
[INFO] [stdout] 49 | pub enum ScrobbleEvent {
[INFO] [stdout]    | ---------------------- variant or associated item `NotActive` not found here
[INFO] [stdout] 
[INFO] [stdout] 
[INFO] [stdout] error: aborting due to 2 previous errors; 4 warnings emitted
[INFO] [stdout] 
[INFO] [stdout] 
[INFO] [stdout] Some errors have detailed explanations: E0432, E0599.
[INFO] [stdout] 
[INFO] [stdout] For more information about an error, try `rustc --explain E0432`.
[INFO] [stdout] 
[INFO] [stderr] error: could not compile `sources` due to 3 previous errors; 4 warnings emitted
[INFO] [stderr] warning: build failed, waiting for other jobs to finish...
[INFO] [stdout] error[E0599]: no variant or associated item named `NotActive` found for enum `ScrobbleEvent` in the current scope
[INFO] [stdout]   --> lib/sources/src/mpris.rs:59:47
[INFO] [stdout]    |
[INFO] [stdout] 59 |         Event::Stopped => Some(ScrobbleEvent::NotActive),
[INFO] [stdout]    |                                               ^^^^^^^^^ variant or associated item not found in `ScrobbleEvent`
[INFO] [stdout]    | 
[INFO] [stdout]   ::: lib/sources/src/common.rs:49:1
[INFO] [stdout]    |
[INFO] [stdout] 49 | pub enum ScrobbleEvent {
[INFO] [stdout]    | ---------------------- variant or associated item `NotActive` not found here
[INFO] [stdout] 
[INFO] [stdout] 
[INFO] [stdout] error: aborting due to 2 previous errors; 4 warnings emitted
[INFO] [stdout] 
[INFO] [stdout] 
[INFO] [stdout] Some errors have detailed explanations: E0432, E0599.
[INFO] [stdout] 
[INFO] [stdout] For more information about an error, try `rustc --explain E0432`.
[INFO] [stdout] 
[INFO] [stderr] error: build failed
[INFO] running `Command { std: "docker" "inspect" "3a88252c6a8e79c38ddac1c3e71964f8f8f39f7a2388eabae004e47199dbb87d", kill_on_drop: false }`
[INFO] running `Command { std: "docker" "rm" "-f" "3a88252c6a8e79c38ddac1c3e71964f8f8f39f7a2388eabae004e47199dbb87d", kill_on_drop: false }`
[INFO] [stdout] 3a88252c6a8e79c38ddac1c3e71964f8f8f39f7a2388eabae004e47199dbb87d
