[INFO] cloning repository https://github.com/shingtaklam1324/odd-plus-even
[INFO] running `Command { std: "git" "-c" "credential.helper=" "-c" "credential.helper=/workspace/cargo-home/bin/git-credential-null" "clone" "--bare" "https://github.com/shingtaklam1324/odd-plus-even" "/workspace/cache/git-repos/https%3A%2F%2Fgithub.com%2Fshingtaklam1324%2Fodd-plus-even", kill_on_drop: false }`
[INFO] [stderr] Cloning into bare repository '/workspace/cache/git-repos/https%3A%2F%2Fgithub.com%2Fshingtaklam1324%2Fodd-plus-even'...
[INFO] running `Command { std: "git" "rev-parse" "HEAD", kill_on_drop: false }`
[INFO] [stdout] 41727665a0c6060e378802013157be1594c159fe
[INFO] checking shingtaklam1324/odd-plus-even against 1.55.0 for beta-1.56-3
[INFO] running `Command { std: "git" "clone" "/workspace/cache/git-repos/https%3A%2F%2Fgithub.com%2Fshingtaklam1324%2Fodd-plus-even" "/workspace/builds/worker-11/source", kill_on_drop: false }`
[INFO] [stderr] Cloning into '/workspace/builds/worker-11/source'...
[INFO] [stderr] done.
[INFO] validating manifest of git repo https://github.com/shingtaklam1324/odd-plus-even on toolchain 1.55.0
[INFO] running `Command { std: "/workspace/cargo-home/bin/cargo" "+1.55.0" "metadata" "--manifest-path" "Cargo.toml" "--no-deps", kill_on_drop: false }`
[INFO] started tweaking git repo https://github.com/shingtaklam1324/odd-plus-even
[INFO] finished tweaking git repo https://github.com/shingtaklam1324/odd-plus-even
[INFO] tweaked toml for git repo https://github.com/shingtaklam1324/odd-plus-even written to /workspace/builds/worker-11/source/Cargo.toml
[INFO] crate git repo https://github.com/shingtaklam1324/odd-plus-even already has a lockfile, it will not be regenerated
[INFO] running `Command { std: "/workspace/cargo-home/bin/cargo" "+1.55.0" "fetch" "--manifest-path" "Cargo.toml", kill_on_drop: false }`
[INFO] running `Command { std: "docker" "create" "-v" "/var/lib/crater-agent-workspace/builds/worker-11/target:/opt/rustwide/target:rw,Z" "-v" "/var/lib/crater-agent-workspace/builds/worker-11/source:/opt/rustwide/workdir:ro,Z" "-v" "/var/lib/crater-agent-workspace/cargo-home:/opt/rustwide/cargo-home:ro,Z" "-v" "/var/lib/crater-agent-workspace/rustup-home:/opt/rustwide/rustup-home:ro,Z" "-e" "SOURCE_DIR=/opt/rustwide/workdir" "-e" "CARGO_TARGET_DIR=/opt/rustwide/target" "-e" "CARGO_HOME=/opt/rustwide/cargo-home" "-e" "RUSTUP_HOME=/opt/rustwide/rustup-home" "-w" "/opt/rustwide/workdir" "-m" "1610612736" "--user" "0:0" "--network" "none" "ghcr.io/rust-lang/crates-build-env/linux@sha256:a89201d6b5b9fd45c15d5952ece0a0129e7e80cb26ec023fd59cf09bc26f1604" "/opt/rustwide/cargo-home/bin/cargo" "+1.55.0" "metadata" "--no-deps" "--format-version=1", kill_on_drop: false }`
[INFO] [stdout] ff7920646010dce52b6620df50fd38de9c53cbf95d35f702af842fdadc448779
[INFO] [stderr] WARNING: Your kernel does not support swap limit capabilities or the cgroup is not mounted. Memory limited without swap.
[INFO] running `Command { std: "docker" "start" "-a" "ff7920646010dce52b6620df50fd38de9c53cbf95d35f702af842fdadc448779", kill_on_drop: false }`
[INFO] running `Command { std: "docker" "inspect" "ff7920646010dce52b6620df50fd38de9c53cbf95d35f702af842fdadc448779", kill_on_drop: false }`
[INFO] running `Command { std: "docker" "rm" "-f" "ff7920646010dce52b6620df50fd38de9c53cbf95d35f702af842fdadc448779", kill_on_drop: false }`
[INFO] [stdout] ff7920646010dce52b6620df50fd38de9c53cbf95d35f702af842fdadc448779
[INFO] running `Command { std: "docker" "create" "-v" "/var/lib/crater-agent-workspace/builds/worker-11/target:/opt/rustwide/target:rw,Z" "-v" "/var/lib/crater-agent-workspace/builds/worker-11/source:/opt/rustwide/workdir:ro,Z" "-v" "/var/lib/crater-agent-workspace/cargo-home:/opt/rustwide/cargo-home:ro,Z" "-v" "/var/lib/crater-agent-workspace/rustup-home:/opt/rustwide/rustup-home:ro,Z" "-e" "SOURCE_DIR=/opt/rustwide/workdir" "-e" "CARGO_TARGET_DIR=/opt/rustwide/target" "-e" "CARGO_INCREMENTAL=0" "-e" "RUST_BACKTRACE=full" "-e" "RUSTFLAGS=--cap-lints=warn" "-e" "CARGO_HOME=/opt/rustwide/cargo-home" "-e" "RUSTUP_HOME=/opt/rustwide/rustup-home" "-w" "/opt/rustwide/workdir" "-m" "1610612736" "--user" "0:0" "--network" "none" "ghcr.io/rust-lang/crates-build-env/linux@sha256:a89201d6b5b9fd45c15d5952ece0a0129e7e80cb26ec023fd59cf09bc26f1604" "/opt/rustwide/cargo-home/bin/cargo" "+1.55.0" "check" "--frozen" "--all" "--all-targets" "--message-format=json", kill_on_drop: false }`
[INFO] [stdout] 0e4b789260d4127266bbaff6f797ceba23b2289c8fc09c1776091cac8aff5c3a
[INFO] [stderr] WARNING: Your kernel does not support swap limit capabilities or the cgroup is not mounted. Memory limited without swap.
[INFO] running `Command { std: "docker" "start" "-a" "0e4b789260d4127266bbaff6f797ceba23b2289c8fc09c1776091cac8aff5c3a", kill_on_drop: false }`
[INFO] [stderr]     Checking odd_plus_even v0.1.0 (/opt/rustwide/workdir)
[INFO] [stdout] error[E0275]: overflow evaluating the requirement `Even<Z>: EvenPlusEven<Even<Z>, Z>`
[INFO] [stdout]   |
[INFO] [stdout]   = help: consider adding a `#![recursion_limit="256"]` attribute to your crate (`odd_plus_even`)
[INFO] [stdout]   = note: required because of the requirements on the impl of `EvenPlusEven<Even<Z>, S<S<Z>>>` for `Even<S<S<Z>>>`
[INFO] [stdout]   = note: 127 redundant requirements hidden
[INFO] [stdout]   = note: required because of the requirements on the impl of `EvenPlusEven<Even<Z>, S<S<S<S<S<S<S<S<S<S<S<S<S<S<S<S<S<S<S<S<S<S<S<S<S<S<S<S<S<S<S<S<S<S<S<S<S<S<S<S<S<S<S<S<S<S<S<S<S<S<S<S<S<S<S<S<S<S<S<S<S<S<S<S<S<S<S<S<S<S<S<S<S<S<S<S<S<S<S<S<S<S<S<S<S<S<S<S<S<S<S<S<S<S<S<S<S<S<S<S<S<S<S<S<S<S<S<S<S<S<S<S<S<S<S<S<S<S<S<S<S<S<S<S<S<S<S<S<S<S<S<S<S<S<S<S<S<S<S<S<S<S<S<S<S<S<S<S<S<S<S<S<S<S<S<S<S<S<S<S<S<S<S<S<S<S<S<S<S<S<S<S<S<S<S<S<S<S<S<S<S<S<S<S<S<S<S<S<S<S<S<S<S<S<S<S<S<S<S<S<S<S<S<S<S<S<S<S<S<S<S<S<S<S<S<S<S<S<S<S<S<S<S<S<S<S<S<S<S<S<S<S<S<S<S<S<S<S<S<S<S<S<S<S<S<S<S<S<S<S<S<S<S<S<S<S<Z>>>>>>>>>>>>>>>>>>>>>>>>>>>>>>>>>>>>>>>>>>>>>>>>>>>>>>>>>>>>>>>>>>>>>>>>>>>>>>>>>>>>>>>>>>>>>>>>>>>>>>>>>>>>>>>>>>>>>>>>>>>>>>>>>>>>>>>>>>>>>>>>>>>>>>>>>>>>>>>>>>>>>>>>>>>>>>>>>>>>>>>>>>>>>>>>>>>>>>>>>>>>>>>>>>>>>>>>>>>>>>>>>>>>>>>>>>>>>>>>>>>>>>>>>>>>>>>>>` for `Even<S<S<S<S<S<S<S<S<S<S<S<S<S<S<S<S<S<S<S<S<S<S<S<S<S<S<S<S<S<S<S<S<S<S<S<S<S<S<S<S<S<S<S<S<S<S<S<S<S<S<S<S<S<S<S<S<S<S<S<S<S<S<S<S<S<S<S<S<S<S<S<S<S<S<S<S<S<S<S<S<S<S<S<S<S<S<S<S<S<S<S<S<S<S<S<S<S<S<S<S<S<S<S<S<S<S<S<S<S<S<S<S<S<S<S<S<S<S<S<S<S<S<S<S<S<S<S<S<S<S<S<S<S<S<S<S<S<S<S<S<S<S<S<S<S<S<S<S<S<S<S<S<S<S<S<S<S<S<S<S<S<S<S<S<S<S<S<S<S<S<S<S<S<S<S<S<S<S<S<S<S<S<S<S<S<S<S<S<S<S<S<S<S<S<S<S<S<S<S<S<S<S<S<S<S<S<S<S<S<S<S<S<S<S<S<S<S<S<S<S<S<S<S<S<S<S<S<S<S<S<S<S<S<S<S<S<S<S<S<S<S<S<S<S<S<S<S<S<S<S<S<S<S<S<S<S<Z>>>>>>>>>>>>>>>>>>>>>>>>>>>>>>>>>>>>>>>>>>>>>>>>>>>>>>>>>>>>>>>>>>>>>>>>>>>>>>>>>>>>>>>>>>>>>>>>>>>>>>>>>>>>>>>>>>>>>>>>>>>>>>>>>>>>>>>>>>>>>>>>>>>>>>>>>>>>>>>>>>>>>>>>>>>>>>>>>>>>>>>>>>>>>>>>>>>>>>>>>>>>>>>>>>>>>>>>>>>>>>>>>>>>>>>>>>>>>>>>>>>>>>>>>>>>>>>>>`
[INFO] [stdout] 
[INFO] [stdout] 
[INFO] [stdout] error[E0275]: overflow evaluating the requirement `Even<Z>: EvenPlusEven<Even<Z>, Z>`
[INFO] [stdout]   |
[INFO] [stdout]   = help: consider adding a `#![recursion_limit="256"]` attribute to your crate (`odd_plus_even`)
[INFO] [stdout]   = note: required because of the requirements on the impl of `EvenPlusEven<Even<Z>, S<S<Z>>>` for `Even<S<S<Z>>>`
[INFO] [stdout]   = note: 127 redundant requirements hidden
[INFO] [stdout]   = note: required because of the requirements on the impl of `EvenPlusEven<Even<Z>, S<S<S<S<S<S<S<S<S<S<S<S<S<S<S<S<S<S<S<S<S<S<S<S<S<S<S<S<S<S<S<S<S<S<S<S<S<S<S<S<S<S<S<S<S<S<S<S<S<S<S<S<S<S<S<S<S<S<S<S<S<S<S<S<S<S<S<S<S<S<S<S<S<S<S<S<S<S<S<S<S<S<S<S<S<S<S<S<S<S<S<S<S<S<S<S<S<S<S<S<S<S<S<S<S<S<S<S<S<S<S<S<S<S<S<S<S<S<S<S<S<S<S<S<S<S<S<S<S<S<S<S<S<S<S<S<S<S<S<S<S<S<S<S<S<S<S<S<S<S<S<S<S<S<S<S<S<S<S<S<S<S<S<S<S<S<S<S<S<S<S<S<S<S<S<S<S<S<S<S<S<S<S<S<S<S<S<S<S<S<S<S<S<S<S<S<S<S<S<S<S<S<S<S<S<S<S<S<S<S<S<S<S<S<S<S<S<S<S<S<S<S<S<S<S<S<S<S<S<S<S<S<S<S<S<S<S<S<S<S<S<S<S<S<S<S<S<S<S<S<S<S<S<S<S<S<Z>>>>>>>>>>>>>>>>>>>>>>>>>>>>>>>>>>>>>>>>>>>>>>>>>>>>>>>>>>>>>>>>>>>>>>>>>>>>>>>>>>>>>>>>>>>>>>>>>>>>>>>>>>>>>>>>>>>>>>>>>>>>>>>>>>>>>>>>>>>>>>>>>>>>>>>>>>>>>>>>>>>>>>>>>>>>>>>>>>>>>>>>>>>>>>>>>>>>>>>>>>>>>>>>>>>>>>>>>>>>>>>>>>>>>>>>>>>>>>>>>>>>>>>>>>>>>>>>>` for `Even<S<S<S<S<S<S<S<S<S<S<S<S<S<S<S<S<S<S<S<S<S<S<S<S<S<S<S<S<S<S<S<S<S<S<S<S<S<S<S<S<S<S<S<S<S<S<S<S<S<S<S<S<S<S<S<S<S<S<S<S<S<S<S<S<S<S<S<S<S<S<S<S<S<S<S<S<S<S<S<S<S<S<S<S<S<S<S<S<S<S<S<S<S<S<S<S<S<S<S<S<S<S<S<S<S<S<S<S<S<S<S<S<S<S<S<S<S<S<S<S<S<S<S<S<S<S<S<S<S<S<S<S<S<S<S<S<S<S<S<S<S<S<S<S<S<S<S<S<S<S<S<S<S<S<S<S<S<S<S<S<S<S<S<S<S<S<S<S<S<S<S<S<S<S<S<S<S<S<S<S<S<S<S<S<S<S<S<S<S<S<S<S<S<S<S<S<S<S<S<S<S<S<S<S<S<S<S<S<S<S<S<S<S<S<S<S<S<S<S<S<S<S<S<S<S<S<S<S<S<S<S<S<S<S<S<S<S<S<S<S<S<S<S<S<S<S<S<S<S<S<S<S<S<S<S<S<Z>>>>>>>>>>>>>>>>>>>>>>>>>>>>>>>>>>>>>>>>>>>>>>>>>>>>>>>>>>>>>>>>>>>>>>>>>>>>>>>>>>>>>>>>>>>>>>>>>>>>>>>>>>>>>>>>>>>>>>>>>>>>>>>>>>>>>>>>>>>>>>>>>>>>>>>>>>>>>>>>>>>>>>>>>>>>>>>>>>>>>>>>>>>>>>>>>>>>>>>>>>>>>>>>>>>>>>>>>>>>>>>>>>>>>>>>>>>>>>>>>>>>>>>>>>>>>>>>>`
[INFO] [stdout] 
[INFO] [stdout] 
[INFO] [stdout] error[E0275]: overflow evaluating the requirement `Odd<S<Z>>: OddPlusOdd<Odd<S<Z>>, S<Z>>`
[INFO] [stdout]   |
[INFO] [stdout]   = help: consider adding a `#![recursion_limit="256"]` attribute to your crate (`odd_plus_even`)
[INFO] [stdout]   = note: required because of the requirements on the impl of `OddPlusOdd<Odd<S<Z>>, S<S<S<Z>>>>` for `Odd<S<S<S<Z>>>>`
[INFO] [stdout]   = note: 127 redundant requirements hidden
[INFO] [stdout]   = note: required because of the requirements on the impl of `OddPlusOdd<Odd<S<Z>>, S<S<S<S<S<S<S<S<S<S<S<S<S<S<S<S<S<S<S<S<S<S<S<S<S<S<S<S<S<S<S<S<S<S<S<S<S<S<S<S<S<S<S<S<S<S<S<S<S<S<S<S<S<S<S<S<S<S<S<S<S<S<S<S<S<S<S<S<S<S<S<S<S<S<S<S<S<S<S<S<S<S<S<S<S<S<S<S<S<S<S<S<S<S<S<S<S<S<S<S<S<S<S<S<S<S<S<S<S<S<S<S<S<S<S<S<S<S<S<S<S<S<S<S<S<S<S<S<S<S<S<S<S<S<S<S<S<S<S<S<S<S<S<S<S<S<S<S<S<S<S<S<S<S<S<S<S<S<S<S<S<S<S<S<S<S<S<S<S<S<S<S<S<S<S<S<S<S<S<S<S<S<S<S<S<S<S<S<S<S<S<S<S<S<S<S<S<S<S<S<S<S<S<S<S<S<S<S<S<S<S<S<S<S<S<S<S<S<S<S<S<S<S<S<S<S<S<S<S<S<S<S<S<S<S<S<S<S<S<S<S<S<S<S<S<S<S<S<S<S<S<S<S<S<S<S<S<Z>>>>>>>>>>>>>>>>>>>>>>>>>>>>>>>>>>>>>>>>>>>>>>>>>>>>>>>>>>>>>>>>>>>>>>>>>>>>>>>>>>>>>>>>>>>>>>>>>>>>>>>>>>>>>>>>>>>>>>>>>>>>>>>>>>>>>>>>>>>>>>>>>>>>>>>>>>>>>>>>>>>>>>>>>>>>>>>>>>>>>>>>>>>>>>>>>>>>>>>>>>>>>>>>>>>>>>>>>>>>>>>>>>>>>>>>>>>>>>>>>>>>>>>>>>>>>>>>>>` for `Odd<S<S<S<S<S<S<S<S<S<S<S<S<S<S<S<S<S<S<S<S<S<S<S<S<S<S<S<S<S<S<S<S<S<S<S<S<S<S<S<S<S<S<S<S<S<S<S<S<S<S<S<S<S<S<S<S<S<S<S<S<S<S<S<S<S<S<S<S<S<S<S<S<S<S<S<S<S<S<S<S<S<S<S<S<S<S<S<S<S<S<S<S<S<S<S<S<S<S<S<S<S<S<S<S<S<S<S<S<S<S<S<S<S<S<S<S<S<S<S<S<S<S<S<S<S<S<S<S<S<S<S<S<S<S<S<S<S<S<S<S<S<S<S<S<S<S<S<S<S<S<S<S<S<S<S<S<S<S<S<S<S<S<S<S<S<S<S<S<S<S<S<S<S<S<S<S<S<S<S<S<S<S<S<S<S<S<S<S<S<S<S<S<S<S<S<S<S<S<S<S<S<S<S<S<S<S<S<S<S<S<S<S<S<S<S<S<S<S<S<S<S<S<S<S<S<S<S<S<S<S<S<S<S<S<S<S<S<S<S<S<S<S<S<S<S<S<S<S<S<S<S<S<S<S<S<S<S<Z>>>>>>>>>>>>>>>>>>>>>>>>>>>>>>>>>>>>>>>>>>>>>>>>>>>>>>>>>>>>>>>>>>>>>>>>>>>>>>>>>>>>>>>>>>>>>>>>>>>>>>>>>>>>>>>>>>>>>>>>>>>>>>>>>>>>>>>>>>>>>>>>>>>>>>>>>>>>>>>>>>>>>>>>>>>>>>>>>>>>>>>>>>>>>>>>>>>>>>>>>>>>>>>>>>>>>>>>>>>>>>>>>>>>>>>>>>>>>>>>>>>>>>>>>>>>>>>>>>`
[INFO] [stdout] 
[INFO] [stdout] 
[INFO] [stdout] error[E0275]: overflow evaluating the requirement `Odd<S<Z>>: OddPlusOdd<Odd<S<Z>>, S<Z>>`
[INFO] [stdout]   |
[INFO] [stdout]   = help: consider adding a `#![recursion_limit="256"]` attribute to your crate (`odd_plus_even`)
[INFO] [stdout]   = note: required because of the requirements on the impl of `OddPlusOdd<Odd<S<Z>>, S<S<S<Z>>>>` for `Odd<S<S<S<Z>>>>`
[INFO] [stdout]   = note: 127 redundant requirements hidden
[INFO] [stdout]   = note: required because of the requirements on the impl of `OddPlusOdd<Odd<S<Z>>, S<S<S<S<S<S<S<S<S<S<S<S<S<S<S<S<S<S<S<S<S<S<S<S<S<S<S<S<S<S<S<S<S<S<S<S<S<S<S<S<S<S<S<S<S<S<S<S<S<S<S<S<S<S<S<S<S<S<S<S<S<S<S<S<S<S<S<S<S<S<S<S<S<S<S<S<S<S<S<S<S<S<S<S<S<S<S<S<S<S<S<S<S<S<S<S<S<S<S<S<S<S<S<S<S<S<S<S<S<S<S<S<S<S<S<S<S<S<S<S<S<S<S<S<S<S<S<S<S<S<S<S<S<S<S<S<S<S<S<S<S<S<S<S<S<S<S<S<S<S<S<S<S<S<S<S<S<S<S<S<S<S<S<S<S<S<S<S<S<S<S<S<S<S<S<S<S<S<S<S<S<S<S<S<S<S<S<S<S<S<S<S<S<S<S<S<S<S<S<S<S<S<S<S<S<S<S<S<S<S<S<S<S<S<S<S<S<S<S<S<S<S<S<S<S<S<S<S<S<S<S<S<S<S<S<S<S<S<S<S<S<S<S<S<S<S<S<S<S<S<S<S<S<S<S<S<S<Z>>>>>>>>>>>>>>>>>>>>>>>>>>>>>>>>>>>>>>>>>>>>>>>>>>>>>>>>>>>>>>>>>>>>>>>>>>>>>>>>>>>>>>>>>>>>>>>>>>>>>>>>>>>>>>>>>>>>>>>>>>>>>>>>>>>>>>>>>>>>>>>>>>>>>>>>>>>>>>>>>>>>>>>>>>>>>>>>>>>>>>>>>>>>>>>>>>>>>>>>>>>>>>>>>>>>>>>>>>>>>>>>>>>>>>>>>>>>>>>>>>>>>>>>>>>>>>>>>>` for `Odd<S<S<S<S<S<S<S<S<S<S<S<S<S<S<S<S<S<S<S<S<S<S<S<S<S<S<S<S<S<S<S<S<S<S<S<S<S<S<S<S<S<S<S<S<S<S<S<S<S<S<S<S<S<S<S<S<S<S<S<S<S<S<S<S<S<S<S<S<S<S<S<S<S<S<S<S<S<S<S<S<S<S<S<S<S<S<S<S<S<S<S<S<S<S<S<S<S<S<S<S<S<S<S<S<S<S<S<S<S<S<S<S<S<S<S<S<S<S<S<S<S<S<S<S<S<S<S<S<S<S<S<S<S<S<S<S<S<S<S<S<S<S<S<S<S<S<S<S<S<S<S<S<S<S<S<S<S<S<S<S<S<S<S<S<S<S<S<S<S<S<S<S<S<S<S<S<S<S<S<S<S<S<S<S<S<S<S<S<S<S<S<S<S<S<S<S<S<S<S<S<S<S<S<S<S<S<S<S<S<S<S<S<S<S<S<S<S<S<S<S<S<S<S<S<S<S<S<S<S<S<S<S<S<S<S<S<S<S<S<S<S<S<S<S<S<S<S<S<S<S<S<S<S<S<S<S<S<Z>>>>>>>>>>>>>>>>>>>>>>>>>>>>>>>>>>>>>>>>>>>>>>>>>>>>>>>>>>>>>>>>>>>>>>>>>>>>>>>>>>>>>>>>>>>>>>>>>>>>>>>>>>>>>>>>>>>>>>>>>>>>>>>>>>>>>>>>>>>>>>>>>>>>>>>>>>>>>>>>>>>>>>>>>>>>>>>>>>>>>>>>>>>>>>>>>>>>>>>>>>>>>>>>>>>>>>>>>>>>>>>>>>>>>>>>>>>>>>>>>>>>>>>>>>>>>>>>>>`
[INFO] [stdout] 
[INFO] [stdout] 
[INFO] [stdout] error: aborting due to 2 previous errors
[INFO] [stdout] 
[INFO] [stdout] 
[INFO] [stdout] For more information about this error, try `rustc --explain E0275`.
[INFO] [stdout] 
[INFO] [stderr] error: could not compile `odd_plus_even` due to 3 previous errors
[INFO] [stdout] error: aborting due to 2 previous errors
[INFO] [stdout] 
[INFO] [stdout] 
[INFO] [stderr] warning: build failed, waiting for other jobs to finish...
[INFO] [stdout] For more information about this error, try `rustc --explain E0275`.
[INFO] [stdout] 
[INFO] [stderr] error: build failed
[INFO] running `Command { std: "docker" "inspect" "0e4b789260d4127266bbaff6f797ceba23b2289c8fc09c1776091cac8aff5c3a", kill_on_drop: false }`
[INFO] running `Command { std: "docker" "rm" "-f" "0e4b789260d4127266bbaff6f797ceba23b2289c8fc09c1776091cac8aff5c3a", kill_on_drop: false }`
[INFO] [stdout] 0e4b789260d4127266bbaff6f797ceba23b2289c8fc09c1776091cac8aff5c3a
