[INFO] cloning repository https://github.com/shelbyd/rust-poker
[INFO] running `Command { std: "git" "-c" "credential.helper=" "-c" "credential.helper=/workspace/cargo-home/bin/git-credential-null" "clone" "--bare" "https://github.com/shelbyd/rust-poker" "/workspace/cache/git-repos/https%3A%2F%2Fgithub.com%2Fshelbyd%2Frust-poker", kill_on_drop: false }`
[INFO] [stderr] Cloning into bare repository '/workspace/cache/git-repos/https%3A%2F%2Fgithub.com%2Fshelbyd%2Frust-poker'...
[INFO] running `Command { std: "git" "rev-parse" "HEAD", kill_on_drop: false }`
[INFO] [stdout] 6b0e571f680bdc9670e3759634e79d25a8344ee6
[INFO] checking shelbyd/rust-poker against 1.55.0 for beta-1.56-3
[INFO] running `Command { std: "git" "clone" "/workspace/cache/git-repos/https%3A%2F%2Fgithub.com%2Fshelbyd%2Frust-poker" "/workspace/builds/worker-9/source", kill_on_drop: false }`
[INFO] [stderr] Cloning into '/workspace/builds/worker-9/source'...
[INFO] [stderr] done.
[INFO] validating manifest of git repo https://github.com/shelbyd/rust-poker on toolchain 1.55.0
[INFO] running `Command { std: "/workspace/cargo-home/bin/cargo" "+1.55.0" "metadata" "--manifest-path" "Cargo.toml" "--no-deps", kill_on_drop: false }`
[INFO] started tweaking git repo https://github.com/shelbyd/rust-poker
[INFO] finished tweaking git repo https://github.com/shelbyd/rust-poker
[INFO] tweaked toml for git repo https://github.com/shelbyd/rust-poker written to /workspace/builds/worker-9/source/Cargo.toml
[INFO] crate git repo https://github.com/shelbyd/rust-poker already has a lockfile, it will not be regenerated
[INFO] running `Command { std: "/workspace/cargo-home/bin/cargo" "+1.55.0" "fetch" "--manifest-path" "Cargo.toml", kill_on_drop: false }`
[INFO] running `Command { std: "docker" "create" "-v" "/var/lib/crater-agent-workspace/builds/worker-9/target:/opt/rustwide/target:rw,Z" "-v" "/var/lib/crater-agent-workspace/builds/worker-9/source:/opt/rustwide/workdir:ro,Z" "-v" "/var/lib/crater-agent-workspace/cargo-home:/opt/rustwide/cargo-home:ro,Z" "-v" "/var/lib/crater-agent-workspace/rustup-home:/opt/rustwide/rustup-home:ro,Z" "-e" "SOURCE_DIR=/opt/rustwide/workdir" "-e" "CARGO_TARGET_DIR=/opt/rustwide/target" "-e" "CARGO_HOME=/opt/rustwide/cargo-home" "-e" "RUSTUP_HOME=/opt/rustwide/rustup-home" "-w" "/opt/rustwide/workdir" "-m" "1610612736" "--user" "0:0" "--network" "none" "ghcr.io/rust-lang/crates-build-env/linux@sha256:a89201d6b5b9fd45c15d5952ece0a0129e7e80cb26ec023fd59cf09bc26f1604" "/opt/rustwide/cargo-home/bin/cargo" "+1.55.0" "metadata" "--no-deps" "--format-version=1", kill_on_drop: false }`
[INFO] [stdout] 0a8eafd652ad45a977411872555644c73a76393e9f139a67535b490af0e651f8
[INFO] [stderr] WARNING: Your kernel does not support swap limit capabilities or the cgroup is not mounted. Memory limited without swap.
[INFO] running `Command { std: "docker" "start" "-a" "0a8eafd652ad45a977411872555644c73a76393e9f139a67535b490af0e651f8", kill_on_drop: false }`
[INFO] running `Command { std: "docker" "inspect" "0a8eafd652ad45a977411872555644c73a76393e9f139a67535b490af0e651f8", kill_on_drop: false }`
[INFO] running `Command { std: "docker" "rm" "-f" "0a8eafd652ad45a977411872555644c73a76393e9f139a67535b490af0e651f8", kill_on_drop: false }`
[INFO] [stdout] 0a8eafd652ad45a977411872555644c73a76393e9f139a67535b490af0e651f8
[INFO] running `Command { std: "docker" "create" "-v" "/var/lib/crater-agent-workspace/builds/worker-9/target:/opt/rustwide/target:rw,Z" "-v" "/var/lib/crater-agent-workspace/builds/worker-9/source:/opt/rustwide/workdir:ro,Z" "-v" "/var/lib/crater-agent-workspace/cargo-home:/opt/rustwide/cargo-home:ro,Z" "-v" "/var/lib/crater-agent-workspace/rustup-home:/opt/rustwide/rustup-home:ro,Z" "-e" "SOURCE_DIR=/opt/rustwide/workdir" "-e" "CARGO_TARGET_DIR=/opt/rustwide/target" "-e" "CARGO_INCREMENTAL=0" "-e" "RUST_BACKTRACE=full" "-e" "RUSTFLAGS=--cap-lints=warn" "-e" "CARGO_HOME=/opt/rustwide/cargo-home" "-e" "RUSTUP_HOME=/opt/rustwide/rustup-home" "-w" "/opt/rustwide/workdir" "-m" "1610612736" "--user" "0:0" "--network" "none" "ghcr.io/rust-lang/crates-build-env/linux@sha256:a89201d6b5b9fd45c15d5952ece0a0129e7e80cb26ec023fd59cf09bc26f1604" "/opt/rustwide/cargo-home/bin/cargo" "+1.55.0" "check" "--frozen" "--all" "--all-targets" "--message-format=json", kill_on_drop: false }`
[INFO] [stdout] 27f87c6a5475c3e0e08d2ebea3cb7e48670cdef5fce5419b0cafbb37c4874be7
[INFO] [stderr] WARNING: Your kernel does not support swap limit capabilities or the cgroup is not mounted. Memory limited without swap.
[INFO] running `Command { std: "docker" "start" "-a" "27f87c6a5475c3e0e08d2ebea3cb7e48670cdef5fce5419b0cafbb37c4874be7", kill_on_drop: false }`
[INFO] [stderr]     Checking rust_combinatorics v0.0.1
[INFO] [stdout] error[E0425]: cannot find function `range` in this scope
[INFO] [stdout]   --> /opt/rustwide/cargo-home/registry/src/github.com-1ecc6299db9ec823/rust_combinatorics-0.0.1/src/combinatorics/binomial.rs:12:27
[INFO] [stdout]    |
[INFO] [stdout] 12 |                  indices: range(0, k).collect(),
[INFO] [stdout]    |                           ^^^^^ not found in this scope
[INFO] [stdout]    |
[INFO] [stdout] help: consider importing this function
[INFO] [stdout]    |
[INFO] [stdout] 1  | use std::slice::range;
[INFO] [stdout]    |
[INFO] [stdout] 
[INFO] [stdout] 
[INFO] [stdout] error[E0425]: cannot find function `range` in this scope
[INFO] [stdout]   --> /opt/rustwide/cargo-home/registry/src/github.com-1ecc6299db9ec823/rust_combinatorics-0.0.1/src/combinatorics/binomial.rs:37:35
[INFO] [stdout]    |
[INFO] [stdout] 37 | ...   let first_thing = range(0, self.k).rev().filter(|&_i| *self.indices.get(_i).unwrap() != _i + self.n() - self.k).take(1).collect::<V...
[INFO] [stdout]    |                         ^^^^^ not found in this scope
[INFO] [stdout]    |
[INFO] [stdout] help: consider importing this function
[INFO] [stdout]    |
[INFO] [stdout] 1  | use std::slice::range;
[INFO] [stdout]    |
[INFO] [stdout] 
[INFO] [stdout] 
[INFO] [stdout] error[E0425]: cannot find function `range` in this scope
[INFO] [stdout]   --> /opt/rustwide/cargo-home/registry/src/github.com-1ecc6299db9ec823/rust_combinatorics-0.0.1/src/combinatorics/binomial.rs:43:34
[INFO] [stdout]    |
[INFO] [stdout] 43 |                         for j in range(i+1, self.k) {
[INFO] [stdout]    |                                  ^^^^^ not found in this scope
[INFO] [stdout]    |
[INFO] [stdout] help: consider importing this function
[INFO] [stdout]    |
[INFO] [stdout] 1  | use std::slice::range;
[INFO] [stdout]    |
[INFO] [stdout] 
[INFO] [stdout] 
[INFO] [stdout] error[E0277]: the trait bound `T: Copy` is not satisfied
[INFO] [stdout]   --> /opt/rustwide/cargo-home/registry/src/github.com-1ecc6299db9ec823/rust_combinatorics-0.0.1/src/combinatorics/binomial.rs:55:34
[INFO] [stdout]    |
[INFO] [stdout] 1  | pub struct Choose<T: Copy> {
[INFO] [stdout]    |                      ---- required by this bound in `Choose`
[INFO] [stdout] ...
[INFO] [stdout] 55 |     fn choose(self, k: usize) -> Choose<T>;
[INFO] [stdout]    |                                  ^^^^^^^^^ the trait `Copy` is not implemented for `T`
[INFO] [stdout]    |
[INFO] [stdout] help: consider restricting type parameter `T`
[INFO] [stdout]    |
[INFO] [stdout] 54 | pub trait Chooseable<T: std::marker::Copy> {
[INFO] [stdout]    |                       ^^^^^^^^^^^^^^^^^^^
[INFO] [stdout] 
[INFO] [stdout] 
[INFO] [stdout] error: aborting due to 4 previous errors
[INFO] [stdout] 
[INFO] [stdout] 
[INFO] [stdout] Some errors have detailed explanations: E0277, E0425.
[INFO] [stdout] 
[INFO] [stdout] For more information about an error, try `rustc --explain E0277`.
[INFO] [stdout] 
[INFO] [stderr] error: could not compile `rust_combinatorics` due to 5 previous errors
[INFO] running `Command { std: "docker" "inspect" "27f87c6a5475c3e0e08d2ebea3cb7e48670cdef5fce5419b0cafbb37c4874be7", kill_on_drop: false }`
[INFO] running `Command { std: "docker" "rm" "-f" "27f87c6a5475c3e0e08d2ebea3cb7e48670cdef5fce5419b0cafbb37c4874be7", kill_on_drop: false }`
[INFO] [stdout] 27f87c6a5475c3e0e08d2ebea3cb7e48670cdef5fce5419b0cafbb37c4874be7
