[INFO] cloning repository https://github.com/shakyShane/bs3
[INFO] running `Command { std: "git" "-c" "credential.helper=" "-c" "credential.helper=/workspace/cargo-home/bin/git-credential-null" "clone" "--bare" "https://github.com/shakyShane/bs3" "/workspace/cache/git-repos/https%3A%2F%2Fgithub.com%2FshakyShane%2Fbs3", kill_on_drop: false }`
[INFO] [stderr] Cloning into bare repository '/workspace/cache/git-repos/https%3A%2F%2Fgithub.com%2FshakyShane%2Fbs3'...
[INFO] running `Command { std: "git" "rev-parse" "HEAD", kill_on_drop: false }`
[INFO] [stdout] 68aef13423133b044f772fe9e8b476be546316fd
[INFO] checking shakyShane/bs3 against 1.55.0 for beta-1.56-3
[INFO] running `Command { std: "git" "clone" "/workspace/cache/git-repos/https%3A%2F%2Fgithub.com%2FshakyShane%2Fbs3" "/workspace/builds/worker-10/source", kill_on_drop: false }`
[INFO] [stderr] Cloning into '/workspace/builds/worker-10/source'...
[INFO] [stderr] done.
[INFO] validating manifest of git repo https://github.com/shakyShane/bs3 on toolchain 1.55.0
[INFO] running `Command { std: "/workspace/cargo-home/bin/cargo" "+1.55.0" "metadata" "--manifest-path" "Cargo.toml" "--no-deps", kill_on_drop: false }`
[INFO] started tweaking git repo https://github.com/shakyShane/bs3
[INFO] finished tweaking git repo https://github.com/shakyShane/bs3
[INFO] tweaked toml for git repo https://github.com/shakyShane/bs3 written to /workspace/builds/worker-10/source/Cargo.toml
[INFO] crate git repo https://github.com/shakyShane/bs3 already has a lockfile, it will not be regenerated
[INFO] running `Command { std: "/workspace/cargo-home/bin/cargo" "+1.55.0" "fetch" "--manifest-path" "Cargo.toml", kill_on_drop: false }`
[INFO] running `Command { std: "docker" "create" "-v" "/var/lib/crater-agent-workspace/builds/worker-10/target:/opt/rustwide/target:rw,Z" "-v" "/var/lib/crater-agent-workspace/builds/worker-10/source:/opt/rustwide/workdir:ro,Z" "-v" "/var/lib/crater-agent-workspace/cargo-home:/opt/rustwide/cargo-home:ro,Z" "-v" "/var/lib/crater-agent-workspace/rustup-home:/opt/rustwide/rustup-home:ro,Z" "-e" "SOURCE_DIR=/opt/rustwide/workdir" "-e" "CARGO_TARGET_DIR=/opt/rustwide/target" "-e" "CARGO_HOME=/opt/rustwide/cargo-home" "-e" "RUSTUP_HOME=/opt/rustwide/rustup-home" "-w" "/opt/rustwide/workdir" "-m" "1610612736" "--user" "0:0" "--network" "none" "ghcr.io/rust-lang/crates-build-env/linux@sha256:a89201d6b5b9fd45c15d5952ece0a0129e7e80cb26ec023fd59cf09bc26f1604" "/opt/rustwide/cargo-home/bin/cargo" "+1.55.0" "metadata" "--no-deps" "--format-version=1", kill_on_drop: false }`
[INFO] [stderr] WARNING: Your kernel does not support swap limit capabilities or the cgroup is not mounted. Memory limited without swap.
[INFO] [stdout] b2276fa11ca5ca08db348593b5fffa6a7c776e8e13da2f84965b1a3dcd670088
[INFO] running `Command { std: "docker" "start" "-a" "b2276fa11ca5ca08db348593b5fffa6a7c776e8e13da2f84965b1a3dcd670088", kill_on_drop: false }`
[INFO] running `Command { std: "docker" "inspect" "b2276fa11ca5ca08db348593b5fffa6a7c776e8e13da2f84965b1a3dcd670088", kill_on_drop: false }`
[INFO] running `Command { std: "docker" "rm" "-f" "b2276fa11ca5ca08db348593b5fffa6a7c776e8e13da2f84965b1a3dcd670088", kill_on_drop: false }`
[INFO] [stdout] b2276fa11ca5ca08db348593b5fffa6a7c776e8e13da2f84965b1a3dcd670088
[INFO] running `Command { std: "docker" "create" "-v" "/var/lib/crater-agent-workspace/builds/worker-10/target:/opt/rustwide/target:rw,Z" "-v" "/var/lib/crater-agent-workspace/builds/worker-10/source:/opt/rustwide/workdir:ro,Z" "-v" "/var/lib/crater-agent-workspace/cargo-home:/opt/rustwide/cargo-home:ro,Z" "-v" "/var/lib/crater-agent-workspace/rustup-home:/opt/rustwide/rustup-home:ro,Z" "-e" "SOURCE_DIR=/opt/rustwide/workdir" "-e" "CARGO_TARGET_DIR=/opt/rustwide/target" "-e" "CARGO_INCREMENTAL=0" "-e" "RUST_BACKTRACE=full" "-e" "RUSTFLAGS=--cap-lints=warn" "-e" "CARGO_HOME=/opt/rustwide/cargo-home" "-e" "RUSTUP_HOME=/opt/rustwide/rustup-home" "-w" "/opt/rustwide/workdir" "-m" "1610612736" "--user" "0:0" "--network" "none" "ghcr.io/rust-lang/crates-build-env/linux@sha256:a89201d6b5b9fd45c15d5952ece0a0129e7e80cb26ec023fd59cf09bc26f1604" "/opt/rustwide/cargo-home/bin/cargo" "+1.55.0" "check" "--frozen" "--all" "--all-targets" "--message-format=json", kill_on_drop: false }`
[INFO] [stderr] WARNING: Your kernel does not support swap limit capabilities or the cgroup is not mounted. Memory limited without swap.
[INFO] [stdout] 8856f840da2c7b758d712c4c15d4d17e02be82dadddfa980cbb394543b81dc36
[INFO] running `Command { std: "docker" "start" "-a" "8856f840da2c7b758d712c4c15d4d17e02be82dadddfa980cbb394543b81dc36", kill_on_drop: false }`
[INFO] [stderr]    Compiling libc v0.2.80
[INFO] [stderr]    Compiling syn v1.0.48
[INFO] [stderr]     Checking futures-core v0.3.7
[INFO] [stderr]     Checking once_cell v1.4.1
[INFO] [stderr]     Checking futures-io v0.3.7
[INFO] [stderr]     Checking futures-sink v0.3.7
[INFO] [stderr]    Compiling cc v1.0.61
[INFO] [stderr]     Checking smallvec v1.4.2
[INFO] [stderr]    Compiling serde_derive v1.0.117
[INFO] [stderr]    Compiling serde v1.0.117
[INFO] [stderr]     Checking object v0.21.1
[INFO] [stderr]     Checking regex-syntax v0.6.20
[INFO] [stderr]    Compiling serde_json v1.0.59
[INFO] [stderr]    Compiling encoding_rs v0.8.24
[INFO] [stderr]     Checking dtoa v0.4.6
[INFO] [stderr]    Compiling v_escape v0.13.2
[INFO] [stderr]    Compiling v_htmlescape v0.10.4
[INFO] [stderr]     Checking fastrand v1.4.0
[INFO] [stderr]    Compiling wasm-bindgen-shared v0.2.68
[INFO] [stderr]     Checking waker-fn v1.1.0
[INFO] [stderr]     Checking parking v2.0.0
[INFO] [stderr]    Compiling gimli v0.22.0
[INFO] [stderr]     Checking event-listener v2.5.1
[INFO] [stderr]    Compiling adler v0.2.3
[INFO] [stderr]    Compiling syn v0.15.44
[INFO] [stderr]    Compiling rustc-demangle v0.1.18
[INFO] [stderr]     Checking vec-arena v1.0.0
[INFO] [stderr]     Checking async-task v4.0.3
[INFO] [stderr]    Compiling wasm-bindgen v0.2.68
[INFO] [stderr]     Checking humantime v2.0.1
[INFO] [stderr]    Compiling standback v0.2.11
[INFO] [stderr]    Compiling time v0.2.22
[INFO] [stderr]    Compiling cookie v0.14.2
[INFO] [stderr]     Checking buf-min v0.1.1
[INFO] [stderr]    Compiling crossbeam-utils v0.7.2
[INFO] [stderr]    Compiling crossbeam-utils v0.8.0
[INFO] [stderr]     Checking instant v0.1.8
[INFO] [stderr]     Checking unicode-normalization v0.1.13
[INFO] [stderr]     Checking tinyvec v1.0.1
[INFO] [stderr]     Checking futures-task v0.3.7
[INFO] [stderr]     Checking concurrent-queue v1.2.2
[INFO] [stderr]     Checking futures-channel v0.3.7
[INFO] [stderr]     Checking async-lock v2.3.0
[INFO] [stderr]    Compiling pest_meta v2.1.3
[INFO] [stderr]    Compiling quote v1.0.7
[INFO] [stderr]     Checking aho-corasick v0.7.14
[INFO] [stderr]     Checking futures-lite v1.11.2
[INFO] [stderr]     Checking tracing v0.1.21
[INFO] [stderr]    Compiling miniz_oxide v0.4.3
[INFO] [stderr]     Checking indexmap v1.6.0
[INFO] [stderr]     Checking async-channel v1.5.1
[INFO] [stderr]     Checking idna v0.2.0
[INFO] [stderr]    Compiling proc-macro-error-attr v1.0.4
[INFO] [stderr]     Checking block-cipher v0.7.1
[INFO] [stderr]     Checking universal-hash v0.4.0
[INFO] [stderr]     Checking crypto-mac v0.8.0
[INFO] [stderr]     Checking aead v0.3.2
[INFO] [stderr]     Checking async-executor v1.3.0
[INFO] [stderr]    Compiling ring v0.16.16
[INFO] [stderr]    Compiling brotli-sys v0.3.2
[INFO] [stderr]     Checking blocking v1.0.2
[INFO] [stderr]     Checking aes-soft v0.4.0
[INFO] [stderr]     Checking sha2 v0.9.1
[INFO] [stderr]     Checking regex v1.4.1
[INFO] [stderr]     Checking hmac v0.8.1
[INFO] [stderr]     Checking polyval v0.4.1
[INFO] [stderr]     Checking net2 v0.2.35
[INFO] [stderr]     Checking iovec v0.1.4
[INFO] [stderr]     Checking signal-hook-registry v1.2.1
[INFO] [stderr]     Checking parking_lot_core v0.8.0
[INFO] [stderr]     Checking num_cpus v1.13.0
[INFO] [stderr]     Checking getrandom v0.1.15
[INFO] [stderr]     Checking hostname v0.3.1
[INFO] [stderr]     Checking backtrace v0.3.53
[INFO] [stderr]     Checking socket2 v0.3.15
[INFO] [stderr]     Checking flate2 v1.0.19
[INFO] [stderr]     Checking atty v0.2.14
[INFO] [stderr]     Checking polling v2.0.2
[INFO] [stderr]     Checking nb-connect v1.0.2
[INFO] [stderr]     Checking inotify-sys v0.1.3
[INFO] [stderr]     Checking filetime v0.2.12
[INFO] [stderr]    Compiling addr2line v0.13.0
[INFO] [stderr]     Checking crossbeam-channel v0.4.4
[INFO] [stderr]     Checking url v2.2.0
[INFO] [stderr]     Checking async-fs v1.5.0
[INFO] [stderr]     Checking hkdf v0.9.0
[INFO] [stderr]     Checking ghash v0.3.0
[INFO] [stderr]     Checking aes v0.4.0
[INFO] [stderr]     Checking signal-hook v0.1.16
[INFO] [stderr]     Checking resolv-conf v0.6.3
[INFO] [stderr]     Checking threadpool v1.8.1
[INFO] [stderr]     Checking mio v0.6.22
[INFO] [stderr]     Checking rand_core v0.5.1
[INFO] [stderr]     Checking parking_lot v0.11.0
[INFO] [stderr]     Checking clap v2.33.3
[INFO] [stderr]     Checking inotify v0.7.1
[INFO] [stderr]     Checking async-io v1.1.10
[INFO] [stderr]     Checking crossbeam-channel v0.5.0
[INFO] [stderr]     Checking aes-gcm v0.6.0
[INFO] [stderr]     Checking env_logger v0.7.1
[INFO] [stderr]     Checking env_logger v0.8.1
[INFO] [stderr]     Checking rand_chacha v0.2.2
[INFO] [stderr]    Compiling serde_derive_internals v0.24.1
[INFO] [stderr]     Checking mio-uds v0.6.8
[INFO] [stderr]     Checking mio-extras v2.0.6
[INFO] [stderr]     Checking async-process v1.0.1
[INFO] [stderr]     Checking async-net v1.5.0
[INFO] [stderr]     Checking rand v0.7.3
[INFO] [stderr]     Checking tokio v0.2.22
[INFO] [stderr]     Checking notify v4.0.15
[INFO] [stderr]     Checking smol v1.2.4
[INFO] [stderr]     Checking webpki v0.21.3
[INFO] [stderr]     Checking sct v0.6.0
[INFO] [stderr]    Compiling synstructure v0.12.4
[INFO] [stderr]    Compiling wasm-bindgen-backend v0.2.68
[INFO] [stderr]    Compiling pest_generator v2.1.3
[INFO] [stderr]    Compiling proc-macro-error v1.0.4
[INFO] [stderr]     Checking rustls v0.18.1
[INFO] [stderr]     Checking webpki-roots v0.20.0
[INFO] [stderr]     Checking brotli2 v0.3.2
[INFO] [stderr]    Compiling wasm-bindgen-macro-support v0.2.68
[INFO] [stderr]     Checking tokio-util v0.3.1
[INFO] [stderr]    Compiling pin-project-internal v1.0.1
[INFO] [stderr]    Compiling futures-macro v0.3.7
[INFO] [stderr]    Compiling pin-project-internal v0.4.27
[INFO] [stderr]    Compiling derive_more v0.99.11
[INFO] [stderr]    Compiling actix-macros v0.1.2
[INFO] [stderr]    Compiling thiserror-impl v1.0.21
[INFO] [stderr]    Compiling async-trait v0.1.41
[INFO] [stderr]    Compiling enum-as-inner v0.3.3
[INFO] [stderr]    Compiling time-macros-impl v0.1.1
[INFO] [stderr]    Compiling actix-web-codegen v0.3.0
[INFO] [stderr]    Compiling v_escape_derive v0.8.4
[INFO] [stderr]    Compiling actix_derive v0.5.0
[INFO] [stderr]    Compiling failure_derive v0.1.8
[INFO] [stderr]    Compiling pest_derive v2.1.0
[INFO] [stderr]    Compiling structopt-derive v0.4.13
[INFO] [stderr]     Checking tokio-rustls v0.14.1
[INFO] [stderr]    Compiling wasm-bindgen-macro v0.2.68
[INFO] [stderr]    Compiling failure v0.1.8
[INFO] [stderr]     Checking time-macros v0.1.1
[INFO] [stderr]    Compiling typescript-definitions-derive v0.1.10 (https://github.com/onelson/typescript-definitions?branch=no-debug-attrs#f21e330d)
[INFO] [stderr]     Checking thiserror v1.0.21
[INFO] [stderr]     Checking pin-project v1.0.1
[INFO] [stderr]     Checking futures-util v0.3.7
[INFO] [stderr]     Checking pin-project v0.4.27
[INFO] [stderr]     Checking actix-codec v0.3.0
[INFO] [stderr]     Checking tracing-futures v0.2.4
[INFO] [stderr]     Checking structopt v0.3.20
[INFO] [stderr]     Checking actix-threadpool v0.3.3
[INFO] [stderr]     Checking actix-rt v1.1.1
[INFO] [stderr]     Checking futures-executor v0.3.7
[INFO] [stderr]     Checking actix-service v1.0.6
[INFO] [stderr]     Checking h2 v0.2.7
[INFO] [stderr]     Checking futures v0.3.7
[INFO] [stderr]     Checking trust-dns-proto v0.19.5
[INFO] [stderr]     Checking actix-utils v2.0.0
[INFO] [stderr]     Checking actix-tls v2.0.0
[INFO] [stderr]     Checking actix-server v1.0.4
[INFO] [stderr]     Checking actix-testing v1.0.1
[INFO] [stderr]     Checking trust-dns-resolver v0.19.5
[INFO] [stderr]     Checking serde_urlencoded v0.6.1
[INFO] [stderr]     Checking actix-router v0.2.5
[INFO] [stderr]     Checking typescript-definitions v0.1.10 (https://github.com/onelson/typescript-definitions?branch=no-debug-attrs#f21e330d)
[INFO] [stderr]     Checking actix-connect v2.0.0
[INFO] [stderr]     Checking actix v0.10.0
[INFO] [stderr]     Checking actix-http v2.0.0
[INFO] [stderr]     Checking awc v2.0.0
[INFO] [stderr]     Checking actix-web v3.1.0
[INFO] [stderr]     Checking actix-session v0.4.0
[INFO] [stderr]     Checking actix-files v0.3.0
[INFO] [stderr]     Checking actix-web-actors v3.0.0
[INFO] [stderr]     Checking actix_multi v0.1.0 (/opt/rustwide/workdir/actix_multi)
[INFO] [stderr]     Checking bs3_files v0.0.1 (/opt/rustwide/workdir/bs3_files)
[INFO] [stderr]     Checking bs3_core v0.0.1 (/opt/rustwide/workdir/bs3_core)
[INFO] [stdout] error[E0432]: unresolved import `notify::FsEventWatcher`
[INFO] [stdout]  --> bs3_core/src/fs/mod.rs:3:39
[INFO] [stdout]   |
[INFO] [stdout] 3 | use notify::{watcher, DebouncedEvent, FsEventWatcher, RecursiveMode, Watcher};
[INFO] [stdout]   |                                       ^^^^^^^^^^^^^^ no `FsEventWatcher` in the root
[INFO] [stdout] 
[INFO] [stdout] 
[INFO] [stdout] error[E0432]: unresolved import `notify::FsEventWatcher`
[INFO] [stdout]  --> bs3_core/src/fs/mod.rs:3:39
[INFO] [stdout]   |
[INFO] [stdout] 3 | use notify::{watcher, DebouncedEvent, FsEventWatcher, RecursiveMode, Watcher};
[INFO] [stdout]   |                                       ^^^^^^^^^^^^^^ no `FsEventWatcher` in the root
[INFO] [stdout] 
[INFO] [stdout] 
[INFO] [stdout] warning: unused imports: `Addr`, `Context`
[INFO] [stdout]  --> bs3_core/src/start.rs:1:20
[INFO] [stdout]   |
[INFO] [stdout] 1 | use actix::{Actor, Addr, Context};
[INFO] [stdout]   |                    ^^^^  ^^^^^^^
[INFO] [stdout]   |
[INFO] [stdout]   = note: `#[warn(unused_imports)]` on by default
[INFO] [stdout] 
[INFO] [stdout] 
[INFO] [stdout] warning: unused imports: `Addr`, `Context`
[INFO] [stdout]  --> bs3_core/src/start.rs:1:20
[INFO] [stdout]   |
[INFO] [stdout] 1 | use actix::{Actor, Addr, Context};
[INFO] [stdout]   |                    ^^^^  ^^^^^^^
[INFO] [stdout]   |
[INFO] [stdout]   = note: `#[warn(unused_imports)]` on by default
[INFO] [stdout] 
[INFO] [stdout] 
[INFO] [stdout] error[E0282]: type annotations needed
[INFO] [stdout]   --> bs3_core/src/fs/mod.rs:31:22
[INFO] [stdout]    |
[INFO] [stdout] 31 |             watcher: None,
[INFO] [stdout]    |                      ^^^^ cannot infer type for type parameter `T` declared on the enum `Option`
[INFO] [stdout] 
[INFO] [stdout] 
[INFO] [stdout] error[E0282]: type annotations needed
[INFO] [stdout]   --> bs3_core/src/fs/mod.rs:31:22
[INFO] [stdout]    |
[INFO] [stdout] 31 |             watcher: None,
[INFO] [stdout]    |                      ^^^^ cannot infer type for type parameter `T` declared on the enum `Option`
[INFO] [stdout] 
[INFO] [stdout] 
[INFO] [stdout] warning: unused import: `Watcher`
[INFO] [stdout]  --> bs3_core/src/fs/mod.rs:3:70
[INFO] [stdout]   |
[INFO] [stdout] 3 | use notify::{watcher, DebouncedEvent, FsEventWatcher, RecursiveMode, Watcher};
[INFO] [stdout]   |                                                                      ^^^^^^^
[INFO] [stdout] 
[INFO] [stdout] 
[INFO] [stdout] error: aborting due to 2 previous errors; 2 warnings emitted
[INFO] [stdout] 
[INFO] [stdout] 
[INFO] [stdout] Some errors have detailed explanations: E0282, E0432.
[INFO] [stdout] 
[INFO] [stdout] For more information about an error, try `rustc --explain E0282`.
[INFO] [stdout] 
[INFO] [stderr] error: could not compile `bs3_core` due to 3 previous errors; 2 warnings emitted
[INFO] [stderr] warning: build failed, waiting for other jobs to finish...
[INFO] [stdout] warning: unused import: `Watcher`
[INFO] [stdout]  --> bs3_core/src/fs/mod.rs:3:70
[INFO] [stdout]   |
[INFO] [stdout] 3 | use notify::{watcher, DebouncedEvent, FsEventWatcher, RecursiveMode, Watcher};
[INFO] [stdout]   |                                                                      ^^^^^^^
[INFO] [stdout] 
[INFO] [stdout] 
[INFO] [stdout] error: aborting due to 2 previous errors; 2 warnings emitted
[INFO] [stdout] 
[INFO] [stdout] 
[INFO] [stdout] Some errors have detailed explanations: E0282, E0432.
[INFO] [stdout] 
[INFO] [stdout] For more information about an error, try `rustc --explain E0282`.
[INFO] [stdout] 
[INFO] [stderr] error: build failed
[INFO] running `Command { std: "docker" "inspect" "8856f840da2c7b758d712c4c15d4d17e02be82dadddfa980cbb394543b81dc36", kill_on_drop: false }`
[INFO] running `Command { std: "docker" "rm" "-f" "8856f840da2c7b758d712c4c15d4d17e02be82dadddfa980cbb394543b81dc36", kill_on_drop: false }`
[INFO] [stdout] 8856f840da2c7b758d712c4c15d4d17e02be82dadddfa980cbb394543b81dc36
