[INFO] cloning repository https://github.com/shadowbiz/steam_n_snow
[INFO] running `Command { std: "git" "-c" "credential.helper=" "-c" "credential.helper=/workspace/cargo-home/bin/git-credential-null" "clone" "--bare" "https://github.com/shadowbiz/steam_n_snow" "/workspace/cache/git-repos/https%3A%2F%2Fgithub.com%2Fshadowbiz%2Fsteam_n_snow", kill_on_drop: false }`
[INFO] [stderr] Cloning into bare repository '/workspace/cache/git-repos/https%3A%2F%2Fgithub.com%2Fshadowbiz%2Fsteam_n_snow'...
[INFO] running `Command { std: "git" "rev-parse" "HEAD", kill_on_drop: false }`
[INFO] [stdout] 60e180738cb0648c41dc1d2f21e5e2607b1d8e8d
[INFO] checking shadowbiz/steam_n_snow against beta-2021-10-15 for beta-1.56-3
[INFO] running `Command { std: "git" "clone" "/workspace/cache/git-repos/https%3A%2F%2Fgithub.com%2Fshadowbiz%2Fsteam_n_snow" "/workspace/builds/worker-5/source", kill_on_drop: false }`
[INFO] [stderr] Cloning into '/workspace/builds/worker-5/source'...
[INFO] [stderr] done.
[INFO] validating manifest of git repo https://github.com/shadowbiz/steam_n_snow on toolchain beta-2021-10-15
[INFO] running `Command { std: "/workspace/cargo-home/bin/cargo" "+beta-2021-10-15" "metadata" "--manifest-path" "Cargo.toml" "--no-deps", kill_on_drop: false }`
[INFO] started tweaking git repo https://github.com/shadowbiz/steam_n_snow
[INFO] finished tweaking git repo https://github.com/shadowbiz/steam_n_snow
[INFO] tweaked toml for git repo https://github.com/shadowbiz/steam_n_snow written to /workspace/builds/worker-5/source/Cargo.toml
[INFO] crate git repo https://github.com/shadowbiz/steam_n_snow already has a lockfile, it will not be regenerated
[INFO] running `Command { std: "/workspace/cargo-home/bin/cargo" "+beta-2021-10-15" "fetch" "--manifest-path" "Cargo.toml", kill_on_drop: false }`
[INFO] [stderr]     Blocking waiting for file lock on package cache
[INFO] running `Command { std: "docker" "create" "-v" "/var/lib/crater-agent-workspace/builds/worker-5/target:/opt/rustwide/target:rw,Z" "-v" "/var/lib/crater-agent-workspace/builds/worker-5/source:/opt/rustwide/workdir:ro,Z" "-v" "/var/lib/crater-agent-workspace/cargo-home:/opt/rustwide/cargo-home:ro,Z" "-v" "/var/lib/crater-agent-workspace/rustup-home:/opt/rustwide/rustup-home:ro,Z" "-e" "SOURCE_DIR=/opt/rustwide/workdir" "-e" "CARGO_TARGET_DIR=/opt/rustwide/target" "-e" "CARGO_HOME=/opt/rustwide/cargo-home" "-e" "RUSTUP_HOME=/opt/rustwide/rustup-home" "-w" "/opt/rustwide/workdir" "-m" "1610612736" "--user" "0:0" "--network" "none" "ghcr.io/rust-lang/crates-build-env/linux@sha256:a89201d6b5b9fd45c15d5952ece0a0129e7e80cb26ec023fd59cf09bc26f1604" "/opt/rustwide/cargo-home/bin/cargo" "+beta-2021-10-15" "metadata" "--no-deps" "--format-version=1", kill_on_drop: false }`
[INFO] [stderr] WARNING: Your kernel does not support swap limit capabilities or the cgroup is not mounted. Memory limited without swap.
[INFO] [stdout] c074a3881b72957e40d4540f02441014699569fbbc93acf03d4e8c0d232e7ca3
[INFO] running `Command { std: "docker" "start" "-a" "c074a3881b72957e40d4540f02441014699569fbbc93acf03d4e8c0d232e7ca3", kill_on_drop: false }`
[INFO] running `Command { std: "docker" "inspect" "c074a3881b72957e40d4540f02441014699569fbbc93acf03d4e8c0d232e7ca3", kill_on_drop: false }`
[INFO] running `Command { std: "docker" "rm" "-f" "c074a3881b72957e40d4540f02441014699569fbbc93acf03d4e8c0d232e7ca3", kill_on_drop: false }`
[INFO] [stdout] c074a3881b72957e40d4540f02441014699569fbbc93acf03d4e8c0d232e7ca3
[INFO] running `Command { std: "docker" "create" "-v" "/var/lib/crater-agent-workspace/builds/worker-5/target:/opt/rustwide/target:rw,Z" "-v" "/var/lib/crater-agent-workspace/builds/worker-5/source:/opt/rustwide/workdir:ro,Z" "-v" "/var/lib/crater-agent-workspace/cargo-home:/opt/rustwide/cargo-home:ro,Z" "-v" "/var/lib/crater-agent-workspace/rustup-home:/opt/rustwide/rustup-home:ro,Z" "-e" "SOURCE_DIR=/opt/rustwide/workdir" "-e" "CARGO_TARGET_DIR=/opt/rustwide/target" "-e" "CARGO_INCREMENTAL=0" "-e" "RUST_BACKTRACE=full" "-e" "RUSTFLAGS=--cap-lints=warn" "-e" "CARGO_HOME=/opt/rustwide/cargo-home" "-e" "RUSTUP_HOME=/opt/rustwide/rustup-home" "-w" "/opt/rustwide/workdir" "-m" "1610612736" "--user" "0:0" "--network" "none" "ghcr.io/rust-lang/crates-build-env/linux@sha256:a89201d6b5b9fd45c15d5952ece0a0129e7e80cb26ec023fd59cf09bc26f1604" "/opt/rustwide/cargo-home/bin/cargo" "+beta-2021-10-15" "check" "--frozen" "--all" "--all-targets" "--message-format=json", kill_on_drop: false }`
[INFO] [stdout] 357e9a7edda20b6bd8c005cc407f7634c92921f4b19df910b8bd561525e1756b
[INFO] [stderr] WARNING: Your kernel does not support swap limit capabilities or the cgroup is not mounted. Memory limited without swap.
[INFO] running `Command { std: "docker" "start" "-a" "357e9a7edda20b6bd8c005cc407f7634c92921f4b19df910b8bd561525e1756b", kill_on_drop: false }`
[INFO] [stderr]     Checking steam_and_snow v0.1.0 (/opt/rustwide/workdir)
[INFO] [stdout] error[E0425]: cannot find value `q0` in this scope
[INFO] [stdout]    --> src/main.rs:459:20
[INFO] [stdout]     |
[INFO] [stdout] 459 |     let Q4 = GetQ4(q0, 1.0);                               // 1% потерь от q0
[INFO] [stdout]     |                    ^^ help: a local variable with a similar name exists: `Q0`
[INFO] [stdout] 
[INFO] [stdout] 
[INFO] [stdout] error[E0425]: cannot find value `q0` in this scope
[INFO] [stdout]    --> src/main.rs:496:21
[INFO] [stdout]     |
[INFO] [stdout] 496 |     let q_t = GetQt(q0, Q21, Q22, T2, heatCoefficient);
[INFO] [stdout]     |                     ^^ help: a local variable with a similar name exists: `Q0`
[INFO] [stdout] 
[INFO] [stdout] 
[INFO] [stdout] error[E0425]: cannot find value `q0` in this scope
[INFO] [stdout]    --> src/main.rs:500:73
[INFO] [stdout]     |
[INFO] [stdout] 500 |     println!("Располагаемое тепло q0 \t\t\t\t{:.2} кал/час \t\t{:.1}%", q0, q0/q0*100.0);
[INFO] [stdout]     |                                                                         ^^ help: a local variable with a similar name exists: `Q0`
[INFO] [stdout] 
[INFO] [stdout] 
[INFO] [stdout] error[E0425]: cannot find value `q0` in this scope
[INFO] [stdout]    --> src/main.rs:500:77
[INFO] [stdout]     |
[INFO] [stdout] 500 |     println!("Располагаемое тепло q0 \t\t\t\t{:.2} кал/час \t\t{:.1}%", q0, q0/q0*100.0);
[INFO] [stdout]     |                                                                             ^^ help: a local variable with a similar name exists: `Q0`
[INFO] [stdout] 
[INFO] [stdout] 
[INFO] [stdout] error[E0425]: cannot find value `q0` in this scope
[INFO] [stdout]    --> src/main.rs:500:80
[INFO] [stdout]     |
[INFO] [stdout] 500 |     println!("Располагаемое тепло q0 \t\t\t\t{:.2} кал/час \t\t{:.1}%", q0, q0/q0*100.0);
[INFO] [stdout]     |                                                                                ^^ help: a local variable with a similar name exists: `Q0`
[INFO] [stdout] 
[INFO] [stdout] 
[INFO] [stdout] error[E0425]: cannot find value `q0` in this scope
[INFO] [stdout]    --> src/main.rs:501:84
[INFO] [stdout]     |
[INFO] [stdout] 501 |     println!("Химические потери тепла Q2'\t\t\t{:.2} кал/час \t\t{:.1}%", Q21, Q21/q0*100.0);
[INFO] [stdout]     |                                                                                    ^^ help: a local variable with a similar name exists: `Q0`
[INFO] [stdout] 
[INFO] [stdout] 
[INFO] [stdout] error[E0425]: cannot find value `q0` in this scope
[INFO] [stdout]    --> src/main.rs:502:87
[INFO] [stdout]     |
[INFO] [stdout] 502 |     println!("Механические потери тепла Q2''\t\t\t{:.2} кал/час \t\t{:.1}%", Q22, Q22/q0*100.0);
[INFO] [stdout]     |                                                                                       ^^ help: a local variable with a similar name exists: `Q0`
[INFO] [stdout] 
[INFO] [stdout] 
[INFO] [stdout] error[E0425]: cannot find value `q0` in this scope
[INFO] [stdout]    --> src/main.rs:503:89
[INFO] [stdout]     |
[INFO] [stdout] 503 |     println!("Потеря тепла с уходящими газами Q3\t\t{:.2} кал/час \t\t{:.1}%", q_3, q_3/q0*100.0);
[INFO] [stdout]     |                                                                                         ^^ help: a local variable with a similar name exists: `Q0`
[INFO] [stdout] 
[INFO] [stdout] 
[INFO] [stdout] error[E0425]: cannot find value `q0` in this scope
[INFO] [stdout]    --> src/main.rs:504:86
[INFO] [stdout]     |
[INFO] [stdout] 504 |     println!("Потери на внешнее охлаждение Q4\t\t\t{:.2} кал/час \t\t{:.1}%", Q4, Q4/q0*100.0);
[INFO] [stdout]     |                                                                                      ^^ help: a local variable with a similar name exists: `Q0`
[INFO] [stdout] 
[INFO] [stdout] 
[INFO] [stdout] error[E0425]: cannot find value `q0` in this scope
[INFO] [stdout]    --> src/main.rs:506:95
[INFO] [stdout]     |
[INFO] [stdout] 506 | ...\t{:.2} кал/час \t\t{:.1}%", q_t, q_t/q0*100.0);
[INFO] [stdout]     |                                          ^^ help: a local variable with a similar name exists: `Q0`
[INFO] [stdout] 
[INFO] [stdout] 
[INFO] [stdout] warning: unnecessary parentheses around block return value
[INFO] [stdout]  --> src/main.rs:6:5
[INFO] [stdout]   |
[INFO] [stdout] 6 |     ((m)/1000.0)
[INFO] [stdout]   |     ^^^^^^^^^^^^ help: remove these parentheses
[INFO] [stdout]   |
[INFO] [stdout]   = note: `#[warn(unused_parens)]` on by default
[INFO] [stdout] 
[INFO] [stdout] 
[INFO] [stdout] error: aborting due to 10 previous errors; 1 warning emitted
[INFO] [stdout] 
[INFO] [stdout] 
[INFO] [stdout] For more information about this error, try `rustc --explain E0425`.
[INFO] [stdout] 
[INFO] [stderr] error: could not compile `steam_and_snow` due to 11 previous errors; 1 warning emitted
[INFO] [stderr] warning: build failed, waiting for other jobs to finish...
[INFO] [stdout] error[E0425]: cannot find value `q0` in this scope
[INFO] [stdout]    --> src/main.rs:459:20
[INFO] [stdout]     |
[INFO] [stdout] 459 |     let Q4 = GetQ4(q0, 1.0);                               // 1% потерь от q0
[INFO] [stdout]     |                    ^^ help: a local variable with a similar name exists: `Q0`
[INFO] [stdout] 
[INFO] [stdout] 
[INFO] [stdout] error[E0425]: cannot find value `q0` in this scope
[INFO] [stdout]    --> src/main.rs:496:21
[INFO] [stdout]     |
[INFO] [stdout] 496 |     let q_t = GetQt(q0, Q21, Q22, T2, heatCoefficient);
[INFO] [stdout]     |                     ^^ help: a local variable with a similar name exists: `Q0`
[INFO] [stdout] 
[INFO] [stdout] 
[INFO] [stdout] error[E0425]: cannot find value `q0` in this scope
[INFO] [stdout]    --> src/main.rs:500:73
[INFO] [stdout]     |
[INFO] [stdout] 500 |     println!("Располагаемое тепло q0 \t\t\t\t{:.2} кал/час \t\t{:.1}%", q0, q0/q0*100.0);
[INFO] [stdout]     |                                                                         ^^ help: a local variable with a similar name exists: `Q0`
[INFO] [stdout] 
[INFO] [stdout] 
[INFO] [stdout] error[E0425]: cannot find value `q0` in this scope
[INFO] [stdout]    --> src/main.rs:500:77
[INFO] [stdout]     |
[INFO] [stdout] 500 |     println!("Располагаемое тепло q0 \t\t\t\t{:.2} кал/час \t\t{:.1}%", q0, q0/q0*100.0);
[INFO] [stdout]     |                                                                             ^^ help: a local variable with a similar name exists: `Q0`
[INFO] [stdout] 
[INFO] [stdout] 
[INFO] [stdout] error[E0425]: cannot find value `q0` in this scope
[INFO] [stdout]    --> src/main.rs:500:80
[INFO] [stdout]     |
[INFO] [stdout] 500 |     println!("Располагаемое тепло q0 \t\t\t\t{:.2} кал/час \t\t{:.1}%", q0, q0/q0*100.0);
[INFO] [stdout]     |                                                                                ^^ help: a local variable with a similar name exists: `Q0`
[INFO] [stdout] 
[INFO] [stdout] 
[INFO] [stdout] error[E0425]: cannot find value `q0` in this scope
[INFO] [stdout]    --> src/main.rs:501:84
[INFO] [stdout]     |
[INFO] [stdout] 501 |     println!("Химические потери тепла Q2'\t\t\t{:.2} кал/час \t\t{:.1}%", Q21, Q21/q0*100.0);
[INFO] [stdout]     |                                                                                    ^^ help: a local variable with a similar name exists: `Q0`
[INFO] [stdout] 
[INFO] [stdout] 
[INFO] [stdout] error[E0425]: cannot find value `q0` in this scope
[INFO] [stdout]    --> src/main.rs:502:87
[INFO] [stdout]     |
[INFO] [stdout] 502 |     println!("Механические потери тепла Q2''\t\t\t{:.2} кал/час \t\t{:.1}%", Q22, Q22/q0*100.0);
[INFO] [stdout]     |                                                                                       ^^ help: a local variable with a similar name exists: `Q0`
[INFO] [stdout] 
[INFO] [stdout] 
[INFO] [stdout] error[E0425]: cannot find value `q0` in this scope
[INFO] [stdout]    --> src/main.rs:503:89
[INFO] [stdout]     |
[INFO] [stdout] 503 |     println!("Потеря тепла с уходящими газами Q3\t\t{:.2} кал/час \t\t{:.1}%", q_3, q_3/q0*100.0);
[INFO] [stdout]     |                                                                                         ^^ help: a local variable with a similar name exists: `Q0`
[INFO] [stdout] 
[INFO] [stdout] 
[INFO] [stdout] error[E0425]: cannot find value `q0` in this scope
[INFO] [stdout]    --> src/main.rs:504:86
[INFO] [stdout]     |
[INFO] [stdout] 504 |     println!("Потери на внешнее охлаждение Q4\t\t\t{:.2} кал/час \t\t{:.1}%", Q4, Q4/q0*100.0);
[INFO] [stdout]     |                                                                                      ^^ help: a local variable with a similar name exists: `Q0`
[INFO] [stdout] 
[INFO] [stdout] 
[INFO] [stdout] error[E0425]: cannot find value `q0` in this scope
[INFO] [stdout]    --> src/main.rs:506:95
[INFO] [stdout]     |
[INFO] [stdout] 506 | ...\t{:.2} кал/час \t\t{:.1}%", q_t, q_t/q0*100.0);
[INFO] [stdout]     |                                          ^^ help: a local variable with a similar name exists: `Q0`
[INFO] [stdout] 
[INFO] [stdout] 
[INFO] [stdout] warning: unnecessary parentheses around block return value
[INFO] [stdout]  --> src/main.rs:6:5
[INFO] [stdout]   |
[INFO] [stdout] 6 |     ((m)/1000.0)
[INFO] [stdout]   |     ^^^^^^^^^^^^ help: remove these parentheses
[INFO] [stdout]   |
[INFO] [stdout]   = note: `#[warn(unused_parens)]` on by default
[INFO] [stdout] 
[INFO] [stdout] 
[INFO] [stdout] error: aborting due to 10 previous errors; 1 warning emitted
[INFO] [stdout] 
[INFO] [stdout] 
[INFO] [stdout] For more information about this error, try `rustc --explain E0425`.
[INFO] [stdout] 
[INFO] [stderr] error: build failed
[INFO] running `Command { std: "docker" "inspect" "357e9a7edda20b6bd8c005cc407f7634c92921f4b19df910b8bd561525e1756b", kill_on_drop: false }`
[INFO] running `Command { std: "docker" "rm" "-f" "357e9a7edda20b6bd8c005cc407f7634c92921f4b19df910b8bd561525e1756b", kill_on_drop: false }`
[INFO] [stdout] 357e9a7edda20b6bd8c005cc407f7634c92921f4b19df910b8bd561525e1756b
