[INFO] cloning repository https://github.com/shaderboi/tempeh-engine
[INFO] running `Command { std: "git" "-c" "credential.helper=" "-c" "credential.helper=/workspace/cargo-home/bin/git-credential-null" "clone" "--bare" "https://github.com/shaderboi/tempeh-engine" "/workspace/cache/git-repos/https%3A%2F%2Fgithub.com%2Fshaderboi%2Ftempeh-engine", kill_on_drop: false }`
[INFO] [stderr] Cloning into bare repository '/workspace/cache/git-repos/https%3A%2F%2Fgithub.com%2Fshaderboi%2Ftempeh-engine'...
[INFO] running `Command { std: "git" "rev-parse" "HEAD", kill_on_drop: false }`
[INFO] [stdout] 9a241234ae814b88d1b0be64f0994be4e95b7a97
[INFO] checking shaderboi/tempeh-engine against 1.55.0 for beta-1.56-3
[INFO] running `Command { std: "git" "clone" "/workspace/cache/git-repos/https%3A%2F%2Fgithub.com%2Fshaderboi%2Ftempeh-engine" "/workspace/builds/worker-13/source", kill_on_drop: false }`
[INFO] [stderr] Cloning into '/workspace/builds/worker-13/source'...
[INFO] [stderr] done.
[INFO] validating manifest of git repo https://github.com/shaderboi/tempeh-engine on toolchain 1.55.0
[INFO] running `Command { std: "/workspace/cargo-home/bin/cargo" "+1.55.0" "metadata" "--manifest-path" "Cargo.toml" "--no-deps", kill_on_drop: false }`
[INFO] started tweaking git repo https://github.com/shaderboi/tempeh-engine
[INFO] removed 0 missing examples
[INFO] finished tweaking git repo https://github.com/shaderboi/tempeh-engine
[INFO] tweaked toml for git repo https://github.com/shaderboi/tempeh-engine written to /workspace/builds/worker-13/source/Cargo.toml
[INFO] crate git repo https://github.com/shaderboi/tempeh-engine already has a lockfile, it will not be regenerated
[INFO] running `Command { std: "/workspace/cargo-home/bin/cargo" "+1.55.0" "fetch" "--manifest-path" "Cargo.toml", kill_on_drop: false }`
[INFO] [stderr] warning: /workspace/builds/worker-13/source/Cargo.toml: file found to be present in multiple build targets: /workspace/builds/worker-13/source/examples/sample.rs
[INFO] [stderr]     Blocking waiting for file lock on package cache
[INFO] [stderr]     Blocking waiting for file lock on package cache
[INFO] running `Command { std: "docker" "create" "-v" "/var/lib/crater-agent-workspace/builds/worker-13/target:/opt/rustwide/target:rw,Z" "-v" "/var/lib/crater-agent-workspace/builds/worker-13/source:/opt/rustwide/workdir:ro,Z" "-v" "/var/lib/crater-agent-workspace/cargo-home:/opt/rustwide/cargo-home:ro,Z" "-v" "/var/lib/crater-agent-workspace/rustup-home:/opt/rustwide/rustup-home:ro,Z" "-e" "SOURCE_DIR=/opt/rustwide/workdir" "-e" "CARGO_TARGET_DIR=/opt/rustwide/target" "-e" "CARGO_HOME=/opt/rustwide/cargo-home" "-e" "RUSTUP_HOME=/opt/rustwide/rustup-home" "-w" "/opt/rustwide/workdir" "-m" "1610612736" "--user" "0:0" "--network" "none" "ghcr.io/rust-lang/crates-build-env/linux@sha256:a89201d6b5b9fd45c15d5952ece0a0129e7e80cb26ec023fd59cf09bc26f1604" "/opt/rustwide/cargo-home/bin/cargo" "+1.55.0" "metadata" "--no-deps" "--format-version=1", kill_on_drop: false }`
[INFO] [stdout] 129f356fe68dfb49e506615a630129aa531d0c0327c3965537c5cdf8e1976b89
[INFO] [stderr] WARNING: Your kernel does not support swap limit capabilities or the cgroup is not mounted. Memory limited without swap.
[INFO] running `Command { std: "docker" "start" "-a" "129f356fe68dfb49e506615a630129aa531d0c0327c3965537c5cdf8e1976b89", kill_on_drop: false }`
[INFO] running `Command { std: "docker" "inspect" "129f356fe68dfb49e506615a630129aa531d0c0327c3965537c5cdf8e1976b89", kill_on_drop: false }`
[INFO] running `Command { std: "docker" "rm" "-f" "129f356fe68dfb49e506615a630129aa531d0c0327c3965537c5cdf8e1976b89", kill_on_drop: false }`
[INFO] [stdout] 129f356fe68dfb49e506615a630129aa531d0c0327c3965537c5cdf8e1976b89
[INFO] running `Command { std: "docker" "create" "-v" "/var/lib/crater-agent-workspace/builds/worker-13/target:/opt/rustwide/target:rw,Z" "-v" "/var/lib/crater-agent-workspace/builds/worker-13/source:/opt/rustwide/workdir:ro,Z" "-v" "/var/lib/crater-agent-workspace/cargo-home:/opt/rustwide/cargo-home:ro,Z" "-v" "/var/lib/crater-agent-workspace/rustup-home:/opt/rustwide/rustup-home:ro,Z" "-e" "SOURCE_DIR=/opt/rustwide/workdir" "-e" "CARGO_TARGET_DIR=/opt/rustwide/target" "-e" "CARGO_INCREMENTAL=0" "-e" "RUST_BACKTRACE=full" "-e" "RUSTFLAGS=--cap-lints=warn" "-e" "CARGO_HOME=/opt/rustwide/cargo-home" "-e" "RUSTUP_HOME=/opt/rustwide/rustup-home" "-w" "/opt/rustwide/workdir" "-m" "1610612736" "--user" "0:0" "--network" "none" "ghcr.io/rust-lang/crates-build-env/linux@sha256:a89201d6b5b9fd45c15d5952ece0a0129e7e80cb26ec023fd59cf09bc26f1604" "/opt/rustwide/cargo-home/bin/cargo" "+1.55.0" "check" "--frozen" "--all" "--all-targets" "--message-format=json", kill_on_drop: false }`
[INFO] [stdout] ea0107fe0d41f395a88b1c5d869ccc0a40d3568d405944cd9875dec54c0abff9
[INFO] [stderr] WARNING: Your kernel does not support swap limit capabilities or the cgroup is not mounted. Memory limited without swap.
[INFO] running `Command { std: "docker" "start" "-a" "ea0107fe0d41f395a88b1c5d869ccc0a40d3568d405944cd9875dec54c0abff9", kill_on_drop: false }`
[INFO] [stderr] warning: /opt/rustwide/workdir/Cargo.toml: file found to be present in multiple build targets: /opt/rustwide/workdir/examples/sample.rs
[INFO] [stderr]    Compiling proc-macro2 v1.0.28
[INFO] [stderr]    Compiling syn v1.0.74
[INFO] [stderr]    Compiling libc v0.2.99
[INFO] [stderr]    Compiling log v0.4.14
[INFO] [stderr]     Checking downcast-rs v1.2.0
[INFO] [stderr]     Checking bit-vec v0.6.3
[INFO] [stderr]    Compiling paste v1.0.5
[INFO] [stderr]    Compiling cc v1.0.69
[INFO] [stderr]    Compiling crossbeam-queue v0.3.2
[INFO] [stderr]     Checking arrayvec v0.7.1
[INFO] [stderr]     Checking cache-padded v1.1.1
[INFO] [stderr]     Checking fastrand v1.5.0
[INFO] [stderr]     Checking atomic_refcell v0.1.7
[INFO] [stderr]     Checking event-listener v2.5.1
[INFO] [stderr]     Checking parking v2.0.0
[INFO] [stderr]     Checking waker-fn v1.1.0
[INFO] [stderr]     Checking futures-io v0.3.17
[INFO] [stderr]     Checking fixedbitset v0.4.0
[INFO] [stderr]    Compiling khronos-egl v4.1.0
[INFO] [stderr]     Checking ahash v0.4.7
[INFO] [stderr]    Compiling cfg_aliases v0.1.1
[INFO] [stderr]     Checking glow v0.11.0
[INFO] [stderr]     Checking ttf-parser v0.6.2
[INFO] [stderr]    Compiling signal-hook v0.3.10
[INFO] [stderr]     Checking inplace_it v0.3.3
[INFO] [stderr]    Compiling nix v0.18.0
[INFO] [stderr]     Checking async-task v4.0.3
[INFO] [stderr]     Checking renderdoc-sys v0.7.1
[INFO] [stderr]     Checking ab_glyph_rasterizer v0.1.4
[INFO] [stderr]     Checking atomic-waker v1.0.0
[INFO] [stderr]     Checking profiling v1.0.3
[INFO] [stderr]     Checking xml-rs v0.8.4
[INFO] [stderr]    Compiling winit v0.25.0
[INFO] [stderr]     Checking regex-syntax v0.6.25
[INFO] [stderr]    Compiling tempeh-core-codegen v0.1.0 (/opt/rustwide/workdir/tempeh-engine/tempeh-core/codegen)
[INFO] [stderr]     Checking chlorine v1.0.7
[INFO] [stderr]    Compiling serde_derive v1.0.127
[INFO] [stderr]     Checking unicode-xid v0.2.2
[INFO] [stderr]    Compiling serde v1.0.127
[INFO] [stderr]     Checking pollster v0.2.4
[INFO] [stderr]     Checking webbrowser v0.5.5
[INFO] [stderr]     Checking tempeh-window-filesystem v0.1.0 (/opt/rustwide/workdir/tempeh-engine/tempeh-filesystem)
[INFO] [stderr]    Compiling value-bag v1.0.0-alpha.7
[INFO] [stdout] warning: struct is never constructed: `File`
[INFO] [stdout]  --> tempeh-engine/tempeh-filesystem/src/lib.rs:1:8
[INFO] [stdout]   |
[INFO] [stdout] 1 | struct File {}
[INFO] [stdout]   |        ^^^^
[INFO] [stdout]   |
[INFO] [stdout]   = note: `#[warn(dead_code)]` on by default
[INFO] [stdout] 
[INFO] [stdout] 
[INFO] [stdout] warning: 1 warning emitted
[INFO] [stdout] 
[INFO] [stdout] 
[INFO] [stderr]    Compiling standback v0.2.17
[INFO] [stderr]    Compiling time v0.2.27
[INFO] [stderr]     Checking libloading v0.7.0
[INFO] [stdout] warning: struct is never constructed: `File`
[INFO] [stdout]  --> tempeh-engine/tempeh-filesystem/src/lib.rs:1:8
[INFO] [stdout]   |
[INFO] [stdout] 1 | struct File {}
[INFO] [stdout]   |        ^^^^
[INFO] [stdout]   |
[INFO] [stdout]   = note: `#[warn(dead_code)]` on by default
[INFO] [stdout] 
[INFO] [stdout] 
[INFO] [stderr]    Compiling num-rational v0.4.0
[INFO] [stdout] warning: 1 warning emitted
[INFO] [stdout] 
[INFO] [stdout] 
[INFO] [stderr]    Compiling indexmap v1.7.0
[INFO] [stderr]     Checking gpu-alloc-types v0.2.0
[INFO] [stderr]    Compiling nom v6.1.2
[INFO] [stderr]     Checking gpu-descriptor-types v0.1.1
[INFO] [stderr]     Checking wgpu-types v0.10.0
[INFO] [stderr]     Checking libloading v0.6.7
[INFO] [stderr]     Checking matrixmultiply v0.3.1
[INFO] [stderr]     Checking itertools v0.10.1
[INFO] [stderr]    Compiling wayland-sys v0.28.6
[INFO] [stderr]     Checking fxhash v0.2.1
[INFO] [stderr]    Compiling x11-dl v2.18.5
[INFO] [stderr]     Checking async-mutex v1.4.0
[INFO] [stderr]     Checking async-lock v2.4.0
[INFO] [stderr]     Checking concurrent-queue v1.2.2
[INFO] [stderr]     Checking codespan-reporting v0.11.1
[INFO] [stderr]     Checking bit-set v0.5.2
[INFO] [stderr]    Compiling wgpu-core v0.10.2
[INFO] [stderr]     Checking hashbrown v0.9.1
[INFO] [stderr]     Checking walkdir v2.3.2
[INFO] [stderr]    Compiling cmake v0.1.45
[INFO] [stderr]     Checking dlib v0.5.0
[INFO] [stderr]     Checking ash v0.33.2+1.2.186
[INFO] [stderr]     Checking gpu-alloc v0.5.1
[INFO] [stderr]     Checking dlib v0.4.2
[INFO] [stderr]     Checking owned_ttf_parser v0.6.0
[INFO] [stderr]     Checking aho-corasick v0.7.18
[INFO] [stderr]     Checking futures-lite v1.12.0
[INFO] [stderr]     Checking async-channel v1.6.1
[INFO] [stderr]     Checking gpu-descriptor v0.2.1
[INFO] [stderr]     Checking approx v0.5.0
[INFO] [stderr]     Checking num-complex v0.4.0
[INFO] [stderr]     Checking spirv v0.2.0+1.5.4
[INFO] [stderr]     Checking rusttype v0.9.2
[INFO] [stderr]    Compiling shaderc-sys v0.7.2
[INFO] [stderr]    Compiling imgui-sys v0.7.0
[INFO] [stderr]     Checking quote v1.0.9
[INFO] [stderr]     Checking crossbeam v0.8.1
[INFO] [stderr]     Checking andrew v0.3.1
[INFO] [stderr]     Checking simba v0.5.1
[INFO] [stderr]     Checking petgraph v0.6.0
[INFO] [stderr]    Compiling xcb v0.8.2
[INFO] [stderr]    Compiling wayland-scanner v0.28.6
[INFO] [stderr]     Checking regex v1.5.4
[INFO] [stderr]     Checking blocking v1.0.2
[INFO] [stderr]     Checking async-executor v1.4.1
[INFO] [stderr]     Checking xcursor v0.3.3
[INFO] [stderr] error: failed to run custom build command for `xcb v0.8.2`
[INFO] [stderr] 
[INFO] [stderr] Caused by:
[INFO] [stderr]   process didn't exit successfully: `/opt/rustwide/target/debug/build/xcb-19f4763bbdcff97e/build-script-build` (exit status: 101)
[INFO] [stderr]   --- stderr
[INFO] [stderr]   error occured in handler:  ('request: ', ('xcb', 'Xevie', 'SelectInput'))
[INFO] [stderr]   Traceback (most recent call last):
[INFO] [stderr]     File "/opt/rustwide/cargo-home/registry/src/github.com-1ecc6299db9ec823/xcb-0.8.2/rs_client.py", line 2448, in <module>
[INFO] [stderr]       module.generate()
[INFO] [stderr]     File "/opt/rustwide/cargo-home/registry/src/github.com-1ecc6299db9ec823/xcb-0.8.2/xcbgen/state.py", line 108, in generate
[INFO] [stderr]       self.close()
[INFO] [stderr]     File "/opt/rustwide/cargo-home/registry/src/github.com-1ecc6299db9ec823/xcb-0.8.2/rs_client.py", line 296, in rs_close
[INFO] [stderr]       _f.writeout(os.path.join(module.rs_srcdir, "ffi", "%s.rs" % _module_name(_ns.ext_name)))
[INFO] [stderr]     File "/opt/rustwide/cargo-home/registry/src/github.com-1ecc6299db9ec823/xcb-0.8.2/rs_client.py", line 114, in writeout
[INFO] [stderr]       with open(path, 'w') as f:
[INFO] [stderr]   OSError: [Errno 30] Read-only file system: '/opt/rustwide/cargo-home/registry/src/github.com-1ecc6299db9ec823/xcb-0.8.2/src/ffi/xevie.rs'
[INFO] [stderr]   thread 'main' panicked at 'processing of /opt/rustwide/cargo-home/registry/src/github.com-1ecc6299db9ec823/xcb-0.8.2/xml/xevie.xml returned non-zero (1)', /opt/rustwide/cargo-home/registry/src/github.com-1ecc6299db9ec823/xcb-0.8.2/build.rs:75:17
[INFO] [stderr]   stack backtrace:
[INFO] [stderr]      0:     0x564250fc9490 - std::backtrace_rs::backtrace::libunwind::trace::ha0ad43e8a952bfe7
[INFO] [stderr]                                  at /rustc/c8dfcfe046a7680554bf4eb612bad840e7631c4b/library/std/src/../../backtrace/src/backtrace/libunwind.rs:90:5
[INFO] [stderr]      1:     0x564250fc9490 - std::backtrace_rs::backtrace::trace_unsynchronized::h6830419c0c4130dc
[INFO] [stderr]                                  at /rustc/c8dfcfe046a7680554bf4eb612bad840e7631c4b/library/std/src/../../backtrace/src/backtrace/mod.rs:66:5
[INFO] [stderr]      2:     0x564250fc9490 - std::sys_common::backtrace::_print_fmt::h8f3516631ffa1ef5
[INFO] [stderr]                                  at /rustc/c8dfcfe046a7680554bf4eb612bad840e7631c4b/library/std/src/sys_common/backtrace.rs:67:5
[INFO] [stderr]      3:     0x564250fc9490 - <std::sys_common::backtrace::_print::DisplayBacktrace as core::fmt::Display>::fmt::he1640d5f0d93f618
[INFO] [stderr]                                  at /rustc/c8dfcfe046a7680554bf4eb612bad840e7631c4b/library/std/src/sys_common/backtrace.rs:46:22
[INFO] [stderr]      4:     0x564250fe67dc - core::fmt::write::h88012e1f01caeebf
[INFO] [stderr]                                  at /rustc/c8dfcfe046a7680554bf4eb612bad840e7631c4b/library/core/src/fmt/mod.rs:1115:17
[INFO] [stderr]      5:     0x564250fc70a5 - std::io::Write::write_fmt::h360fa85b30182555
[INFO] [stderr]                                  at /rustc/c8dfcfe046a7680554bf4eb612bad840e7631c4b/library/std/src/io/mod.rs:1665:15
[INFO] [stderr]      6:     0x564250fcb26b - std::sys_common::backtrace::_print::ha1f00492f406a015
[INFO] [stderr]                                  at /rustc/c8dfcfe046a7680554bf4eb612bad840e7631c4b/library/std/src/sys_common/backtrace.rs:49:5
[INFO] [stderr]      7:     0x564250fcb26b - std::sys_common::backtrace::print::hd54561b13feb6af3
[INFO] [stderr]                                  at /rustc/c8dfcfe046a7680554bf4eb612bad840e7631c4b/library/std/src/sys_common/backtrace.rs:36:9
[INFO] [stderr]      8:     0x564250fcb26b - std::panicking::default_hook::{{closure}}::h84fe124cd0864662
[INFO] [stderr]                                  at /rustc/c8dfcfe046a7680554bf4eb612bad840e7631c4b/library/std/src/panicking.rs:208:50
[INFO] [stderr]      9:     0x564250fcad41 - std::panicking::default_hook::h5a8e74a76ce290a7
[INFO] [stderr]                                  at /rustc/c8dfcfe046a7680554bf4eb612bad840e7631c4b/library/std/src/panicking.rs:225:9
[INFO] [stderr]     10:     0x564250fcb934 - std::panicking::rust_panic_with_hook::h67c812a4fe9d4c91
[INFO] [stderr]                                  at /rustc/c8dfcfe046a7680554bf4eb612bad840e7631c4b/library/std/src/panicking.rs:622:17
[INFO] [stderr]     11:     0x564250fcb417 - std::panicking::begin_panic_handler::{{closure}}::h33f9c1b96af300d7
[INFO] [stderr]                                  at /rustc/c8dfcfe046a7680554bf4eb612bad840e7631c4b/library/std/src/panicking.rs:519:13
[INFO] [stderr]     12:     0x564250fc998c - std::sys_common::backtrace::__rust_end_short_backtrace::h51bae64be5921f0e
[INFO] [stderr]                                  at /rustc/c8dfcfe046a7680554bf4eb612bad840e7631c4b/library/std/src/sys_common/backtrace.rs:141:18
[INFO] [stderr]     13:     0x564250fcb379 - rust_begin_unwind
[INFO] [stderr]                                  at /rustc/c8dfcfe046a7680554bf4eb612bad840e7631c4b/library/std/src/panicking.rs:515:5
[INFO] [stderr]     14:     0x564250fabb9b - std::panicking::begin_panic_fmt::h7ab3d84aa4ae32a2
[INFO] [stderr]                                  at /rustc/c8dfcfe046a7680554bf4eb612bad840e7631c4b/library/std/src/panicking.rs:457:5
[INFO] [stderr]     15:     0x564250faf6f9 - build_script_build::main::{{closure}}::ha6c39455a37e6b8e
[INFO] [stderr]                                  at /opt/rustwide/cargo-home/registry/src/github.com-1ecc6299db9ec823/xcb-0.8.2/build.rs:75:17
[INFO] [stderr]     16:     0x564250fae2f0 - build_script_build::visit_xml::h0ddd88545dc4a01e
[INFO] [stderr]                                  at /opt/rustwide/cargo-home/registry/src/github.com-1ecc6299db9ec823/xcb-0.8.2/build.rs:20:44
[INFO] [stderr]     17:     0x564250faea80 - build_script_build::main::h8d916063bf518dd7
[INFO] [stderr]                                  at /opt/rustwide/cargo-home/registry/src/github.com-1ecc6299db9ec823/xcb-0.8.2/build.rs:56:5
[INFO] [stderr]     18:     0x564250fb3f7b - core::ops::function::FnOnce::call_once::h104d14e3df9d4a0c
[INFO] [stderr]                                  at /rustc/c8dfcfe046a7680554bf4eb612bad840e7631c4b/library/core/src/ops/function.rs:227:5
[INFO] [stderr]     19:     0x564250faf85e - std::sys_common::backtrace::__rust_begin_short_backtrace::he23f458ff8edf2af
[INFO] [stderr]                                  at /rustc/c8dfcfe046a7680554bf4eb612bad840e7631c4b/library/std/src/sys_common/backtrace.rs:125:18
[INFO] [stderr]     20:     0x564250fb3301 - std::rt::lang_start::{{closure}}::hd7a779bd78d60017
[INFO] [stderr]                                  at /rustc/c8dfcfe046a7680554bf4eb612bad840e7631c4b/library/std/src/rt.rs:63:18
[INFO] [stderr]     21:     0x564250fcbe3a - core::ops::function::impls::<impl core::ops::function::FnOnce<A> for &F>::call_once::ha9408abe89f69dc4
[INFO] [stderr]                                  at /rustc/c8dfcfe046a7680554bf4eb612bad840e7631c4b/library/core/src/ops/function.rs:259:13
[INFO] [stderr]     22:     0x564250fcbe3a - std::panicking::try::do_call::h5b0cc9e9102acb65
[INFO] [stderr]                                  at /rustc/c8dfcfe046a7680554bf4eb612bad840e7631c4b/library/std/src/panicking.rs:401:40
[INFO] [stderr]     23:     0x564250fcbe3a - std::panicking::try::hddc7f8229138b3ba
[INFO] [stderr]                                  at /rustc/c8dfcfe046a7680554bf4eb612bad840e7631c4b/library/std/src/panicking.rs:365:19
[INFO] [stderr]     24:     0x564250fcbe3a - std::panic::catch_unwind::hfa401ff8bab2986e
[INFO] [stderr]                                  at /rustc/c8dfcfe046a7680554bf4eb612bad840e7631c4b/library/std/src/panic.rs:434:14
[INFO] [stderr]     25:     0x564250fcbe3a - std::rt::lang_start_internal::{{closure}}::h8163422320d11405
[INFO] [stderr]                                  at /rustc/c8dfcfe046a7680554bf4eb612bad840e7631c4b/library/std/src/rt.rs:45:48
[INFO] [stderr]     26:     0x564250fcbe3a - std::panicking::try::do_call::hc742cc7bb4f0fb20
[INFO] [stderr]                                  at /rustc/c8dfcfe046a7680554bf4eb612bad840e7631c4b/library/std/src/panicking.rs:401:40
[INFO] [stderr]     27:     0x564250fcbe3a - std::panicking::try::ha37d8d2dd1acf7d3
[INFO] [stderr]                                  at /rustc/c8dfcfe046a7680554bf4eb612bad840e7631c4b/library/std/src/panicking.rs:365:19
[INFO] [stderr]     28:     0x564250fcbe3a - std::panic::catch_unwind::h8a5381d5ecf437bc
[INFO] [stderr]                                  at /rustc/c8dfcfe046a7680554bf4eb612bad840e7631c4b/library/std/src/panic.rs:434:14
[INFO] [stderr]     29:     0x564250fcbe3a - std::rt::lang_start_internal::h7e2cee8c90d4a4d3
[INFO] [stderr]                                  at /rustc/c8dfcfe046a7680554bf4eb612bad840e7631c4b/library/std/src/rt.rs:45:20
[INFO] [stderr]     30:     0x564250fb32d0 - std::rt::lang_start::hcf89486ccd213f1b
[INFO] [stderr]                                  at /rustc/c8dfcfe046a7680554bf4eb612bad840e7631c4b/library/std/src/rt.rs:62:5
[INFO] [stderr]     31:     0x564250faf75c - main
[INFO] [stderr]     32:     0x7f40e43630b3 - __libc_start_main
[INFO] [stderr]     33:     0x564250fac93e - _start
[INFO] [stderr]     34:                0x0 - <unknown>
[INFO] [stderr] warning: build failed, waiting for other jobs to finish...
[INFO] [stderr] The following warnings were emitted during compilation:
[INFO] [stderr] 
[INFO] [stderr] warning: c++: fatal error: Killed signal terminated program cc1plus
[INFO] [stderr] warning: compilation terminated.
[INFO] [stderr] 
[INFO] [stderr] The following warnings were emitted during compilation:
[INFO] [stderr] 
[INFO] [stderr] warning: shaderc: searching for native shaderc libraries on system;  use '--features build-from-source' to force building from source code
[INFO] [stderr] warning: shaderc: cannot find native shaderc library on system; falling back to build from source
[INFO] [stderr] 
[INFO] [stderr] error: build failed
[INFO] running `Command { std: "docker" "inspect" "ea0107fe0d41f395a88b1c5d869ccc0a40d3568d405944cd9875dec54c0abff9", kill_on_drop: false }`
[INFO] running `Command { std: "docker" "rm" "-f" "ea0107fe0d41f395a88b1c5d869ccc0a40d3568d405944cd9875dec54c0abff9", kill_on_drop: false }`
[INFO] [stdout] ea0107fe0d41f395a88b1c5d869ccc0a40d3568d405944cd9875dec54c0abff9
