[INFO] cloning repository https://github.com/sezna/gravitational-kd-tree
[INFO] running `Command { std: "git" "-c" "credential.helper=" "-c" "credential.helper=/workspace/cargo-home/bin/git-credential-null" "clone" "--bare" "https://github.com/sezna/gravitational-kd-tree" "/workspace/cache/git-repos/https%3A%2F%2Fgithub.com%2Fsezna%2Fgravitational-kd-tree", kill_on_drop: false }`
[INFO] [stderr] Cloning into bare repository '/workspace/cache/git-repos/https%3A%2F%2Fgithub.com%2Fsezna%2Fgravitational-kd-tree'...
[INFO] running `Command { std: "git" "rev-parse" "HEAD", kill_on_drop: false }`
[INFO] [stdout] e6e3c2ad28eb213b11af9fff03825574b32a5ac3
[INFO] checking sezna/gravitational-kd-tree against beta-2021-10-15 for beta-1.56-3
[INFO] running `Command { std: "git" "clone" "/workspace/cache/git-repos/https%3A%2F%2Fgithub.com%2Fsezna%2Fgravitational-kd-tree" "/workspace/builds/worker-70/source", kill_on_drop: false }`
[INFO] [stderr] Cloning into '/workspace/builds/worker-70/source'...
[INFO] [stderr] done.
[INFO] validating manifest of git repo https://github.com/sezna/gravitational-kd-tree on toolchain beta-2021-10-15
[INFO] running `Command { std: "/workspace/cargo-home/bin/cargo" "+beta-2021-10-15" "metadata" "--manifest-path" "Cargo.toml" "--no-deps", kill_on_drop: false }`
[INFO] started tweaking git repo https://github.com/sezna/gravitational-kd-tree
[INFO] finished tweaking git repo https://github.com/sezna/gravitational-kd-tree
[INFO] tweaked toml for git repo https://github.com/sezna/gravitational-kd-tree written to /workspace/builds/worker-70/source/Cargo.toml
[INFO] crate git repo https://github.com/sezna/gravitational-kd-tree already has a lockfile, it will not be regenerated
[INFO] running `Command { std: "/workspace/cargo-home/bin/cargo" "+beta-2021-10-15" "fetch" "--manifest-path" "Cargo.toml", kill_on_drop: false }`
[INFO] [stderr]     Blocking waiting for file lock on package cache
[INFO] [stderr]     Blocking waiting for file lock on package cache
[INFO] running `Command { std: "docker" "create" "-v" "/var/lib/crater-agent-workspace/builds/worker-70/target:/opt/rustwide/target:rw,Z" "-v" "/var/lib/crater-agent-workspace/builds/worker-70/source:/opt/rustwide/workdir:ro,Z" "-v" "/var/lib/crater-agent-workspace/cargo-home:/opt/rustwide/cargo-home:ro,Z" "-v" "/var/lib/crater-agent-workspace/rustup-home:/opt/rustwide/rustup-home:ro,Z" "-e" "SOURCE_DIR=/opt/rustwide/workdir" "-e" "CARGO_TARGET_DIR=/opt/rustwide/target" "-e" "CARGO_HOME=/opt/rustwide/cargo-home" "-e" "RUSTUP_HOME=/opt/rustwide/rustup-home" "-w" "/opt/rustwide/workdir" "-m" "1610612736" "--user" "0:0" "--network" "none" "ghcr.io/rust-lang/crates-build-env/linux@sha256:a89201d6b5b9fd45c15d5952ece0a0129e7e80cb26ec023fd59cf09bc26f1604" "/opt/rustwide/cargo-home/bin/cargo" "+beta-2021-10-15" "metadata" "--no-deps" "--format-version=1", kill_on_drop: false }`
[INFO] [stdout] 402a4c17715723c4c3a8e50fda0879189b71596ec67f1440a1305202b0887d08
[INFO] running `Command { std: "docker" "start" "-a" "402a4c17715723c4c3a8e50fda0879189b71596ec67f1440a1305202b0887d08", kill_on_drop: false }`
[INFO] running `Command { std: "docker" "inspect" "402a4c17715723c4c3a8e50fda0879189b71596ec67f1440a1305202b0887d08", kill_on_drop: false }`
[INFO] running `Command { std: "docker" "rm" "-f" "402a4c17715723c4c3a8e50fda0879189b71596ec67f1440a1305202b0887d08", kill_on_drop: false }`
[INFO] [stdout] 402a4c17715723c4c3a8e50fda0879189b71596ec67f1440a1305202b0887d08
[INFO] running `Command { std: "docker" "create" "-v" "/var/lib/crater-agent-workspace/builds/worker-70/target:/opt/rustwide/target:rw,Z" "-v" "/var/lib/crater-agent-workspace/builds/worker-70/source:/opt/rustwide/workdir:ro,Z" "-v" "/var/lib/crater-agent-workspace/cargo-home:/opt/rustwide/cargo-home:ro,Z" "-v" "/var/lib/crater-agent-workspace/rustup-home:/opt/rustwide/rustup-home:ro,Z" "-e" "SOURCE_DIR=/opt/rustwide/workdir" "-e" "CARGO_TARGET_DIR=/opt/rustwide/target" "-e" "CARGO_INCREMENTAL=0" "-e" "RUST_BACKTRACE=full" "-e" "RUSTFLAGS=--cap-lints=warn" "-e" "CARGO_HOME=/opt/rustwide/cargo-home" "-e" "RUSTUP_HOME=/opt/rustwide/rustup-home" "-w" "/opt/rustwide/workdir" "-m" "1610612736" "--user" "0:0" "--network" "none" "ghcr.io/rust-lang/crates-build-env/linux@sha256:a89201d6b5b9fd45c15d5952ece0a0129e7e80cb26ec023fd59cf09bc26f1604" "/opt/rustwide/cargo-home/bin/cargo" "+beta-2021-10-15" "check" "--frozen" "--all" "--all-targets" "--message-format=json", kill_on_drop: false }`
[INFO] [stdout] 636339ca894799594e5c2954956a038483be591d78ccbd1ae2a567f6314a4dfa
[INFO] running `Command { std: "docker" "start" "-a" "636339ca894799594e5c2954956a038483be591d78ccbd1ae2a567f6314a4dfa", kill_on_drop: false }`
[INFO] [stderr]     Blocking waiting for file lock on package cache
[INFO] [stderr]    Compiling libc v0.2.68
[INFO] [stderr]    Compiling autocfg v1.0.0
[INFO] [stderr]    Compiling log v0.4.8
[INFO] [stderr]    Compiling autocfg v0.1.7
[INFO] [stderr]    Compiling proc-macro2 v1.0.9
[INFO] [stderr]     Checking futures v0.1.29
[INFO] [stderr]    Compiling rand_core v0.4.2
[INFO] [stderr]    Compiling syn v1.0.17
[INFO] [stderr]    Compiling unicode-xid v0.2.0
[INFO] [stderr]     Checking either v1.5.3
[INFO] [stderr]    Compiling serde v1.0.105
[INFO] [stderr]    Compiling siphasher v0.2.3
[INFO] [stderr]     Checking smallvec v1.2.0
[INFO] [stderr]    Compiling ryu v1.0.3
[INFO] [stderr]    Compiling rayon-core v1.7.0
[INFO] [stderr]    Compiling pkg-config v0.3.17
[INFO] [stderr]    Compiling cc v1.0.50
[INFO] [stderr]    Compiling getrandom v0.1.14
[INFO] [stderr]     Checking ppv-lite86 v0.2.6
[INFO] [stderr]    Compiling openssl v0.10.28
[INFO] [stderr]     Checking modifier v0.1.0
[INFO] [stderr]     Checking futures-core-preview v0.3.0-alpha.18
[INFO] [stderr]    Compiling native-tls v0.2.4
[INFO] [stderr]     Checking futures-io-preview v0.3.0-alpha.18
[INFO] [stderr]     Checking openssl-probe v0.1.2
[INFO] [stderr]     Checking sequence_trie v0.3.6
[INFO] [stderr]     Checking owning_ref v0.2.4
[INFO] [stderr]     Checking crossbeam v0.2.12
[INFO] [stderr]     Checking unicode-width v0.1.7
[INFO] [stderr]     Checking route-recognizer v0.1.13
[INFO] [stderr]     Checking smallvec v0.3.4
[INFO] [stderr]     Checking regex-syntax v0.6.17
[INFO] [stderr]     Checking oorandom v11.1.0
[INFO] [stderr]     Checking lock_api v0.3.3
[INFO] [stderr]     Checking unsafe-any v0.4.2
[INFO] [stderr]     Checking walkdir v2.3.1
[INFO] [stderr]     Checking memchr v2.3.3
[INFO] [stderr]     Checking smallvec v0.6.13
[INFO] [stderr]    Compiling parking_lot_core v0.6.2
[INFO] [stderr]    Compiling parking_lot v0.9.0
[INFO] [stderr]    Compiling cast v0.2.3
[INFO] [stderr]     Checking base64 v0.10.1
[INFO] [stderr]     Checking regex-automata v0.1.9
[INFO] [stderr]     Checking phf_shared v0.7.24
[INFO] [stderr]     Checking textwrap v0.11.0
[INFO] [stderr]    Compiling rand_core v0.3.1
[INFO] [stderr]    Compiling rand_jitter v0.1.4
[INFO] [stderr]     Checking futures-sink-preview v0.3.0-alpha.18
[INFO] [stderr]     Checking typemap v0.3.3
[INFO] [stderr]     Checking phf v0.7.24
[INFO] [stderr]    Compiling rand_xorshift v0.1.1
[INFO] [stderr]    Compiling rand_hc v0.1.0
[INFO] [stderr]    Compiling rand_isaac v0.1.1
[INFO] [stderr]     Checking clap v2.33.0
[INFO] [stderr]    Compiling rand_pcg v0.1.2
[INFO] [stderr]    Compiling rand_chacha v0.1.1
[INFO] [stderr]    Compiling rand v0.6.5
[INFO] [stderr]     Checking csv-core v0.1.10
[INFO] [stderr]     Checking futures-core v0.2.1
[INFO] [stderr]     Checking itertools v0.8.2
[INFO] [stderr]     Checking futures-channel-preview v0.3.0-alpha.18
[INFO] [stderr]    Compiling crossbeam-utils v0.7.2
[INFO] [stderr]    Compiling memoffset v0.5.4
[INFO] [stderr]    Compiling crossbeam-epoch v0.8.2
[INFO] [stderr]    Compiling num-traits v0.2.11
[INFO] [stderr]    Compiling num-integer v0.1.42
[INFO] [stderr]     Checking unicode-normalization v0.1.12
[INFO] [stderr]     Checking plugin v0.2.6
[INFO] [stderr]     Checking tokio-sync v0.1.8
[INFO] [stderr]     Checking futures-util-preview v0.3.0-alpha.18
[INFO] [stderr]     Checking log v0.3.9
[INFO] [stderr]     Checking futures-channel v0.2.1
[INFO] [stderr]    Compiling openssl-sys v0.9.54
[INFO] [stderr]     Checking mime v0.2.6
[INFO] [stderr]     Checking regex v1.3.6
[INFO] [stderr]     Checking quote v1.0.3
[INFO] [stderr]     Checking criterion-plot v0.4.1
[INFO] [stderr]     Checking futures-sink v0.2.1
[INFO] [stderr]     Checking idna v0.1.5
[INFO] [stderr]     Checking num_cpus v1.12.0
[INFO] [stderr]     Checking iovec v0.1.4
[INFO] [stderr]     Checking time v0.1.42
[INFO] [stderr]     Checking net2 v0.2.33
[INFO] [stderr]     Checking rand v0.4.6
[INFO] [stderr]     Checking rand_os v0.1.3
[INFO] [stderr]     Checking thread-id v3.3.0
[INFO] [stderr]     Checking atty v0.2.14
[INFO] [stderr]     Checking rand_core v0.5.1
[INFO] [stderr]     Checking bytes v0.4.12
[INFO] [stderr]     Checking futures-io v0.2.1
[INFO] [stderr]     Checking url v1.7.2
[INFO] [stderr]     Checking parking_lot_core v0.2.14
[INFO] [stderr]     Checking futures-util v0.2.1
[INFO] [stderr]     Checking crossbeam-queue v0.2.1
[INFO] [stderr]     Checking tokio-executor v0.1.10
[INFO] [stderr]     Checking rand_chacha v0.2.2
[INFO] [stderr]     Checking mio v0.6.21
[INFO] [stderr]     Checking tokio-io v0.1.13
[INFO] [stderr]     Checking rand v0.7.3
[INFO] [stderr]     Checking parking_lot v0.3.8
[INFO] [stderr]     Checking crossbeam-deque v0.7.3
[INFO] [stderr]     Checking tokio-timer v0.2.13
[INFO] [stderr]     Checking tokio-current-thread v0.1.7
[INFO] [stderr]     Checking hyper v0.10.16
[INFO] [stderr]     Checking plotters v0.2.12
[INFO] [stderr]     Checking tokio-threadpool v0.1.18
[INFO] [stderr]     Checking multiqueue v0.3.2
[INFO] [stderr]     Checking tokio-codec v0.1.2
[INFO] [stderr]    Compiling phf_generator v0.7.24
[INFO] [stderr]     Checking tokio-reactor v0.1.12
[INFO] [stderr]     Checking mio-uds v0.6.7
[INFO] [stderr]    Compiling phf_codegen v0.7.24
[INFO] [stderr]     Checking chrono v0.4.11
[INFO] [stderr]     Checking rayon v1.3.0
[INFO] [stderr]    Compiling mime_guess v1.8.8
[INFO] [stderr]     Checking tokio-tcp v0.1.4
[INFO] [stderr]     Checking tokio-udp v0.1.6
[INFO] [stderr]     Checking tokio-uds v0.2.6
[INFO] [stderr]     Checking futures-executor-preview v0.3.0-alpha.18
[INFO] [stderr]     Checking tokio-fs v0.1.7
[INFO] [stderr]     Checking futures-preview v0.3.0-alpha.18
[INFO] [stderr]     Checking tokio v0.1.22
[INFO] [stderr]     Checking bigbang_derive v0.1.0 (/opt/rustwide/workdir/bigbang_derive)
[INFO] [stderr]     Checking iron v0.6.1
[INFO] [stderr]     Checking tokio-tls v0.2.1
[INFO] [stderr]     Checking mount v0.4.0
[INFO] [stderr]     Checking router v0.6.0
[INFO] [stderr]     Checking iron-cors v0.8.0
[INFO] [stderr]     Checking websocket v0.23.0
[INFO] [stderr]     Checking staticfile v0.5.0
[INFO] [stderr]    Compiling serde_derive v1.0.105
[INFO] [stderr]     Checking serde_json v1.0.48
[INFO] [stderr]     Checking bigbang v0.0.11 (/opt/rustwide/workdir/bigbang)
[INFO] [stderr]     Checking bstr v0.2.12
[INFO] [stderr]     Checking csv v1.1.3
[INFO] [stderr]     Checking tinytemplate v1.0.3
[INFO] [stderr]     Checking bigbang_examples v0.1.0 (/opt/rustwide/workdir/examples)
[INFO] [stderr]     Checking criterion v0.3.1
[INFO] [stdout] warning: unused import: `Entity`
[INFO] [stdout]  --> bigbang/tests/correctness.rs:9:48
[INFO] [stdout]   |
[INFO] [stdout] 9 | use bigbang::{collisions::soft_body, AsEntity, Entity, GravTree, Responsive, SimulationResult};
[INFO] [stdout]   |                                                ^^^^^^
[INFO] [stdout]   |
[INFO] [stdout]   = note: `#[warn(unused_imports)]` on by default
[INFO] [stdout] 
[INFO] [stdout] 
[INFO] [stdout] error[E0061]: this function takes 5 arguments but 4 arguments were supplied
[INFO] [stdout]   --> bigbang/benches/theta.rs:83:5
[INFO] [stdout]    |
[INFO] [stdout] 83 |     GravTree::new(&mut data, time_step, max_entities, theta)
[INFO] [stdout]    |     ^^^^^^^^^^^^^ ---------  ---------  ------------  ----- supplied 4 arguments
[INFO] [stdout]    |     |
[INFO] [stdout]    |     expected 5 arguments
[INFO] [stdout]    |
[INFO] [stdout] note: associated function defined here
[INFO] [stdout]   --> /opt/rustwide/workdir/bigbang/src/grav_tree.rs:37:12
[INFO] [stdout]    |
[INFO] [stdout] 37 |     pub fn new(
[INFO] [stdout]    |            ^^^
[INFO] [stdout] 
[INFO] [stdout] 
[INFO] [stdout] error[E0061]: this function takes 5 arguments but 4 arguments were supplied
[INFO] [stdout]   --> bigbang/tests/correctness.rs:80:21
[INFO] [stdout]    |
[INFO] [stdout] 80 |     let test_tree = GravTree::new(&vec_that_wants_to_be_a_kdtree, 0.2, 3, 0.2);
[INFO] [stdout]    |                     ^^^^^^^^^^^^^ ------------------------------  ---  -  --- supplied 4 arguments
[INFO] [stdout]    |                     |
[INFO] [stdout]    |                     expected 5 arguments
[INFO] [stdout]    |
[INFO] [stdout] note: associated function defined here
[INFO] [stdout]   --> /opt/rustwide/workdir/bigbang/src/grav_tree.rs:37:12
[INFO] [stdout]    |
[INFO] [stdout] 37 |     pub fn new(
[INFO] [stdout]    |            ^^^
[INFO] [stdout] 
[INFO] [stdout] 
[INFO] [stdout] error[E0061]: this function takes 5 arguments but 4 arguments were supplied
[INFO] [stdout]   --> bigbang/benches/theta.rs:92:24
[INFO] [stdout]    |
[INFO] [stdout] 92 |             |mut data| GravTree::new(&mut data, 0.2, 3, 0.2),
[INFO] [stdout]    |                        ^^^^^^^^^^^^^ ---------  ---  -  --- supplied 4 arguments
[INFO] [stdout]    |                        |
[INFO] [stdout]    |                        expected 5 arguments
[INFO] [stdout]    |
[INFO] [stdout] note: associated function defined here
[INFO] [stdout]   --> /opt/rustwide/workdir/bigbang/src/grav_tree.rs:37:12
[INFO] [stdout]    |
[INFO] [stdout] 37 |     pub fn new(
[INFO] [stdout]    |            ^^^
[INFO] [stdout] 
[INFO] [stdout] 
[INFO] [stdout] error[E0061]: this function takes 5 arguments but 4 arguments were supplied
[INFO] [stdout]   --> bigbang/benches/theta.rs:99:24
[INFO] [stdout]    |
[INFO] [stdout] 99 |             |mut data| GravTree::new(&mut data, 0.2, 3, 0.2),
[INFO] [stdout]    |                        ^^^^^^^^^^^^^ ---------  ---  -  --- supplied 4 arguments
[INFO] [stdout]    |                        |
[INFO] [stdout]    |                        expected 5 arguments
[INFO] [stdout]    |
[INFO] [stdout] note: associated function defined here
[INFO] [stdout]   --> /opt/rustwide/workdir/bigbang/src/grav_tree.rs:37:12
[INFO] [stdout]    |
[INFO] [stdout] 37 |     pub fn new(
[INFO] [stdout]    |            ^^^
[INFO] [stdout] 
[INFO] [stdout] 
[INFO] [stdout] error[E0061]: this function takes 5 arguments but 4 arguments were supplied
[INFO] [stdout]    --> bigbang/benches/theta.rs:107:24
[INFO] [stdout]     |
[INFO] [stdout] 107 |             |mut data| GravTree::new(&mut data, 0.2, 3, 0.2),
[INFO] [stdout]     |                        ^^^^^^^^^^^^^ ---------  ---  -  --- supplied 4 arguments
[INFO] [stdout]     |                        |
[INFO] [stdout]     |                        expected 5 arguments
[INFO] [stdout]     |
[INFO] [stdout] note: associated function defined here
[INFO] [stdout]    --> /opt/rustwide/workdir/bigbang/src/grav_tree.rs:37:12
[INFO] [stdout]     |
[INFO] [stdout] 37  |     pub fn new(
[INFO] [stdout]     |            ^^^
[INFO] [stdout] 
[INFO] [stdout] 
[INFO] [stdout] error[E0061]: this function takes 5 arguments but 4 arguments were supplied
[INFO] [stdout]   --> bigbang/tests/test.rs:81:16
[INFO] [stdout]    |
[INFO] [stdout] 81 |     let tree = GravTree::new(&vec, 0.2, 3, 0.2);
[INFO] [stdout]    |                ^^^^^^^^^^^^^ ----  ---  -  --- supplied 4 arguments
[INFO] [stdout]    |                |
[INFO] [stdout]    |                expected 5 arguments
[INFO] [stdout]    |
[INFO] [stdout] note: associated function defined here
[INFO] [stdout]   --> /opt/rustwide/workdir/bigbang/src/grav_tree.rs:37:12
[INFO] [stdout]    |
[INFO] [stdout] 37 |     pub fn new(
[INFO] [stdout]    |            ^^^
[INFO] [stdout] 
[INFO] [stdout] 
[INFO] [stdout] error[E0061]: this function takes 5 arguments but 4 arguments were supplied
[INFO] [stdout]    --> bigbang/tests/test.rs:101:21
[INFO] [stdout]     |
[INFO] [stdout] 101 |     let test_tree = GravTree::new(&vec_that_wants_to_be_a_kdtree, 0.2, 3, 0.2);
[INFO] [stdout]     |                     ^^^^^^^^^^^^^ ------------------------------  ---  -  --- supplied 4 arguments
[INFO] [stdout]     |                     |
[INFO] [stdout]     |                     expected 5 arguments
[INFO] [stdout]     |
[INFO] [stdout] note: associated function defined here
[INFO] [stdout]    --> /opt/rustwide/workdir/bigbang/src/grav_tree.rs:37:12
[INFO] [stdout]     |
[INFO] [stdout] 37  |     pub fn new(
[INFO] [stdout]     |            ^^^
[INFO] [stdout] 
[INFO] [stdout] 
[INFO] [stdout] error: aborting due to 4 previous errors
[INFO] [stdout] 
[INFO] [stdout] 
[INFO] [stdout] For more information about this error, try `rustc --explain E0061`.
[INFO] [stdout] 
[INFO] [stdout] error: aborting due to 2 previous errors
[INFO] [stdout] 
[INFO] [stdout] 
[INFO] [stdout] For more information about this error, try `rustc --explain E0061`.
[INFO] [stdout] 
[INFO] [stderr] error: could not compile `bigbang` due to 5 previous errors
[INFO] [stderr] warning: build failed, waiting for other jobs to finish...
[INFO] [stdout] error[E0061]: this function takes 5 arguments but 4 arguments were supplied
[INFO] [stdout]   --> bigbang/tests/correctness.rs:96:21
[INFO] [stdout]    |
[INFO] [stdout] 96 |     let test_tree = GravTree::new(&vec_that_wants_to_be_a_kdtree, 0.2, 3, 0.2);
[INFO] [stdout]    |                     ^^^^^^^^^^^^^ ------------------------------  ---  -  --- supplied 4 arguments
[INFO] [stdout]    |                     |
[INFO] [stdout]    |                     expected 5 arguments
[INFO] [stdout]    |
[INFO] [stdout] note: associated function defined here
[INFO] [stdout]   --> /opt/rustwide/workdir/bigbang/src/grav_tree.rs:37:12
[INFO] [stdout]    |
[INFO] [stdout] 37 |     pub fn new(
[INFO] [stdout]    |            ^^^
[INFO] [stdout] 
[INFO] [stdout] 
[INFO] [stdout] error[E0061]: this function takes 5 arguments but 4 arguments were supplied
[INFO] [stdout]    --> bigbang/tests/correctness.rs:111:21
[INFO] [stdout]     |
[INFO] [stdout] 111 |     let test_tree = GravTree::new(&vec_that_wants_to_be_a_kdtree, 0.3, 3, 0.2);
[INFO] [stdout]     |                     ^^^^^^^^^^^^^ ------------------------------  ---  -  --- supplied 4 arguments
[INFO] [stdout]     |                     |
[INFO] [stdout]     |                     expected 5 arguments
[INFO] [stdout]     |
[INFO] [stdout] note: associated function defined here
[INFO] [stdout]    --> /opt/rustwide/workdir/bigbang/src/grav_tree.rs:37:12
[INFO] [stdout]     |
[INFO] [stdout] 37  |     pub fn new(
[INFO] [stdout]     |            ^^^
[INFO] [stdout] 
[INFO] [stdout] 
[INFO] [stdout] error[E0061]: this function takes 5 arguments but 4 arguments were supplied
[INFO] [stdout]    --> bigbang/tests/correctness.rs:158:21
[INFO] [stdout]     |
[INFO] [stdout] 158 |     let test_tree = GravTree::new(&vec_that_wants_to_be_a_kdtree, 0.2, 3, 0.2);
[INFO] [stdout]     |                     ^^^^^^^^^^^^^ ------------------------------  ---  -  --- supplied 4 arguments
[INFO] [stdout]     |                     |
[INFO] [stdout]     |                     expected 5 arguments
[INFO] [stdout]     |
[INFO] [stdout] note: associated function defined here
[INFO] [stdout]    --> /opt/rustwide/workdir/bigbang/src/grav_tree.rs:37:12
[INFO] [stdout]     |
[INFO] [stdout] 37  |     pub fn new(
[INFO] [stdout]     |            ^^^
[INFO] [stdout] 
[INFO] [stdout] 
[INFO] [stdout] error[E0061]: this function takes 5 arguments but 4 arguments were supplied
[INFO] [stdout]    --> bigbang/tests/correctness.rs:180:21
[INFO] [stdout]     |
[INFO] [stdout] 180 |     let test_tree = GravTree::new(&vec_that_wants_to_be_a_kdtree, 0.3, 3, 0.2);
[INFO] [stdout]     |                     ^^^^^^^^^^^^^ ------------------------------  ---  -  --- supplied 4 arguments
[INFO] [stdout]     |                     |
[INFO] [stdout]     |                     expected 5 arguments
[INFO] [stdout]     |
[INFO] [stdout] note: associated function defined here
[INFO] [stdout]    --> /opt/rustwide/workdir/bigbang/src/grav_tree.rs:37:12
[INFO] [stdout]     |
[INFO] [stdout] 37  |     pub fn new(
[INFO] [stdout]     |            ^^^
[INFO] [stdout] 
[INFO] [stdout] 
[INFO] [stdout] error: aborting due to 5 previous errors; 1 warning emitted
[INFO] [stdout] 
[INFO] [stdout] 
[INFO] [stdout] For more information about this error, try `rustc --explain E0061`.
[INFO] [stdout] 
[INFO] [stdout] error[E0061]: this function takes 5 arguments but 4 arguments were supplied
[INFO] [stdout]    --> bigbang/src/node.rs:297:16
[INFO] [stdout]     |
[INFO] [stdout] 297 |     let tree = crate::GravTree::new(&test_vec, 0.2, 3, 0.2);
[INFO] [stdout]     |                ^^^^^^^^^^^^^^^^^^^^ ---------  ---  -  --- supplied 4 arguments
[INFO] [stdout]     |                |
[INFO] [stdout]     |                expected 5 arguments
[INFO] [stdout]     |
[INFO] [stdout] note: associated function defined here
[INFO] [stdout]    --> bigbang/src/grav_tree.rs:37:12
[INFO] [stdout]     |
[INFO] [stdout] 37  |     pub fn new(
[INFO] [stdout]     |            ^^^
[INFO] [stdout] 38  |         pts: &[T],
[INFO] [stdout]     |         ---------
[INFO] [stdout] 39  |         time_step: f64,
[INFO] [stdout]     |         --------------
[INFO] [stdout] 40  |         max_entities: i32,
[INFO] [stdout]     |         -----------------
[INFO] [stdout] 41  |         theta: f64,
[INFO] [stdout]     |         ----------
[INFO] [stdout] 42  |         calculate_collisions: CalculateCollisions,
[INFO] [stdout]     |         -----------------------------------------
[INFO] [stdout] 
[INFO] [stdout] 
[INFO] [stdout] error: aborting due to previous error
[INFO] [stdout] 
[INFO] [stdout] 
[INFO] [stdout] For more information about this error, try `rustc --explain E0061`.
[INFO] [stdout] 
[INFO] [stderr] error: build failed
[INFO] running `Command { std: "docker" "inspect" "636339ca894799594e5c2954956a038483be591d78ccbd1ae2a567f6314a4dfa", kill_on_drop: false }`
[INFO] running `Command { std: "docker" "rm" "-f" "636339ca894799594e5c2954956a038483be591d78ccbd1ae2a567f6314a4dfa", kill_on_drop: false }`
[INFO] [stdout] 636339ca894799594e5c2954956a038483be591d78ccbd1ae2a567f6314a4dfa
