[INFO] cloning repository https://github.com/serxka/mclient
[INFO] running `Command { std: "git" "-c" "credential.helper=" "-c" "credential.helper=/workspace/cargo-home/bin/git-credential-null" "clone" "--bare" "https://github.com/serxka/mclient" "/workspace/cache/git-repos/https%3A%2F%2Fgithub.com%2Fserxka%2Fmclient", kill_on_drop: false }`
[INFO] [stderr] Cloning into bare repository '/workspace/cache/git-repos/https%3A%2F%2Fgithub.com%2Fserxka%2Fmclient'...
[INFO] running `Command { std: "git" "rev-parse" "HEAD", kill_on_drop: false }`
[INFO] [stdout] 46d78aa5e2254c34eaba6d156661e86551208102
[INFO] checking serxka/mclient against 1.55.0 for beta-1.56-3
[INFO] running `Command { std: "git" "clone" "/workspace/cache/git-repos/https%3A%2F%2Fgithub.com%2Fserxka%2Fmclient" "/workspace/builds/worker-23/source", kill_on_drop: false }`
[INFO] [stderr] Cloning into '/workspace/builds/worker-23/source'...
[INFO] [stderr] done.
[INFO] validating manifest of git repo https://github.com/serxka/mclient on toolchain 1.55.0
[INFO] running `Command { std: "/workspace/cargo-home/bin/cargo" "+1.55.0" "metadata" "--manifest-path" "Cargo.toml" "--no-deps", kill_on_drop: false }`
[INFO] started tweaking git repo https://github.com/serxka/mclient
[INFO] finished tweaking git repo https://github.com/serxka/mclient
[INFO] tweaked toml for git repo https://github.com/serxka/mclient written to /workspace/builds/worker-23/source/Cargo.toml
[INFO] crate git repo https://github.com/serxka/mclient already has a lockfile, it will not be regenerated
[INFO] running `Command { std: "/workspace/cargo-home/bin/cargo" "+1.55.0" "fetch" "--manifest-path" "Cargo.toml", kill_on_drop: false }`
[INFO] [stderr]     Blocking waiting for file lock on package cache
[INFO] [stderr]     Blocking waiting for file lock on package cache
[INFO] [stderr]  Downloading crates ...
[INFO] [stderr]   Downloaded dashmap v4.0.2
[INFO] [stderr]   Downloaded chacha20 v0.6.0
[INFO] [stderr]   Downloaded chacha20poly1305 v0.7.1
[INFO] [stderr]   Downloaded ron v0.6.4
[INFO] [stderr]   Downloaded wayland-commons v0.28.3
[INFO] [stderr]   Downloaded gethostname v0.2.1
[INFO] [stderr]   Downloaded ab_glyph v0.2.9
[INFO] [stderr]   Downloaded gpu-descriptor-types v0.1.1
[INFO] [stderr]   Downloaded nix v0.19.1
[INFO] [stderr]   Downloaded gfx-backend-vulkan v0.7.0
[INFO] [stderr]   Downloaded gfx-backend-dx12 v0.7.0
[INFO] [stderr]   Downloaded ttf-parser v0.11.0
[INFO] [stderr]   Downloaded ordered-float v2.1.1
[INFO] [stderr]   Downloaded error-code v2.0.2
[INFO] [stderr]   Downloaded glyph_brush_draw_cache v0.1.4
[INFO] [stderr]   Downloaded bytemuck_derive v1.0.1
[INFO] [stderr]   Downloaded wgpu-core v0.7.0
[INFO] [stderr]   Downloaded wgpu-types v0.7.0
[INFO] [stderr]   Downloaded cfg_aliases v0.1.1
[INFO] [stderr]   Downloaded slotmap v0.4.0
[INFO] [stderr]   Downloaded khronos-egl v3.0.0
[INFO] [stderr]   Downloaded gfx-backend-metal v0.7.0
[INFO] [stderr]   Downloaded owned_ttf_parser v0.11.0
[INFO] [stderr]   Downloaded naga v0.3.1
[INFO] [stderr]   Downloaded gfx-hal v0.7.0
[INFO] [stderr]   Downloaded wayland-cursor v0.28.3
[INFO] [stderr]   Downloaded pathfinder_geometry v0.5.1
[INFO] [stderr]   Downloaded freetype v0.7.0
[INFO] [stderr]   Downloaded ctr v0.6.0
[INFO] [stderr]   Downloaded x11rb v0.8.0
[INFO] [stderr]   Downloaded aesni v0.10.0
[INFO] [stderr]   Downloaded cpuid-bool v0.2.0
[INFO] [stderr]   Downloaded crypto-mac v0.10.0
[INFO] [stderr]   Downloaded poly1305 v0.6.2
[INFO] [stderr]   Downloaded send_wrapper v0.4.0
[INFO] [stderr]   Downloaded clipboard_wayland v0.1.2
[INFO] [stderr]   Downloaded clipboard_x11 v0.2.0
[INFO] [stderr]   Downloaded clipboard_macos v0.1.0
[INFO] [stderr]   Downloaded winapi-wsapoll v0.1.1
[INFO] [stderr]   Downloaded servo-fontconfig v0.5.1
[INFO] [stderr]   Downloaded smithay-client-toolkit v0.12.2
[INFO] [stderr]   Downloaded wayland-scanner v0.28.3
[INFO] [stderr]   Downloaded backoff v0.3.0
[INFO] [stderr]   Downloaded wayland-client v0.28.3
[INFO] [stderr]   Downloaded cipher v0.2.5
[INFO] [stderr]   Downloaded gfx-auxil v0.8.0
[INFO] [stderr]   Downloaded inplace_it v0.3.3
[INFO] [stderr]   Downloaded gpu-alloc v0.3.0
[INFO] [stderr]   Downloaded gfx-backend-dx11 v0.7.0
[INFO] [stderr]   Downloaded dodrio v0.2.0
[INFO] [stderr]   Downloaded glyph_brush v0.7.2
[INFO] [stderr]   Downloaded longest-increasing-subsequence v0.1.0
[INFO] [stderr]   Downloaded gfx-backend-empty v0.7.0
[INFO] [stderr]   Downloaded wayland-protocols v0.28.3
[INFO] [stderr]   Downloaded glow v0.7.2
[INFO] [stderr]   Downloaded bumpalo v3.6.0
[INFO] [stderr]   Downloaded wayland-sys v0.28.3
[INFO] [stderr]   Downloaded gfx-backend-gl v0.7.0
[INFO] [stderr]   Downloaded js_int v0.2.0
[INFO] [stderr]   Downloaded idna v0.2.1
[INFO] [stderr]   Downloaded aes-gcm v0.8.0
[INFO] [stderr]   Downloaded sled v0.34.6
[INFO] [stderr]   Downloaded nom v6.1.0
[INFO] [stderr]   Downloaded window_clipboard v0.1.4
[INFO] [stderr]   Downloaded freetype-sys v0.13.1
[INFO] [stderr]   Downloaded aes-ctr v0.6.0
[INFO] [stderr]   Downloaded aes v0.6.0
[INFO] [stderr]   Downloaded thiserror-impl v1.0.23
[INFO] [stderr]   Downloaded olm-rs v1.0.1
[INFO] [stderr]   Downloaded aes-soft v0.6.4
[INFO] [stderr]   Downloaded futures-locks v0.6.0
[INFO] [stderr]   Downloaded pbkdf2 v0.6.0
[INFO] [stderr]   Downloaded olm-sys v1.0.2
[INFO] [stderr]   Downloaded assign v1.1.1
[INFO] [stderr]   Downloaded bytemuck v1.5.0
[INFO] [stderr]   Downloaded gpu-descriptor v0.1.1
[INFO] [stderr]   Downloaded gpu-alloc-types v0.2.0
[INFO] [stderr]   Downloaded wgpu_glyph v0.11.0
[INFO] [stderr]   Downloaded wgpu v0.7.0
[INFO] [stderr]   Downloaded clipboard-win v4.0.3
[INFO] [stderr]   Downloaded core-text v19.2.0
[INFO] [stderr]   Downloaded dwrote v0.11.0
[INFO] [stderr]   Downloaded pathfinder_simd v0.5.0
[INFO] [stderr]   Downloaded font-kit v0.10.0
[INFO] [stderr]   Downloaded smithay-clipboard v0.6.3
[INFO] [stderr]   Downloaded paste v1.0.4
[INFO] [stderr]   Downloaded aead v0.3.2
[INFO] [stderr]   Downloaded thiserror v1.0.23
[INFO] [stderr]   Downloaded servo-fontconfig-sys v5.1.0
[INFO] [stderr]   Downloaded metal v0.21.0
[INFO] [stderr]   Downloaded spirv_cross v0.23.0
[INFO] running `Command { std: "docker" "create" "-v" "/var/lib/crater-agent-workspace/builds/worker-23/target:/opt/rustwide/target:rw,Z" "-v" "/var/lib/crater-agent-workspace/builds/worker-23/source:/opt/rustwide/workdir:ro,Z" "-v" "/var/lib/crater-agent-workspace/cargo-home:/opt/rustwide/cargo-home:ro,Z" "-v" "/var/lib/crater-agent-workspace/rustup-home:/opt/rustwide/rustup-home:ro,Z" "-e" "SOURCE_DIR=/opt/rustwide/workdir" "-e" "CARGO_TARGET_DIR=/opt/rustwide/target" "-e" "CARGO_HOME=/opt/rustwide/cargo-home" "-e" "RUSTUP_HOME=/opt/rustwide/rustup-home" "-w" "/opt/rustwide/workdir" "-m" "1610612736" "--user" "0:0" "--network" "none" "ghcr.io/rust-lang/crates-build-env/linux@sha256:a89201d6b5b9fd45c15d5952ece0a0129e7e80cb26ec023fd59cf09bc26f1604" "/opt/rustwide/cargo-home/bin/cargo" "+1.55.0" "metadata" "--no-deps" "--format-version=1", kill_on_drop: false }`
[INFO] [stdout] 00d407df59a2fceb7e629dec70411febed1933303efb7c2226858e4dcea676b3
[INFO] running `Command { std: "docker" "start" "-a" "00d407df59a2fceb7e629dec70411febed1933303efb7c2226858e4dcea676b3", kill_on_drop: false }`
[INFO] running `Command { std: "docker" "inspect" "00d407df59a2fceb7e629dec70411febed1933303efb7c2226858e4dcea676b3", kill_on_drop: false }`
[INFO] running `Command { std: "docker" "rm" "-f" "00d407df59a2fceb7e629dec70411febed1933303efb7c2226858e4dcea676b3", kill_on_drop: false }`
[INFO] [stdout] 00d407df59a2fceb7e629dec70411febed1933303efb7c2226858e4dcea676b3
[INFO] running `Command { std: "docker" "create" "-v" "/var/lib/crater-agent-workspace/builds/worker-23/target:/opt/rustwide/target:rw,Z" "-v" "/var/lib/crater-agent-workspace/builds/worker-23/source:/opt/rustwide/workdir:ro,Z" "-v" "/var/lib/crater-agent-workspace/cargo-home:/opt/rustwide/cargo-home:ro,Z" "-v" "/var/lib/crater-agent-workspace/rustup-home:/opt/rustwide/rustup-home:ro,Z" "-e" "SOURCE_DIR=/opt/rustwide/workdir" "-e" "CARGO_TARGET_DIR=/opt/rustwide/target" "-e" "CARGO_INCREMENTAL=0" "-e" "RUST_BACKTRACE=full" "-e" "RUSTFLAGS=--cap-lints=warn" "-e" "CARGO_HOME=/opt/rustwide/cargo-home" "-e" "RUSTUP_HOME=/opt/rustwide/rustup-home" "-w" "/opt/rustwide/workdir" "-m" "1610612736" "--user" "0:0" "--network" "none" "ghcr.io/rust-lang/crates-build-env/linux@sha256:a89201d6b5b9fd45c15d5952ece0a0129e7e80cb26ec023fd59cf09bc26f1604" "/opt/rustwide/cargo-home/bin/cargo" "+1.55.0" "check" "--frozen" "--all" "--all-targets" "--message-format=json", kill_on_drop: false }`
[INFO] [stdout] 8c0962ca825dfa35912343b2c7feb23a6774bbbfa1bc278ab8b410b53cb1574b
[INFO] running `Command { std: "docker" "start" "-a" "8c0962ca825dfa35912343b2c7feb23a6774bbbfa1bc278ab8b410b53cb1574b", kill_on_drop: false }`
[INFO] [stderr]     Blocking waiting for file lock on package cache
[INFO] [stderr]     Blocking waiting for file lock on package cache
[INFO] [stderr]    Compiling libc v0.2.86
[INFO] [stderr]    Compiling proc-macro2 v1.0.24
[INFO] [stderr]    Compiling syn v1.0.60
[INFO] [stderr]    Compiling version_check v0.9.2
[INFO] [stderr]    Compiling serde_derive v1.0.123
[INFO] [stderr]    Compiling serde v1.0.123
[INFO] [stderr]     Checking pin-project-lite v0.2.4
[INFO] [stderr]    Compiling const_fn v0.4.5
[INFO] [stderr]    Compiling typenum v1.12.0
[INFO] [stderr]     Checking once_cell v1.5.2
[INFO] [stderr]     Checking futures-core v0.3.12
[INFO] [stderr]     Checking ahash v0.4.7
[INFO] [stderr]    Compiling serde_json v1.0.62
[INFO] [stderr]     Checking byteorder v1.4.2
[INFO] [stderr]     Checking futures-sink v0.3.12
[INFO] [stderr]     Checking futures-io v0.3.12
[INFO] [stderr]     Checking ab_glyph_rasterizer v0.1.4
[INFO] [stderr]    Compiling nix v0.18.0
[INFO] [stderr]    Compiling getrandom v0.1.16
[INFO] [stderr]    Compiling ruma-identifiers-validation v0.2.0 (https://github.com/ruma/ruma?rev=d6aa37c848b7f682a98c25b346899e284ffc6df7#d6aa37c8)
[INFO] [stderr]     Checking fixedbitset v0.2.0
[INFO] [stderr]     Checking same-file v1.0.6
[INFO] [stderr]     Checking bit-vec v0.6.3
[INFO] [stderr]    Compiling getrandom v0.2.2
[INFO] [stderr]    Compiling paste v1.0.4
[INFO] [stderr]    Compiling wasm-bindgen-shared v0.2.69
[INFO] [stderr]     Checking ttf-parser v0.6.2
[INFO] [stderr]    Compiling pin-project-internal v0.4.27
[INFO] [stderr]    Compiling bumpalo v3.6.0
[INFO] [stderr]    Compiling rayon-core v1.9.0
[INFO] [stderr]    Compiling khronos-egl v3.0.0
[INFO] [stderr]     Checking cpuid-bool v0.2.0
[INFO] [stderr]     Checking ttf-parser v0.11.0
[INFO] [stderr]    Compiling cfg_aliases v0.1.1
[INFO] [stderr]    Compiling openssl v0.10.32
[INFO] [stderr]     Checking arrayvec v0.5.2
[INFO] [stderr]    Compiling wasm-bindgen v0.2.69
[INFO] [stderr]     Checking iced_core v0.3.0 (https://github.com/hecrj/iced?rev=842d54732bce8f9c8b070d9bed9809b70ed728a7#842d5473)
[INFO] [stderr]     Checking assign v1.1.1
[INFO] [stderr]     Checking glow v0.7.2
[INFO] [stderr]     Checking inplace_it v0.3.3
[INFO] [stderr]     Checking linked-hash-map v0.5.4
[INFO] [stderr]     Checking rustc-hash v1.1.0
[INFO] [stderr]     Checking unicode-segmentation v1.7.1
[INFO] [stderr]     Checking xi-unicode v0.3.0
[INFO] [stderr]     Checking copyless v0.1.5
[INFO] [stderr]     Checking float-ord v0.2.0
[INFO] [stderr]     Checking lazycell v1.3.0
[INFO] [stderr]     Checking svg_fmt v0.4.1
[INFO] [stderr]     Checking send_wrapper v0.4.0
[INFO] [stderr]     Checking ipnet v2.3.0
[INFO] [stderr]     Checking mime v0.3.16
[INFO] [stderr]    Compiling num-traits v0.2.14
[INFO] [stderr]    Compiling tokio v1.2.0
[INFO] [stderr]    Compiling indexmap v1.6.1
[INFO] [stderr]    Compiling crossbeam-utils v0.8.1
[INFO] [stderr]    Compiling memoffset v0.6.1
[INFO] [stderr]     Checking form_urlencoded v1.0.0
[INFO] [stderr]     Checking lock_api v0.4.2
[INFO] [stderr]    Compiling wayland-sys v0.28.3
[INFO] [stderr]    Compiling servo-fontconfig-sys v5.1.0
[INFO] [stderr]    Compiling rayon v1.5.0
[INFO] [stderr]    Compiling x11-dl v2.18.5
[INFO] [stderr]    Compiling atomic v0.5.0
[INFO] [stderr]     Checking tinyvec v1.1.1
[INFO] [stderr]     Checking unicode-bidi v0.3.4
[INFO] [stderr]    Compiling encoding_rs v0.8.28
[INFO] [stderr]     Checking futures-channel v0.3.12
[INFO] [stderr]     Checking fxhash v0.2.1
[INFO] [stderr]     Checking futures-task v0.3.12
[INFO] [stderr]     Checking dlib v0.4.2
[INFO] [stderr]     Checking walkdir v2.3.1
[INFO] [stderr]     Checking bit-set v0.5.2
[INFO] [stderr]    Compiling wgpu-core v0.7.0
[INFO] [stderr]     Checking ash v0.31.0
[INFO] [stderr]     Checking http-body v0.4.0
[INFO] [stderr]    Compiling pathfinder_simd v0.5.0
[INFO] [stderr]     Checking gpu-descriptor-types v0.1.1
[INFO] [stderr]     Checking gpu-alloc-types v0.2.0
[INFO] [stderr]     Checking wgpu-types v0.7.0
[INFO] [stderr]    Compiling standback v0.2.15
[INFO] [stderr]    Compiling generic-array v0.14.4
[INFO] [stderr]    Compiling time v0.2.25
[INFO] [stderr]    Compiling nom v6.1.0
[INFO] [stderr]    Compiling glam v0.10.2
[INFO] [stderr]     Checking hashbrown v0.9.1
[INFO] [stderr]     Checking iced_style v0.2.0 (https://github.com/hecrj/iced?rev=842d54732bce8f9c8b070d9bed9809b70ed728a7#842d5473)
[INFO] [stderr]    Compiling quote v1.0.9
[INFO] [stderr]     Checking owned_ttf_parser v0.6.0
[INFO] [stderr]     Checking unicode-normalization v0.1.17
[INFO] [stderr]     Checking rusttype v0.9.2
[INFO] [stderr]    Compiling wayland-scanner v0.28.3
[INFO] [stderr]     Checking andrew v0.3.1
[INFO] [stderr]     Checking petgraph v0.5.1
[INFO] [stderr]     Checking pathfinder_geometry v0.5.1
[INFO] [stderr]     Checking owned_ttf_parser v0.11.0
[INFO] [stderr]     Checking ab_glyph v0.2.9
[INFO] [stderr]     Checking crossbeam-epoch v0.9.1
[INFO] [stderr]     Checking crossbeam-channel v0.5.0
[INFO] [stderr]     Checking spirv_headers v1.5.0
[INFO] [stderr]     Checking approx v0.4.0
[INFO] [stderr]     Checking ordered-float v2.1.1
[INFO] [stderr]     Checking euclid v0.22.1
[INFO] [stderr]     Checking cipher v0.2.5
[INFO] [stderr]     Checking universal-hash v0.4.0
[INFO] [stderr]     Checking crypto-mac v0.10.0
[INFO] [stderr]     Checking aead v0.3.2
[INFO] [stderr]     Checking digest v0.9.0
[INFO] [stderr]     Checking block-buffer v0.9.0
[INFO] [stderr]     Checking glyph_brush_layout v0.2.1
[INFO] [stderr]     Checking crossbeam-deque v0.8.0
[INFO] [stderr]     Checking pbkdf2 v0.6.0
[INFO] [stderr]     Checking polyval v0.4.5
[INFO] [stderr]     Checking poly1305 v0.6.2
[INFO] [stderr]     Checking hmac v0.10.1
[INFO] [stderr]     Checking idna v0.2.1
[INFO] [stderr]     Checking sha2 v0.9.3
[INFO] [stderr]     Checking aes-soft v0.6.4
[INFO] [stderr]     Checking ctr v0.6.0
[INFO] [stderr]    Compiling jobserver v0.1.21
[INFO] [stderr]     Checking num_cpus v1.13.0
[INFO] [stderr]     Checking mio v0.7.7
[INFO] [stderr]     Checking raw-window-handle v0.3.3
[INFO] [stderr]     Checking memmap2 v0.1.0
[INFO] [stderr]     Checking dirs-sys v0.3.5
[INFO] [stderr]     Checking nix v0.19.1
[INFO] [stderr]     Checking net2 v0.2.37
[INFO] [stderr]     Checking gethostname v0.2.1
[INFO] [stderr]     Checking iovec v0.1.4
[INFO] [stderr]     Checking socket2 v0.3.19
[INFO] [stderr]     Checking fs2 v0.4.3
[INFO] [stderr]     Checking ghash v0.3.1
[INFO] [stderr]    Compiling cc v1.0.66
[INFO] [stderr]     Checking dashmap v4.0.2
[INFO] [stderr]     Checking dirs v2.0.2
[INFO] [stderr]     Checking aes v0.6.0
[INFO] [stderr]     Checking aes-ctr v0.6.0
[INFO] [stderr]     Checking rand_core v0.6.2
[INFO] [stderr]     Checking rand_core v0.5.1
[INFO] [stderr]     Checking xcursor v0.3.3
[INFO] [stderr]     Checking guillotiere v0.6.0
[INFO] [stderr]     Checking mio v0.6.23
[INFO] [stderr]     Checking aes-gcm v0.8.0
[INFO] [stderr]    Compiling wayland-client v0.28.3
[INFO] [stderr]    Compiling wayland-protocols v0.28.3
[INFO] [stderr]     Checking rand_chacha v0.3.0
[INFO] [stderr]     Checking rand_chacha v0.2.2
[INFO] [stderr]     Checking url v2.2.0
[INFO] [stderr]    Compiling cmake v0.1.45
[INFO] [stderr]     Checking rand v0.8.3
[INFO] [stderr]     Checking rand v0.7.3
[INFO] [stderr]     Checking mio-extras v2.0.6
[INFO] [stderr]    Compiling freetype-sys v0.13.1
[INFO] [stderr]    Compiling openssl-sys v0.9.60
[INFO] [stderr]    Compiling expat-sys v2.1.6
[INFO] [stderr]    Compiling spirv_cross v0.23.0
[INFO] [stderr]    Compiling olm-sys v1.0.2
[INFO] [stderr]     Checking twox-hash v1.6.0
[INFO] [stderr]    Compiling native-tls v0.2.7
[INFO] [stderr]     Checking freetype v0.7.0
[INFO] [stderr] error: could not compile `ash`
[INFO] [stderr] 
[INFO] [stderr] Caused by:
[INFO] [stderr]   process didn't exit successfully: `rustc --crate-name ash --edition=2018 /opt/rustwide/cargo-home/registry/src/github.com-1ecc6299db9ec823/ash-0.31.0/src/lib.rs --error-format=json --json=diagnostic-rendered-ansi --crate-type lib --emit=dep-info,metadata -C embed-bitcode=no -C debuginfo=2 --cfg 'feature="default"' --cfg 'feature="libloading"' -C metadata=c75290719e54c64c -C extra-filename=-c75290719e54c64c --out-dir /opt/rustwide/target/debug/deps -L dependency=/opt/rustwide/target/debug/deps --extern libloading=/opt/rustwide/target/debug/deps/liblibloading-cb50bbac69aa1524.rmeta --cap-lints allow --cap-lints=warn` (signal: 9, SIGKILL: kill)
[INFO] [stderr] warning: build failed, waiting for other jobs to finish...
[INFO] [stderr] The following warnings were emitted during compilation:
[INFO] [stderr] 
[INFO] [stderr] warning: src/wrapper.cpp:2: warning: ignoring #pragma warning  [-Wunknown-pragmas]
[INFO] [stderr] warning:     2 | #pragma warning(disable : 4996 4101)
[INFO] [stderr] warning:       | 
[INFO] [stderr] warning: c++: fatal error: Killed signal terminated program cc1plus
[INFO] [stderr] warning: compilation terminated.
[INFO] [stderr] warning: c++: fatal error: Killed signal terminated program cc1plus
[INFO] [stderr] warning: compilation terminated.
[INFO] [stderr] warning: c++: fatal error: Killed signal terminated program cc1plus
[INFO] [stderr] warning: compilation terminated.
[INFO] [stderr] warning: c++: fatal error: Killed signal terminated program cc1plus
[INFO] [stderr] warning: compilation terminated.
[INFO] [stderr] 
[INFO] [stderr] error: build failed
[INFO] running `Command { std: "docker" "inspect" "8c0962ca825dfa35912343b2c7feb23a6774bbbfa1bc278ab8b410b53cb1574b", kill_on_drop: false }`
[INFO] running `Command { std: "docker" "rm" "-f" "8c0962ca825dfa35912343b2c7feb23a6774bbbfa1bc278ab8b410b53cb1574b", kill_on_drop: false }`
[INFO] [stdout] 8c0962ca825dfa35912343b2c7feb23a6774bbbfa1bc278ab8b410b53cb1574b
