[INFO] cloning repository https://github.com/sebous/aoc-rust
[INFO] running `Command { std: "git" "-c" "credential.helper=" "-c" "credential.helper=/workspace/cargo-home/bin/git-credential-null" "clone" "--bare" "https://github.com/sebous/aoc-rust" "/workspace/cache/git-repos/https%3A%2F%2Fgithub.com%2Fsebous%2Faoc-rust", kill_on_drop: false }`
[INFO] [stderr] Cloning into bare repository '/workspace/cache/git-repos/https%3A%2F%2Fgithub.com%2Fsebous%2Faoc-rust'...
[INFO] running `Command { std: "git" "rev-parse" "HEAD", kill_on_drop: false }`
[INFO] [stdout] 3c40208f838a727c3360e13d3a64a76d3c3e04d6
[INFO] checking sebous/aoc-rust against 1.55.0 for beta-1.56-3
[INFO] running `Command { std: "git" "clone" "/workspace/cache/git-repos/https%3A%2F%2Fgithub.com%2Fsebous%2Faoc-rust" "/workspace/builds/worker-56/source", kill_on_drop: false }`
[INFO] [stderr] Cloning into '/workspace/builds/worker-56/source'...
[INFO] [stderr] done.
[INFO] validating manifest of git repo https://github.com/sebous/aoc-rust on toolchain 1.55.0
[INFO] running `Command { std: "/workspace/cargo-home/bin/cargo" "+1.55.0" "metadata" "--manifest-path" "Cargo.toml" "--no-deps", kill_on_drop: false }`
[INFO] started tweaking git repo https://github.com/sebous/aoc-rust
[INFO] finished tweaking git repo https://github.com/sebous/aoc-rust
[INFO] tweaked toml for git repo https://github.com/sebous/aoc-rust written to /workspace/builds/worker-56/source/Cargo.toml
[INFO] crate git repo https://github.com/sebous/aoc-rust already has a lockfile, it will not be regenerated
[INFO] running `Command { std: "/workspace/cargo-home/bin/cargo" "+1.55.0" "fetch" "--manifest-path" "Cargo.toml", kill_on_drop: false }`
[INFO] [stderr]     Blocking waiting for file lock on package cache
[INFO] [stderr]     Blocking waiting for file lock on package cache
[INFO] running `Command { std: "docker" "create" "-v" "/var/lib/crater-agent-workspace/builds/worker-56/target:/opt/rustwide/target:rw,Z" "-v" "/var/lib/crater-agent-workspace/builds/worker-56/source:/opt/rustwide/workdir:ro,Z" "-v" "/var/lib/crater-agent-workspace/cargo-home:/opt/rustwide/cargo-home:ro,Z" "-v" "/var/lib/crater-agent-workspace/rustup-home:/opt/rustwide/rustup-home:ro,Z" "-e" "SOURCE_DIR=/opt/rustwide/workdir" "-e" "CARGO_TARGET_DIR=/opt/rustwide/target" "-e" "CARGO_HOME=/opt/rustwide/cargo-home" "-e" "RUSTUP_HOME=/opt/rustwide/rustup-home" "-w" "/opt/rustwide/workdir" "-m" "1610612736" "--user" "0:0" "--network" "none" "ghcr.io/rust-lang/crates-build-env/linux@sha256:a89201d6b5b9fd45c15d5952ece0a0129e7e80cb26ec023fd59cf09bc26f1604" "/opt/rustwide/cargo-home/bin/cargo" "+1.55.0" "metadata" "--no-deps" "--format-version=1", kill_on_drop: false }`
[INFO] [stdout] b6ccbac005e99532e6bb62191751b8b2a472e5c3b19b39db1963728ec5ce23db
[INFO] running `Command { std: "docker" "start" "-a" "b6ccbac005e99532e6bb62191751b8b2a472e5c3b19b39db1963728ec5ce23db", kill_on_drop: false }`
[INFO] running `Command { std: "docker" "inspect" "b6ccbac005e99532e6bb62191751b8b2a472e5c3b19b39db1963728ec5ce23db", kill_on_drop: false }`
[INFO] running `Command { std: "docker" "rm" "-f" "b6ccbac005e99532e6bb62191751b8b2a472e5c3b19b39db1963728ec5ce23db", kill_on_drop: false }`
[INFO] [stdout] b6ccbac005e99532e6bb62191751b8b2a472e5c3b19b39db1963728ec5ce23db
[INFO] running `Command { std: "docker" "create" "-v" "/var/lib/crater-agent-workspace/builds/worker-56/target:/opt/rustwide/target:rw,Z" "-v" "/var/lib/crater-agent-workspace/builds/worker-56/source:/opt/rustwide/workdir:ro,Z" "-v" "/var/lib/crater-agent-workspace/cargo-home:/opt/rustwide/cargo-home:ro,Z" "-v" "/var/lib/crater-agent-workspace/rustup-home:/opt/rustwide/rustup-home:ro,Z" "-e" "SOURCE_DIR=/opt/rustwide/workdir" "-e" "CARGO_TARGET_DIR=/opt/rustwide/target" "-e" "CARGO_INCREMENTAL=0" "-e" "RUST_BACKTRACE=full" "-e" "RUSTFLAGS=--cap-lints=warn" "-e" "CARGO_HOME=/opt/rustwide/cargo-home" "-e" "RUSTUP_HOME=/opt/rustwide/rustup-home" "-w" "/opt/rustwide/workdir" "-m" "1610612736" "--user" "0:0" "--network" "none" "ghcr.io/rust-lang/crates-build-env/linux@sha256:a89201d6b5b9fd45c15d5952ece0a0129e7e80cb26ec023fd59cf09bc26f1604" "/opt/rustwide/cargo-home/bin/cargo" "+1.55.0" "check" "--frozen" "--all" "--all-targets" "--message-format=json", kill_on_drop: false }`
[INFO] [stdout] e3149409779f9425738c178cb661bff6ceb48342dd37306cad0bb85854cbd43b
[INFO] running `Command { std: "docker" "start" "-a" "e3149409779f9425738c178cb661bff6ceb48342dd37306cad0bb85854cbd43b", kill_on_drop: false }`
[INFO] [stderr]     Blocking waiting for file lock on package cache
[INFO] [stderr]     Checking advent2019 v0.1.0 (/opt/rustwide/workdir)
[INFO] [stdout] warning: unused import: `crate::input`
[INFO] [stdout]  --> src/solutions/day02.rs:1:5
[INFO] [stdout]   |
[INFO] [stdout] 1 | use crate::input;
[INFO] [stdout]   |     ^^^^^^^^^^^^
[INFO] [stdout]   |
[INFO] [stdout]   = note: `#[warn(unused_imports)]` on by default
[INFO] [stdout] 
[INFO] [stdout] 
[INFO] [stdout] warning: unused import: `crate::intcode_computer::IntcodeComputer`
[INFO] [stdout]  --> src/solutions/day02.rs:2:5
[INFO] [stdout]   |
[INFO] [stdout] 2 | use crate::intcode_computer::IntcodeComputer;
[INFO] [stdout]   |     ^^^^^^^^^^^^^^^^^^^^^^^^^^^^^^^^^^^^^^^^
[INFO] [stdout] 
[INFO] [stdout] 
[INFO] [stdout] error[E0070]: invalid left-hand side of assignment
[INFO] [stdout]   --> src/intcode_computer.rs:62:74
[INFO] [stdout]    |
[INFO] [stdout] 62 |                     &self.memory[self.memory[self.pointer + 3] as usize] =
[INFO] [stdout]    |                     ---------------------------------------------------- ^
[INFO] [stdout]    |                     |
[INFO] [stdout]    |                     cannot assign to this expression
[INFO] [stdout] 
[INFO] [stdout] 
[INFO] [stdout] error[E0308]: mismatched types
[INFO] [stdout]   --> src/intcode_computer.rs:63:25
[INFO] [stdout]    |
[INFO] [stdout] 63 |                         get_param(0, param_modes.0) + get_param(1, param_modes.1);
[INFO] [stdout]    |                         ^^^^^^^^^^^^^^^^^^^^^^^^^^^^^^^^^^^^^^^^^^^^^^^^^^^^^^^^^
[INFO] [stdout]    |                         |
[INFO] [stdout]    |                         expected `&i32`, found `i32`
[INFO] [stdout]    |                         help: consider borrowing here: `&(get_param(0, param_modes.0) + get_param(1, param_modes.1))`
[INFO] [stdout] 
[INFO] [stdout] 
[INFO] [stdout] warning: unused import: `crate::input`
[INFO] [stdout]  --> src/solutions/day02.rs:1:5
[INFO] [stdout]   |
[INFO] [stdout] 1 | use crate::input;
[INFO] [stdout]   |     ^^^^^^^^^^^^
[INFO] [stdout]   |
[INFO] [stdout]   = note: `#[warn(unused_imports)]` on by default
[INFO] [stdout] 
[INFO] [stdout] 
[INFO] [stdout] warning: unused import: `crate::intcode_computer::IntcodeComputer`
[INFO] [stdout]  --> src/solutions/day02.rs:2:5
[INFO] [stdout]   |
[INFO] [stdout] 2 | use crate::intcode_computer::IntcodeComputer;
[INFO] [stdout]   |     ^^^^^^^^^^^^^^^^^^^^^^^^^^^^^^^^^^^^^^^^
[INFO] [stdout] 
[INFO] [stdout] 
[INFO] [stdout] error[E0070]: invalid left-hand side of assignment
[INFO] [stdout]   --> src/intcode_computer.rs:62:74
[INFO] [stdout]    |
[INFO] [stdout] 62 |                     &self.memory[self.memory[self.pointer + 3] as usize] =
[INFO] [stdout]    |                     ---------------------------------------------------- ^
[INFO] [stdout]    |                     |
[INFO] [stdout]    |                     cannot assign to this expression
[INFO] [stdout] 
[INFO] [stdout] 
[INFO] [stdout] error[E0308]: mismatched types
[INFO] [stdout]   --> src/intcode_computer.rs:63:25
[INFO] [stdout]    |
[INFO] [stdout] 63 |                         get_param(0, param_modes.0) + get_param(1, param_modes.1);
[INFO] [stdout]    |                         ^^^^^^^^^^^^^^^^^^^^^^^^^^^^^^^^^^^^^^^^^^^^^^^^^^^^^^^^^
[INFO] [stdout]    |                         |
[INFO] [stdout]    |                         expected `&i32`, found `i32`
[INFO] [stdout]    |                         help: consider borrowing here: `&(get_param(0, param_modes.0) + get_param(1, param_modes.1))`
[INFO] [stdout] 
[INFO] [stdout] 
[INFO] [stdout] error: aborting due to 2 previous errors; 2 warnings emitted
[INFO] [stdout] 
[INFO] [stdout] 
[INFO] [stdout] Some errors have detailed explanations: E0070, E0308.
[INFO] [stdout] 
[INFO] [stdout] For more information about an error, try `rustc --explain E0070`.
[INFO] [stdout] 
[INFO] [stderr] error: could not compile `advent2019` due to 3 previous errors; 2 warnings emitted
[INFO] [stderr] warning: build failed, waiting for other jobs to finish...
[INFO] [stdout] error: aborting due to 2 previous errors; 2 warnings emitted
[INFO] [stdout] 
[INFO] [stdout] 
[INFO] [stdout] Some errors have detailed explanations: E0070, E0308.
[INFO] [stdout] 
[INFO] [stdout] For more information about an error, try `rustc --explain E0070`.
[INFO] [stdout] 
[INFO] [stderr] error: build failed
[INFO] running `Command { std: "docker" "inspect" "e3149409779f9425738c178cb661bff6ceb48342dd37306cad0bb85854cbd43b", kill_on_drop: false }`
[INFO] running `Command { std: "docker" "rm" "-f" "e3149409779f9425738c178cb661bff6ceb48342dd37306cad0bb85854cbd43b", kill_on_drop: false }`
[INFO] [stdout] e3149409779f9425738c178cb661bff6ceb48342dd37306cad0bb85854cbd43b
