[INFO] cloning repository https://github.com/scrabsha/static-rust-analysis-code
[INFO] running `Command { std: "git" "-c" "credential.helper=" "-c" "credential.helper=/workspace/cargo-home/bin/git-credential-null" "clone" "--bare" "https://github.com/scrabsha/static-rust-analysis-code" "/workspace/cache/git-repos/https%3A%2F%2Fgithub.com%2Fscrabsha%2Fstatic-rust-analysis-code", kill_on_drop: false }`
[INFO] [stderr] Cloning into bare repository '/workspace/cache/git-repos/https%3A%2F%2Fgithub.com%2Fscrabsha%2Fstatic-rust-analysis-code'...
[INFO] running `Command { std: "git" "rev-parse" "HEAD", kill_on_drop: false }`
[INFO] [stdout] ac0480b6ab2ef5e78716bed88e5665936c499c99
[INFO] checking scrabsha/static-rust-analysis-code against 1.55.0 for beta-1.56-3
[INFO] running `Command { std: "git" "clone" "/workspace/cache/git-repos/https%3A%2F%2Fgithub.com%2Fscrabsha%2Fstatic-rust-analysis-code" "/workspace/builds/worker-38/source", kill_on_drop: false }`
[INFO] [stderr] Cloning into '/workspace/builds/worker-38/source'...
[INFO] [stderr] done.
[INFO] validating manifest of git repo https://github.com/scrabsha/static-rust-analysis-code on toolchain 1.55.0
[INFO] running `Command { std: "/workspace/cargo-home/bin/cargo" "+1.55.0" "metadata" "--manifest-path" "Cargo.toml" "--no-deps", kill_on_drop: false }`
[INFO] started tweaking git repo https://github.com/scrabsha/static-rust-analysis-code
[INFO] finished tweaking git repo https://github.com/scrabsha/static-rust-analysis-code
[INFO] tweaked toml for git repo https://github.com/scrabsha/static-rust-analysis-code written to /workspace/builds/worker-38/source/Cargo.toml
[INFO] crate git repo https://github.com/scrabsha/static-rust-analysis-code already has a lockfile, it will not be regenerated
[INFO] running `Command { std: "/workspace/cargo-home/bin/cargo" "+1.55.0" "fetch" "--manifest-path" "Cargo.toml", kill_on_drop: false }`
[INFO] [stderr]     Blocking waiting for file lock on package cache
[INFO] [stderr]     Blocking waiting for file lock on package cache
[INFO] running `Command { std: "docker" "create" "-v" "/var/lib/crater-agent-workspace/builds/worker-38/target:/opt/rustwide/target:rw,Z" "-v" "/var/lib/crater-agent-workspace/builds/worker-38/source:/opt/rustwide/workdir:ro,Z" "-v" "/var/lib/crater-agent-workspace/cargo-home:/opt/rustwide/cargo-home:ro,Z" "-v" "/var/lib/crater-agent-workspace/rustup-home:/opt/rustwide/rustup-home:ro,Z" "-e" "SOURCE_DIR=/opt/rustwide/workdir" "-e" "CARGO_TARGET_DIR=/opt/rustwide/target" "-e" "CARGO_HOME=/opt/rustwide/cargo-home" "-e" "RUSTUP_HOME=/opt/rustwide/rustup-home" "-w" "/opt/rustwide/workdir" "-m" "1610612736" "--user" "0:0" "--network" "none" "ghcr.io/rust-lang/crates-build-env/linux@sha256:a89201d6b5b9fd45c15d5952ece0a0129e7e80cb26ec023fd59cf09bc26f1604" "/opt/rustwide/cargo-home/bin/cargo" "+1.55.0" "metadata" "--no-deps" "--format-version=1", kill_on_drop: false }`
[INFO] [stdout] f36acecbeb632c4c959e359c1dfa20cd7b1f32e691f4685ddb74df4c1e3c82c0
[INFO] running `Command { std: "docker" "start" "-a" "f36acecbeb632c4c959e359c1dfa20cd7b1f32e691f4685ddb74df4c1e3c82c0", kill_on_drop: false }`
[INFO] running `Command { std: "docker" "inspect" "f36acecbeb632c4c959e359c1dfa20cd7b1f32e691f4685ddb74df4c1e3c82c0", kill_on_drop: false }`
[INFO] running `Command { std: "docker" "rm" "-f" "f36acecbeb632c4c959e359c1dfa20cd7b1f32e691f4685ddb74df4c1e3c82c0", kill_on_drop: false }`
[INFO] [stdout] f36acecbeb632c4c959e359c1dfa20cd7b1f32e691f4685ddb74df4c1e3c82c0
[INFO] running `Command { std: "docker" "create" "-v" "/var/lib/crater-agent-workspace/builds/worker-38/target:/opt/rustwide/target:rw,Z" "-v" "/var/lib/crater-agent-workspace/builds/worker-38/source:/opt/rustwide/workdir:ro,Z" "-v" "/var/lib/crater-agent-workspace/cargo-home:/opt/rustwide/cargo-home:ro,Z" "-v" "/var/lib/crater-agent-workspace/rustup-home:/opt/rustwide/rustup-home:ro,Z" "-e" "SOURCE_DIR=/opt/rustwide/workdir" "-e" "CARGO_TARGET_DIR=/opt/rustwide/target" "-e" "CARGO_INCREMENTAL=0" "-e" "RUST_BACKTRACE=full" "-e" "RUSTFLAGS=--cap-lints=warn" "-e" "CARGO_HOME=/opt/rustwide/cargo-home" "-e" "RUSTUP_HOME=/opt/rustwide/rustup-home" "-w" "/opt/rustwide/workdir" "-m" "1610612736" "--user" "0:0" "--network" "none" "ghcr.io/rust-lang/crates-build-env/linux@sha256:a89201d6b5b9fd45c15d5952ece0a0129e7e80cb26ec023fd59cf09bc26f1604" "/opt/rustwide/cargo-home/bin/cargo" "+1.55.0" "check" "--frozen" "--all" "--all-targets" "--message-format=json", kill_on_drop: false }`
[INFO] [stdout] eb3b02362d4524c3d1c18833329778697f2f3e5630cf1c1222e2bf79f4cdd71a
[INFO] running `Command { std: "docker" "start" "-a" "eb3b02362d4524c3d1c18833329778697f2f3e5630cf1c1222e2bf79f4cdd71a", kill_on_drop: false }`
[INFO] [stderr]     Blocking waiting for file lock on package cache
[INFO] [stderr]     Checking bundled_rustc_wrapper v0.1.0 (/opt/rustwide/workdir/bundled_rustc_wrapper)
[INFO] [stderr]     Checking analysis_compiler v0.1.0 (/opt/rustwide/workdir/analysis_compiler)
[INFO] [stderr]     Checking simple_rustc_wrapper v0.1.0 (/opt/rustwide/workdir/simple_rustc_wrapper)
[INFO] [stdout] error[E0463]: can't find crate for `rustc_ast`
[INFO] [stdout]  --> analysis_compiler/src/main.rs:3:1
[INFO] [stdout]   |
[INFO] [stdout] 3 | extern crate rustc_ast;
[INFO] [stdout]   | ^^^^^^^^^^^^^^^^^^^^^^^ can't find crate
[INFO] [stdout] 
[INFO] [stdout] 
[INFO] [stdout] error: aborting due to previous error
[INFO] [stdout] 
[INFO] [stdout] 
[INFO] [stdout] For more information about this error, try `rustc --explain E0463`.
[INFO] [stdout] 
[INFO] [stderr] error: could not compile `analysis_compiler` due to 2 previous errors
[INFO] [stderr] warning: build failed, waiting for other jobs to finish...
[INFO] [stdout] error[E0463]: can't find crate for `rustc_driver`
[INFO] [stdout]  --> bundled_rustc_wrapper/src/main.rs:3:1
[INFO] [stdout]   |
[INFO] [stdout] 3 | extern crate rustc_driver;
[INFO] [stdout]   | ^^^^^^^^^^^^^^^^^^^^^^^^^^ can't find crate
[INFO] [stdout] 
[INFO] [stdout] 
[INFO] [stdout] error[E0463]: can't find crate for `rustc_driver`
[INFO] [stdout]  --> bundled_rustc_wrapper/src/main.rs:3:1
[INFO] [stdout]   |
[INFO] [stdout] 3 | extern crate rustc_driver;
[INFO] [stdout]   | ^^^^^^^^^^^^^^^^^^^^^^^^^^ can't find crate
[INFO] [stdout] 
[INFO] [stdout] 
[INFO] [stdout] error[E0463]: can't find crate for `rustc_ast`
[INFO] [stdout]  --> analysis_compiler/src/main.rs:3:1
[INFO] [stdout]   |
[INFO] [stdout] 3 | extern crate rustc_ast;
[INFO] [stdout]   | ^^^^^^^^^^^^^^^^^^^^^^^ can't find crate
[INFO] [stdout] 
[INFO] [stdout] 
[INFO] [stdout] error: aborting due to previous error
[INFO] [stdout] 
[INFO] [stdout] 
[INFO] [stdout] For more information about this error, try `rustc --explain E0463`.
[INFO] [stdout] 
[INFO] [stdout] error: aborting due to previous error
[INFO] [stdout] 
[INFO] [stdout] 
[INFO] [stdout] For more information about this error, try `rustc --explain E0463`.
[INFO] [stdout] 
[INFO] [stdout] error: aborting due to previous error
[INFO] [stdout] 
[INFO] [stdout] 
[INFO] [stdout] For more information about this error, try `rustc --explain E0463`.
[INFO] [stdout] 
[INFO] [stderr] error: build failed
[INFO] running `Command { std: "docker" "inspect" "eb3b02362d4524c3d1c18833329778697f2f3e5630cf1c1222e2bf79f4cdd71a", kill_on_drop: false }`
[INFO] running `Command { std: "docker" "rm" "-f" "eb3b02362d4524c3d1c18833329778697f2f3e5630cf1c1222e2bf79f4cdd71a", kill_on_drop: false }`
[INFO] [stdout] eb3b02362d4524c3d1c18833329778697f2f3e5630cf1c1222e2bf79f4cdd71a
