[INFO] cloning repository https://github.com/sbag13/bch_coder
[INFO] running `Command { std: "git" "-c" "credential.helper=" "-c" "credential.helper=/workspace/cargo-home/bin/git-credential-null" "clone" "--bare" "https://github.com/sbag13/bch_coder" "/workspace/cache/git-repos/https%3A%2F%2Fgithub.com%2Fsbag13%2Fbch_coder", kill_on_drop: false }`
[INFO] [stderr] Cloning into bare repository '/workspace/cache/git-repos/https%3A%2F%2Fgithub.com%2Fsbag13%2Fbch_coder'...
[INFO] running `Command { std: "git" "rev-parse" "HEAD", kill_on_drop: false }`
[INFO] [stdout] f114b8b45d7dc6d8ca305c22854106052c1d475a
[INFO] checking sbag13/bch_coder against 1.55.0 for beta-1.56-3
[INFO] running `Command { std: "git" "clone" "/workspace/cache/git-repos/https%3A%2F%2Fgithub.com%2Fsbag13%2Fbch_coder" "/workspace/builds/worker-34/source", kill_on_drop: false }`
[INFO] [stderr] Cloning into '/workspace/builds/worker-34/source'...
[INFO] [stderr] done.
[INFO] validating manifest of git repo https://github.com/sbag13/bch_coder on toolchain 1.55.0
[INFO] running `Command { std: "/workspace/cargo-home/bin/cargo" "+1.55.0" "metadata" "--manifest-path" "Cargo.toml" "--no-deps", kill_on_drop: false }`
[INFO] started tweaking git repo https://github.com/sbag13/bch_coder
[INFO] finished tweaking git repo https://github.com/sbag13/bch_coder
[INFO] tweaked toml for git repo https://github.com/sbag13/bch_coder written to /workspace/builds/worker-34/source/Cargo.toml
[INFO] crate git repo https://github.com/sbag13/bch_coder already has a lockfile, it will not be regenerated
[INFO] running `Command { std: "/workspace/cargo-home/bin/cargo" "+1.55.0" "fetch" "--manifest-path" "Cargo.toml", kill_on_drop: false }`
[INFO] [stderr]     Blocking waiting for file lock on package cache
[INFO] [stderr]     Blocking waiting for file lock on package cache
[INFO] running `Command { std: "docker" "create" "-v" "/var/lib/crater-agent-workspace/builds/worker-34/target:/opt/rustwide/target:rw,Z" "-v" "/var/lib/crater-agent-workspace/builds/worker-34/source:/opt/rustwide/workdir:ro,Z" "-v" "/var/lib/crater-agent-workspace/cargo-home:/opt/rustwide/cargo-home:ro,Z" "-v" "/var/lib/crater-agent-workspace/rustup-home:/opt/rustwide/rustup-home:ro,Z" "-e" "SOURCE_DIR=/opt/rustwide/workdir" "-e" "CARGO_TARGET_DIR=/opt/rustwide/target" "-e" "CARGO_HOME=/opt/rustwide/cargo-home" "-e" "RUSTUP_HOME=/opt/rustwide/rustup-home" "-w" "/opt/rustwide/workdir" "-m" "1610612736" "--user" "0:0" "--network" "none" "ghcr.io/rust-lang/crates-build-env/linux@sha256:a89201d6b5b9fd45c15d5952ece0a0129e7e80cb26ec023fd59cf09bc26f1604" "/opt/rustwide/cargo-home/bin/cargo" "+1.55.0" "metadata" "--no-deps" "--format-version=1", kill_on_drop: false }`
[INFO] [stdout] 62235ba4b2ef0c05e8d600a10d660788bd93dc63256c02830509b20e5087018d
[INFO] running `Command { std: "docker" "start" "-a" "62235ba4b2ef0c05e8d600a10d660788bd93dc63256c02830509b20e5087018d", kill_on_drop: false }`
[INFO] running `Command { std: "docker" "inspect" "62235ba4b2ef0c05e8d600a10d660788bd93dc63256c02830509b20e5087018d", kill_on_drop: false }`
[INFO] running `Command { std: "docker" "rm" "-f" "62235ba4b2ef0c05e8d600a10d660788bd93dc63256c02830509b20e5087018d", kill_on_drop: false }`
[INFO] [stdout] 62235ba4b2ef0c05e8d600a10d660788bd93dc63256c02830509b20e5087018d
[INFO] running `Command { std: "docker" "create" "-v" "/var/lib/crater-agent-workspace/builds/worker-34/target:/opt/rustwide/target:rw,Z" "-v" "/var/lib/crater-agent-workspace/builds/worker-34/source:/opt/rustwide/workdir:ro,Z" "-v" "/var/lib/crater-agent-workspace/cargo-home:/opt/rustwide/cargo-home:ro,Z" "-v" "/var/lib/crater-agent-workspace/rustup-home:/opt/rustwide/rustup-home:ro,Z" "-e" "SOURCE_DIR=/opt/rustwide/workdir" "-e" "CARGO_TARGET_DIR=/opt/rustwide/target" "-e" "CARGO_INCREMENTAL=0" "-e" "RUST_BACKTRACE=full" "-e" "RUSTFLAGS=--cap-lints=warn" "-e" "CARGO_HOME=/opt/rustwide/cargo-home" "-e" "RUSTUP_HOME=/opt/rustwide/rustup-home" "-w" "/opt/rustwide/workdir" "-m" "1610612736" "--user" "0:0" "--network" "none" "ghcr.io/rust-lang/crates-build-env/linux@sha256:a89201d6b5b9fd45c15d5952ece0a0129e7e80cb26ec023fd59cf09bc26f1604" "/opt/rustwide/cargo-home/bin/cargo" "+1.55.0" "check" "--frozen" "--all" "--all-targets" "--message-format=json", kill_on_drop: false }`
[INFO] [stdout] cc0b43e7b72bb349ecb0214ddacec090bbf5751bc74ac113d5ac0391d54044e8
[INFO] running `Command { std: "docker" "start" "-a" "cc0b43e7b72bb349ecb0214ddacec090bbf5751bc74ac113d5ac0391d54044e8", kill_on_drop: false }`
[INFO] [stderr]     Blocking waiting for file lock on package cache
[INFO] [stderr]    Compiling libc v0.2.45
[INFO] [stderr]    Compiling autocfg v0.1.2
[INFO] [stderr]     Checking quick-error v1.2.2
[INFO] [stderr]     Checking termcolor v1.0.4
[INFO] [stderr]     Checking bitvec v0.9.0
[INFO] [stderr]     Checking primes v0.2.3
[INFO] [stderr]     Checking rand_core v0.3.1
[INFO] [stderr]     Checking rand_jitter v0.1.0
[INFO] [stderr]    Compiling memchr v2.1.2
[INFO] [stderr]    Compiling semver v0.9.0
[INFO] [stderr]     Checking log v0.4.6
[INFO] [stderr]     Checking itertools v0.8.0
[INFO] [stderr]     Checking humantime v1.2.0
[INFO] [stderr]     Checking rand_isaac v0.1.1
[INFO] [stderr]     Checking rand_hc v0.1.0
[INFO] [stderr]     Checking rand_xorshift v0.1.1
[INFO] [stderr]    Compiling rand_chacha v0.1.1
[INFO] [stderr]    Compiling rand v0.6.5
[INFO] [stderr]    Compiling rustc_version v0.2.3
[INFO] [stderr]     Checking rand_os v0.1.1
[INFO] [stderr]     Checking atty v0.2.11
[INFO] [stderr]     Checking aho-corasick v0.6.9
[INFO] [stderr]    Compiling rand_pcg v0.1.1
[INFO] [stderr]     Checking regex v1.1.0
[INFO] [stderr]     Checking env_logger v0.6.0
[INFO] [stderr]     Checking bch v0.1.0 (/opt/rustwide/workdir)
[INFO] [stdout] error[E0554]: `#![feature]` may not be used on the stable release channel
[INFO] [stdout]  --> src/main.rs:1:1
[INFO] [stdout]   |
[INFO] [stdout] 1 | #![feature(vec_resize_default)]
[INFO] [stdout]   | ^^^^^^^^^^^^^^^^^^^^^^^^^^^^^^^
[INFO] [stdout] 
[INFO] [stdout] 
[INFO] [stdout] warning: unused imports: `PrimeSet`, `is_prime`
[INFO] [stdout]  --> src/common.rs:4:14
[INFO] [stdout]   |
[INFO] [stdout] 4 | use primes::{is_prime, PrimeSet};
[INFO] [stdout]   |              ^^^^^^^^  ^^^^^^^^
[INFO] [stdout]   |
[INFO] [stdout]   = note: `#[warn(unused_imports)]` on by default
[INFO] [stdout] 
[INFO] [stdout] 
[INFO] [stdout] error[E0554]: `#![feature]` may not be used on the stable release channel
[INFO] [stdout]  --> src/main.rs:1:1
[INFO] [stdout]   |
[INFO] [stdout] 1 | #![feature(vec_resize_default)]
[INFO] [stdout]   | ^^^^^^^^^^^^^^^^^^^^^^^^^^^^^^^
[INFO] [stdout] 
[INFO] [stdout] 
[INFO] [stdout] warning: unused imports: `PrimeSet`, `is_prime`
[INFO] [stdout]  --> src/common.rs:4:14
[INFO] [stdout]   |
[INFO] [stdout] 4 | use primes::{is_prime, PrimeSet};
[INFO] [stdout]   |              ^^^^^^^^  ^^^^^^^^
[INFO] [stdout]   |
[INFO] [stdout]   = note: `#[warn(unused_imports)]` on by default
[INFO] [stdout] 
[INFO] [stdout] 
[INFO] [stdout] warning: unused import: `crate::common::get_random_places`
[INFO] [stdout]  --> src/tests.rs:8:9
[INFO] [stdout]   |
[INFO] [stdout] 8 |     use crate::common::get_random_places;
[INFO] [stdout]   |         ^^^^^^^^^^^^^^^^^^^^^^^^^^^^^^^^
[INFO] [stdout] 
[INFO] [stdout] 
[INFO] [stdout] warning: unused import: `rand::prelude::*`
[INFO] [stdout]   --> src/mycoder_tests.rs:10:9
[INFO] [stdout]    |
[INFO] [stdout] 10 |     use rand::prelude::*;
[INFO] [stdout]    |         ^^^^^^^^^^^^^^^^
[INFO] [stdout] 
[INFO] [stdout] 
[INFO] [stdout] warning: unused import: `std::sync::mpsc`
[INFO] [stdout]   --> src/mycoder_tests.rs:11:9
[INFO] [stdout]    |
[INFO] [stdout] 11 |     use std::sync::mpsc;
[INFO] [stdout]    |         ^^^^^^^^^^^^^^^
[INFO] [stdout] 
[INFO] [stdout] 
[INFO] [stdout] warning: unused import: `std::thread`
[INFO] [stdout]   --> src/mycoder_tests.rs:12:9
[INFO] [stdout]    |
[INFO] [stdout] 12 |     use std::thread;
[INFO] [stdout]    |         ^^^^^^^^^^^
[INFO] [stdout] 
[INFO] [stdout] 
[INFO] [stdout] error[E0599]: no method named `resize_default` found for struct `Vec<_>` in the current scope
[INFO] [stdout]   --> src/berlekamp_decoder.rs:58:18
[INFO] [stdout]    |
[INFO] [stdout] 58 |         min_pols.resize_default(n as usize);
[INFO] [stdout]    |                  ^^^^^^^^^^^^^^ method not found in `Vec<_>`
[INFO] [stdout] 
[INFO] [stdout] 
[INFO] [stdout] error: aborting due to 2 previous errors; 1 warning emitted
[INFO] [stdout] 
[INFO] [stdout] 
[INFO] [stdout] Some errors have detailed explanations: E0554, E0599.
[INFO] [stdout] 
[INFO] [stdout] For more information about an error, try `rustc --explain E0554`.
[INFO] [stdout] 
[INFO] [stdout] error[E0599]: no method named `resize_default` found for struct `Vec<_>` in the current scope
[INFO] [stdout]   --> src/berlekamp_decoder.rs:58:18
[INFO] [stdout]    |
[INFO] [stdout] 58 |         min_pols.resize_default(n as usize);
[INFO] [stdout]    |                  ^^^^^^^^^^^^^^ method not found in `Vec<_>`
[INFO] [stdout] 
[INFO] [stdout] 
[INFO] [stderr] error: could not compile `bch` due to 3 previous errors; 1 warning emitted
[INFO] [stderr] warning: build failed, waiting for other jobs to finish...
[INFO] [stdout] error: aborting due to 2 previous errors; 5 warnings emitted
[INFO] [stdout] 
[INFO] [stdout] 
[INFO] [stdout] Some errors have detailed explanations: E0554, E0599.
[INFO] [stdout] 
[INFO] [stdout] For more information about an error, try `rustc --explain E0554`.
[INFO] [stdout] 
[INFO] [stderr] error: build failed
[INFO] running `Command { std: "docker" "inspect" "cc0b43e7b72bb349ecb0214ddacec090bbf5751bc74ac113d5ac0391d54044e8", kill_on_drop: false }`
[INFO] running `Command { std: "docker" "rm" "-f" "cc0b43e7b72bb349ecb0214ddacec090bbf5751bc74ac113d5ac0391d54044e8", kill_on_drop: false }`
[INFO] [stdout] cc0b43e7b72bb349ecb0214ddacec090bbf5751bc74ac113d5ac0391d54044e8
