[INFO] cloning repository https://github.com/sanity/pair_adjacent_violators
[INFO] running `Command { std: "git" "-c" "credential.helper=" "-c" "credential.helper=/workspace/cargo-home/bin/git-credential-null" "clone" "--bare" "https://github.com/sanity/pair_adjacent_violators" "/workspace/cache/git-repos/https%3A%2F%2Fgithub.com%2Fsanity%2Fpair_adjacent_violators", kill_on_drop: false }`
[INFO] [stderr] Cloning into bare repository '/workspace/cache/git-repos/https%3A%2F%2Fgithub.com%2Fsanity%2Fpair_adjacent_violators'...
[INFO] running `Command { std: "git" "rev-parse" "HEAD", kill_on_drop: false }`
[INFO] [stdout] 8090028a69001a9cce8744ed82fa98a596fcc79e
[INFO] checking sanity/pair_adjacent_violators against 1.55.0 for beta-1.56-3
[INFO] running `Command { std: "git" "clone" "/workspace/cache/git-repos/https%3A%2F%2Fgithub.com%2Fsanity%2Fpair_adjacent_violators" "/workspace/builds/worker-107/source", kill_on_drop: false }`
[INFO] [stderr] Cloning into '/workspace/builds/worker-107/source'...
[INFO] [stderr] done.
[INFO] validating manifest of git repo https://github.com/sanity/pair_adjacent_violators on toolchain 1.55.0
[INFO] running `Command { std: "/workspace/cargo-home/bin/cargo" "+1.55.0" "metadata" "--manifest-path" "Cargo.toml" "--no-deps", kill_on_drop: false }`
[INFO] started tweaking git repo https://github.com/sanity/pair_adjacent_violators
[INFO] finished tweaking git repo https://github.com/sanity/pair_adjacent_violators
[INFO] tweaked toml for git repo https://github.com/sanity/pair_adjacent_violators written to /workspace/builds/worker-107/source/Cargo.toml
[INFO] running `Command { std: "/workspace/cargo-home/bin/cargo" "+1.55.0" "generate-lockfile" "--manifest-path" "Cargo.toml" "-Zno-index-update", kill_on_drop: false }`
[INFO] [stderr]     Blocking waiting for file lock on package cache
[INFO] running `Command { std: "/workspace/cargo-home/bin/cargo" "+1.55.0" "fetch" "--manifest-path" "Cargo.toml", kill_on_drop: false }`
[INFO] [stderr]     Blocking waiting for file lock on package cache
[INFO] [stderr]     Blocking waiting for file lock on package cache
[INFO] running `Command { std: "docker" "create" "-v" "/var/lib/crater-agent-workspace/builds/worker-107/target:/opt/rustwide/target:rw,Z" "-v" "/var/lib/crater-agent-workspace/builds/worker-107/source:/opt/rustwide/workdir:ro,Z" "-v" "/var/lib/crater-agent-workspace/cargo-home:/opt/rustwide/cargo-home:ro,Z" "-v" "/var/lib/crater-agent-workspace/rustup-home:/opt/rustwide/rustup-home:ro,Z" "-e" "SOURCE_DIR=/opt/rustwide/workdir" "-e" "CARGO_TARGET_DIR=/opt/rustwide/target" "-e" "CARGO_HOME=/opt/rustwide/cargo-home" "-e" "RUSTUP_HOME=/opt/rustwide/rustup-home" "-w" "/opt/rustwide/workdir" "-m" "1610612736" "--user" "0:0" "--network" "none" "ghcr.io/rust-lang/crates-build-env/linux@sha256:a89201d6b5b9fd45c15d5952ece0a0129e7e80cb26ec023fd59cf09bc26f1604" "/opt/rustwide/cargo-home/bin/cargo" "+1.55.0" "metadata" "--no-deps" "--format-version=1", kill_on_drop: false }`
[INFO] [stdout] 26d3280761a0be1ab65b811557e7d1a30f50fcd2f93935a5d1f6785b0cdd06e3
[INFO] running `Command { std: "docker" "start" "-a" "26d3280761a0be1ab65b811557e7d1a30f50fcd2f93935a5d1f6785b0cdd06e3", kill_on_drop: false }`
[INFO] running `Command { std: "docker" "inspect" "26d3280761a0be1ab65b811557e7d1a30f50fcd2f93935a5d1f6785b0cdd06e3", kill_on_drop: false }`
[INFO] running `Command { std: "docker" "rm" "-f" "26d3280761a0be1ab65b811557e7d1a30f50fcd2f93935a5d1f6785b0cdd06e3", kill_on_drop: false }`
[INFO] [stdout] 26d3280761a0be1ab65b811557e7d1a30f50fcd2f93935a5d1f6785b0cdd06e3
[INFO] running `Command { std: "docker" "create" "-v" "/var/lib/crater-agent-workspace/builds/worker-107/target:/opt/rustwide/target:rw,Z" "-v" "/var/lib/crater-agent-workspace/builds/worker-107/source:/opt/rustwide/workdir:ro,Z" "-v" "/var/lib/crater-agent-workspace/cargo-home:/opt/rustwide/cargo-home:ro,Z" "-v" "/var/lib/crater-agent-workspace/rustup-home:/opt/rustwide/rustup-home:ro,Z" "-e" "SOURCE_DIR=/opt/rustwide/workdir" "-e" "CARGO_TARGET_DIR=/opt/rustwide/target" "-e" "CARGO_INCREMENTAL=0" "-e" "RUST_BACKTRACE=full" "-e" "RUSTFLAGS=--cap-lints=warn" "-e" "CARGO_HOME=/opt/rustwide/cargo-home" "-e" "RUSTUP_HOME=/opt/rustwide/rustup-home" "-w" "/opt/rustwide/workdir" "-m" "1610612736" "--user" "0:0" "--network" "none" "ghcr.io/rust-lang/crates-build-env/linux@sha256:a89201d6b5b9fd45c15d5952ece0a0129e7e80cb26ec023fd59cf09bc26f1604" "/opt/rustwide/cargo-home/bin/cargo" "+1.55.0" "check" "--frozen" "--all" "--all-targets" "--message-format=json", kill_on_drop: false }`
[INFO] [stdout] 707bdbd4bacc518114d2603abf29cf1e5ac08d18ae7a6ae85560b9bbaf290d8b
[INFO] running `Command { std: "docker" "start" "-a" "707bdbd4bacc518114d2603abf29cf1e5ac08d18ae7a6ae85560b9bbaf290d8b", kill_on_drop: false }`
[INFO] [stderr]     Blocking waiting for file lock on package cache
[INFO] [stderr]    Compiling num-traits v0.2.14
[INFO] [stderr]     Checking ordered-float v2.8.0
[INFO] [stderr]     Checking pav_regression v0.2.6 (/opt/rustwide/workdir)
[INFO] [stdout] error[E0308]: mismatched types
[INFO] [stdout]    --> src/pav.rs:235:41
[INFO] [stdout]     |
[INFO] [stdout] 235 |         assert!((regression.interpolate(1.5) - 6.0).abs() < f64::EPSILON);
[INFO] [stdout]     |                                         ^^^
[INFO] [stdout]     |                                         |
[INFO] [stdout]     |                                         expected `&f64`, found floating-point number
[INFO] [stdout]     |                                         help: consider borrowing here: `&1.5`
[INFO] [stdout] 
[INFO] [stdout] 
[INFO] [stdout] error[E0308]: mismatched types
[INFO] [stdout]    --> src/pav.rs:278:43
[INFO] [stdout]     |
[INFO] [stdout] 278 |         assert_eq!(regression.interpolate(0.5), 2.5);
[INFO] [stdout]     |                                           ^^^
[INFO] [stdout]     |                                           |
[INFO] [stdout]     |                                           expected `&f64`, found floating-point number
[INFO] [stdout]     |                                           help: consider borrowing here: `&0.5`
[INFO] [stdout] 
[INFO] [stdout] 
[INFO] [stdout] error[E0308]: mismatched types
[INFO] [stdout]    --> src/pav.rs:286:43
[INFO] [stdout]     |
[INFO] [stdout] 286 |         assert_eq!(regression.interpolate(0.0), 3.0);
[INFO] [stdout]     |                                           ^^^
[INFO] [stdout]     |                                           |
[INFO] [stdout]     |                                           expected `&f64`, found floating-point number
[INFO] [stdout]     |                                           help: consider borrowing here: `&0.0`
[INFO] [stdout] 
[INFO] [stdout] 
[INFO] [stdout] error: aborting due to 3 previous errors
[INFO] [stdout] 
[INFO] [stdout] 
[INFO] [stdout] For more information about this error, try `rustc --explain E0308`.
[INFO] [stdout] 
[INFO] [stderr] error: could not compile `pav_regression` due to 4 previous errors
[INFO] [stderr] warning: build failed, waiting for other jobs to finish...
[INFO] [stderr] error: build failed
[INFO] running `Command { std: "docker" "inspect" "707bdbd4bacc518114d2603abf29cf1e5ac08d18ae7a6ae85560b9bbaf290d8b", kill_on_drop: false }`
[INFO] running `Command { std: "docker" "rm" "-f" "707bdbd4bacc518114d2603abf29cf1e5ac08d18ae7a6ae85560b9bbaf290d8b", kill_on_drop: false }`
[INFO] [stdout] 707bdbd4bacc518114d2603abf29cf1e5ac08d18ae7a6ae85560b9bbaf290d8b
