[INFO] cloning repository https://github.com/samsartor/dust
[INFO] running `Command { std: "git" "-c" "credential.helper=" "-c" "credential.helper=/workspace/cargo-home/bin/git-credential-null" "clone" "--bare" "https://github.com/samsartor/dust" "/workspace/cache/git-repos/https%3A%2F%2Fgithub.com%2Fsamsartor%2Fdust", kill_on_drop: false }`
[INFO] [stderr] Cloning into bare repository '/workspace/cache/git-repos/https%3A%2F%2Fgithub.com%2Fsamsartor%2Fdust'...
[INFO] running `Command { std: "git" "rev-parse" "HEAD", kill_on_drop: false }`
[INFO] [stdout] b2f7a3fa850320e3ec738847faaed7278af217e0
[INFO] checking samsartor/dust against 1.55.0 for beta-1.56-3
[INFO] running `Command { std: "git" "clone" "/workspace/cache/git-repos/https%3A%2F%2Fgithub.com%2Fsamsartor%2Fdust" "/workspace/builds/worker-95/source", kill_on_drop: false }`
[INFO] [stderr] Cloning into '/workspace/builds/worker-95/source'...
[INFO] [stderr] done.
[INFO] validating manifest of git repo https://github.com/samsartor/dust on toolchain 1.55.0
[INFO] running `Command { std: "/workspace/cargo-home/bin/cargo" "+1.55.0" "metadata" "--manifest-path" "Cargo.toml" "--no-deps", kill_on_drop: false }`
[INFO] started tweaking git repo https://github.com/samsartor/dust
[INFO] finished tweaking git repo https://github.com/samsartor/dust
[INFO] tweaked toml for git repo https://github.com/samsartor/dust written to /workspace/builds/worker-95/source/Cargo.toml
[INFO] crate git repo https://github.com/samsartor/dust already has a lockfile, it will not be regenerated
[INFO] running `Command { std: "/workspace/cargo-home/bin/cargo" "+1.55.0" "fetch" "--manifest-path" "Cargo.toml", kill_on_drop: false }`
[INFO] [stderr]     Blocking waiting for file lock on package cache
[INFO] [stderr]     Blocking waiting for file lock on package cache
[INFO] [stderr]  Downloading crates ...
[INFO] [stderr]   Downloaded peg v0.5.4
[INFO] running `Command { std: "docker" "create" "-v" "/var/lib/crater-agent-workspace/builds/worker-95/target:/opt/rustwide/target:rw,Z" "-v" "/var/lib/crater-agent-workspace/builds/worker-95/source:/opt/rustwide/workdir:ro,Z" "-v" "/var/lib/crater-agent-workspace/cargo-home:/opt/rustwide/cargo-home:ro,Z" "-v" "/var/lib/crater-agent-workspace/rustup-home:/opt/rustwide/rustup-home:ro,Z" "-e" "SOURCE_DIR=/opt/rustwide/workdir" "-e" "CARGO_TARGET_DIR=/opt/rustwide/target" "-e" "CARGO_HOME=/opt/rustwide/cargo-home" "-e" "RUSTUP_HOME=/opt/rustwide/rustup-home" "-w" "/opt/rustwide/workdir" "-m" "1610612736" "--user" "0:0" "--network" "none" "ghcr.io/rust-lang/crates-build-env/linux@sha256:a89201d6b5b9fd45c15d5952ece0a0129e7e80cb26ec023fd59cf09bc26f1604" "/opt/rustwide/cargo-home/bin/cargo" "+1.55.0" "metadata" "--no-deps" "--format-version=1", kill_on_drop: false }`
[INFO] [stdout] 45631f76002871af912cd6015472fcd4e28187176646f30f38873d91a5416b54
[INFO] running `Command { std: "docker" "start" "-a" "45631f76002871af912cd6015472fcd4e28187176646f30f38873d91a5416b54", kill_on_drop: false }`
[INFO] running `Command { std: "docker" "inspect" "45631f76002871af912cd6015472fcd4e28187176646f30f38873d91a5416b54", kill_on_drop: false }`
[INFO] running `Command { std: "docker" "rm" "-f" "45631f76002871af912cd6015472fcd4e28187176646f30f38873d91a5416b54", kill_on_drop: false }`
[INFO] [stdout] 45631f76002871af912cd6015472fcd4e28187176646f30f38873d91a5416b54
[INFO] running `Command { std: "docker" "create" "-v" "/var/lib/crater-agent-workspace/builds/worker-95/target:/opt/rustwide/target:rw,Z" "-v" "/var/lib/crater-agent-workspace/builds/worker-95/source:/opt/rustwide/workdir:ro,Z" "-v" "/var/lib/crater-agent-workspace/cargo-home:/opt/rustwide/cargo-home:ro,Z" "-v" "/var/lib/crater-agent-workspace/rustup-home:/opt/rustwide/rustup-home:ro,Z" "-e" "SOURCE_DIR=/opt/rustwide/workdir" "-e" "CARGO_TARGET_DIR=/opt/rustwide/target" "-e" "CARGO_INCREMENTAL=0" "-e" "RUST_BACKTRACE=full" "-e" "RUSTFLAGS=--cap-lints=warn" "-e" "CARGO_HOME=/opt/rustwide/cargo-home" "-e" "RUSTUP_HOME=/opt/rustwide/rustup-home" "-w" "/opt/rustwide/workdir" "-m" "1610612736" "--user" "0:0" "--network" "none" "ghcr.io/rust-lang/crates-build-env/linux@sha256:a89201d6b5b9fd45c15d5952ece0a0129e7e80cb26ec023fd59cf09bc26f1604" "/opt/rustwide/cargo-home/bin/cargo" "+1.55.0" "check" "--frozen" "--all" "--all-targets" "--message-format=json", kill_on_drop: false }`
[INFO] [stdout] 462f3ca4e7f740525b5bf08e3fde877003b8f9989943ec5e7be4e48422f9ffe4
[INFO] running `Command { std: "docker" "start" "-a" "462f3ca4e7f740525b5bf08e3fde877003b8f9989943ec5e7be4e48422f9ffe4", kill_on_drop: false }`
[INFO] [stderr]     Blocking waiting for file lock on package cache
[INFO] [stderr]     Checking lazy_static v1.0.0
[INFO] [stderr]    Compiling peg v0.5.4
[INFO] [stderr]    Compiling dustc v0.0.0 (/opt/rustwide/workdir)
[INFO] [stdout] error[E0432]: unresolved import `std::boxed::FnBox`
[INFO] [stdout]  --> src/syntax.rs:5:5
[INFO] [stdout]   |
[INFO] [stdout] 5 | use std::boxed::FnBox;
[INFO] [stdout]   |     ^^^^^^^^^^^^^^^^^ no `FnBox` in `boxed`
[INFO] [stdout] 
[INFO] [stdout] 
[INFO] [stdout] error[E0554]: `#![feature]` may not be used on the stable release channel
[INFO] [stdout]  --> src/main.rs:1:1
[INFO] [stdout]   |
[INFO] [stdout] 1 | #![feature(rustc_private)]
[INFO] [stdout]   | ^^^^^^^^^^^^^^^^^^^^^^^^^^
[INFO] [stdout] 
[INFO] [stdout] 
[INFO] [stdout] error[E0554]: `#![feature]` may not be used on the stable release channel
[INFO] [stdout]  --> src/main.rs:2:1
[INFO] [stdout]   |
[INFO] [stdout] 2 | #![feature(never_type)]
[INFO] [stdout]   | ^^^^^^^^^^^^^^^^^^^^^^^
[INFO] [stdout] 
[INFO] [stdout] 
[INFO] [stdout] error[E0554]: `#![feature]` may not be used on the stable release channel
[INFO] [stdout]  --> src/main.rs:3:1
[INFO] [stdout]   |
[INFO] [stdout] 3 | #![feature(fnbox)]
[INFO] [stdout]   | ^^^^^^^^^^^^^^^^^^
[INFO] [stdout] 
[INFO] [stdout] 
[INFO] [stdout] warning: use of deprecated macro `try`: use the `?` operator instead
[INFO] [stdout]   --> /opt/rustwide/target/debug/build/dustc-907e05e87881c5dd/out/parse.rs:18:9
[INFO] [stdout]    |
[INFO] [stdout] 18 |         try!
[INFO] [stdout]    |         ^^^
[INFO] [stdout]    |
[INFO] [stdout]    = note: `#[warn(deprecated)]` on by default
[INFO] [stdout] 
[INFO] [stdout] 
[INFO] [stdout] warning: use of deprecated macro `try`: use the `?` operator instead
[INFO] [stdout]   --> /opt/rustwide/target/debug/build/dustc-907e05e87881c5dd/out/parse.rs:20:39
[INFO] [stdout]    |
[INFO] [stdout] 20 |         if self.expected.len() == 0 { try! (write! (fmt, "EOF")) ; } else if
[INFO] [stdout]    |                                       ^^^
[INFO] [stdout] 
[INFO] [stdout] 
[INFO] [stdout] warning: use of deprecated macro `try`: use the `?` operator instead
[INFO] [stdout]   --> /opt/rustwide/target/debug/build/dustc-907e05e87881c5dd/out/parse.rs:23:13
[INFO] [stdout]    |
[INFO] [stdout] 23 |             try!
[INFO] [stdout]    |             ^^^
[INFO] [stdout] 
[INFO] [stdout] 
[INFO] [stdout] warning: use of deprecated macro `try`: use the `?` operator instead
[INFO] [stdout]   --> /opt/rustwide/target/debug/build/dustc-907e05e87881c5dd/out/parse.rs:29:51
[INFO] [stdout]    |
[INFO] [stdout] 29 |             let mut iter = self.expected.iter() ; try!
[INFO] [stdout]    |                                                   ^^^
[INFO] [stdout] 
[INFO] [stdout] 
[INFO] [stdout] warning: use of deprecated macro `try`: use the `?` operator instead
[INFO] [stdout]   --> /opt/rustwide/target/debug/build/dustc-907e05e87881c5dd/out/parse.rs:33:15
[INFO] [stdout]    |
[INFO] [stdout] 33 |             { try! (write! (fmt, ", `{}`", escape_default(elem))) ; }
[INFO] [stdout]    |               ^^^
[INFO] [stdout] 
[INFO] [stdout] 
[INFO] [stdout] warning: `...` range patterns are deprecated
[INFO] [stdout]   --> /opt/rustwide/target/debug/build/dustc-907e05e87881c5dd/out/parse.rs:91:376
[INFO] [stdout]    |
[INFO] [stdout] 91 | ...feff}' | '\u{1680}' | '\u{180e}' | '\u{2000}' ... '\u{200a}' | '\u{202f}' | '\u{205f}' | '\u{3000}' => Matched ( __next , ( ) ) , _ =>...
[INFO] [stdout]    |                                                  ^^^ help: use `..=` for an inclusive range
[INFO] [stdout]    |
[INFO] [stdout]    = note: `#[warn(ellipsis_inclusive_range_patterns)]` on by default
[INFO] [stdout]    = warning: this is accepted in the current edition (Rust 2015) but is a hard error in Rust 2021!
[INFO] [stdout]    = note: for more information, see issue #80165 <https://github.com/rust-lang/rust/issues/80165>
[INFO] [stdout] 
[INFO] [stdout] 
[INFO] [stdout] warning: `...` range patterns are deprecated
[INFO] [stdout]    --> /opt/rustwide/target/debug/build/dustc-907e05e87881c5dd/out/parse.rs:109:437
[INFO] [stdout]     |
[INFO] [stdout] 109 | ...nge_at ( __input , __pos ) ; match __ch { 'a' ... 'z' | 'A' ... 'Z' | '_' => Matched ( __next , ( ) ) , _ => __state . mark_failure ( ...
[INFO] [stdout]     |                                                  ^^^ help: use `..=` for an inclusive range
[INFO] [stdout]     |
[INFO] [stdout]     = warning: this is accepted in the current edition (Rust 2015) but is a hard error in Rust 2021!
[INFO] [stdout]     = note: for more information, see issue #80165 <https://github.com/rust-lang/rust/issues/80165>
[INFO] [stdout] 
[INFO] [stdout] 
[INFO] [stdout] warning: `...` range patterns are deprecated
[INFO] [stdout]    --> /opt/rustwide/target/debug/build/dustc-907e05e87881c5dd/out/parse.rs:109:451
[INFO] [stdout]     |
[INFO] [stdout] 109 | ...ut , __pos ) ; match __ch { 'a' ... 'z' | 'A' ... 'Z' | '_' => Matched ( __next , ( ) ) , _ => __state . mark_failure ( __pos , "[a-zA...
[INFO] [stdout]     |                                                  ^^^ help: use `..=` for an inclusive range
[INFO] [stdout]     |
[INFO] [stdout]     = warning: this is accepted in the current edition (Rust 2015) but is a hard error in Rust 2021!
[INFO] [stdout]     = note: for more information, see issue #80165 <https://github.com/rust-lang/rust/issues/80165>
[INFO] [stdout] 
[INFO] [stdout] 
[INFO] [stdout] warning: `...` range patterns are deprecated
[INFO] [stdout]    --> /opt/rustwide/target/debug/build/dustc-907e05e87881c5dd/out/parse.rs:109:848
[INFO] [stdout]     |
[INFO] [stdout] 109 | ...nge_at ( __input , __pos ) ; match __ch { 'a' ... 'z' | 'A' ... 'Z' | '0' ... '9' | '_' => Matched ( __next , ( ) ) , _ => __state . m...
[INFO] [stdout]     |                                                  ^^^ help: use `..=` for an inclusive range
[INFO] [stdout]     |
[INFO] [stdout]     = warning: this is accepted in the current edition (Rust 2015) but is a hard error in Rust 2021!
[INFO] [stdout]     = note: for more information, see issue #80165 <https://github.com/rust-lang/rust/issues/80165>
[INFO] [stdout] 
[INFO] [stdout] 
[INFO] [stdout] warning: `...` range patterns are deprecated
[INFO] [stdout]    --> /opt/rustwide/target/debug/build/dustc-907e05e87881c5dd/out/parse.rs:109:862
[INFO] [stdout]     |
[INFO] [stdout] 109 | ...ut , __pos ) ; match __ch { 'a' ... 'z' | 'A' ... 'Z' | '0' ... '9' | '_' => Matched ( __next , ( ) ) , _ => __state . mark_failure ( ...
[INFO] [stdout]     |                                                  ^^^ help: use `..=` for an inclusive range
[INFO] [stdout]     |
[INFO] [stdout]     = warning: this is accepted in the current edition (Rust 2015) but is a hard error in Rust 2021!
[INFO] [stdout]     = note: for more information, see issue #80165 <https://github.com/rust-lang/rust/issues/80165>
[INFO] [stdout] 
[INFO] [stdout] 
[INFO] [stdout] warning: `...` range patterns are deprecated
[INFO] [stdout]    --> /opt/rustwide/target/debug/build/dustc-907e05e87881c5dd/out/parse.rs:109:876
[INFO] [stdout]     |
[INFO] [stdout] 109 | ... match __ch { 'a' ... 'z' | 'A' ... 'Z' | '0' ... '9' | '_' => Matched ( __next , ( ) ) , _ => __state . mark_failure ( __pos , "[a-zA...
[INFO] [stdout]     |                                                  ^^^ help: use `..=` for an inclusive range
[INFO] [stdout]     |
[INFO] [stdout]     = warning: this is accepted in the current edition (Rust 2015) but is a hard error in Rust 2021!
[INFO] [stdout]     = note: for more information, see issue #80165 <https://github.com/rust-lang/rust/issues/80165>
[INFO] [stdout] 
[INFO] [stdout] 
[INFO] [stdout] warning: `...` range patterns are deprecated
[INFO] [stdout]    --> /opt/rustwide/target/debug/build/dustc-907e05e87881c5dd/out/parse.rs:136:305
[INFO] [stdout]     |
[INFO] [stdout] 136 | ...nge_at ( __input , __pos ) ; match __ch { '0' ... '9' => Matched ( __next , ( ) ) , _ => __state . mark_failure ( __pos , "[0-9]" ) , ...
[INFO] [stdout]     |                                                  ^^^ help: use `..=` for an inclusive range
[INFO] [stdout]     |
[INFO] [stdout]     = warning: this is accepted in the current edition (Rust 2015) but is a hard error in Rust 2021!
[INFO] [stdout]     = note: for more information, see issue #80165 <https://github.com/rust-lang/rust/issues/80165>
[INFO] [stdout] 
[INFO] [stdout] 
[INFO] [stdout] error[E0432]: unresolved import `std::boxed::FnBox`
[INFO] [stdout]  --> src/syntax.rs:5:5
[INFO] [stdout]   |
[INFO] [stdout] 5 | use std::boxed::FnBox;
[INFO] [stdout]   |     ^^^^^^^^^^^^^^^^^ no `FnBox` in `boxed`
[INFO] [stdout] 
[INFO] [stdout] 
[INFO] [stdout] error[E0554]: `#![feature]` may not be used on the stable release channel
[INFO] [stdout]  --> src/main.rs:1:1
[INFO] [stdout]   |
[INFO] [stdout] 1 | #![feature(rustc_private)]
[INFO] [stdout]   | ^^^^^^^^^^^^^^^^^^^^^^^^^^
[INFO] [stdout] 
[INFO] [stdout] 
[INFO] [stdout] error[E0554]: `#![feature]` may not be used on the stable release channel
[INFO] [stdout]  --> src/main.rs:2:1
[INFO] [stdout]   |
[INFO] [stdout] 2 | #![feature(never_type)]
[INFO] [stdout]   | ^^^^^^^^^^^^^^^^^^^^^^^
[INFO] [stdout] 
[INFO] [stdout] 
[INFO] [stdout] error[E0554]: `#![feature]` may not be used on the stable release channel
[INFO] [stdout]  --> src/main.rs:3:1
[INFO] [stdout]   |
[INFO] [stdout] 3 | #![feature(fnbox)]
[INFO] [stdout]   | ^^^^^^^^^^^^^^^^^^
[INFO] [stdout] 
[INFO] [stdout] 
[INFO] [stdout] warning: use of deprecated macro `try`: use the `?` operator instead
[INFO] [stdout]   --> /opt/rustwide/target/debug/build/dustc-907e05e87881c5dd/out/parse.rs:18:9
[INFO] [stdout]    |
[INFO] [stdout] 18 |         try!
[INFO] [stdout]    |         ^^^
[INFO] [stdout]    |
[INFO] [stdout]    = note: `#[warn(deprecated)]` on by default
[INFO] [stdout] 
[INFO] [stdout] 
[INFO] [stdout] warning: use of deprecated macro `try`: use the `?` operator instead
[INFO] [stdout]   --> /opt/rustwide/target/debug/build/dustc-907e05e87881c5dd/out/parse.rs:20:39
[INFO] [stdout]    |
[INFO] [stdout] 20 |         if self.expected.len() == 0 { try! (write! (fmt, "EOF")) ; } else if
[INFO] [stdout]    |                                       ^^^
[INFO] [stdout] 
[INFO] [stdout] 
[INFO] [stdout] warning: use of deprecated macro `try`: use the `?` operator instead
[INFO] [stdout]   --> /opt/rustwide/target/debug/build/dustc-907e05e87881c5dd/out/parse.rs:23:13
[INFO] [stdout]    |
[INFO] [stdout] 23 |             try!
[INFO] [stdout]    |             ^^^
[INFO] [stdout] 
[INFO] [stdout] 
[INFO] [stdout] warning: use of deprecated macro `try`: use the `?` operator instead
[INFO] [stdout]   --> /opt/rustwide/target/debug/build/dustc-907e05e87881c5dd/out/parse.rs:29:51
[INFO] [stdout]    |
[INFO] [stdout] 29 |             let mut iter = self.expected.iter() ; try!
[INFO] [stdout]    |                                                   ^^^
[INFO] [stdout] 
[INFO] [stdout] 
[INFO] [stdout] warning: use of deprecated macro `try`: use the `?` operator instead
[INFO] [stdout]   --> /opt/rustwide/target/debug/build/dustc-907e05e87881c5dd/out/parse.rs:33:15
[INFO] [stdout]    |
[INFO] [stdout] 33 |             { try! (write! (fmt, ", `{}`", escape_default(elem))) ; }
[INFO] [stdout]    |               ^^^
[INFO] [stdout] 
[INFO] [stdout] 
[INFO] [stdout] warning: `...` range patterns are deprecated
[INFO] [stdout]   --> /opt/rustwide/target/debug/build/dustc-907e05e87881c5dd/out/parse.rs:91:376
[INFO] [stdout]    |
[INFO] [stdout] 91 | ...feff}' | '\u{1680}' | '\u{180e}' | '\u{2000}' ... '\u{200a}' | '\u{202f}' | '\u{205f}' | '\u{3000}' => Matched ( __next , ( ) ) , _ =>...
[INFO] [stdout]    |                                                  ^^^ help: use `..=` for an inclusive range
[INFO] [stdout]    |
[INFO] [stdout]    = note: `#[warn(ellipsis_inclusive_range_patterns)]` on by default
[INFO] [stdout]    = warning: this is accepted in the current edition (Rust 2015) but is a hard error in Rust 2021!
[INFO] [stdout]    = note: for more information, see issue #80165 <https://github.com/rust-lang/rust/issues/80165>
[INFO] [stdout] 
[INFO] [stdout] 
[INFO] [stdout] warning: `...` range patterns are deprecated
[INFO] [stdout]    --> /opt/rustwide/target/debug/build/dustc-907e05e87881c5dd/out/parse.rs:109:437
[INFO] [stdout]     |
[INFO] [stdout] 109 | ...nge_at ( __input , __pos ) ; match __ch { 'a' ... 'z' | 'A' ... 'Z' | '_' => Matched ( __next , ( ) ) , _ => __state . mark_failure ( ...
[INFO] [stdout]     |                                                  ^^^ help: use `..=` for an inclusive range
[INFO] [stdout]     |
[INFO] [stdout]     = warning: this is accepted in the current edition (Rust 2015) but is a hard error in Rust 2021!
[INFO] [stdout]     = note: for more information, see issue #80165 <https://github.com/rust-lang/rust/issues/80165>
[INFO] [stdout] 
[INFO] [stdout] 
[INFO] [stdout] warning: `...` range patterns are deprecated
[INFO] [stdout]    --> /opt/rustwide/target/debug/build/dustc-907e05e87881c5dd/out/parse.rs:109:451
[INFO] [stdout]     |
[INFO] [stdout] 109 | ...ut , __pos ) ; match __ch { 'a' ... 'z' | 'A' ... 'Z' | '_' => Matched ( __next , ( ) ) , _ => __state . mark_failure ( __pos , "[a-zA...
[INFO] [stdout]     |                                                  ^^^ help: use `..=` for an inclusive range
[INFO] [stdout]     |
[INFO] [stdout]     = warning: this is accepted in the current edition (Rust 2015) but is a hard error in Rust 2021!
[INFO] [stdout]     = note: for more information, see issue #80165 <https://github.com/rust-lang/rust/issues/80165>
[INFO] [stdout] 
[INFO] [stdout] 
[INFO] [stdout] warning: `...` range patterns are deprecated
[INFO] [stdout]    --> /opt/rustwide/target/debug/build/dustc-907e05e87881c5dd/out/parse.rs:109:848
[INFO] [stdout]     |
[INFO] [stdout] 109 | ...nge_at ( __input , __pos ) ; match __ch { 'a' ... 'z' | 'A' ... 'Z' | '0' ... '9' | '_' => Matched ( __next , ( ) ) , _ => __state . m...
[INFO] [stdout]     |                                                  ^^^ help: use `..=` for an inclusive range
[INFO] [stdout]     |
[INFO] [stdout]     = warning: this is accepted in the current edition (Rust 2015) but is a hard error in Rust 2021!
[INFO] [stdout]     = note: for more information, see issue #80165 <https://github.com/rust-lang/rust/issues/80165>
[INFO] [stdout] 
[INFO] [stdout] 
[INFO] [stdout] warning: `...` range patterns are deprecated
[INFO] [stdout]    --> /opt/rustwide/target/debug/build/dustc-907e05e87881c5dd/out/parse.rs:109:862
[INFO] [stdout]     |
[INFO] [stdout] 109 | ...ut , __pos ) ; match __ch { 'a' ... 'z' | 'A' ... 'Z' | '0' ... '9' | '_' => Matched ( __next , ( ) ) , _ => __state . mark_failure ( ...
[INFO] [stdout]     |                                                  ^^^ help: use `..=` for an inclusive range
[INFO] [stdout]     |
[INFO] [stdout]     = warning: this is accepted in the current edition (Rust 2015) but is a hard error in Rust 2021!
[INFO] [stdout]     = note: for more information, see issue #80165 <https://github.com/rust-lang/rust/issues/80165>
[INFO] [stdout] 
[INFO] [stdout] 
[INFO] [stdout] warning: `...` range patterns are deprecated
[INFO] [stdout]    --> /opt/rustwide/target/debug/build/dustc-907e05e87881c5dd/out/parse.rs:109:876
[INFO] [stdout]     |
[INFO] [stdout] 109 | ... match __ch { 'a' ... 'z' | 'A' ... 'Z' | '0' ... '9' | '_' => Matched ( __next , ( ) ) , _ => __state . mark_failure ( __pos , "[a-zA...
[INFO] [stdout]     |                                                  ^^^ help: use `..=` for an inclusive range
[INFO] [stdout]     |
[INFO] [stdout]     = warning: this is accepted in the current edition (Rust 2015) but is a hard error in Rust 2021!
[INFO] [stdout]     = note: for more information, see issue #80165 <https://github.com/rust-lang/rust/issues/80165>
[INFO] [stdout] 
[INFO] [stdout] 
[INFO] [stdout] warning: `...` range patterns are deprecated
[INFO] [stdout]    --> /opt/rustwide/target/debug/build/dustc-907e05e87881c5dd/out/parse.rs:136:305
[INFO] [stdout]     |
[INFO] [stdout] 136 | ...nge_at ( __input , __pos ) ; match __ch { '0' ... '9' => Matched ( __next , ( ) ) , _ => __state . mark_failure ( __pos , "[0-9]" ) , ...
[INFO] [stdout]     |                                                  ^^^ help: use `..=` for an inclusive range
[INFO] [stdout]     |
[INFO] [stdout]     = warning: this is accepted in the current edition (Rust 2015) but is a hard error in Rust 2021!
[INFO] [stdout]     = note: for more information, see issue #80165 <https://github.com/rust-lang/rust/issues/80165>
[INFO] [stdout] 
[INFO] [stdout] 
[INFO] [stdout] warning: use of deprecated constant `std::sync::ONCE_INIT`: the `new` function is now preferred
[INFO] [stdout]   --> src/span.rs:37:1
[INFO] [stdout]    |
[INFO] [stdout] 37 | / lazy_static! {
[INFO] [stdout] 38 | |     static ref FILES: Mutex<Interner<PathBuf>> =
[INFO] [stdout] 39 | |         Mutex::new(Interner::new());
[INFO] [stdout] 40 | |     static ref SYMBOLS: Mutex<Interner<String>> =
[INFO] [stdout] 41 | |         Mutex::new(Interner::new());
[INFO] [stdout] 42 | | }
[INFO] [stdout]    | |_^
[INFO] [stdout]    |
[INFO] [stdout]    = note: this warning originates in the macro `__lazy_static_create` (in Nightly builds, run with -Z macro-backtrace for more info)
[INFO] [stdout] 
[INFO] [stdout] 
[INFO] [stdout] warning: use of deprecated constant `std::sync::ONCE_INIT`: the `new` function is now preferred
[INFO] [stdout]   --> src/span.rs:37:1
[INFO] [stdout]    |
[INFO] [stdout] 37 | / lazy_static! {
[INFO] [stdout] 38 | |     static ref FILES: Mutex<Interner<PathBuf>> =
[INFO] [stdout] 39 | |         Mutex::new(Interner::new());
[INFO] [stdout] 40 | |     static ref SYMBOLS: Mutex<Interner<String>> =
[INFO] [stdout] 41 | |         Mutex::new(Interner::new());
[INFO] [stdout] 42 | | }
[INFO] [stdout]    | |_^
[INFO] [stdout]    |
[INFO] [stdout]    = note: this warning originates in the macro `__lazy_static_create` (in Nightly builds, run with -Z macro-backtrace for more info)
[INFO] [stdout] 
[INFO] [stdout] 
[INFO] [stdout] warning: use of deprecated constant `std::sync::ONCE_INIT`: the `new` function is now preferred
[INFO] [stdout]   --> src/span.rs:37:1
[INFO] [stdout]    |
[INFO] [stdout] 37 | / lazy_static! {
[INFO] [stdout] 38 | |     static ref FILES: Mutex<Interner<PathBuf>> =
[INFO] [stdout] 39 | |         Mutex::new(Interner::new());
[INFO] [stdout] 40 | |     static ref SYMBOLS: Mutex<Interner<String>> =
[INFO] [stdout] 41 | |         Mutex::new(Interner::new());
[INFO] [stdout] 42 | | }
[INFO] [stdout]    | |_^
[INFO] [stdout]    |
[INFO] [stdout]    = note: this warning originates in the macro `__lazy_static_create` (in Nightly builds, run with -Z macro-backtrace for more info)
[INFO] [stdout] 
[INFO] [stdout] 
[INFO] [stdout] warning: use of deprecated constant `std::sync::ONCE_INIT`: the `new` function is now preferred
[INFO] [stdout]   --> src/span.rs:37:1
[INFO] [stdout]    |
[INFO] [stdout] 37 | / lazy_static! {
[INFO] [stdout] 38 | |     static ref FILES: Mutex<Interner<PathBuf>> =
[INFO] [stdout] 39 | |         Mutex::new(Interner::new());
[INFO] [stdout] 40 | |     static ref SYMBOLS: Mutex<Interner<String>> =
[INFO] [stdout] 41 | |         Mutex::new(Interner::new());
[INFO] [stdout] 42 | | }
[INFO] [stdout]    | |_^
[INFO] [stdout]    |
[INFO] [stdout]    = note: this warning originates in the macro `__lazy_static_create` (in Nightly builds, run with -Z macro-backtrace for more info)
[INFO] [stdout] 
[INFO] [stdout] 
[INFO] [stdout] error: aborting due to 4 previous errors; 14 warnings emitted
[INFO] [stdout] 
[INFO] [stdout] 
[INFO] [stdout] Some errors have detailed explanations: E0432, E0554.
[INFO] [stdout] 
[INFO] [stdout] For more information about an error, try `rustc --explain E0432`.
[INFO] [stdout] 
[INFO] [stderr] error: could not compile `dustc` due to 5 previous errors; 14 warnings emitted
[INFO] [stderr] warning: build failed, waiting for other jobs to finish...
[INFO] [stdout] error: aborting due to 4 previous errors; 14 warnings emitted
[INFO] [stdout] 
[INFO] [stdout] 
[INFO] [stdout] Some errors have detailed explanations: E0432, E0554.
[INFO] [stdout] 
[INFO] [stdout] For more information about an error, try `rustc --explain E0432`.
[INFO] [stdout] 
[INFO] [stderr] error: build failed
[INFO] running `Command { std: "docker" "inspect" "462f3ca4e7f740525b5bf08e3fde877003b8f9989943ec5e7be4e48422f9ffe4", kill_on_drop: false }`
[INFO] running `Command { std: "docker" "rm" "-f" "462f3ca4e7f740525b5bf08e3fde877003b8f9989943ec5e7be4e48422f9ffe4", kill_on_drop: false }`
[INFO] [stdout] 462f3ca4e7f740525b5bf08e3fde877003b8f9989943ec5e7be4e48422f9ffe4
