[INFO] cloning repository https://github.com/sam-kirby/taskinator-communicator
[INFO] running `Command { std: "git" "-c" "credential.helper=" "-c" "credential.helper=/workspace/cargo-home/bin/git-credential-null" "clone" "--bare" "https://github.com/sam-kirby/taskinator-communicator" "/workspace/cache/git-repos/https%3A%2F%2Fgithub.com%2Fsam-kirby%2Ftaskinator-communicator", kill_on_drop: false }`
[INFO] [stderr] Cloning into bare repository '/workspace/cache/git-repos/https%3A%2F%2Fgithub.com%2Fsam-kirby%2Ftaskinator-communicator'...
[INFO] running `Command { std: "git" "rev-parse" "HEAD", kill_on_drop: false }`
[INFO] [stdout] 12a4c79a70a70bd751507b6efb004c2164b76c30
[INFO] checking sam-kirby/taskinator-communicator against beta-2021-10-15 for beta-1.56-3
[INFO] running `Command { std: "git" "clone" "/workspace/cache/git-repos/https%3A%2F%2Fgithub.com%2Fsam-kirby%2Ftaskinator-communicator" "/workspace/builds/worker-80/source", kill_on_drop: false }`
[INFO] [stderr] Cloning into '/workspace/builds/worker-80/source'...
[INFO] [stderr] done.
[INFO] validating manifest of git repo https://github.com/sam-kirby/taskinator-communicator on toolchain beta-2021-10-15
[INFO] running `Command { std: "/workspace/cargo-home/bin/cargo" "+beta-2021-10-15" "metadata" "--manifest-path" "Cargo.toml" "--no-deps", kill_on_drop: false }`
[INFO] started tweaking git repo https://github.com/sam-kirby/taskinator-communicator
[INFO] finished tweaking git repo https://github.com/sam-kirby/taskinator-communicator
[INFO] tweaked toml for git repo https://github.com/sam-kirby/taskinator-communicator written to /workspace/builds/worker-80/source/Cargo.toml
[INFO] running `Command { std: "/workspace/cargo-home/bin/cargo" "+beta-2021-10-15" "generate-lockfile" "--manifest-path" "Cargo.toml" "-Zno-index-update", kill_on_drop: false }`
[INFO] [stderr]     Blocking waiting for file lock on package cache
[INFO] running `Command { std: "/workspace/cargo-home/bin/cargo" "+beta-2021-10-15" "fetch" "--manifest-path" "Cargo.toml", kill_on_drop: false }`
[INFO] [stderr]     Blocking waiting for file lock on package cache
[INFO] [stderr]     Blocking waiting for file lock on package cache
[INFO] running `Command { std: "docker" "create" "-v" "/var/lib/crater-agent-workspace/builds/worker-80/target:/opt/rustwide/target:rw,Z" "-v" "/var/lib/crater-agent-workspace/builds/worker-80/source:/opt/rustwide/workdir:ro,Z" "-v" "/var/lib/crater-agent-workspace/cargo-home:/opt/rustwide/cargo-home:ro,Z" "-v" "/var/lib/crater-agent-workspace/rustup-home:/opt/rustwide/rustup-home:ro,Z" "-e" "SOURCE_DIR=/opt/rustwide/workdir" "-e" "CARGO_TARGET_DIR=/opt/rustwide/target" "-e" "CARGO_HOME=/opt/rustwide/cargo-home" "-e" "RUSTUP_HOME=/opt/rustwide/rustup-home" "-w" "/opt/rustwide/workdir" "-m" "1610612736" "--user" "0:0" "--network" "none" "ghcr.io/rust-lang/crates-build-env/linux@sha256:a89201d6b5b9fd45c15d5952ece0a0129e7e80cb26ec023fd59cf09bc26f1604" "/opt/rustwide/cargo-home/bin/cargo" "+beta-2021-10-15" "metadata" "--no-deps" "--format-version=1", kill_on_drop: false }`
[INFO] [stdout] 4678fcdd7015dde4e221d2bef03cad0d8ea4a34c2db2fac3ff6f508e2094bb9c
[INFO] running `Command { std: "docker" "start" "-a" "4678fcdd7015dde4e221d2bef03cad0d8ea4a34c2db2fac3ff6f508e2094bb9c", kill_on_drop: false }`
[INFO] running `Command { std: "docker" "inspect" "4678fcdd7015dde4e221d2bef03cad0d8ea4a34c2db2fac3ff6f508e2094bb9c", kill_on_drop: false }`
[INFO] running `Command { std: "docker" "rm" "-f" "4678fcdd7015dde4e221d2bef03cad0d8ea4a34c2db2fac3ff6f508e2094bb9c", kill_on_drop: false }`
[INFO] [stdout] 4678fcdd7015dde4e221d2bef03cad0d8ea4a34c2db2fac3ff6f508e2094bb9c
[INFO] running `Command { std: "docker" "create" "-v" "/var/lib/crater-agent-workspace/builds/worker-80/target:/opt/rustwide/target:rw,Z" "-v" "/var/lib/crater-agent-workspace/builds/worker-80/source:/opt/rustwide/workdir:ro,Z" "-v" "/var/lib/crater-agent-workspace/cargo-home:/opt/rustwide/cargo-home:ro,Z" "-v" "/var/lib/crater-agent-workspace/rustup-home:/opt/rustwide/rustup-home:ro,Z" "-e" "SOURCE_DIR=/opt/rustwide/workdir" "-e" "CARGO_TARGET_DIR=/opt/rustwide/target" "-e" "CARGO_INCREMENTAL=0" "-e" "RUST_BACKTRACE=full" "-e" "RUSTFLAGS=--cap-lints=warn" "-e" "CARGO_HOME=/opt/rustwide/cargo-home" "-e" "RUSTUP_HOME=/opt/rustwide/rustup-home" "-w" "/opt/rustwide/workdir" "-m" "1610612736" "--user" "0:0" "--network" "none" "ghcr.io/rust-lang/crates-build-env/linux@sha256:a89201d6b5b9fd45c15d5952ece0a0129e7e80cb26ec023fd59cf09bc26f1604" "/opt/rustwide/cargo-home/bin/cargo" "+beta-2021-10-15" "check" "--frozen" "--all" "--all-targets" "--message-format=json", kill_on_drop: false }`
[INFO] [stdout] d878359d96dd9ad148ede31d1a18c824f53ab33d8e85a4ccfafe11bbd8db992a
[INFO] running `Command { std: "docker" "start" "-a" "d878359d96dd9ad148ede31d1a18c824f53ab33d8e85a4ccfafe11bbd8db992a", kill_on_drop: false }`
[INFO] [stderr]     Blocking waiting for file lock on package cache
[INFO] [stderr]    Compiling proc-macro2 v1.0.30
[INFO] [stderr]    Compiling unicode-xid v0.2.2
[INFO] [stderr]    Compiling syn v1.0.80
[INFO] [stderr]    Compiling winapi v0.3.9
[INFO] [stderr]     Checking cfg-if v1.0.0
[INFO] [stderr]     Checking pin-project-lite v0.2.7
[INFO] [stderr]     Checking tracing-core v0.1.21
[INFO] [stderr]    Compiling quote v1.0.10
[INFO] [stderr]    Compiling tracing-attributes v0.1.18
[INFO] [stderr]     Checking tracing v0.1.29
[INFO] [stderr]     Checking taskinator-communicator v0.1.6 (/opt/rustwide/workdir)
[INFO] [stdout] error[E0433]: failed to resolve: could not find `shared` in `winapi`
[INFO] [stdout]  --> src/game.rs:8:5
[INFO] [stdout]   |
[INFO] [stdout] 8 |     shared::minwindef::HMODULE,
[INFO] [stdout]   |     ^^^^^^ could not find `shared` in `winapi`
[INFO] [stdout] 
[INFO] [stdout] 
[INFO] [stdout] error[E0433]: failed to resolve: could not find `um` in `winapi`
[INFO] [stdout]  --> src/game.rs:9:5
[INFO] [stdout]   |
[INFO] [stdout] 9 |     um::{
[INFO] [stdout]   |     ^^ could not find `um` in `winapi`
[INFO] [stdout] 
[INFO] [stdout] 
[INFO] [stdout] error[E0425]: cannot find function, tuple struct or tuple variant `OpenProcess` in this scope
[INFO] [stdout]   --> src/game.rs:84:13
[INFO] [stdout]    |
[INFO] [stdout] 84 |             OpenProcess(
[INFO] [stdout]    |             ^^^^^^^^^^^ not found in this scope
[INFO] [stdout] 
[INFO] [stdout] 
[INFO] [stdout] error[E0425]: cannot find value `PROCESS_QUERY_INFORMATION` in this scope
[INFO] [stdout]   --> src/game.rs:85:17
[INFO] [stdout]    |
[INFO] [stdout] 85 |                 PROCESS_QUERY_INFORMATION | PROCESS_VM_READ,
[INFO] [stdout]    |                 ^^^^^^^^^^^^^^^^^^^^^^^^^ not found in this scope
[INFO] [stdout] 
[INFO] [stdout] 
[INFO] [stdout] error[E0425]: cannot find value `PROCESS_VM_READ` in this scope
[INFO] [stdout]   --> src/game.rs:85:45
[INFO] [stdout]    |
[INFO] [stdout] 85 |                 PROCESS_QUERY_INFORMATION | PROCESS_VM_READ,
[INFO] [stdout]    |                                             ^^^^^^^^^^^^^^^ not found in this scope
[INFO] [stdout] 
[INFO] [stdout] 
[INFO] [stdout] error[E0412]: cannot find type `HMODULE` in this scope
[INFO] [stdout]   --> src/game.rs:91:30
[INFO] [stdout]    |
[INFO] [stdout] 78 | impl Game {
[INFO] [stdout]    |     - help: you might be missing a type parameter: `<HMODULE>`
[INFO] [stdout] ...
[INFO] [stdout] 91 |         let mut modules: Vec<HMODULE> = Vec::with_capacity(MAX_MODULE_COUNT);
[INFO] [stdout]    |                              ^^^^^^^ not found in this scope
[INFO] [stdout] 
[INFO] [stdout] 
[INFO] [stdout] error[E0425]: cannot find function, tuple struct or tuple variant `EnumProcessModulesEx` in this scope
[INFO] [stdout]   --> src/game.rs:95:13
[INFO] [stdout]    |
[INFO] [stdout] 95 |             EnumProcessModulesEx(
[INFO] [stdout]    |             ^^^^^^^^^^^^^^^^^^^^ not found in this scope
[INFO] [stdout] 
[INFO] [stdout] 
[INFO] [stdout] error[E0425]: cannot find function, tuple struct or tuple variant `GetLastError` in this scope
[INFO] [stdout]    --> src/game.rs:107:56
[INFO] [stdout]     |
[INFO] [stdout] 107 |             return Err(Error::EnumModuleError(unsafe { GetLastError() }).into());
[INFO] [stdout]     |                                                        ^^^^^^^^^^^^ not found in this scope
[INFO] [stdout] 
[INFO] [stdout] 
[INFO] [stdout] error[E0425]: cannot find function, tuple struct or tuple variant `GetModuleBaseNameW` in this scope
[INFO] [stdout]    --> src/game.rs:114:17
[INFO] [stdout]     |
[INFO] [stdout] 114 |                 GetModuleBaseNameW(
[INFO] [stdout]     |                 ^^^^^^^^^^^^^^^^^^ not found in this scope
[INFO] [stdout] 
[INFO] [stdout] 
[INFO] [stdout] error[E0425]: cannot find function, tuple struct or tuple variant `ReadProcessMemory` in this scope
[INFO] [stdout]    --> src/game.rs:185:27
[INFO] [stdout]     |
[INFO] [stdout] 185 |         let read_result = ReadProcessMemory(
[INFO] [stdout]     |                           ^^^^^^^^^^^^^^^^^ not found in this scope
[INFO] [stdout] 
[INFO] [stdout] 
[INFO] [stdout] error[E0425]: cannot find function, tuple struct or tuple variant `GetLastError` in this scope
[INFO] [stdout]    --> src/game.rs:194:41
[INFO] [stdout]     |
[INFO] [stdout] 194 |             return Err(Error::ReadError(GetLastError(), count, "internal state").into());
[INFO] [stdout]     |                                         ^^^^^^^^^^^^ not found in this scope
[INFO] [stdout] 
[INFO] [stdout] 
[INFO] [stdout] error[E0425]: cannot find function, tuple struct or tuple variant `ReadProcessMemory` in this scope
[INFO] [stdout]    --> src/game.rs:212:27
[INFO] [stdout]     |
[INFO] [stdout] 212 |         let read_result = ReadProcessMemory(
[INFO] [stdout]     |                           ^^^^^^^^^^^^^^^^^ not found in this scope
[INFO] [stdout] 
[INFO] [stdout] 
[INFO] [stdout] error[E0425]: cannot find function, tuple struct or tuple variant `GetLastError` in this scope
[INFO] [stdout]    --> src/game.rs:221:41
[INFO] [stdout]     |
[INFO] [stdout] 221 |             return Err(Error::ReadError(GetLastError(), count, "player list size").into());
[INFO] [stdout]     |                                         ^^^^^^^^^^^^ not found in this scope
[INFO] [stdout] 
[INFO] [stdout] 
[INFO] [stdout] error[E0425]: cannot find function, tuple struct or tuple variant `ReadProcessMemory` in this scope
[INFO] [stdout]    --> src/game.rs:247:27
[INFO] [stdout]     |
[INFO] [stdout] 247 |         let read_result = ReadProcessMemory(
[INFO] [stdout]     |                           ^^^^^^^^^^^^^^^^^ not found in this scope
[INFO] [stdout] 
[INFO] [stdout] 
[INFO] [stdout] error[E0425]: cannot find function, tuple struct or tuple variant `GetLastError` in this scope
[INFO] [stdout]    --> src/game.rs:256:41
[INFO] [stdout]     |
[INFO] [stdout] 256 |             return Err(Error::ReadError(GetLastError(), count, "raw player").into());
[INFO] [stdout]     |                                         ^^^^^^^^^^^^ not found in this scope
[INFO] [stdout] 
[INFO] [stdout] 
[INFO] [stdout] error[E0425]: cannot find function, tuple struct or tuple variant `ReadProcessMemory` in this scope
[INFO] [stdout]    --> src/game.rs:300:27
[INFO] [stdout]     |
[INFO] [stdout] 300 |         let read_result = ReadProcessMemory(
[INFO] [stdout]     |                           ^^^^^^^^^^^^^^^^^ not found in this scope
[INFO] [stdout] 
[INFO] [stdout] 
[INFO] [stdout] error[E0425]: cannot find function, tuple struct or tuple variant `GetLastError` in this scope
[INFO] [stdout]    --> src/game.rs:309:41
[INFO] [stdout]     |
[INFO] [stdout] 309 |             return Err(Error::ReadError(GetLastError(), count, "task overview").into());
[INFO] [stdout]     |                                         ^^^^^^^^^^^^ not found in this scope
[INFO] [stdout] 
[INFO] [stdout] 
[INFO] [stdout] error[E0425]: cannot find function, tuple struct or tuple variant `ReadProcessMemory` in this scope
[INFO] [stdout]    --> src/game.rs:321:27
[INFO] [stdout]     |
[INFO] [stdout] 321 |         let read_result = ReadProcessMemory(
[INFO] [stdout]     |                           ^^^^^^^^^^^^^^^^^ not found in this scope
[INFO] [stdout] 
[INFO] [stdout] 
[INFO] [stdout] error[E0425]: cannot find function, tuple struct or tuple variant `GetLastError` in this scope
[INFO] [stdout]    --> src/game.rs:330:41
[INFO] [stdout]     |
[INFO] [stdout] 330 |             return Err(Error::ReadError(GetLastError(), count, "meeting state").into());
[INFO] [stdout]     |                                         ^^^^^^^^^^^^ not found in this scope
[INFO] [stdout] 
[INFO] [stdout] 
[INFO] [stdout] error[E0425]: cannot find function, tuple struct or tuple variant `ReadProcessMemory` in this scope
[INFO] [stdout]    --> src/game.rs:348:27
[INFO] [stdout]     |
[INFO] [stdout] 348 |         let read_result = ReadProcessMemory(
[INFO] [stdout]     |                           ^^^^^^^^^^^^^^^^^ not found in this scope
[INFO] [stdout] 
[INFO] [stdout] 
[INFO] [stdout] error[E0425]: cannot find function, tuple struct or tuple variant `GetLastError` in this scope
[INFO] [stdout]    --> src/game.rs:357:41
[INFO] [stdout]     |
[INFO] [stdout] 357 |             return Err(Error::ReadError(GetLastError(), count, "pointer").into());
[INFO] [stdout]     |                                         ^^^^^^^^^^^^ not found in this scope
[INFO] [stdout] 
[INFO] [stdout] 
[INFO] [stdout] error[E0425]: cannot find function, tuple struct or tuple variant `ReadProcessMemory` in this scope
[INFO] [stdout]    --> src/game.rs:368:27
[INFO] [stdout]     |
[INFO] [stdout] 368 |         let read_result = ReadProcessMemory(
[INFO] [stdout]     |                           ^^^^^^^^^^^^^^^^^ not found in this scope
[INFO] [stdout] 
[INFO] [stdout] 
[INFO] [stdout] error[E0425]: cannot find function, tuple struct or tuple variant `GetLastError` in this scope
[INFO] [stdout]    --> src/game.rs:377:41
[INFO] [stdout]     |
[INFO] [stdout] 377 |             return Err(Error::ReadError(GetLastError(), count, "string").into());
[INFO] [stdout]     |                                         ^^^^^^^^^^^^ not found in this scope
[INFO] [stdout] 
[INFO] [stdout] 
[INFO] [stdout] error[E0433]: failed to resolve: could not find `shared` in `winapi`
[INFO] [stdout]  --> src/game.rs:8:5
[INFO] [stdout]   |
[INFO] [stdout] 8 |     shared::minwindef::HMODULE,
[INFO] [stdout]   |     ^^^^^^ could not find `shared` in `winapi`
[INFO] [stdout] 
[INFO] [stdout] 
[INFO] [stdout] error[E0433]: failed to resolve: could not find `um` in `winapi`
[INFO] [stdout]  --> src/game.rs:9:5
[INFO] [stdout]   |
[INFO] [stdout] 9 |     um::{
[INFO] [stdout]   |     ^^ could not find `um` in `winapi`
[INFO] [stdout] 
[INFO] [stdout] 
[INFO] [stdout] error[E0425]: cannot find function, tuple struct or tuple variant `OpenProcess` in this scope
[INFO] [stdout]   --> src/game.rs:84:13
[INFO] [stdout]    |
[INFO] [stdout] 84 |             OpenProcess(
[INFO] [stdout]    |             ^^^^^^^^^^^ not found in this scope
[INFO] [stdout] 
[INFO] [stdout] 
[INFO] [stdout] error[E0425]: cannot find value `PROCESS_QUERY_INFORMATION` in this scope
[INFO] [stdout]   --> src/game.rs:85:17
[INFO] [stdout]    |
[INFO] [stdout] 85 |                 PROCESS_QUERY_INFORMATION | PROCESS_VM_READ,
[INFO] [stdout]    |                 ^^^^^^^^^^^^^^^^^^^^^^^^^ not found in this scope
[INFO] [stdout] 
[INFO] [stdout] 
[INFO] [stdout] error[E0425]: cannot find value `PROCESS_VM_READ` in this scope
[INFO] [stdout]   --> src/game.rs:85:45
[INFO] [stdout]    |
[INFO] [stdout] 85 |                 PROCESS_QUERY_INFORMATION | PROCESS_VM_READ,
[INFO] [stdout]    |                                             ^^^^^^^^^^^^^^^ not found in this scope
[INFO] [stdout] 
[INFO] [stdout] 
[INFO] [stdout] error[E0412]: cannot find type `HMODULE` in this scope
[INFO] [stdout]   --> src/game.rs:91:30
[INFO] [stdout]    |
[INFO] [stdout] 78 | impl Game {
[INFO] [stdout]    |     - help: you might be missing a type parameter: `<HMODULE>`
[INFO] [stdout] ...
[INFO] [stdout] 91 |         let mut modules: Vec<HMODULE> = Vec::with_capacity(MAX_MODULE_COUNT);
[INFO] [stdout]    |                              ^^^^^^^ not found in this scope
[INFO] [stdout] 
[INFO] [stdout] 
[INFO] [stdout] error[E0425]: cannot find function, tuple struct or tuple variant `EnumProcessModulesEx` in this scope
[INFO] [stdout]   --> src/game.rs:95:13
[INFO] [stdout]    |
[INFO] [stdout] 95 |             EnumProcessModulesEx(
[INFO] [stdout]    |             ^^^^^^^^^^^^^^^^^^^^ not found in this scope
[INFO] [stdout] 
[INFO] [stdout] 
[INFO] [stdout] error[E0425]: cannot find function, tuple struct or tuple variant `GetLastError` in this scope
[INFO] [stdout]    --> src/game.rs:107:56
[INFO] [stdout]     |
[INFO] [stdout] 107 |             return Err(Error::EnumModuleError(unsafe { GetLastError() }).into());
[INFO] [stdout]     |                                                        ^^^^^^^^^^^^ not found in this scope
[INFO] [stdout] 
[INFO] [stdout] 
[INFO] [stdout] error[E0425]: cannot find function, tuple struct or tuple variant `GetModuleBaseNameW` in this scope
[INFO] [stdout]    --> src/game.rs:114:17
[INFO] [stdout]     |
[INFO] [stdout] 114 |                 GetModuleBaseNameW(
[INFO] [stdout]     |                 ^^^^^^^^^^^^^^^^^^ not found in this scope
[INFO] [stdout] 
[INFO] [stdout] 
[INFO] [stdout] error[E0425]: cannot find function, tuple struct or tuple variant `ReadProcessMemory` in this scope
[INFO] [stdout]    --> src/game.rs:185:27
[INFO] [stdout]     |
[INFO] [stdout] 185 |         let read_result = ReadProcessMemory(
[INFO] [stdout]     |                           ^^^^^^^^^^^^^^^^^ not found in this scope
[INFO] [stdout] 
[INFO] [stdout] 
[INFO] [stdout] error[E0425]: cannot find function, tuple struct or tuple variant `GetLastError` in this scope
[INFO] [stdout]    --> src/game.rs:194:41
[INFO] [stdout]     |
[INFO] [stdout] 194 |             return Err(Error::ReadError(GetLastError(), count, "internal state").into());
[INFO] [stdout]     |                                         ^^^^^^^^^^^^ not found in this scope
[INFO] [stdout] 
[INFO] [stdout] 
[INFO] [stdout] error[E0425]: cannot find function, tuple struct or tuple variant `ReadProcessMemory` in this scope
[INFO] [stdout]    --> src/game.rs:212:27
[INFO] [stdout]     |
[INFO] [stdout] 212 |         let read_result = ReadProcessMemory(
[INFO] [stdout]     |                           ^^^^^^^^^^^^^^^^^ not found in this scope
[INFO] [stdout] 
[INFO] [stdout] 
[INFO] [stdout] error[E0425]: cannot find function, tuple struct or tuple variant `GetLastError` in this scope
[INFO] [stdout]    --> src/game.rs:221:41
[INFO] [stdout]     |
[INFO] [stdout] 221 |             return Err(Error::ReadError(GetLastError(), count, "player list size").into());
[INFO] [stdout]     |                                         ^^^^^^^^^^^^ not found in this scope
[INFO] [stdout] 
[INFO] [stdout] 
[INFO] [stdout] error[E0425]: cannot find function, tuple struct or tuple variant `ReadProcessMemory` in this scope
[INFO] [stdout]    --> src/game.rs:247:27
[INFO] [stdout]     |
[INFO] [stdout] 247 |         let read_result = ReadProcessMemory(
[INFO] [stdout]     |                           ^^^^^^^^^^^^^^^^^ not found in this scope
[INFO] [stdout] 
[INFO] [stdout] 
[INFO] [stdout] error[E0425]: cannot find function, tuple struct or tuple variant `GetLastError` in this scope
[INFO] [stdout]    --> src/game.rs:256:41
[INFO] [stdout]     |
[INFO] [stdout] 256 |             return Err(Error::ReadError(GetLastError(), count, "raw player").into());
[INFO] [stdout]     |                                         ^^^^^^^^^^^^ not found in this scope
[INFO] [stdout] 
[INFO] [stdout] 
[INFO] [stdout] error[E0425]: cannot find function, tuple struct or tuple variant `ReadProcessMemory` in this scope
[INFO] [stdout]    --> src/game.rs:300:27
[INFO] [stdout]     |
[INFO] [stdout] 300 |         let read_result = ReadProcessMemory(
[INFO] [stdout]     |                           ^^^^^^^^^^^^^^^^^ not found in this scope
[INFO] [stdout] 
[INFO] [stdout] 
[INFO] [stdout] error[E0425]: cannot find function, tuple struct or tuple variant `GetLastError` in this scope
[INFO] [stdout]    --> src/game.rs:309:41
[INFO] [stdout]     |
[INFO] [stdout] 309 |             return Err(Error::ReadError(GetLastError(), count, "task overview").into());
[INFO] [stdout]     |                                         ^^^^^^^^^^^^ not found in this scope
[INFO] [stdout] 
[INFO] [stdout] 
[INFO] [stdout] error[E0425]: cannot find function, tuple struct or tuple variant `ReadProcessMemory` in this scope
[INFO] [stdout]    --> src/game.rs:321:27
[INFO] [stdout]     |
[INFO] [stdout] 321 |         let read_result = ReadProcessMemory(
[INFO] [stdout]     |                           ^^^^^^^^^^^^^^^^^ not found in this scope
[INFO] [stdout] 
[INFO] [stdout] 
[INFO] [stdout] error[E0425]: cannot find function, tuple struct or tuple variant `GetLastError` in this scope
[INFO] [stdout]    --> src/game.rs:330:41
[INFO] [stdout]     |
[INFO] [stdout] 330 |             return Err(Error::ReadError(GetLastError(), count, "meeting state").into());
[INFO] [stdout]     |                                         ^^^^^^^^^^^^ not found in this scope
[INFO] [stdout] 
[INFO] [stdout] 
[INFO] [stdout] error[E0425]: cannot find function, tuple struct or tuple variant `ReadProcessMemory` in this scope
[INFO] [stdout]    --> src/game.rs:348:27
[INFO] [stdout]     |
[INFO] [stdout] 348 |         let read_result = ReadProcessMemory(
[INFO] [stdout]     |                           ^^^^^^^^^^^^^^^^^ not found in this scope
[INFO] [stdout] 
[INFO] [stdout] 
[INFO] [stdout] error[E0425]: cannot find function, tuple struct or tuple variant `GetLastError` in this scope
[INFO] [stdout]    --> src/game.rs:357:41
[INFO] [stdout]     |
[INFO] [stdout] 357 |             return Err(Error::ReadError(GetLastError(), count, "pointer").into());
[INFO] [stdout]     |                                         ^^^^^^^^^^^^ not found in this scope
[INFO] [stdout] 
[INFO] [stdout] 
[INFO] [stdout] error[E0425]: cannot find function, tuple struct or tuple variant `ReadProcessMemory` in this scope
[INFO] [stdout]    --> src/game.rs:368:27
[INFO] [stdout]     |
[INFO] [stdout] 368 |         let read_result = ReadProcessMemory(
[INFO] [stdout]     |                           ^^^^^^^^^^^^^^^^^ not found in this scope
[INFO] [stdout] 
[INFO] [stdout] 
[INFO] [stdout] error[E0425]: cannot find function, tuple struct or tuple variant `GetLastError` in this scope
[INFO] [stdout]    --> src/game.rs:377:41
[INFO] [stdout]     |
[INFO] [stdout] 377 |             return Err(Error::ReadError(GetLastError(), count, "string").into());
[INFO] [stdout]     |                                         ^^^^^^^^^^^^ not found in this scope
[INFO] [stdout] 
[INFO] [stdout] 
[INFO] [stdout] error: aborting due to 23 previous errors
[INFO] [stdout] 
[INFO] [stdout] 
[INFO] [stdout] Some errors have detailed explanations: E0412, E0425, E0433.
[INFO] [stdout] 
[INFO] [stdout] For more information about an error, try `rustc --explain E0412`.
[INFO] [stdout] 
[INFO] [stderr] error: could not compile `taskinator-communicator` due to 24 previous errors
[INFO] [stderr] warning: build failed, waiting for other jobs to finish...
[INFO] [stdout] error: aborting due to 23 previous errors
[INFO] [stdout] 
[INFO] [stdout] 
[INFO] [stdout] Some errors have detailed explanations: E0412, E0425, E0433.
[INFO] [stdout] 
[INFO] [stdout] For more information about an error, try `rustc --explain E0412`.
[INFO] [stdout] 
[INFO] [stderr] error: build failed
[INFO] running `Command { std: "docker" "inspect" "d878359d96dd9ad148ede31d1a18c824f53ab33d8e85a4ccfafe11bbd8db992a", kill_on_drop: false }`
[INFO] running `Command { std: "docker" "rm" "-f" "d878359d96dd9ad148ede31d1a18c824f53ab33d8e85a4ccfafe11bbd8db992a", kill_on_drop: false }`
[INFO] [stdout] d878359d96dd9ad148ede31d1a18c824f53ab33d8e85a4ccfafe11bbd8db992a
