[INFO] cloning repository https://github.com/sae3023/tiktok-filter-clone
[INFO] running `Command { std: "git" "-c" "credential.helper=" "-c" "credential.helper=/workspace/cargo-home/bin/git-credential-null" "clone" "--bare" "https://github.com/sae3023/tiktok-filter-clone" "/workspace/cache/git-repos/https%3A%2F%2Fgithub.com%2Fsae3023%2Ftiktok-filter-clone", kill_on_drop: false }`
[INFO] [stderr] Cloning into bare repository '/workspace/cache/git-repos/https%3A%2F%2Fgithub.com%2Fsae3023%2Ftiktok-filter-clone'...
[INFO] running `Command { std: "git" "rev-parse" "HEAD", kill_on_drop: false }`
[INFO] [stdout] 296db9581a922290b679c4cc29aa5608649634b7
[INFO] checking sae3023/tiktok-filter-clone against beta-2021-10-15 for beta-1.56-3
[INFO] running `Command { std: "git" "clone" "/workspace/cache/git-repos/https%3A%2F%2Fgithub.com%2Fsae3023%2Ftiktok-filter-clone" "/workspace/builds/worker-52/source", kill_on_drop: false }`
[INFO] [stderr] Cloning into '/workspace/builds/worker-52/source'...
[INFO] [stderr] done.
[INFO] validating manifest of git repo https://github.com/sae3023/tiktok-filter-clone on toolchain beta-2021-10-15
[INFO] running `Command { std: "/workspace/cargo-home/bin/cargo" "+beta-2021-10-15" "metadata" "--manifest-path" "Cargo.toml" "--no-deps", kill_on_drop: false }`
[INFO] started tweaking git repo https://github.com/sae3023/tiktok-filter-clone
[INFO] finished tweaking git repo https://github.com/sae3023/tiktok-filter-clone
[INFO] tweaked toml for git repo https://github.com/sae3023/tiktok-filter-clone written to /workspace/builds/worker-52/source/Cargo.toml
[INFO] crate git repo https://github.com/sae3023/tiktok-filter-clone already has a lockfile, it will not be regenerated
[INFO] running `Command { std: "/workspace/cargo-home/bin/cargo" "+beta-2021-10-15" "fetch" "--manifest-path" "Cargo.toml", kill_on_drop: false }`
[INFO] [stderr]     Blocking waiting for file lock on package cache
[INFO] [stderr]     Blocking waiting for file lock on package cache
[INFO] [stderr]  Downloading crates ...
[INFO] [stderr]   Downloaded wayland-client v0.28.2
[INFO] [stderr]   Downloaded pixels v0.2.0
[INFO] [stderr]   Downloaded darling v0.10.3
[INFO] [stderr]   Downloaded wayland-protocols v0.28.2
[INFO] [stderr]   Downloaded pollster v0.2.0
[INFO] [stderr]   Downloaded darling_macro v0.10.3
[INFO] [stderr]   Downloaded wayland-commons v0.28.2
[INFO] [stderr]   Downloaded wayland-scanner v0.28.2
[INFO] [stderr]   Downloaded wayland-sys v0.28.2
[INFO] [stderr]   Downloaded wayland-cursor v0.28.2
[INFO] [stderr]   Downloaded darling_core v0.10.3
[INFO] [stderr]   Downloaded spirv_cross v0.22.1
[INFO] [stderr]   Downloaded smithay-client-toolkit v0.12.1
[INFO] [stderr]   Downloaded tiff v0.6.0
[INFO] [stderr]   Downloaded escapi v4.0.0
[INFO] running `Command { std: "docker" "create" "-v" "/var/lib/crater-agent-workspace/builds/worker-52/target:/opt/rustwide/target:rw,Z" "-v" "/var/lib/crater-agent-workspace/builds/worker-52/source:/opt/rustwide/workdir:ro,Z" "-v" "/var/lib/crater-agent-workspace/cargo-home:/opt/rustwide/cargo-home:ro,Z" "-v" "/var/lib/crater-agent-workspace/rustup-home:/opt/rustwide/rustup-home:ro,Z" "-e" "SOURCE_DIR=/opt/rustwide/workdir" "-e" "CARGO_TARGET_DIR=/opt/rustwide/target" "-e" "CARGO_HOME=/opt/rustwide/cargo-home" "-e" "RUSTUP_HOME=/opt/rustwide/rustup-home" "-w" "/opt/rustwide/workdir" "-m" "1610612736" "--user" "0:0" "--network" "none" "ghcr.io/rust-lang/crates-build-env/linux@sha256:a89201d6b5b9fd45c15d5952ece0a0129e7e80cb26ec023fd59cf09bc26f1604" "/opt/rustwide/cargo-home/bin/cargo" "+beta-2021-10-15" "metadata" "--no-deps" "--format-version=1", kill_on_drop: false }`
[INFO] [stdout] 23a5ef5fe60ba8f02bfe0dae15a505549bf683c6c13d38100a91982c7dba1e2c
[INFO] running `Command { std: "docker" "start" "-a" "23a5ef5fe60ba8f02bfe0dae15a505549bf683c6c13d38100a91982c7dba1e2c", kill_on_drop: false }`
[INFO] running `Command { std: "docker" "inspect" "23a5ef5fe60ba8f02bfe0dae15a505549bf683c6c13d38100a91982c7dba1e2c", kill_on_drop: false }`
[INFO] running `Command { std: "docker" "rm" "-f" "23a5ef5fe60ba8f02bfe0dae15a505549bf683c6c13d38100a91982c7dba1e2c", kill_on_drop: false }`
[INFO] [stdout] 23a5ef5fe60ba8f02bfe0dae15a505549bf683c6c13d38100a91982c7dba1e2c
[INFO] running `Command { std: "docker" "create" "-v" "/var/lib/crater-agent-workspace/builds/worker-52/target:/opt/rustwide/target:rw,Z" "-v" "/var/lib/crater-agent-workspace/builds/worker-52/source:/opt/rustwide/workdir:ro,Z" "-v" "/var/lib/crater-agent-workspace/cargo-home:/opt/rustwide/cargo-home:ro,Z" "-v" "/var/lib/crater-agent-workspace/rustup-home:/opt/rustwide/rustup-home:ro,Z" "-e" "SOURCE_DIR=/opt/rustwide/workdir" "-e" "CARGO_TARGET_DIR=/opt/rustwide/target" "-e" "CARGO_INCREMENTAL=0" "-e" "RUST_BACKTRACE=full" "-e" "RUSTFLAGS=--cap-lints=warn" "-e" "CARGO_HOME=/opt/rustwide/cargo-home" "-e" "RUSTUP_HOME=/opt/rustwide/rustup-home" "-w" "/opt/rustwide/workdir" "-m" "1610612736" "--user" "0:0" "--network" "none" "ghcr.io/rust-lang/crates-build-env/linux@sha256:a89201d6b5b9fd45c15d5952ece0a0129e7e80cb26ec023fd59cf09bc26f1604" "/opt/rustwide/cargo-home/bin/cargo" "+beta-2021-10-15" "check" "--frozen" "--all" "--all-targets" "--message-format=json", kill_on_drop: false }`
[INFO] [stdout] ebca41374c383664de8a2f070ff7decbb26527e7ec644bbb280c77be64c86e83
[INFO] running `Command { std: "docker" "start" "-a" "ebca41374c383664de8a2f070ff7decbb26527e7ec644bbb280c77be64c86e83", kill_on_drop: false }`
[INFO] [stderr]     Blocking waiting for file lock on package cache
[INFO] [stderr]    Compiling libc v0.2.80
[INFO] [stderr]    Compiling byteorder v1.3.4
[INFO] [stderr]    Compiling log v0.4.11
[INFO] [stderr]    Compiling syn v1.0.54
[INFO] [stderr]    Compiling memchr v2.3.4
[INFO] [stderr]     Checking once_cell v1.5.2
[INFO] [stderr]     Checking smallvec v1.5.1
[INFO] [stderr]    Compiling xml-rs v0.8.3
[INFO] [stderr]    Compiling const_fn v0.4.3
[INFO] [stderr]    Compiling nix v0.18.0
[INFO] [stderr]    Compiling proc-macro-nested v0.1.6
[INFO] [stderr]    Compiling version_check v0.9.2
[INFO] [stderr]    Compiling rayon-core v1.9.0
[INFO] [stderr]     Checking futures-core v0.3.8
[INFO] [stderr]     Checking futures-sink v0.3.8
[INFO] [stderr]     Checking bit-vec v0.6.3
[INFO] [stderr]     Checking arrayvec v0.5.2
[INFO] [stderr]     Checking ttf-parser v0.6.2
[INFO] [stderr]     Checking downcast-rs v1.2.0
[INFO] [stderr]     Checking futures-io v0.3.8
[INFO] [stderr]     Checking scoped-tls v1.0.0
[INFO] [stderr]    Compiling winapi-build v0.1.1
[INFO] [stderr]    Compiling wide v0.4.6
[INFO] [stderr]     Checking ab_glyph_rasterizer v0.1.4
[INFO] [stderr]     Checking either v1.6.1
[INFO] [stderr]     Checking adler32 v1.2.0
[INFO] [stderr]     Checking same-file v1.0.6
[INFO] [stderr]     Checking inplace_it v0.3.2
[INFO] [stderr]     Checking bytemuck v1.4.1
[INFO] [stderr]     Checking pin-project-lite v0.2.0
[INFO] [stderr]     Checking weezl v0.1.3
[INFO] [stderr]     Checking copyless v0.1.5
[INFO] [stderr]     Checking adler v0.2.3
[INFO] [stderr]     Checking xdg v2.2.0
[INFO] [stderr]     Checking lazycell v1.3.0
[INFO] [stderr]     Checking winapi v0.2.8
[INFO] [stderr]     Checking typed-arena v2.0.1
[INFO] [stderr]     Checking color_quant v1.1.0
[INFO] [stderr]     Checking pollster v0.2.0
[INFO] [stderr]     Checking scoped_threadpool v0.1.9
[INFO] [stderr]     Checking libloading v0.6.6
[INFO] [stderr]    Compiling num-traits v0.2.14
[INFO] [stderr]    Compiling crossbeam-utils v0.8.1
[INFO] [stderr]    Compiling memoffset v0.6.1
[INFO] [stderr]    Compiling wayland-sys v0.28.2
[INFO] [stderr]    Compiling x11 v2.18.2
[INFO] [stderr]     Checking instant v0.1.9
[INFO] [stderr]    Compiling rayon v1.5.0
[INFO] [stderr]     Checking lock_api v0.4.2
[INFO] [stderr]    Compiling num-integer v0.1.44
[INFO] [stderr]    Compiling miniz_oxide v0.4.3
[INFO] [stderr]     Checking tracing-core v0.1.17
[INFO] [stderr]    Compiling x11-dl v2.18.5
[INFO] [stderr]    Compiling num-iter v0.1.42
[INFO] [stderr]    Compiling quote v1.0.7
[INFO] [stderr]     Checking wgpu-types v0.6.1
[INFO] [stderr]     Checking walkdir v2.3.1
[INFO] [stderr]     Checking futures-channel v0.3.8
[INFO] [stderr]    Compiling kernel32-sys v0.2.2
[INFO] [stderr]     Checking miniz_oxide v0.3.7
[INFO] [stderr]     Checking futures-task v0.3.8
[INFO] [stderr]     Checking gif v0.11.1
[INFO] [stderr]     Checking bit-set v0.5.2
[INFO] [stderr]     Checking dlib v0.4.2
[INFO] [stderr]     Checking ash v0.31.0
[INFO] [stderr]    Compiling wayland-scanner v0.28.2
[INFO] [stderr]     Checking tracing v0.1.22
[INFO] [stderr]     Checking owned_ttf_parser v0.6.0
[INFO] [stderr]    Compiling nom v6.0.1
[INFO] [stderr]    Compiling jobserver v0.1.21
[INFO] [stderr]     Checking fxhash v0.2.1
[INFO] [stderr]     Checking deflate v0.8.6
[INFO] [stderr]     Checking raw-window-handle v0.3.3
[INFO] [stderr]     Checking parking_lot_core v0.8.1
[INFO] [stderr]     Checking num_cpus v1.13.0
[INFO] [stderr]     Checking net2 v0.2.37
[INFO] [stderr]     Checking iovec v0.1.4
[INFO] [stderr]     Checking memmap2 v0.1.0
[INFO] [stderr]     Checking spirv_headers v1.5.0
[INFO] [stderr]     Checking crossbeam-epoch v0.9.1
[INFO] [stderr]     Checking crossbeam-channel v0.5.0
[INFO] [stderr]     Checking ultraviolet v0.4.6
[INFO] [stderr]     Checking rusttype v0.9.2
[INFO] [stderr]     Checking gfx-hal v0.6.0
[INFO] [stderr]    Compiling cc v1.0.66
[INFO] [stderr]     Checking crossbeam-deque v0.8.0
[INFO] [stderr]     Checking andrew v0.3.1
[INFO] [stderr]     Checking parking_lot v0.11.1
[INFO] [stderr]     Checking mio v0.6.23
[INFO] [stderr]     Checking num-rational v0.3.2
[INFO] [stderr]    Compiling wayland-client v0.28.2
[INFO] [stderr]    Compiling wayland-protocols v0.28.2
[INFO] [stderr]     Checking png v0.16.7
[INFO] [stderr]     Checking mio-extras v2.0.6
[INFO] [stderr]    Compiling escapi v4.0.0
[INFO] [stderr]     Checking xcursor v0.3.3
[INFO] [stderr] The following warnings were emitted during compilation:
[INFO] [stderr] 
[INFO] [stderr] warning: escapi_dll/videobufferlock.cpp:1:10: fatal error: mfapi.h: No such file or directory
[INFO] [stderr] warning:     1 | #include <mfapi.h>
[INFO] [stderr] warning:       |          ^~~~~~~~~
[INFO] [stderr] warning: compilation terminated.
[INFO] [stderr] warning: escapi_dll/capture.cpp:1:10: fatal error: mfapi.h: No such file or directory
[INFO] [stderr] warning:     1 | #include <mfapi.h>
[INFO] [stderr] warning:       |          ^~~~~~~~~
[INFO] [stderr] warning: compilation terminated.
[INFO] [stderr] warning: escapi_dll/conversion.cpp:1:10: fatal error: mfapi.h: No such file or directory
[INFO] [stderr] warning:     1 | #include <mfapi.h>
[INFO] [stderr] warning:       |          ^~~~~~~~~
[INFO] [stderr] warning: compilation terminated.
[INFO] [stderr] warning: escapi_dll/escapi_dll.cpp:1:10: fatal error: windows.h: No such file or directory
[INFO] [stderr] warning:     1 | #include "windows.h"
[INFO] [stderr] warning:       |          ^~~~~~~~~~~
[INFO] [stderr] warning: compilation terminated.
[INFO] [stderr] warning: escapi_dll/interface.cpp:1:10: fatal error: mfapi.h: No such file or directory
[INFO] [stderr] warning:     1 | #include <mfapi.h>
[INFO] [stderr] warning:       |          ^~~~~~~~~
[INFO] [stderr] warning: compilation terminated.
[INFO] [stderr] 
[INFO] [stderr] error: failed to run custom build command for `escapi v4.0.0`
[INFO] [stderr] 
[INFO] [stderr] Caused by:
[INFO] [stderr]   process didn't exit successfully: `/opt/rustwide/target/debug/build/escapi-eacf125baa6660d4/build-script-build` (exit status: 1)
[INFO] [stderr]   --- stdout
[INFO] [stderr]   TARGET = Some("x86_64-unknown-linux-gnu")
[INFO] [stderr]   OPT_LEVEL = Some("0")
[INFO] [stderr]   HOST = Some("x86_64-unknown-linux-gnu")
[INFO] [stderr]   CXX_x86_64-unknown-linux-gnu = None
[INFO] [stderr]   CXX_x86_64_unknown_linux_gnu = None
[INFO] [stderr]   HOST_CXX = None
[INFO] [stderr]   CXX = None
[INFO] [stderr]   CXXFLAGS_x86_64-unknown-linux-gnu = None
[INFO] [stderr]   CXXFLAGS_x86_64_unknown_linux_gnu = None
[INFO] [stderr]   HOST_CXXFLAGS = None
[INFO] [stderr]   CXXFLAGS = None
[INFO] [stderr]   CRATE_CC_NO_DEFAULTS = None
[INFO] [stderr]   DEBUG = Some("true")
[INFO] [stderr]   CARGO_CFG_TARGET_FEATURE = Some("fxsr,sse,sse2")
[INFO] [stderr]   running: "c++" "-O0" "-ffunction-sections" "-fdata-sections" "-fPIC" "-g" "-fno-omit-frame-pointer" "-m64" "-I" "/opt/rustwide/cargo-home/registry/src/github.com-1ecc6299db9ec823/escapi-4.0.0/escapi_dll" "-I" "/opt/rustwide/cargo-home/registry/src/github.com-1ecc6299db9ec823/escapi-4.0.0/common" "-I" "C:/Program Files (x86)/Windows Kits/8.1/Include/um/shlwapi.h" "-Wall" "-Wextra" "-o" "/opt/rustwide/target/debug/build/escapi-cfa6add51f9af243/out/escapi_dll/conversion.o" "-c" "escapi_dll/conversion.cpp"
[INFO] [stderr]   running: "c++" "-O0" "-ffunction-sections" "-fdata-sections" "-fPIC" "-g" "-fno-omit-frame-pointer" "-m64" "-I" "/opt/rustwide/cargo-home/registry/src/github.com-1ecc6299db9ec823/escapi-4.0.0/escapi_dll" "-I" "/opt/rustwide/cargo-home/registry/src/github.com-1ecc6299db9ec823/escapi-4.0.0/common" "-I" "C:/Program Files (x86)/Windows Kits/8.1/Include/um/shlwapi.h" "-Wall" "-Wextra" "-o" "/opt/rustwide/target/debug/build/escapi-cfa6add51f9af243/out/escapi_dll/videobufferlock.o" "-c" "escapi_dll/videobufferlock.cpp"
[INFO] [stderr]   running: "c++" "-O0" "-ffunction-sections" "-fdata-sections" "-fPIC" "-g" "-fno-omit-frame-pointer" "-m64" "-I" "/opt/rustwide/cargo-home/registry/src/github.com-1ecc6299db9ec823/escapi-4.0.0/escapi_dll" "-I" "/opt/rustwide/cargo-home/registry/src/github.com-1ecc6299db9ec823/escapi-4.0.0/common" "-I" "C:/Program Files (x86)/Windows Kits/8.1/Include/um/shlwapi.h" "-Wall" "-Wextra" "-o" "/opt/rustwide/target/debug/build/escapi-cfa6add51f9af243/out/escapi_dll/interface.o" "-c" "escapi_dll/interface.cpp"
[INFO] [stderr]   running: "c++" "-O0" "-ffunction-sections" "-fdata-sections" "-fPIC" "-g" "-fno-omit-frame-pointer" "-m64" "-I" "/opt/rustwide/cargo-home/registry/src/github.com-1ecc6299db9ec823/escapi-4.0.0/escapi_dll" "-I" "/opt/rustwide/cargo-home/registry/src/github.com-1ecc6299db9ec823/escapi-4.0.0/common" "-I" "C:/Program Files (x86)/Windows Kits/8.1/Include/um/shlwapi.h" "-Wall" "-Wextra" "-o" "/opt/rustwide/target/debug/build/escapi-cfa6add51f9af243/out/escapi_dll/capture.o" "-c" "escapi_dll/capture.cpp"
[INFO] [stderr]   running: "c++" "-O0" "-ffunction-sections" "-fdata-sections" "-fPIC" "-g" "-fno-omit-frame-pointer" "-m64" "-I" "/opt/rustwide/cargo-home/registry/src/github.com-1ecc6299db9ec823/escapi-4.0.0/escapi_dll" "-I" "/opt/rustwide/cargo-home/registry/src/github.com-1ecc6299db9ec823/escapi-4.0.0/common" "-I" "C:/Program Files (x86)/Windows Kits/8.1/Include/um/shlwapi.h" "-Wall" "-Wextra" "-o" "/opt/rustwide/target/debug/build/escapi-cfa6add51f9af243/out/escapi_dll/escapi_dll.o" "-c" "escapi_dll/escapi_dll.cpp"
[INFO] [stderr]   cargo:warning=escapi_dll/videobufferlock.cpp:1:10: fatal error: mfapi.h: No such file or directory
[INFO] [stderr]   cargo:warning=    1 | #include <mfapi.h>
[INFO] [stderr]   cargo:warning=      |          ^~~~~~~~~
[INFO] [stderr]   cargo:warning=compilation terminated.
[INFO] [stderr]   cargo:warning=escapi_dll/capture.cpp:1:10: fatal error: mfapi.h: No such file or directory
[INFO] [stderr]   cargo:warning=    1 | #include <mfapi.h>
[INFO] [stderr]   cargo:warning=      |          ^~~~~~~~~
[INFO] [stderr]   cargo:warning=compilation terminated.
[INFO] [stderr]   cargo:warning=escapi_dll/conversion.cpp:1:10: fatal error: mfapi.h: No such file or directory
[INFO] [stderr]   cargo:warning=    1 | #include <mfapi.h>
[INFO] [stderr]   cargo:warning=      |          ^~~~~~~~~
[INFO] [stderr]   cargo:warning=compilation terminated.
[INFO] [stderr]   cargo:warning=escapi_dll/escapi_dll.cpp:1:10: fatal error: windows.h: No such file or directory
[INFO] [stderr]   cargo:warning=    1 | #include "windows.h"
[INFO] [stderr]   cargo:warning=      |          ^~~~~~~~~~~
[INFO] [stderr]   cargo:warning=compilation terminated.
[INFO] [stderr]   cargo:warning=escapi_dll/interface.cpp:1:10: fatal error: mfapi.h: No such file or directory
[INFO] [stderr]   cargo:warning=    1 | #include <mfapi.h>
[INFO] [stderr]   cargo:warning=      |          ^~~~~~~~~
[INFO] [stderr]   cargo:warning=compilation terminated.
[INFO] [stderr]   exit status: 1
[INFO] [stderr]   exit status: 1
[INFO] [stderr]   exit status: 1
[INFO] [stderr]   exit status: 1
[INFO] [stderr]   exit status: 1
[INFO] [stderr] 
[INFO] [stderr]   --- stderr
[INFO] [stderr] 
[INFO] [stderr] 
[INFO] [stderr]   error occurred: Command "c++" "-O0" "-ffunction-sections" "-fdata-sections" "-fPIC" "-g" "-fno-omit-frame-pointer" "-m64" "-I" "/opt/rustwide/cargo-home/registry/src/github.com-1ecc6299db9ec823/escapi-4.0.0/escapi_dll" "-I" "/opt/rustwide/cargo-home/registry/src/github.com-1ecc6299db9ec823/escapi-4.0.0/common" "-I" "C:/Program Files (x86)/Windows Kits/8.1/Include/um/shlwapi.h" "-Wall" "-Wextra" "-o" "/opt/rustwide/target/debug/build/escapi-cfa6add51f9af243/out/escapi_dll/capture.o" "-c" "escapi_dll/capture.cpp" with args "c++" did not execute successfully (status code exit status: 1).
[INFO] [stderr] 
[INFO] [stderr] 
[INFO] [stderr] warning: build failed, waiting for other jobs to finish...
[INFO] [stderr] error: build failed
[INFO] running `Command { std: "docker" "inspect" "ebca41374c383664de8a2f070ff7decbb26527e7ec644bbb280c77be64c86e83", kill_on_drop: false }`
[INFO] running `Command { std: "docker" "rm" "-f" "ebca41374c383664de8a2f070ff7decbb26527e7ec644bbb280c77be64c86e83", kill_on_drop: false }`
[INFO] [stdout] ebca41374c383664de8a2f070ff7decbb26527e7ec644bbb280c77be64c86e83
