[INFO] cloning repository https://github.com/ryota0624/diesel-struct-generator
[INFO] running `Command { std: "git" "-c" "credential.helper=" "-c" "credential.helper=/workspace/cargo-home/bin/git-credential-null" "clone" "--bare" "https://github.com/ryota0624/diesel-struct-generator" "/workspace/cache/git-repos/https%3A%2F%2Fgithub.com%2Fryota0624%2Fdiesel-struct-generator", kill_on_drop: false }`
[INFO] [stderr] Cloning into bare repository '/workspace/cache/git-repos/https%3A%2F%2Fgithub.com%2Fryota0624%2Fdiesel-struct-generator'...
[INFO] running `Command { std: "git" "rev-parse" "HEAD", kill_on_drop: false }`
[INFO] [stdout] 545fa957afc3da2fe962c2f906b293530d22bb0f
[INFO] checking ryota0624/diesel-struct-generator against beta-2021-10-15 for beta-1.56-3
[INFO] running `Command { std: "git" "clone" "/workspace/cache/git-repos/https%3A%2F%2Fgithub.com%2Fryota0624%2Fdiesel-struct-generator" "/workspace/builds/worker-24/source", kill_on_drop: false }`
[INFO] [stderr] Cloning into '/workspace/builds/worker-24/source'...
[INFO] [stderr] done.
[INFO] validating manifest of git repo https://github.com/ryota0624/diesel-struct-generator on toolchain beta-2021-10-15
[INFO] running `Command { std: "/workspace/cargo-home/bin/cargo" "+beta-2021-10-15" "metadata" "--manifest-path" "Cargo.toml" "--no-deps", kill_on_drop: false }`
[INFO] started tweaking git repo https://github.com/ryota0624/diesel-struct-generator
[INFO] finished tweaking git repo https://github.com/ryota0624/diesel-struct-generator
[INFO] tweaked toml for git repo https://github.com/ryota0624/diesel-struct-generator written to /workspace/builds/worker-24/source/Cargo.toml
[INFO] crate git repo https://github.com/ryota0624/diesel-struct-generator already has a lockfile, it will not be regenerated
[INFO] running `Command { std: "/workspace/cargo-home/bin/cargo" "+beta-2021-10-15" "fetch" "--manifest-path" "Cargo.toml", kill_on_drop: false }`
[INFO] [stderr]     Blocking waiting for file lock on package cache
[INFO] [stderr]     Blocking waiting for file lock on package cache
[INFO] [stderr]  Downloading crates ...
[INFO] [stderr]   Downloaded atoi v0.2.2
[INFO] [stderr]   Downloaded named_pipe v0.2.4
[INFO] [stderr]   Downloaded mysql_common v0.5.0
[INFO] [stderr]   Downloaded proc-macro-hack-impl v0.4.0
[INFO] [stderr]   Downloaded dotenv_codegen v0.11.0
[INFO] [stderr]   Downloaded proc-macro-hack v0.4.0
[INFO] [stderr]   Downloaded cc v1.0.22
[INFO] [stderr]   Downloaded regex v1.0.4
[INFO] [stderr]   Downloaded dotenv_codegen_impl v0.1.0
[INFO] [stderr]   Downloaded twox-hash v1.1.0
[INFO] [stderr]   Downloaded mysql v12.1.0
[INFO] running `Command { std: "docker" "create" "-v" "/var/lib/crater-agent-workspace/builds/worker-24/target:/opt/rustwide/target:rw,Z" "-v" "/var/lib/crater-agent-workspace/builds/worker-24/source:/opt/rustwide/workdir:ro,Z" "-v" "/var/lib/crater-agent-workspace/cargo-home:/opt/rustwide/cargo-home:ro,Z" "-v" "/var/lib/crater-agent-workspace/rustup-home:/opt/rustwide/rustup-home:ro,Z" "-e" "SOURCE_DIR=/opt/rustwide/workdir" "-e" "CARGO_TARGET_DIR=/opt/rustwide/target" "-e" "CARGO_HOME=/opt/rustwide/cargo-home" "-e" "RUSTUP_HOME=/opt/rustwide/rustup-home" "-w" "/opt/rustwide/workdir" "-m" "1610612736" "--user" "0:0" "--network" "none" "ghcr.io/rust-lang/crates-build-env/linux@sha256:a89201d6b5b9fd45c15d5952ece0a0129e7e80cb26ec023fd59cf09bc26f1604" "/opt/rustwide/cargo-home/bin/cargo" "+beta-2021-10-15" "metadata" "--no-deps" "--format-version=1", kill_on_drop: false }`
[INFO] [stdout] cd85dfc642a82c04199b472cff2bdb94723541463528edd9eddf66d744421a92
[INFO] running `Command { std: "docker" "start" "-a" "cd85dfc642a82c04199b472cff2bdb94723541463528edd9eddf66d744421a92", kill_on_drop: false }`
[INFO] running `Command { std: "docker" "inspect" "cd85dfc642a82c04199b472cff2bdb94723541463528edd9eddf66d744421a92", kill_on_drop: false }`
[INFO] running `Command { std: "docker" "rm" "-f" "cd85dfc642a82c04199b472cff2bdb94723541463528edd9eddf66d744421a92", kill_on_drop: false }`
[INFO] [stdout] cd85dfc642a82c04199b472cff2bdb94723541463528edd9eddf66d744421a92
[INFO] running `Command { std: "docker" "create" "-v" "/var/lib/crater-agent-workspace/builds/worker-24/target:/opt/rustwide/target:rw,Z" "-v" "/var/lib/crater-agent-workspace/builds/worker-24/source:/opt/rustwide/workdir:ro,Z" "-v" "/var/lib/crater-agent-workspace/cargo-home:/opt/rustwide/cargo-home:ro,Z" "-v" "/var/lib/crater-agent-workspace/rustup-home:/opt/rustwide/rustup-home:ro,Z" "-e" "SOURCE_DIR=/opt/rustwide/workdir" "-e" "CARGO_TARGET_DIR=/opt/rustwide/target" "-e" "CARGO_INCREMENTAL=0" "-e" "RUST_BACKTRACE=full" "-e" "RUSTFLAGS=--cap-lints=warn" "-e" "CARGO_HOME=/opt/rustwide/cargo-home" "-e" "RUSTUP_HOME=/opt/rustwide/rustup-home" "-w" "/opt/rustwide/workdir" "-m" "1610612736" "--user" "0:0" "--network" "none" "ghcr.io/rust-lang/crates-build-env/linux@sha256:a89201d6b5b9fd45c15d5952ece0a0129e7e80cb26ec023fd59cf09bc26f1604" "/opt/rustwide/cargo-home/bin/cargo" "+beta-2021-10-15" "check" "--frozen" "--all" "--all-targets" "--message-format=json", kill_on_drop: false }`
[INFO] [stdout] f50c583df2b70e53f48e5456aa302c3a713b201d53090eee5a59ced777f3ea16
[INFO] running `Command { std: "docker" "start" "-a" "f50c583df2b70e53f48e5456aa302c3a713b201d53090eee5a59ced777f3ea16", kill_on_drop: false }`
[INFO] [stderr]     Blocking waiting for file lock on package cache
[INFO] [stderr]     Checking libc v0.2.35
[INFO] [stderr]    Compiling winapi-build v0.1.1
[INFO] [stderr]     Checking num-traits v0.1.41
[INFO] [stderr]    Compiling proc-macro2 v0.4.13
[INFO] [stderr]    Compiling winapi v0.2.8
[INFO] [stderr]    Compiling cc v1.0.22
[INFO] [stderr]     Checking lazy_static v1.0.0
[INFO] [stderr]     Checking cfg-if v0.1.2
[INFO] [stderr]    Compiling unicode-xid v0.0.4
[INFO] [stderr]     Checking matches v0.1.6
[INFO] [stderr]    Compiling proc-macro-hack-impl v0.4.0
[INFO] [stderr]    Compiling utf8-ranges v0.1.3
[INFO] [stderr]    Compiling regex-syntax v0.3.9
[INFO] [stderr]    Compiling quote v0.3.15
[INFO] [stderr]     Checking regex-syntax v0.4.2
[INFO] [stderr]    Compiling regex v1.0.4
[INFO] [stderr]     Checking itoa v0.3.4
[INFO] [stderr]     Checking serde v1.0.27
[INFO] [stderr]     Checking dtoa v0.4.2
[INFO] [stderr]     Checking unicode-normalization v0.1.5
[INFO] [stderr]     Checking byteorder v1.2.1
[INFO] [stderr]     Checking percent-encoding v1.0.1
[INFO] [stderr]     Checking sha1 v0.2.0
[INFO] [stderr]     Checking bitflags v0.9.1
[INFO] [stderr]     Checking lazy_static v0.2.11
[INFO] [stderr]     Checking uuid v0.5.1
[INFO] [stderr]     Checking bitflags v1.0.1
[INFO] [stderr]     Checking bit-vec v0.4.4
[INFO] [stderr]     Checking smallvec v0.4.5
[INFO] [stderr]     Checking rustc-serialize v0.3.24
[INFO] [stderr]     Checking bufstream v0.1.3
[INFO] [stderr]     Checking thread_local v0.3.6
[INFO] [stderr]    Compiling kernel32-sys v0.2.2
[INFO] [stderr]     Checking unicode-bidi v0.3.4
[INFO] [stderr]    Compiling synom v0.11.3
[INFO] [stderr]    Compiling memchr v0.1.11
[INFO] [stderr]    Compiling syn v0.11.11
[INFO] [stderr]    Compiling aho-corasick v0.5.3
[INFO] [stderr]     Checking memchr v2.0.2
[INFO] [stderr]     Checking time v0.1.39
[INFO] [stderr]     Checking rand v0.3.20
[INFO] [stderr]     Checking net2 v0.2.31
[INFO] [stderr]     Checking nix v0.9.0
[INFO] [stderr]     Checking idna v0.1.4
[INFO] [stderr]     Checking num-integer v0.1.35
[INFO] [stderr]     Checking atoi v0.2.2
[INFO] [stderr]    Compiling thread-id v2.0.0
[INFO] [stderr]    Compiling thread_local v0.2.7
[INFO] [stderr]    Compiling proc-macro-hack v0.4.0
[INFO] [stderr]     Checking aho-corasick v0.6.8
[INFO] [stderr]     Checking num-iter v0.1.34
[INFO] [stderr]    Compiling quote v0.6.8
[INFO] [stderr]    Compiling backtrace-sys v0.1.24
[INFO] [stderr]    Compiling regex v0.1.80
[INFO] [stderr]     Checking num v0.1.41
[INFO] [stderr]     Checking regex v0.2.5
[INFO] [stderr]    Compiling syn v0.14.9
[INFO] [stderr]     Checking chrono v0.4.0
[INFO] [stderr]     Checking twox-hash v1.1.0
[INFO] [stdout] error[E0214]: parenthesized type parameters may only be used with a `Fn` trait
[INFO] [stdout]   --> /opt/rustwide/cargo-home/registry/src/github.com-1ecc6299db9ec823/twox-hash-1.1.0/src/number_streams.rs:67:23
[INFO] [stdout]    |
[INFO] [stdout] 67 |     fn count(self) -> usize() {
[INFO] [stdout]    |                       ^^^^^^^ only `Fn` traits may use parentheses
[INFO] [stdout] ...
[INFO] [stdout] 74 | number_stream!(U32FromBytes, u32, U32_BYTES);
[INFO] [stdout]    | --------------------------------------------- in this macro invocation
[INFO] [stdout]    |
[INFO] [stdout]    = note: this error originates in the macro `number_stream` (in Nightly builds, run with -Z macro-backtrace for more info)
[INFO] [stdout] 
[INFO] [stdout] 
[INFO] [stdout] error[E0214]: parenthesized type parameters may only be used with a `Fn` trait
[INFO] [stdout]   --> /opt/rustwide/cargo-home/registry/src/github.com-1ecc6299db9ec823/twox-hash-1.1.0/src/number_streams.rs:67:23
[INFO] [stdout]    |
[INFO] [stdout] 67 |     fn count(self) -> usize() {
[INFO] [stdout]    |                       ^^^^^^^ only `Fn` traits may use parentheses
[INFO] [stdout] ...
[INFO] [stdout] 75 | number_stream!(U64FromBytes, u64, U64_BYTES);
[INFO] [stdout]    | --------------------------------------------- in this macro invocation
[INFO] [stdout]    |
[INFO] [stdout]    = note: this error originates in the macro `number_stream` (in Nightly builds, run with -Z macro-backtrace for more info)
[INFO] [stdout] 
[INFO] [stdout] 
[INFO] [stderr]     Checking url v1.6.0
[INFO] [stdout] error: aborting due to 2 previous errors
[INFO] [stdout] 
[INFO] [stdout] 
[INFO] [stdout] For more information about this error, try `rustc --explain E0214`.
[INFO] [stdout] 
[INFO] [stderr] error: could not compile `twox-hash` due to 3 previous errors
[INFO] [stderr] warning: build failed, waiting for other jobs to finish...
[INFO] [stdout] error[E0713]: borrow may still be in use when destructor runs
[INFO] [stdout]    --> /opt/rustwide/cargo-home/registry/src/github.com-1ecc6299db9ec823/url-1.6.0/src/form_urlencoded.rs:261:40
[INFO] [stdout]     |
[INFO] [stdout] 259 | impl<'a> Target for ::UrlQuery<'a> {
[INFO] [stdout]     |      -- lifetime `'a` defined here
[INFO] [stdout] 260 |     fn as_mut_string(&mut self) -> &mut String { &mut self.url.serialization }
[INFO] [stdout] 261 |     fn finish(self) -> &'a mut ::Url { self.url }
[INFO] [stdout]     |                                        ^^^^^^^^ - here, drop of `self` needs exclusive access to `*self.url`, because the type `UrlQuery<'_>` implements the `Drop` trait
[INFO] [stdout]     |                                        |
[INFO] [stdout]     |                                        returning this value requires that `*self.url` is borrowed for `'a`
[INFO] [stdout] 
[INFO] [stdout] 
[INFO] [stdout] error: aborting due to previous error
[INFO] [stdout] 
[INFO] [stdout] 
[INFO] [stdout] For more information about this error, try `rustc --explain E0713`.
[INFO] [stdout] 
[INFO] [stderr] error: build failed
[INFO] running `Command { std: "docker" "inspect" "f50c583df2b70e53f48e5456aa302c3a713b201d53090eee5a59ced777f3ea16", kill_on_drop: false }`
[INFO] running `Command { std: "docker" "rm" "-f" "f50c583df2b70e53f48e5456aa302c3a713b201d53090eee5a59ced777f3ea16", kill_on_drop: false }`
[INFO] [stdout] f50c583df2b70e53f48e5456aa302c3a713b201d53090eee5a59ced777f3ea16
