[INFO] cloning repository https://github.com/ryoha000/filterg
[INFO] running `Command { std: "git" "-c" "credential.helper=" "-c" "credential.helper=/workspace/cargo-home/bin/git-credential-null" "clone" "--bare" "https://github.com/ryoha000/filterg" "/workspace/cache/git-repos/https%3A%2F%2Fgithub.com%2Fryoha000%2Ffilterg", kill_on_drop: false }`
[INFO] [stderr] Cloning into bare repository '/workspace/cache/git-repos/https%3A%2F%2Fgithub.com%2Fryoha000%2Ffilterg'...
[INFO] running `Command { std: "git" "rev-parse" "HEAD", kill_on_drop: false }`
[INFO] [stdout] fdaa2683ff1a987d13564b91d2f2fdbfd69a3001
[INFO] checking ryoha000/filterg against 1.55.0 for beta-1.56-3
[INFO] running `Command { std: "git" "clone" "/workspace/cache/git-repos/https%3A%2F%2Fgithub.com%2Fryoha000%2Ffilterg" "/workspace/builds/worker-85/source", kill_on_drop: false }`
[INFO] [stderr] Cloning into '/workspace/builds/worker-85/source'...
[INFO] [stderr] done.
[INFO] validating manifest of git repo https://github.com/ryoha000/filterg on toolchain 1.55.0
[INFO] running `Command { std: "/workspace/cargo-home/bin/cargo" "+1.55.0" "metadata" "--manifest-path" "Cargo.toml" "--no-deps", kill_on_drop: false }`
[INFO] started tweaking git repo https://github.com/ryoha000/filterg
[INFO] finished tweaking git repo https://github.com/ryoha000/filterg
[INFO] tweaked toml for git repo https://github.com/ryoha000/filterg written to /workspace/builds/worker-85/source/Cargo.toml
[INFO] crate git repo https://github.com/ryoha000/filterg already has a lockfile, it will not be regenerated
[INFO] running `Command { std: "/workspace/cargo-home/bin/cargo" "+1.55.0" "fetch" "--manifest-path" "Cargo.toml", kill_on_drop: false }`
[INFO] [stderr]     Blocking waiting for file lock on package cache
[INFO] [stderr]     Blocking waiting for file lock on package cache
[INFO] [stderr]  Downloading crates ...
[INFO] [stderr]   Downloaded plotters-bitmap v0.3.1
[INFO] [stderr]   Downloaded strength_reduce v0.2.3
[INFO] [stderr]   Downloaded font-kit v0.10.1
[INFO] [stderr]   Downloaded primal-check v0.3.1
[INFO] [stderr]   Downloaded rustfft v6.0.1
[INFO] [stderr]   Downloaded transpose v0.2.1
[INFO] running `Command { std: "docker" "create" "-v" "/var/lib/crater-agent-workspace/builds/worker-85/target:/opt/rustwide/target:rw,Z" "-v" "/var/lib/crater-agent-workspace/builds/worker-85/source:/opt/rustwide/workdir:ro,Z" "-v" "/var/lib/crater-agent-workspace/cargo-home:/opt/rustwide/cargo-home:ro,Z" "-v" "/var/lib/crater-agent-workspace/rustup-home:/opt/rustwide/rustup-home:ro,Z" "-e" "SOURCE_DIR=/opt/rustwide/workdir" "-e" "CARGO_TARGET_DIR=/opt/rustwide/target" "-e" "CARGO_HOME=/opt/rustwide/cargo-home" "-e" "RUSTUP_HOME=/opt/rustwide/rustup-home" "-w" "/opt/rustwide/workdir" "-m" "1610612736" "--user" "0:0" "--network" "none" "ghcr.io/rust-lang/crates-build-env/linux@sha256:a89201d6b5b9fd45c15d5952ece0a0129e7e80cb26ec023fd59cf09bc26f1604" "/opt/rustwide/cargo-home/bin/cargo" "+1.55.0" "metadata" "--no-deps" "--format-version=1", kill_on_drop: false }`
[INFO] [stdout] bf0e6d810e29362f49a8675e2ba6fe94adfad047ff05f37f69e82a3bfb28b4d7
[INFO] running `Command { std: "docker" "start" "-a" "bf0e6d810e29362f49a8675e2ba6fe94adfad047ff05f37f69e82a3bfb28b4d7", kill_on_drop: false }`
[INFO] running `Command { std: "docker" "inspect" "bf0e6d810e29362f49a8675e2ba6fe94adfad047ff05f37f69e82a3bfb28b4d7", kill_on_drop: false }`
[INFO] running `Command { std: "docker" "rm" "-f" "bf0e6d810e29362f49a8675e2ba6fe94adfad047ff05f37f69e82a3bfb28b4d7", kill_on_drop: false }`
[INFO] [stdout] bf0e6d810e29362f49a8675e2ba6fe94adfad047ff05f37f69e82a3bfb28b4d7
[INFO] running `Command { std: "docker" "create" "-v" "/var/lib/crater-agent-workspace/builds/worker-85/target:/opt/rustwide/target:rw,Z" "-v" "/var/lib/crater-agent-workspace/builds/worker-85/source:/opt/rustwide/workdir:ro,Z" "-v" "/var/lib/crater-agent-workspace/cargo-home:/opt/rustwide/cargo-home:ro,Z" "-v" "/var/lib/crater-agent-workspace/rustup-home:/opt/rustwide/rustup-home:ro,Z" "-e" "SOURCE_DIR=/opt/rustwide/workdir" "-e" "CARGO_TARGET_DIR=/opt/rustwide/target" "-e" "CARGO_INCREMENTAL=0" "-e" "RUST_BACKTRACE=full" "-e" "RUSTFLAGS=--cap-lints=warn" "-e" "CARGO_HOME=/opt/rustwide/cargo-home" "-e" "RUSTUP_HOME=/opt/rustwide/rustup-home" "-w" "/opt/rustwide/workdir" "-m" "1610612736" "--user" "0:0" "--network" "none" "ghcr.io/rust-lang/crates-build-env/linux@sha256:a89201d6b5b9fd45c15d5952ece0a0129e7e80cb26ec023fd59cf09bc26f1604" "/opt/rustwide/cargo-home/bin/cargo" "+1.55.0" "check" "--frozen" "--all" "--all-targets" "--message-format=json", kill_on_drop: false }`
[INFO] [stdout] 420ef5b783a41d0ce467325da2bce3e7ba6649de90f005877b7130e4f1a68ecc
[INFO] running `Command { std: "docker" "start" "-a" "420ef5b783a41d0ce467325da2bce3e7ba6649de90f005877b7130e4f1a68ecc", kill_on_drop: false }`
[INFO] [stderr]     Blocking waiting for file lock on package cache
[INFO] [stderr]    Compiling cc v1.0.70
[INFO] [stderr]    Compiling pkg-config v0.3.20
[INFO] [stderr]    Compiling libc v0.2.102
[INFO] [stderr]    Compiling proc-macro2 v1.0.29
[INFO] [stderr]    Compiling ucd-trie v0.1.3
[INFO] [stderr]    Compiling unicode-xid v0.2.2
[INFO] [stderr]    Compiling syn v1.0.76
[INFO] [stderr]    Compiling windows_quote v0.20.1
[INFO] [stderr]    Compiling windows_reader v0.20.1
[INFO] [stderr]     Checking byteorder v1.4.3
[INFO] [stderr]    Compiling crc32fast v1.2.1
[INFO] [stderr]    Compiling log v0.4.14
[INFO] [stderr]     Checking bitflags v1.3.2
[INFO] [stderr]     Checking color_quant v1.1.0
[INFO] [stderr]     Checking weezl v0.1.5
[INFO] [stderr]     Checking jpeg-decoder v0.1.22
[INFO] [stderr]     Checking bytemuck v1.7.2
[INFO] [stderr]     Checking plotters-backend v0.3.2
[INFO] [stderr]     Checking float-ord v0.2.0
[INFO] [stderr]     Checking strength_reduce v0.2.3
[INFO] [stderr]     Checking ttf-parser v0.12.3
[INFO] [stderr]     Checking hound v3.4.0
[INFO] [stderr]    Compiling num-traits v0.2.14
[INFO] [stderr]    Compiling num-integer v0.1.44
[INFO] [stderr]    Compiling num-rational v0.3.2
[INFO] [stderr]    Compiling num-iter v0.1.42
[INFO] [stderr]     Checking walkdir v2.3.2
[INFO] [stderr]     Checking plotters-svg v0.3.1
[INFO] [stderr]     Checking gif v0.11.2
[INFO] [stderr]    Compiling pest v2.1.3
[INFO] [stderr]     Checking deflate v0.8.6
[INFO] [stderr]    Compiling servo-fontconfig-sys v5.1.0
[INFO] [stderr]    Compiling cmake v0.1.45
[INFO] [stderr]     Checking windows_gen v0.20.1
[INFO] [stderr]    Compiling semver-parser v0.10.2
[INFO] [stderr]     Checking num-complex v0.4.0
[INFO] [stderr]     Checking png v0.16.8
[INFO] [stderr]    Compiling semver v0.11.0
[INFO] [stderr]     Checking dirs-sys-next v0.1.2
[INFO] [stderr]     Checking time v0.1.44
[INFO] [stderr]    Compiling quote v1.0.9
[INFO] [stderr]    Compiling freetype-sys v0.13.1
[INFO] [stderr]    Compiling expat-sys v2.1.6
[INFO] [stderr]    Compiling rustc_version v0.3.3
[INFO] [stderr]     Checking primal-check v0.3.1
[INFO] [stderr]     Checking transpose v0.2.1
[INFO] [stderr]     Checking chrono v0.4.19
[INFO] [stderr]     Checking dirs-next v2.0.0
[INFO] [stderr]     Checking rustfft v6.0.1
[INFO] [stderr]    Compiling pathfinder_simd v0.5.1
[INFO] [stderr]     Checking image v0.23.14
[INFO] [stderr]     Checking freetype v0.7.0
[INFO] [stderr]     Checking servo-fontconfig v0.5.1
[INFO] [stderr]     Checking pathfinder_geometry v0.5.1
[INFO] [stderr]     Checking plotters-bitmap v0.3.1
[INFO] [stderr]     Checking font-kit v0.10.1
[INFO] [stderr]     Checking plotters v0.3.1
[INFO] [stderr]    Compiling windows_macros v0.20.1
[INFO] [stderr]    Compiling windows v0.20.1
[INFO] [stderr]    Compiling bindings v0.1.0 (/opt/rustwide/workdir/bindings)
[INFO] [stderr]     Checking process v0.1.0 (/opt/rustwide/workdir/process)
[INFO] [stdout] error[E0433]: failed to resolve: could not find `windows` in `os`
[INFO] [stdout]   --> process/src/utils.rs:67:18
[INFO] [stdout]    |
[INFO] [stdout] 67 |     use std::os::windows::ffi::OsStringExt;
[INFO] [stdout]    |                  ^^^^^^^ could not find `windows` in `os`
[INFO] [stdout] 
[INFO] [stdout] 
[INFO] [stdout] error[E0433]: failed to resolve: could not find `windows` in `os`
[INFO] [stdout]   --> process/src/utils.rs:80:18
[INFO] [stdout]    |
[INFO] [stdout] 80 |     use std::os::windows::ffi::OsStrExt;
[INFO] [stdout]    |                  ^^^^^^^ could not find `windows` in `os`
[INFO] [stdout] 
[INFO] [stdout] 
[INFO] [stdout] error[E0599]: no function or associated item named `from_wide` found for struct `OsString` in the current scope
[INFO] [stdout]   --> process/src/utils.rs:74:19
[INFO] [stdout]    |
[INFO] [stdout] 74 |         OsString::from_wide(slice).to_string_lossy().into_owned()
[INFO] [stdout]    |                   ^^^^^^^^^ function or associated item not found in `OsString`
[INFO] [stdout] 
[INFO] [stdout] 
[INFO] [stdout] error[E0599]: no method named `encode_wide` found for reference `&OsStr` in the current scope
[INFO] [stdout]   --> process/src/utils.rs:82:10
[INFO] [stdout]    |
[INFO] [stdout] 82 |         .encode_wide()
[INFO] [stdout]    |          ^^^^^^^^^^^ method not found in `&OsStr`
[INFO] [stdout] 
[INFO] [stdout] 
[INFO] [stdout] error: aborting due to 4 previous errors
[INFO] [stdout] 
[INFO] [stdout] 
[INFO] [stdout] Some errors have detailed explanations: E0433, E0599.
[INFO] [stdout] 
[INFO] [stdout] For more information about an error, try `rustc --explain E0433`.
[INFO] [stdout] 
[INFO] [stderr] error: could not compile `process` due to 5 previous errors
[INFO] running `Command { std: "docker" "inspect" "420ef5b783a41d0ce467325da2bce3e7ba6649de90f005877b7130e4f1a68ecc", kill_on_drop: false }`
[INFO] running `Command { std: "docker" "rm" "-f" "420ef5b783a41d0ce467325da2bce3e7ba6649de90f005877b7130e4f1a68ecc", kill_on_drop: false }`
[INFO] [stdout] 420ef5b783a41d0ce467325da2bce3e7ba6649de90f005877b7130e4f1a68ecc
