[INFO] cloning repository https://github.com/rvolz/rustrt
[INFO] running `Command { std: "git" "-c" "credential.helper=" "-c" "credential.helper=/workspace/cargo-home/bin/git-credential-null" "clone" "--bare" "https://github.com/rvolz/rustrt" "/workspace/cache/git-repos/https%3A%2F%2Fgithub.com%2Frvolz%2Frustrt", kill_on_drop: false }`
[INFO] [stderr] Cloning into bare repository '/workspace/cache/git-repos/https%3A%2F%2Fgithub.com%2Frvolz%2Frustrt'...
[INFO] running `Command { std: "git" "rev-parse" "HEAD", kill_on_drop: false }`
[INFO] [stdout] ea996a856c178568bac820f8ddd2eacf03bb8d88
[INFO] checking rvolz/rustrt against beta-2021-10-15 for beta-1.56-3
[INFO] running `Command { std: "git" "clone" "/workspace/cache/git-repos/https%3A%2F%2Fgithub.com%2Frvolz%2Frustrt" "/workspace/builds/worker-64/source", kill_on_drop: false }`
[INFO] [stderr] Cloning into '/workspace/builds/worker-64/source'...
[INFO] [stderr] done.
[INFO] validating manifest of git repo https://github.com/rvolz/rustrt on toolchain beta-2021-10-15
[INFO] running `Command { std: "/workspace/cargo-home/bin/cargo" "+beta-2021-10-15" "metadata" "--manifest-path" "Cargo.toml" "--no-deps", kill_on_drop: false }`
[INFO] started tweaking git repo https://github.com/rvolz/rustrt
[INFO] removed 0 missing tests
[INFO] finished tweaking git repo https://github.com/rvolz/rustrt
[INFO] tweaked toml for git repo https://github.com/rvolz/rustrt written to /workspace/builds/worker-64/source/Cargo.toml
[INFO] crate git repo https://github.com/rvolz/rustrt already has a lockfile, it will not be regenerated
[INFO] running `Command { std: "/workspace/cargo-home/bin/cargo" "+beta-2021-10-15" "fetch" "--manifest-path" "Cargo.toml", kill_on_drop: false }`
[INFO] [stderr]  Downloading crates ...
[INFO] [stderr]   Downloaded ignore v0.4.6
[INFO] [stderr]   Downloaded round v0.1.0
[INFO] [stderr]   Downloaded derive_builder_core v0.4.0
[INFO] [stderr]   Downloaded gherkin_rust v0.4.1
[INFO] [stderr]   Downloaded derive_builder v0.7.0
[INFO] [stderr]   Downloaded cucumber_rust v0.5.1
[INFO] running `Command { std: "docker" "create" "-v" "/var/lib/crater-agent-workspace/builds/worker-64/target:/opt/rustwide/target:rw,Z" "-v" "/var/lib/crater-agent-workspace/builds/worker-64/source:/opt/rustwide/workdir:ro,Z" "-v" "/var/lib/crater-agent-workspace/cargo-home:/opt/rustwide/cargo-home:ro,Z" "-v" "/var/lib/crater-agent-workspace/rustup-home:/opt/rustwide/rustup-home:ro,Z" "-e" "SOURCE_DIR=/opt/rustwide/workdir" "-e" "CARGO_TARGET_DIR=/opt/rustwide/target" "-e" "CARGO_HOME=/opt/rustwide/cargo-home" "-e" "RUSTUP_HOME=/opt/rustwide/rustup-home" "-w" "/opt/rustwide/workdir" "-m" "1610612736" "--user" "0:0" "--network" "none" "ghcr.io/rust-lang/crates-build-env/linux@sha256:a89201d6b5b9fd45c15d5952ece0a0129e7e80cb26ec023fd59cf09bc26f1604" "/opt/rustwide/cargo-home/bin/cargo" "+beta-2021-10-15" "metadata" "--no-deps" "--format-version=1", kill_on_drop: false }`
[INFO] [stdout] b9182a9da05fdcfa9128a314254d7524e26189415c4ec6997f36f7762a9c6d9b
[INFO] running `Command { std: "docker" "start" "-a" "b9182a9da05fdcfa9128a314254d7524e26189415c4ec6997f36f7762a9c6d9b", kill_on_drop: false }`
[INFO] running `Command { std: "docker" "inspect" "b9182a9da05fdcfa9128a314254d7524e26189415c4ec6997f36f7762a9c6d9b", kill_on_drop: false }`
[INFO] running `Command { std: "docker" "rm" "-f" "b9182a9da05fdcfa9128a314254d7524e26189415c4ec6997f36f7762a9c6d9b", kill_on_drop: false }`
[INFO] [stdout] b9182a9da05fdcfa9128a314254d7524e26189415c4ec6997f36f7762a9c6d9b
[INFO] running `Command { std: "docker" "create" "-v" "/var/lib/crater-agent-workspace/builds/worker-64/target:/opt/rustwide/target:rw,Z" "-v" "/var/lib/crater-agent-workspace/builds/worker-64/source:/opt/rustwide/workdir:ro,Z" "-v" "/var/lib/crater-agent-workspace/cargo-home:/opt/rustwide/cargo-home:ro,Z" "-v" "/var/lib/crater-agent-workspace/rustup-home:/opt/rustwide/rustup-home:ro,Z" "-e" "SOURCE_DIR=/opt/rustwide/workdir" "-e" "CARGO_TARGET_DIR=/opt/rustwide/target" "-e" "CARGO_INCREMENTAL=0" "-e" "RUST_BACKTRACE=full" "-e" "RUSTFLAGS=--cap-lints=warn" "-e" "CARGO_HOME=/opt/rustwide/cargo-home" "-e" "RUSTUP_HOME=/opt/rustwide/rustup-home" "-w" "/opt/rustwide/workdir" "-m" "1610612736" "--user" "0:0" "--network" "none" "ghcr.io/rust-lang/crates-build-env/linux@sha256:a89201d6b5b9fd45c15d5952ece0a0129e7e80cb26ec023fd59cf09bc26f1604" "/opt/rustwide/cargo-home/bin/cargo" "+beta-2021-10-15" "check" "--frozen" "--all" "--all-targets" "--message-format=json", kill_on_drop: false }`
[INFO] [stdout] 5a1c0312cb31a2e74f5c41e4a1a5dee82274d2fe44aa5ec6f5a81cbdb025fcb0
[INFO] running `Command { std: "docker" "start" "-a" "5a1c0312cb31a2e74f5c41e4a1a5dee82274d2fe44aa5ec6f5a81cbdb025fcb0", kill_on_drop: false }`
[INFO] [stderr]     Blocking waiting for file lock on package cache
[INFO] [stderr]    Compiling libc v0.2.46
[INFO] [stderr]    Compiling autocfg v0.1.1
[INFO] [stderr]    Compiling proc-macro2 v0.4.26
[INFO] [stderr]    Compiling version_check v0.1.5
[INFO] [stderr]     Checking void v1.0.2
[INFO] [stderr]    Compiling fnv v1.0.6
[INFO] [stderr]    Compiling unicode-xid v0.0.4
[INFO] [stderr]    Compiling ident_case v1.0.0
[INFO] [stderr]    Compiling quote v0.3.15
[INFO] [stderr]     Checking ucd-util v0.1.3
[INFO] [stderr]    Compiling regex v1.1.0
[INFO] [stderr]     Checking utf8-ranges v1.0.2
[INFO] [stderr]    Compiling derive_builder v0.7.0
[INFO] [stderr]     Checking same-file v1.0.4
[INFO] [stderr]    Compiling derive_builder v0.5.1
[INFO] [stderr]    Compiling pest v1.0.6
[INFO] [stderr]     Checking vec_map v0.8.1
[INFO] [stderr]     Checking strsim v0.7.0
[INFO] [stderr]     Checking pathdiff v0.1.0
[INFO] [stderr]     Checking termcolor v0.3.6
[INFO] [stderr]     Checking round v0.1.0
[INFO] [stderr]     Checking rand_xorshift v0.1.1
[INFO] [stderr]     Checking thread_local v0.3.6
[INFO] [stderr]     Checking crossbeam-utils v0.6.3
[INFO] [stderr]    Compiling parking_lot_core v0.4.0
[INFO] [stderr]     Checking ordered-float v1.0.1
[INFO] [stderr]     Checking float-cmp v0.4.0
[INFO] [stderr]     Checking walkdir v2.2.7
[INFO] [stderr]     Checking unreachable v1.0.0
[INFO] [stderr]     Checking smallvec v0.6.7
[INFO] [stderr]    Compiling synom v0.11.3
[INFO] [stderr]     Checking regex-syntax v0.6.4
[INFO] [stderr]    Compiling rand_chacha v0.1.1
[INFO] [stderr]    Compiling rand v0.6.3
[INFO] [stderr]    Compiling syn v0.11.11
[INFO] [stderr]    Compiling memchr v2.1.2
[INFO] [stderr]    Compiling quote v0.6.11
[INFO] [stderr]     Checking rand_os v0.1.0
[INFO] [stderr]     Checking term_size v0.3.1
[INFO] [stderr]     Checking atty v0.2.11
[INFO] [stderr]    Compiling syn v0.15.26
[INFO] [stderr]     Checking textwrap v0.10.0
[INFO] [stderr]     Checking clap v2.32.0
[INFO] [stderr]     Checking aho-corasick v0.6.9
[INFO] [stderr]    Compiling derive_builder_core v0.2.0
[INFO] [stderr]    Compiling pest_derive v1.0.8
[INFO] [stderr]     Checking parking_lot v0.7.1
[INFO] [stderr]     Checking crossbeam-channel v0.3.6
[INFO] [stderr]     Checking globset v0.4.2
[INFO] [stderr]     Checking ignore v0.4.6
[INFO] [stderr]     Checking gherkin_rust v0.4.1
[INFO] [stderr]     Checking globwalk v0.5.0
[INFO] [stderr]    Compiling darling_core v0.8.2
[INFO] [stderr]     Checking cucumber_rust v0.5.1
[INFO] [stdout] error[E0425]: cannot find function `set_print` in module `io`
[INFO] [stdout]     --> /opt/rustwide/cargo-home/registry/src/github.com-1ecc6299db9ec823/cucumber_rust-0.5.1/src/panic_trap.rs:66:17
[INFO] [stdout]      |
[INFO] [stdout] 66   |             io::set_print(Some(Box::new(Sink(stdout_sink.clone())))),
[INFO] [stdout]      |                 ^^^^^^^^^ help: a function with a similar name exists: `_eprint`
[INFO] [stdout] 
[INFO] [stdout] 
[INFO] [stdout] error[E0425]: cannot find function `set_panic` in module `io`
[INFO] [stdout]   --> /opt/rustwide/cargo-home/registry/src/github.com-1ecc6299db9ec823/cucumber_rust-0.5.1/src/panic_trap.rs:67:17
[INFO] [stdout]    |
[INFO] [stdout] 67 |             io::set_panic(Some(Box::new(Sink(stdout_sink))))
[INFO] [stdout]    |                 ^^^^^^^^^ not found in `io`
[INFO] [stdout] 
[INFO] [stdout] 
[INFO] [stdout] error[E0425]: cannot find function `set_print` in module `io`
[INFO] [stdout]     --> /opt/rustwide/cargo-home/registry/src/github.com-1ecc6299db9ec823/cucumber_rust-0.5.1/src/panic_trap.rs:72:13
[INFO] [stdout]      |
[INFO] [stdout] 72   |         io::set_print(old_io.0);
[INFO] [stdout]      |             ^^^^^^^^^ help: a function with a similar name exists: `_eprint`
[INFO] [stdout] 
[INFO] [stdout] 
[INFO] [stdout] error[E0425]: cannot find function `set_panic` in module `io`
[INFO] [stdout]   --> /opt/rustwide/cargo-home/registry/src/github.com-1ecc6299db9ec823/cucumber_rust-0.5.1/src/panic_trap.rs:73:13
[INFO] [stdout]    |
[INFO] [stdout] 73 |         io::set_panic(old_io.1);
[INFO] [stdout]    |             ^^^^^^^^^ not found in `io`
[INFO] [stdout] 
[INFO] [stdout] 
[INFO] [stdout] error[E0554]: `#![feature]` may not be used on the beta release channel
[INFO] [stdout]  --> /opt/rustwide/cargo-home/registry/src/github.com-1ecc6299db9ec823/cucumber_rust-0.5.1/src/lib.rs:9:34
[INFO] [stdout]   |
[INFO] [stdout] 9 | #![cfg_attr(feature = "nightly", feature(set_stdio))]
[INFO] [stdout]   |                                  ^^^^^^^^^^^^^^^^^^
[INFO] [stdout] 
[INFO] [stdout] 
[INFO] [stdout] error: aborting due to 5 previous errors
[INFO] [stdout] 
[INFO] [stdout] 
[INFO] [stdout] Some errors have detailed explanations: E0425, E0554.
[INFO] [stdout] 
[INFO] [stdout] For more information about an error, try `rustc --explain E0425`.
[INFO] [stdout] 
[INFO] [stderr] error: could not compile `cucumber_rust` due to 6 previous errors
[INFO] [stderr] warning: build failed, waiting for other jobs to finish...
[INFO] [stderr] error: build failed
[INFO] running `Command { std: "docker" "inspect" "5a1c0312cb31a2e74f5c41e4a1a5dee82274d2fe44aa5ec6f5a81cbdb025fcb0", kill_on_drop: false }`
[INFO] running `Command { std: "docker" "rm" "-f" "5a1c0312cb31a2e74f5c41e4a1a5dee82274d2fe44aa5ec6f5a81cbdb025fcb0", kill_on_drop: false }`
[INFO] [stdout] 5a1c0312cb31a2e74f5c41e4a1a5dee82274d2fe44aa5ec6f5a81cbdb025fcb0
