[INFO] cloning repository https://github.com/rustyrazorblade/TotalRecallDB
[INFO] running `Command { std: "git" "-c" "credential.helper=" "-c" "credential.helper=/workspace/cargo-home/bin/git-credential-null" "clone" "--bare" "https://github.com/rustyrazorblade/TotalRecallDB" "/workspace/cache/git-repos/https%3A%2F%2Fgithub.com%2Frustyrazorblade%2FTotalRecallDB", kill_on_drop: false }`
[INFO] [stderr] Cloning into bare repository '/workspace/cache/git-repos/https%3A%2F%2Fgithub.com%2Frustyrazorblade%2FTotalRecallDB'...
[INFO] running `Command { std: "git" "rev-parse" "HEAD", kill_on_drop: false }`
[INFO] [stdout] bde2977242fbc097b5f23c4dd01f02d24f917677
[INFO] checking rustyrazorblade/TotalRecallDB against beta-2021-10-15 for beta-1.56-3
[INFO] running `Command { std: "git" "clone" "/workspace/cache/git-repos/https%3A%2F%2Fgithub.com%2Frustyrazorblade%2FTotalRecallDB" "/workspace/builds/worker-80/source", kill_on_drop: false }`
[INFO] [stderr] Cloning into '/workspace/builds/worker-80/source'...
[INFO] [stderr] done.
[INFO] validating manifest of git repo https://github.com/rustyrazorblade/TotalRecallDB on toolchain beta-2021-10-15
[INFO] running `Command { std: "/workspace/cargo-home/bin/cargo" "+beta-2021-10-15" "metadata" "--manifest-path" "Cargo.toml" "--no-deps", kill_on_drop: false }`
[INFO] started tweaking git repo https://github.com/rustyrazorblade/TotalRecallDB
[INFO] finished tweaking git repo https://github.com/rustyrazorblade/TotalRecallDB
[INFO] tweaked toml for git repo https://github.com/rustyrazorblade/TotalRecallDB written to /workspace/builds/worker-80/source/Cargo.toml
[INFO] crate git repo https://github.com/rustyrazorblade/TotalRecallDB already has a lockfile, it will not be regenerated
[INFO] running `Command { std: "/workspace/cargo-home/bin/cargo" "+beta-2021-10-15" "fetch" "--manifest-path" "Cargo.toml", kill_on_drop: false }`
[INFO] [stderr]     Blocking waiting for file lock on package cache
[INFO] [stderr]     Blocking waiting for file lock on package cache
[INFO] running `Command { std: "docker" "create" "-v" "/var/lib/crater-agent-workspace/builds/worker-80/target:/opt/rustwide/target:rw,Z" "-v" "/var/lib/crater-agent-workspace/builds/worker-80/source:/opt/rustwide/workdir:ro,Z" "-v" "/var/lib/crater-agent-workspace/cargo-home:/opt/rustwide/cargo-home:ro,Z" "-v" "/var/lib/crater-agent-workspace/rustup-home:/opt/rustwide/rustup-home:ro,Z" "-e" "SOURCE_DIR=/opt/rustwide/workdir" "-e" "CARGO_TARGET_DIR=/opt/rustwide/target" "-e" "CARGO_HOME=/opt/rustwide/cargo-home" "-e" "RUSTUP_HOME=/opt/rustwide/rustup-home" "-w" "/opt/rustwide/workdir" "-m" "1610612736" "--user" "0:0" "--network" "none" "ghcr.io/rust-lang/crates-build-env/linux@sha256:a89201d6b5b9fd45c15d5952ece0a0129e7e80cb26ec023fd59cf09bc26f1604" "/opt/rustwide/cargo-home/bin/cargo" "+beta-2021-10-15" "metadata" "--no-deps" "--format-version=1", kill_on_drop: false }`
[INFO] [stdout] b3366967872e369bbdeb2af340a5a65642094597ab158f5b2a814452bf29263b
[INFO] running `Command { std: "docker" "start" "-a" "b3366967872e369bbdeb2af340a5a65642094597ab158f5b2a814452bf29263b", kill_on_drop: false }`
[INFO] running `Command { std: "docker" "inspect" "b3366967872e369bbdeb2af340a5a65642094597ab158f5b2a814452bf29263b", kill_on_drop: false }`
[INFO] running `Command { std: "docker" "rm" "-f" "b3366967872e369bbdeb2af340a5a65642094597ab158f5b2a814452bf29263b", kill_on_drop: false }`
[INFO] [stdout] b3366967872e369bbdeb2af340a5a65642094597ab158f5b2a814452bf29263b
[INFO] running `Command { std: "docker" "create" "-v" "/var/lib/crater-agent-workspace/builds/worker-80/target:/opt/rustwide/target:rw,Z" "-v" "/var/lib/crater-agent-workspace/builds/worker-80/source:/opt/rustwide/workdir:ro,Z" "-v" "/var/lib/crater-agent-workspace/cargo-home:/opt/rustwide/cargo-home:ro,Z" "-v" "/var/lib/crater-agent-workspace/rustup-home:/opt/rustwide/rustup-home:ro,Z" "-e" "SOURCE_DIR=/opt/rustwide/workdir" "-e" "CARGO_TARGET_DIR=/opt/rustwide/target" "-e" "CARGO_INCREMENTAL=0" "-e" "RUST_BACKTRACE=full" "-e" "RUSTFLAGS=--cap-lints=warn" "-e" "CARGO_HOME=/opt/rustwide/cargo-home" "-e" "RUSTUP_HOME=/opt/rustwide/rustup-home" "-w" "/opt/rustwide/workdir" "-m" "1610612736" "--user" "0:0" "--network" "none" "ghcr.io/rust-lang/crates-build-env/linux@sha256:a89201d6b5b9fd45c15d5952ece0a0129e7e80cb26ec023fd59cf09bc26f1604" "/opt/rustwide/cargo-home/bin/cargo" "+beta-2021-10-15" "check" "--frozen" "--all" "--all-targets" "--message-format=json", kill_on_drop: false }`
[INFO] [stdout] af8ef771f0868bd2fe14af878acd6d0baf999478af11166646c66031ed2c0654
[INFO] running `Command { std: "docker" "start" "-a" "af8ef771f0868bd2fe14af878acd6d0baf999478af11166646c66031ed2c0654", kill_on_drop: false }`
[INFO] [stderr]     Checking libc v0.2.18
[INFO] [stderr]    Compiling winapi-build v0.1.1
[INFO] [stderr]     Checking winapi v0.2.8
[INFO] [stderr]     Checking regex-syntax v0.3.9
[INFO] [stderr]    Compiling quote v0.3.10
[INFO] [stderr]     Checking utf8-ranges v0.1.3
[INFO] [stderr]     Checking log v0.3.6
[INFO] [stderr]     Checking unicode-segmentation v0.1.3
[INFO] [stderr]     Checking ansi_term v0.9.0
[INFO] [stderr]     Checking strsim v0.5.2
[INFO] [stderr]     Checking bitflags v0.7.0
[INFO] [stderr]     Checking vec_map v0.6.0
[INFO] [stderr]     Checking unicode-width v0.1.4
[INFO] [stderr]     Checking nom v2.0.1
[INFO] [stderr]     Checking uuid v0.3.1
[INFO] [stderr]     Checking byteorder v0.5.3
[INFO] [stderr]     Checking peg v0.4.0
[INFO] [stderr]    Compiling kernel32-sys v0.2.2
[INFO] [stderr]     Checking memchr v0.1.11
[INFO] [stderr]     Checking rand v0.3.15
[INFO] [stderr]     Checking term_size v0.2.1
[INFO] [stderr]     Checking termion v1.1.4
[INFO] [stderr]     Checking clap v2.19.2
[INFO] [stderr]     Checking aho-corasick v0.5.3
[INFO] [stderr]     Checking thread-id v2.0.0
[INFO] [stderr]     Checking tempdir v0.3.5
[INFO] [stderr]     Checking thread_local v0.2.7
[INFO] [stderr]     Checking regex v0.1.80
[INFO] [stderr]    Compiling peg-syntax-ext v0.4.2
[INFO] [stdout] error[E0557]: feature has been removed
[INFO] [stdout]  --> /opt/rustwide/cargo-home/registry/src/github.com-1ecc6299db9ec823/peg-syntax-ext-0.4.2/lib.rs:1:12
[INFO] [stdout]   |
[INFO] [stdout] 1 | #![feature(plugin_registrar, quote, rustc_private, box_patterns)]
[INFO] [stdout]   |            ^^^^^^^^^^^^^^^^ feature has been removed
[INFO] [stdout]   |
[INFO] [stdout]   = note: a __rustc_plugin_registrar symbol must now be defined instead
[INFO] [stdout] 
[INFO] [stdout] 
[INFO] [stdout] error[E0557]: feature has been removed
[INFO] [stdout]  --> /opt/rustwide/cargo-home/registry/src/github.com-1ecc6299db9ec823/peg-syntax-ext-0.4.2/lib.rs:1:30
[INFO] [stdout]   |
[INFO] [stdout] 1 | #![feature(plugin_registrar, quote, rustc_private, box_patterns)]
[INFO] [stdout]   |                              ^^^^^ feature has been removed
[INFO] [stdout] 
[INFO] [stdout] 
[INFO] [stdout] error[E0463]: can't find crate for `rustc_plugin`
[INFO] [stdout]  --> /opt/rustwide/cargo-home/registry/src/github.com-1ecc6299db9ec823/peg-syntax-ext-0.4.2/lib.rs:2:1
[INFO] [stdout]   |
[INFO] [stdout] 2 | extern crate rustc_plugin;
[INFO] [stdout]   | ^^^^^^^^^^^^^^^^^^^^^^^^^^ can't find crate
[INFO] [stdout] 
[INFO] [stdout] 
[INFO] [stdout] error: aborting due to 3 previous errors
[INFO] [stdout] 
[INFO] [stdout] 
[INFO] [stdout] Some errors have detailed explanations: E0463, E0557.
[INFO] [stdout] 
[INFO] [stdout] For more information about an error, try `rustc --explain E0463`.
[INFO] [stdout] 
[INFO] [stderr] error: could not compile `peg-syntax-ext` due to 4 previous errors
[INFO] [stderr] warning: build failed, waiting for other jobs to finish...
[INFO] [stderr] error: build failed
[INFO] running `Command { std: "docker" "inspect" "af8ef771f0868bd2fe14af878acd6d0baf999478af11166646c66031ed2c0654", kill_on_drop: false }`
[INFO] running `Command { std: "docker" "rm" "-f" "af8ef771f0868bd2fe14af878acd6d0baf999478af11166646c66031ed2c0654", kill_on_drop: false }`
[INFO] [stdout] af8ef771f0868bd2fe14af878acd6d0baf999478af11166646c66031ed2c0654
