[INFO] cloning repository https://github.com/rustyhorde/repomons
[INFO] running `Command { std: "git" "-c" "credential.helper=" "-c" "credential.helper=/workspace/cargo-home/bin/git-credential-null" "clone" "--bare" "https://github.com/rustyhorde/repomons" "/workspace/cache/git-repos/https%3A%2F%2Fgithub.com%2Frustyhorde%2Frepomons", kill_on_drop: false }`
[INFO] [stderr] Cloning into bare repository '/workspace/cache/git-repos/https%3A%2F%2Fgithub.com%2Frustyhorde%2Frepomons'...
[INFO] running `Command { std: "git" "rev-parse" "HEAD", kill_on_drop: false }`
[INFO] [stdout] 535d1a5db27a3ab9cae14312a3a96202d1d97bb9
[INFO] checking rustyhorde/repomons against 1.55.0 for beta-1.56-3
[INFO] running `Command { std: "git" "clone" "/workspace/cache/git-repos/https%3A%2F%2Fgithub.com%2Frustyhorde%2Frepomons" "/workspace/builds/worker-17/source", kill_on_drop: false }`
[INFO] [stderr] Cloning into '/workspace/builds/worker-17/source'...
[INFO] [stderr] done.
[INFO] validating manifest of git repo https://github.com/rustyhorde/repomons on toolchain 1.55.0
[INFO] running `Command { std: "/workspace/cargo-home/bin/cargo" "+1.55.0" "metadata" "--manifest-path" "Cargo.toml" "--no-deps", kill_on_drop: false }`
[INFO] started tweaking git repo https://github.com/rustyhorde/repomons
[INFO] finished tweaking git repo https://github.com/rustyhorde/repomons
[INFO] tweaked toml for git repo https://github.com/rustyhorde/repomons written to /workspace/builds/worker-17/source/Cargo.toml
[INFO] crate git repo https://github.com/rustyhorde/repomons already has a lockfile, it will not be regenerated
[INFO] running `Command { std: "/workspace/cargo-home/bin/cargo" "+1.55.0" "fetch" "--manifest-path" "Cargo.toml", kill_on_drop: false }`
[INFO] [stderr]  Downloading crates ...
[INFO] [stderr]   Downloaded slog-async v2.7.0
[INFO] [stderr]   Downloaded libssh2-sys v0.2.23
[INFO] [stderr]   Downloaded slog-term v2.8.0
[INFO] [stderr]   Downloaded term v0.7.0
[INFO] [stderr]   Downloaded slog-try v0.2.0
[INFO] [stderr]   Downloaded repomon v0.1.1
[INFO] running `Command { std: "docker" "create" "-v" "/var/lib/crater-agent-workspace/builds/worker-17/target:/opt/rustwide/target:rw,Z" "-v" "/var/lib/crater-agent-workspace/builds/worker-17/source:/opt/rustwide/workdir:ro,Z" "-v" "/var/lib/crater-agent-workspace/cargo-home:/opt/rustwide/cargo-home:ro,Z" "-v" "/var/lib/crater-agent-workspace/rustup-home:/opt/rustwide/rustup-home:ro,Z" "-e" "SOURCE_DIR=/opt/rustwide/workdir" "-e" "CARGO_TARGET_DIR=/opt/rustwide/target" "-e" "CARGO_HOME=/opt/rustwide/cargo-home" "-e" "RUSTUP_HOME=/opt/rustwide/rustup-home" "-w" "/opt/rustwide/workdir" "-m" "1610612736" "--user" "0:0" "--network" "none" "ghcr.io/rust-lang/crates-build-env/linux@sha256:a89201d6b5b9fd45c15d5952ece0a0129e7e80cb26ec023fd59cf09bc26f1604" "/opt/rustwide/cargo-home/bin/cargo" "+1.55.0" "metadata" "--no-deps" "--format-version=1", kill_on_drop: false }`
[INFO] [stdout] 9e71c84d2d965ca6a687cc56aabb495174627994df81439cf07f0aa7cd4df73d
[INFO] running `Command { std: "docker" "start" "-a" "9e71c84d2d965ca6a687cc56aabb495174627994df81439cf07f0aa7cd4df73d", kill_on_drop: false }`
[INFO] running `Command { std: "docker" "inspect" "9e71c84d2d965ca6a687cc56aabb495174627994df81439cf07f0aa7cd4df73d", kill_on_drop: false }`
[INFO] running `Command { std: "docker" "rm" "-f" "9e71c84d2d965ca6a687cc56aabb495174627994df81439cf07f0aa7cd4df73d", kill_on_drop: false }`
[INFO] [stdout] 9e71c84d2d965ca6a687cc56aabb495174627994df81439cf07f0aa7cd4df73d
[INFO] running `Command { std: "docker" "create" "-v" "/var/lib/crater-agent-workspace/builds/worker-17/target:/opt/rustwide/target:rw,Z" "-v" "/var/lib/crater-agent-workspace/builds/worker-17/source:/opt/rustwide/workdir:ro,Z" "-v" "/var/lib/crater-agent-workspace/cargo-home:/opt/rustwide/cargo-home:ro,Z" "-v" "/var/lib/crater-agent-workspace/rustup-home:/opt/rustwide/rustup-home:ro,Z" "-e" "SOURCE_DIR=/opt/rustwide/workdir" "-e" "CARGO_TARGET_DIR=/opt/rustwide/target" "-e" "CARGO_INCREMENTAL=0" "-e" "RUST_BACKTRACE=full" "-e" "RUSTFLAGS=--cap-lints=warn" "-e" "CARGO_HOME=/opt/rustwide/cargo-home" "-e" "RUSTUP_HOME=/opt/rustwide/rustup-home" "-w" "/opt/rustwide/workdir" "-m" "1610612736" "--user" "0:0" "--network" "none" "ghcr.io/rust-lang/crates-build-env/linux@sha256:a89201d6b5b9fd45c15d5952ece0a0129e7e80cb26ec023fd59cf09bc26f1604" "/opt/rustwide/cargo-home/bin/cargo" "+1.55.0" "check" "--frozen" "--all" "--all-targets" "--message-format=json", kill_on_drop: false }`
[INFO] [stdout] af2d25f1a46c336fd7dff03f2782a6134149e9d8b8ab0ad52c6c259666fec021
[INFO] running `Command { std: "docker" "start" "-a" "af2d25f1a46c336fd7dff03f2782a6134149e9d8b8ab0ad52c6c259666fec021", kill_on_drop: false }`
[INFO] [stderr]     Blocking waiting for file lock on package cache
[INFO] [stderr]    Compiling libc v0.2.104
[INFO] [stderr]    Compiling maybe-uninit v2.0.0
[INFO] [stderr]     Checking futures v0.1.21
[INFO] [stderr]    Compiling pkg-config v0.3.20
[INFO] [stderr]     Checking slab v0.4.5
[INFO] [stderr]    Compiling proc-macro2 v1.0.30
[INFO] [stderr]    Compiling memchr v2.4.1
[INFO] [stderr]    Compiling unicode-xid v0.2.2
[INFO] [stderr]     Checking matches v0.1.9
[INFO] [stderr]    Compiling syn v1.0.80
[INFO] [stderr]     Checking unicode-bidi v0.3.7
[INFO] [stderr]    Compiling serde v1.0.130
[INFO] [stderr]     Checking gimli v0.25.0
[INFO] [stderr]    Compiling crossbeam-utils v0.8.5
[INFO] [stderr]    Compiling serde_derive v1.0.130
[INFO] [stderr]    Compiling regex v0.2.11
[INFO] [stderr]     Checking rustc-demangle v0.1.21
[INFO] [stderr]     Checking once_cell v1.8.0
[INFO] [stderr]     Checking ucd-util v0.1.8
[INFO] [stderr]     Checking slog v2.1.1
[INFO] [stderr]    Compiling slog-async v2.7.0
[INFO] [stderr]     Checking ppv-lite86 v0.2.14
[INFO] [stderr]     Checking unicode-width v0.1.9
[INFO] [stderr]     Checking utf8-ranges v1.0.4
[INFO] [stderr]     Checking scoped-tls v0.1.2
[INFO] [stderr]     Checking openssl-probe v0.1.4
[INFO] [stderr]     Checking take_mut v0.2.2
[INFO] [stderr]    Compiling crossbeam-utils v0.7.2
[INFO] [stderr]     Checking tinyvec v1.5.0
[INFO] [stderr]     Checking lock_api v0.3.4
[INFO] [stderr]    Compiling crossbeam-epoch v0.8.2
[INFO] [stderr]    Compiling num-traits v0.2.14
[INFO] [stderr]    Compiling proc-macro-error-attr v1.0.4
[INFO] [stderr]    Compiling proc-macro-error v1.0.4
[INFO] [stderr]    Compiling num-integer v0.1.44
[INFO] [stderr]    Compiling error-chain v0.12.4
[INFO] [stderr]     Checking form_urlencoded v1.0.1
[INFO] [stderr]     Checking thread_local v1.1.3
[INFO] [stderr]     Checking textwrap v0.11.0
[INFO] [stderr]     Checking regex-syntax v0.5.6
[INFO] [stderr]     Checking slog-try v0.2.0
[INFO] [stderr]    Compiling quote v1.0.10
[INFO] [stderr]    Compiling jobserver v0.1.24
[INFO] [stderr]     Checking smallvec v0.6.14
[INFO] [stderr]     Checking crossbeam-queue v0.2.3
[INFO] [stderr]     Checking tokio-executor v0.1.10
[INFO] [stderr]     Checking tokio-sync v0.1.8
[INFO] [stderr]     Checking unicode-normalization v0.1.19
[INFO] [stderr]     Checking addr2line v0.16.0
[INFO] [stderr]     Checking object v0.26.2
[INFO] [stderr]     Checking aho-corasick v0.6.10
[INFO] [stderr]     Checking iovec v0.1.4
[INFO] [stderr]     Checking net2 v0.2.37
[INFO] [stderr]     Checking num_cpus v1.13.0
[INFO] [stderr]     Checking atty v0.2.14
[INFO] [stderr]     Checking dirs-sys-next v0.1.2
[INFO] [stderr]     Checking getrandom v0.2.3
[INFO] [stderr]     Checking rand v0.4.6
[INFO] [stderr]     Checking time v0.1.43
[INFO] [stderr]     Checking crossbeam-channel v0.5.1
[INFO] [stderr]     Checking parking_lot_core v0.6.2
[INFO] [stderr]     Checking toml v0.5.8
[INFO] [stderr]     Checking bincode v0.9.2
[INFO] [stderr]     Checking colored v1.9.3
[INFO] [stderr]     Checking clap v2.33.3
[INFO] [stderr]     Checking parking_lot v0.9.0
[INFO] [stderr]    Compiling cc v1.0.71
[INFO] [stderr]     Checking rand_core v0.6.3
[INFO] [stderr]     Checking tokio-timer v0.2.13
[INFO] [stderr]     Checking tokio-current-thread v0.1.7
[INFO] [stderr]     Checking dirs-next v2.0.0
[INFO] [stderr]     Checking crossbeam-deque v0.7.4
[INFO] [stderr]     Checking bytes v0.4.12
[INFO] [stderr]     Checking mio v0.6.23
[INFO] [stderr]     Checking uuid v0.6.5
[INFO] [stderr]     Checking term v0.7.0
[INFO] [stderr]     Checking chrono v0.4.19
[INFO] [stderr]     Checking tokio-threadpool v0.1.18
[INFO] [stderr]     Checking rand_chacha v0.3.1
[INFO] [stderr]     Checking mio-uds v0.6.8
[INFO] [stderr]     Checking idna v0.2.3
[INFO] [stderr]     Checking idna v0.1.5
[INFO] [stderr]     Checking rand v0.8.4
[INFO] [stdout] error[E0407]: method `emit_u128` is not a member of trait `Serializer`
[INFO] [stdout]    --> /opt/rustwide/cargo-home/registry/src/github.com-1ecc6299db9ec823/slog-async-2.7.0/lib.rs:148:5
[INFO] [stdout]     |
[INFO] [stdout] 148 | /     fn emit_u128(&mut self, key: Key, val: u128) -> slog::Result {
[INFO] [stdout] 149 | |         take(&mut self.kv, |kv| Box::new((kv, SingleKV(key, val))));
[INFO] [stdout] 150 | |         Ok(())
[INFO] [stdout] 151 | |     }
[INFO] [stdout]     | |_____^ not a member of trait `Serializer`
[INFO] [stdout] 
[INFO] [stdout] 
[INFO] [stdout] error[E0407]: method `emit_i128` is not a member of trait `Serializer`
[INFO] [stdout]    --> /opt/rustwide/cargo-home/registry/src/github.com-1ecc6299db9ec823/slog-async-2.7.0/lib.rs:153:5
[INFO] [stdout]     |
[INFO] [stdout] 153 | /     fn emit_i128(&mut self, key: Key, val: i128) -> slog::Result {
[INFO] [stdout] 154 | |         take(&mut self.kv, |kv| Box::new((kv, SingleKV(key, val))));
[INFO] [stdout] 155 | |         Ok(())
[INFO] [stdout] 156 | |     }
[INFO] [stdout]     | |_____^ not a member of trait `Serializer`
[INFO] [stdout] 
[INFO] [stdout] 
[INFO] [stdout] error[E0277]: the trait bound `u128: Value` is not satisfied
[INFO] [stdout]     --> /opt/rustwide/cargo-home/registry/src/github.com-1ecc6299db9ec823/slog-async-2.7.0/lib.rs:149:61
[INFO] [stdout]      |
[INFO] [stdout] 149  |         take(&mut self.kv, |kv| Box::new((kv, SingleKV(key, val))));
[INFO] [stdout]      |                                                             ^^^ the trait `Value` is not implemented for `u128`
[INFO] [stdout]      |
[INFO] [stdout] note: required by `SingleKV`
[INFO] [stdout]     --> /opt/rustwide/cargo-home/registry/src/github.com-1ecc6299db9ec823/slog-2.1.1/src/lib.rs:2687:1
[INFO] [stdout]      |
[INFO] [stdout] 2687 | / pub struct SingleKV<V>(pub Key, pub V)
[INFO] [stdout] 2688 | | where
[INFO] [stdout] 2689 | |     V: Value;
[INFO] [stdout]      | |_____________^
[INFO] [stdout] 
[INFO] [stdout] 
[INFO] [stdout] error[E0277]: the trait bound `u128: Value` is not satisfied
[INFO] [stdout]     --> /opt/rustwide/cargo-home/registry/src/github.com-1ecc6299db9ec823/slog-async-2.7.0/lib.rs:149:47
[INFO] [stdout]      |
[INFO] [stdout] 149  |         take(&mut self.kv, |kv| Box::new((kv, SingleKV(key, val))));
[INFO] [stdout]      |                                               ^^^^^^^^^^^^^^^^^^ the trait `Value` is not implemented for `u128`
[INFO] [stdout]      | 
[INFO] [stdout]     ::: /opt/rustwide/cargo-home/registry/src/github.com-1ecc6299db9ec823/slog-2.1.1/src/lib.rs:2689:8
[INFO] [stdout]      |
[INFO] [stdout] 2689 |     V: Value;
[INFO] [stdout]      |        ----- required by this bound in `SingleKV`
[INFO] [stdout] 
[INFO] [stdout] 
[INFO] [stdout] error[E0277]: the trait bound `u128: Value` is not satisfied
[INFO] [stdout]     --> /opt/rustwide/cargo-home/registry/src/github.com-1ecc6299db9ec823/slog-async-2.7.0/lib.rs:149:42
[INFO] [stdout]      |
[INFO] [stdout] 149  |         take(&mut self.kv, |kv| Box::new((kv, SingleKV(key, val))));
[INFO] [stdout]      |                                          ^^^^^^^^^^^^^^^^^^^^^^^^ the trait `Value` is not implemented for `u128`
[INFO] [stdout]      | 
[INFO] [stdout]     ::: /opt/rustwide/cargo-home/registry/src/github.com-1ecc6299db9ec823/slog-2.1.1/src/lib.rs:2689:8
[INFO] [stdout]      |
[INFO] [stdout] 2689 |     V: Value;
[INFO] [stdout]      |        ----- required by this bound in `SingleKV`
[INFO] [stdout] 
[INFO] [stdout] 
[INFO] [stdout] error[E0277]: the trait bound `u128: Value` is not satisfied
[INFO] [stdout]     --> /opt/rustwide/cargo-home/registry/src/github.com-1ecc6299db9ec823/slog-async-2.7.0/lib.rs:149:33
[INFO] [stdout]      |
[INFO] [stdout] 149  |         take(&mut self.kv, |kv| Box::new((kv, SingleKV(key, val))));
[INFO] [stdout]      |                                 ^^^^^^^^^^^^^^^^^^^^^^^^^^^^^^^^^^ the trait `Value` is not implemented for `u128`
[INFO] [stdout]      | 
[INFO] [stdout]     ::: /opt/rustwide/cargo-home/registry/src/github.com-1ecc6299db9ec823/slog-2.1.1/src/lib.rs:2689:8
[INFO] [stdout]      |
[INFO] [stdout] 2689 |     V: Value;
[INFO] [stdout]      |        ----- required by this bound in `SingleKV`
[INFO] [stdout] 
[INFO] [stdout] 
[INFO] [stdout] error[E0277]: the trait bound `i128: Value` is not satisfied
[INFO] [stdout]     --> /opt/rustwide/cargo-home/registry/src/github.com-1ecc6299db9ec823/slog-async-2.7.0/lib.rs:154:61
[INFO] [stdout]      |
[INFO] [stdout] 154  |         take(&mut self.kv, |kv| Box::new((kv, SingleKV(key, val))));
[INFO] [stdout]      |                                                             ^^^ the trait `Value` is not implemented for `i128`
[INFO] [stdout]      |
[INFO] [stdout] note: required by `SingleKV`
[INFO] [stdout]     --> /opt/rustwide/cargo-home/registry/src/github.com-1ecc6299db9ec823/slog-2.1.1/src/lib.rs:2687:1
[INFO] [stdout]      |
[INFO] [stdout] 2687 | / pub struct SingleKV<V>(pub Key, pub V)
[INFO] [stdout] 2688 | | where
[INFO] [stdout] 2689 | |     V: Value;
[INFO] [stdout]      | |_____________^
[INFO] [stdout] 
[INFO] [stdout] 
[INFO] [stdout] error[E0277]: the trait bound `i128: Value` is not satisfied
[INFO] [stdout]     --> /opt/rustwide/cargo-home/registry/src/github.com-1ecc6299db9ec823/slog-async-2.7.0/lib.rs:154:47
[INFO] [stdout]      |
[INFO] [stdout] 154  |         take(&mut self.kv, |kv| Box::new((kv, SingleKV(key, val))));
[INFO] [stdout]      |                                               ^^^^^^^^^^^^^^^^^^ the trait `Value` is not implemented for `i128`
[INFO] [stdout]      | 
[INFO] [stdout]     ::: /opt/rustwide/cargo-home/registry/src/github.com-1ecc6299db9ec823/slog-2.1.1/src/lib.rs:2689:8
[INFO] [stdout]      |
[INFO] [stdout] 2689 |     V: Value;
[INFO] [stdout]      |        ----- required by this bound in `SingleKV`
[INFO] [stdout] 
[INFO] [stdout] 
[INFO] [stdout] error[E0277]: the trait bound `i128: Value` is not satisfied
[INFO] [stdout]     --> /opt/rustwide/cargo-home/registry/src/github.com-1ecc6299db9ec823/slog-async-2.7.0/lib.rs:154:42
[INFO] [stdout]      |
[INFO] [stdout] 154  |         take(&mut self.kv, |kv| Box::new((kv, SingleKV(key, val))));
[INFO] [stdout]      |                                          ^^^^^^^^^^^^^^^^^^^^^^^^ the trait `Value` is not implemented for `i128`
[INFO] [stdout]      | 
[INFO] [stdout]     ::: /opt/rustwide/cargo-home/registry/src/github.com-1ecc6299db9ec823/slog-2.1.1/src/lib.rs:2689:8
[INFO] [stdout]      |
[INFO] [stdout] 2689 |     V: Value;
[INFO] [stdout]      |        ----- required by this bound in `SingleKV`
[INFO] [stdout] 
[INFO] [stdout] 
[INFO] [stdout] error[E0277]: the trait bound `i128: Value` is not satisfied
[INFO] [stdout]     --> /opt/rustwide/cargo-home/registry/src/github.com-1ecc6299db9ec823/slog-async-2.7.0/lib.rs:154:33
[INFO] [stdout]      |
[INFO] [stdout] 154  |         take(&mut self.kv, |kv| Box::new((kv, SingleKV(key, val))));
[INFO] [stdout]      |                                 ^^^^^^^^^^^^^^^^^^^^^^^^^^^^^^^^^^ the trait `Value` is not implemented for `i128`
[INFO] [stdout]      | 
[INFO] [stdout]     ::: /opt/rustwide/cargo-home/registry/src/github.com-1ecc6299db9ec823/slog-2.1.1/src/lib.rs:2689:8
[INFO] [stdout]      |
[INFO] [stdout] 2689 |     V: Value;
[INFO] [stdout]      |        ----- required by this bound in `SingleKV`
[INFO] [stdout] 
[INFO] [stdout] 
[INFO] [stdout] error: aborting due to 10 previous errors
[INFO] [stdout] 
[INFO] [stdout] 
[INFO] [stdout] Some errors have detailed explanations: E0277, E0407.
[INFO] [stdout] 
[INFO] [stdout] For more information about an error, try `rustc --explain E0277`.
[INFO] [stdout] 
[INFO] [stderr] error: could not compile `slog-async` due to 11 previous errors
[INFO] [stderr] warning: build failed, waiting for other jobs to finish...
[INFO] [stderr] error: build failed
[INFO] running `Command { std: "docker" "inspect" "af2d25f1a46c336fd7dff03f2782a6134149e9d8b8ab0ad52c6c259666fec021", kill_on_drop: false }`
[INFO] running `Command { std: "docker" "rm" "-f" "af2d25f1a46c336fd7dff03f2782a6134149e9d8b8ab0ad52c6c259666fec021", kill_on_drop: false }`
[INFO] [stdout] af2d25f1a46c336fd7dff03f2782a6134149e9d8b8ab0ad52c6c259666fec021
