[INFO] cloning repository https://github.com/rust-qt/examples
[INFO] running `Command { std: "git" "-c" "credential.helper=" "-c" "credential.helper=/workspace/cargo-home/bin/git-credential-null" "clone" "--bare" "https://github.com/rust-qt/examples" "/workspace/cache/git-repos/https%3A%2F%2Fgithub.com%2Frust-qt%2Fexamples", kill_on_drop: false }`
[INFO] [stderr] Cloning into bare repository '/workspace/cache/git-repos/https%3A%2F%2Fgithub.com%2Frust-qt%2Fexamples'...
[INFO] running `Command { std: "git" "rev-parse" "HEAD", kill_on_drop: false }`
[INFO] [stdout] 8109f3451da8268d8f2432b2220386ebb8889e10
[INFO] checking rust-qt/examples against 1.55.0 for beta-1.56-3
[INFO] running `Command { std: "git" "clone" "/workspace/cache/git-repos/https%3A%2F%2Fgithub.com%2Frust-qt%2Fexamples" "/workspace/builds/worker-9/source", kill_on_drop: false }`
[INFO] [stderr] Cloning into '/workspace/builds/worker-9/source'...
[INFO] [stderr] done.
[INFO] validating manifest of git repo https://github.com/rust-qt/examples on toolchain 1.55.0
[INFO] running `Command { std: "/workspace/cargo-home/bin/cargo" "+1.55.0" "metadata" "--manifest-path" "Cargo.toml" "--no-deps", kill_on_drop: false }`
[INFO] removed /workspace/builds/worker-9/source/rust-toolchain
[INFO] started tweaking git repo https://github.com/rust-qt/examples
[INFO] finished tweaking git repo https://github.com/rust-qt/examples
[INFO] tweaked toml for git repo https://github.com/rust-qt/examples written to /workspace/builds/worker-9/source/Cargo.toml
[INFO] crate git repo https://github.com/rust-qt/examples already has a lockfile, it will not be regenerated
[INFO] running `Command { std: "/workspace/cargo-home/bin/cargo" "+1.55.0" "fetch" "--manifest-path" "Cargo.toml", kill_on_drop: false }`
[INFO] [stderr]     Blocking waiting for file lock on package cache
[INFO] [stderr]  Downloading crates ...
[INFO] [stderr]   Downloaded proc-macro-hack v0.5.12
[INFO] [stderr]   Downloaded serde_derive v1.0.105
[INFO] [stderr]   Downloaded bincode v1.2.1
[INFO] [stderr]   Downloaded ritual_build v0.4.0
[INFO] [stderr]   Downloaded synstructure v0.12.3
[INFO] [stderr]   Downloaded qt_3d_extras v0.5.0
[INFO] [stderr]   Downloaded qt_3d_input v0.5.0
[INFO] [stderr]   Downloaded qt_3d_core v0.5.0
[INFO] [stderr]   Downloaded cpp_core v0.6.0
[INFO] [stderr]   Downloaded qt_macros v0.1.0
[INFO] [stderr]   Downloaded qt_ritual_common v0.4.0
[INFO] [stderr]   Downloaded qt_3d_logic v0.5.0
[INFO] [stderr]   Downloaded backtrace v0.3.45
[INFO] [stderr]   Downloaded termcolor v1.1.0
[INFO] [stderr]   Downloaded ritual_common v0.4.0
[INFO] [stderr]   Downloaded qt_ui_tools v0.5.0
[INFO] [stderr]   Downloaded dunce v1.0.0
[INFO] [stderr]   Downloaded pathdiff v0.1.0
[INFO] [stderr]   Downloaded libc v0.2.68
[INFO] [stderr]   Downloaded qt_qml v0.5.0
[INFO] [stderr]   Downloaded qt_ritual_build v0.5.0
[INFO] [stderr]   Downloaded rustc-demangle v0.1.16
[INFO] [stderr]   Downloaded failure v0.1.7
[INFO] [stderr]   Downloaded toml v0.4.10
[INFO] [stderr]   Downloaded failure_derive v0.1.7
[INFO] [stderr]   Downloaded syn v1.0.17
[INFO] [stderr]   Downloaded qt_3d_render v0.5.0
[INFO] [stderr]   Downloaded env_logger v0.7.1
[INFO] [stderr]   Downloaded hermit-abi v0.1.8
[INFO] [stderr]   Downloaded num_cpus v1.12.0
[INFO] [stderr]   Downloaded either v1.5.3
[INFO] [stderr]   Downloaded backtrace-sys v0.1.34
[INFO] [stderr]   Downloaded term-painter v0.2.4
[INFO] [stderr]   Downloaded serde v1.0.105
[INFO] [stderr]   Downloaded qt_gui v0.5.0
[INFO] [stderr]   Downloaded qt_widgets v0.5.0
[INFO] [stderr]   Downloaded qt_charts v0.5.0
[INFO] [stderr]   Downloaded qt_core v0.5.0
[INFO] running `Command { std: "docker" "create" "-v" "/var/lib/crater-agent-workspace/builds/worker-9/target:/opt/rustwide/target:rw,Z" "-v" "/var/lib/crater-agent-workspace/builds/worker-9/source:/opt/rustwide/workdir:ro,Z" "-v" "/var/lib/crater-agent-workspace/cargo-home:/opt/rustwide/cargo-home:ro,Z" "-v" "/var/lib/crater-agent-workspace/rustup-home:/opt/rustwide/rustup-home:ro,Z" "-e" "SOURCE_DIR=/opt/rustwide/workdir" "-e" "CARGO_TARGET_DIR=/opt/rustwide/target" "-e" "CARGO_HOME=/opt/rustwide/cargo-home" "-e" "RUSTUP_HOME=/opt/rustwide/rustup-home" "-w" "/opt/rustwide/workdir" "-m" "1610612736" "--user" "0:0" "--network" "none" "ghcr.io/rust-lang/crates-build-env/linux@sha256:a89201d6b5b9fd45c15d5952ece0a0129e7e80cb26ec023fd59cf09bc26f1604" "/opt/rustwide/cargo-home/bin/cargo" "+1.55.0" "metadata" "--no-deps" "--format-version=1", kill_on_drop: false }`
[INFO] [stderr] WARNING: Your kernel does not support swap limit capabilities or the cgroup is not mounted. Memory limited without swap.
[INFO] [stdout] a45411c06263f5be19ef70ccd7114627719b6c434a58fd987753529f4b5933e3
[INFO] running `Command { std: "docker" "start" "-a" "a45411c06263f5be19ef70ccd7114627719b6c434a58fd987753529f4b5933e3", kill_on_drop: false }`
[INFO] running `Command { std: "docker" "inspect" "a45411c06263f5be19ef70ccd7114627719b6c434a58fd987753529f4b5933e3", kill_on_drop: false }`
[INFO] running `Command { std: "docker" "rm" "-f" "a45411c06263f5be19ef70ccd7114627719b6c434a58fd987753529f4b5933e3", kill_on_drop: false }`
[INFO] [stdout] a45411c06263f5be19ef70ccd7114627719b6c434a58fd987753529f4b5933e3
[INFO] running `Command { std: "docker" "create" "-v" "/var/lib/crater-agent-workspace/builds/worker-9/target:/opt/rustwide/target:rw,Z" "-v" "/var/lib/crater-agent-workspace/builds/worker-9/source:/opt/rustwide/workdir:ro,Z" "-v" "/var/lib/crater-agent-workspace/cargo-home:/opt/rustwide/cargo-home:ro,Z" "-v" "/var/lib/crater-agent-workspace/rustup-home:/opt/rustwide/rustup-home:ro,Z" "-e" "SOURCE_DIR=/opt/rustwide/workdir" "-e" "CARGO_TARGET_DIR=/opt/rustwide/target" "-e" "CARGO_INCREMENTAL=0" "-e" "RUST_BACKTRACE=full" "-e" "RUSTFLAGS=--cap-lints=warn" "-e" "CARGO_HOME=/opt/rustwide/cargo-home" "-e" "RUSTUP_HOME=/opt/rustwide/rustup-home" "-w" "/opt/rustwide/workdir" "-m" "1610612736" "--user" "0:0" "--network" "none" "ghcr.io/rust-lang/crates-build-env/linux@sha256:a89201d6b5b9fd45c15d5952ece0a0129e7e80cb26ec023fd59cf09bc26f1604" "/opt/rustwide/cargo-home/bin/cargo" "+1.55.0" "check" "--frozen" "--all" "--all-targets" "--message-format=json", kill_on_drop: false }`
[INFO] [stderr] WARNING: Your kernel does not support swap limit capabilities or the cgroup is not mounted. Memory limited without swap.
[INFO] [stdout] c74a6379064267a76a31886a98d857d5a0e95522572a4d74655a139ad83f0b3d
[INFO] running `Command { std: "docker" "start" "-a" "c74a6379064267a76a31886a98d857d5a0e95522572a4d74655a139ad83f0b3d", kill_on_drop: false }`
[INFO] [stderr]    Compiling syn v1.0.17
[INFO] [stderr]    Compiling serde v1.0.105
[INFO] [stderr]    Compiling regex-syntax v0.6.17
[INFO] [stderr]    Compiling itoa v0.4.5
[INFO] [stderr]    Compiling shell-words v0.1.0
[INFO] [stderr]    Compiling dunce v1.0.0
[INFO] [stderr]    Compiling pathdiff v0.1.0
[INFO] [stderr]    Compiling term-painter v0.2.4
[INFO] [stderr]    Compiling backtrace-sys v0.1.34
[INFO] [stderr]    Compiling num_cpus v1.12.0
[INFO] [stderr]    Compiling atty v0.2.14
[INFO] [stderr]     Checking cpp_core v0.6.0
[INFO] [stderr]    Compiling backtrace v0.3.45
[INFO] [stderr]    Compiling regex v1.3.5
[INFO] [stderr]    Compiling toml v0.4.10
[INFO] [stderr]    Compiling bincode v1.2.1
[INFO] [stderr]    Compiling serde_json v1.0.48
[INFO] [stderr]    Compiling env_logger v0.7.1
[INFO] [stderr]    Compiling synstructure v0.12.3
[INFO] [stderr]    Compiling failure_derive v0.1.7
[INFO] [stderr]    Compiling serde_derive v1.0.105
[INFO] [stderr]    Compiling proc-macro-hack v0.5.12
[INFO] [stderr]    Compiling failure v0.1.7
[INFO] [stderr]    Compiling qt_macros v0.1.0
[INFO] [stderr]    Compiling ritual_common v0.4.0
[INFO] [stderr]    Compiling qt_ritual_common v0.4.0
[INFO] [stderr]    Compiling ritual_build v0.4.0
[INFO] [stderr]    Compiling qt_ritual_build v0.5.0
[INFO] [stderr]    Compiling qt_core v0.5.0
[INFO] [stderr]    Compiling qt_gui v0.5.0
[INFO] [stderr]    Compiling qt_widgets v0.5.0
[INFO] [stderr]    Compiling qt_3d_core v0.5.0
[INFO] [stderr]    Compiling qt_ui_tools v0.5.0
[INFO] [stderr]    Compiling qt_3d_input v0.5.0
[INFO] [stderr]    Compiling qt_3d_logic v0.5.0
[INFO] [stderr]    Compiling qt_3d_render v0.5.0
[INFO] [stderr]    Compiling qt_qml v0.5.0
[INFO] [stderr]    Compiling qt_3d_extras v0.5.0
[INFO] [stderr]    Compiling qt_charts v0.5.0
[INFO] [stderr]    Compiling hello_qml v0.0.0 (/opt/rustwide/workdir/qml/hello_qml)
[INFO] [stderr]    Compiling todo_list v0.0.0 (/opt/rustwide/workdir/widgets/todo_list)
[INFO] [stderr] error: could not compile `hello_qml`
[INFO] [stderr] 
[INFO] [stderr] Caused by:
[INFO] [stderr]   process didn't exit successfully: `rustc --crate-name build_script_build --edition=2018 qml/hello_qml/build.rs --error-format=json --json=diagnostic-rendered-ansi --crate-type bin --emit=dep-info,link -C embed-bitcode=no -C debuginfo=2 -C metadata=2109d7e27899ee3e -C extra-filename=-2109d7e27899ee3e --out-dir /opt/rustwide/target/debug/build/hello_qml-2109d7e27899ee3e -L dependency=/opt/rustwide/target/debug/deps --extern qt_ritual_build=/opt/rustwide/target/debug/deps/libqt_ritual_build-904fc1251eb9ac76.rlib --cap-lints=warn -L native=/opt/rustwide/target/debug/build/backtrace-sys-acaec5cae4725b16/out` (signal: 9, SIGKILL: kill)
[INFO] [stderr] warning: build failed, waiting for other jobs to finish...
[INFO] [stdout] error: linking with `cc` failed: exit status: 1
[INFO] [stdout]   |
[INFO] [stdout]   = note: "cc" "-m64" "/opt/rustwide/target/debug/build/qt_3d_core-b4c7875a6dc16a4c/build_script_build-b4c7875a6dc16a4c.build_script_build.342976cb-cgu.0.rcgu.o" "/opt/rustwide/target/debug/build/qt_3d_core-b4c7875a6dc16a4c/build_script_build-b4c7875a6dc16a4c.build_script_build.342976cb-cgu.1.rcgu.o" "/opt/rustwide/target/debug/build/qt_3d_core-b4c7875a6dc16a4c/build_script_build-b4c7875a6dc16a4c.build_script_build.342976cb-cgu.2.rcgu.o" "/opt/rustwide/target/debug/build/qt_3d_core-b4c7875a6dc16a4c/build_script_build-b4c7875a6dc16a4c.build_script_build.342976cb-cgu.3.rcgu.o" "/opt/rustwide/target/debug/build/qt_3d_core-b4c7875a6dc16a4c/build_script_build-b4c7875a6dc16a4c.build_script_build.342976cb-cgu.4.rcgu.o" "/opt/rustwide/target/debug/build/qt_3d_core-b4c7875a6dc16a4c/build_script_build-b4c7875a6dc16a4c.build_script_build.342976cb-cgu.5.rcgu.o" "/opt/rustwide/target/debug/build/qt_3d_core-b4c7875a6dc16a4c/build_script_build-b4c7875a6dc16a4c.build_script_build.342976cb-cgu.6.rcgu.o" "/opt/rustwide/target/debug/build/qt_3d_core-b4c7875a6dc16a4c/build_script_build-b4c7875a6dc16a4c.build_script_build.342976cb-cgu.7.rcgu.o" "/opt/rustwide/target/debug/build/qt_3d_core-b4c7875a6dc16a4c/build_script_build-b4c7875a6dc16a4c.86jja9jzorv2ii7.rcgu.o" "-Wl,--as-needed" "-L" "/opt/rustwide/target/debug/deps" "-L" "/opt/rustwide/target/debug/build/backtrace-sys-acaec5cae4725b16/out" "-L" "/opt/rustwide/rustup-home/toolchains/1.55.0-x86_64-unknown-linux-gnu/lib/rustlib/x86_64-unknown-linux-gnu/lib" "-Wl,-Bstatic" "/opt/rustwide/target/debug/deps/libqt_ritual_build-904fc1251eb9ac76.rlib" "/opt/rustwide/target/debug/deps/libenv_logger-85e1a30fddf14ec8.rlib" "/opt/rustwide/target/debug/deps/libtermcolor-42ba0c722a422d99.rlib" "/opt/rustwide/target/debug/deps/libatty-5f8556bfd9b45c42.rlib" "/opt/rustwide/target/debug/deps/libhumantime-a3db86d0f937abe4.rlib" "/opt/rustwide/target/debug/deps/libquick_error-92792d7d5dc6f90c.rlib" "/opt/rustwide/target/debug/deps/libregex-7817ab4a0cdbf000.rlib" "/opt/rustwide/target/debug/deps/libthread_local-fca49ebfe19b2a13.rlib" "/opt/rustwide/target/debug/deps/liblazy_static-df981c5871754530.rlib" "/opt/rustwide/target/debug/deps/libregex_syntax-9108b1150f4a759d.rlib" "/opt/rustwide/target/debug/deps/libaho_corasick-67d19f2a98ecad87.rlib" "/opt/rustwide/target/debug/deps/libmemchr-15ff39dbd52f8080.rlib" "/opt/rustwide/target/debug/deps/libritual_build-33077c7cac427a56.rlib" "/opt/rustwide/target/debug/deps/libqt_ritual_common-36f8ce6fa62adbf8.rlib" "/opt/rustwide/target/debug/deps/libritual_common-2ed6a5e839fbed49.rlib" "/opt/rustwide/target/debug/deps/libpathdiff-8c15ef798bd256a8.rlib" "/opt/rustwide/target/debug/deps/libdunce-b09bfd4c52d79a9d.rlib" "/opt/rustwide/target/debug/deps/libbincode-47f0cb7531637a92.rlib" "/opt/rustwide/target/debug/deps/libbyteorder-f3c44899040265df.rlib" "/opt/rustwide/target/debug/deps/libserde_json-8f480ebe4667bd47.rlib" "/opt/rustwide/target/debug/deps/libryu-fde67bdcf4736ad5.rlib" "/opt/rustwide/target/debug/deps/libitoa-546046868f519026.rlib" "/opt/rustwide/target/debug/deps/libsemver-6602e54776996a7f.rlib" "/opt/rustwide/target/debug/deps/libsemver_parser-969ec4031925831b.rlib" "/opt/rustwide/target/debug/deps/libnum_cpus-9fd3cb83570d66c0.rlib" "/opt/rustwide/target/debug/deps/libshell_words-f9776354d7220600.rlib" "/opt/rustwide/target/debug/deps/libtoml-c4087a5d2c9f382d.rlib" "/opt/rustwide/target/debug/deps/libserde-1c6cc13b30d17eea.rlib" "/opt/rustwide/target/debug/deps/libfailure-15429752cdd9ad4a.rlib" "/opt/rustwide/target/debug/deps/libbacktrace-50b43b0b5ecd1abc.rlib" "/opt/rustwide/target/debug/deps/libbacktrace_sys-ce895ed3edf5d49b.rlib" "/opt/rustwide/target/debug/deps/liblibc-311e0d28c6d1dcc9.rlib" "/opt/rustwide/target/debug/deps/librustc_demangle-f6813ff1cdbf72a4.rlib" "/opt/rustwide/target/debug/deps/liblog-ef319cfe97d0a4d1.rlib" "/opt/rustwide/target/debug/deps/libcfg_if-4dc40f94662accb2.rlib" "/opt/rustwide/target/debug/deps/libitertools-bb3b8d0e74b4ce6a.rlib" "/opt/rustwide/target/debug/deps/libeither-f749d773c0dea6de.rlib" "-Wl,--start-group" "/opt/rustwide/rustup-home/toolchains/1.55.0-x86_64-unknown-linux-gnu/lib/rustlib/x86_64-unknown-linux-gnu/lib/libstd-008055cc7d873802.rlib" "/opt/rustwide/rustup-home/toolchains/1.55.0-x86_64-unknown-linux-gnu/lib/rustlib/x86_64-unknown-linux-gnu/lib/libpanic_unwind-06f01ac2578bda94.rlib" "/opt/rustwide/rustup-home/toolchains/1.55.0-x86_64-unknown-linux-gnu/lib/rustlib/x86_64-unknown-linux-gnu/lib/libminiz_oxide-f9a3c3274a1835e0.rlib" "/opt/rustwide/rustup-home/toolchains/1.55.0-x86_64-unknown-linux-gnu/lib/rustlib/x86_64-unknown-linux-gnu/lib/libadler-d4cbb754ee9f4daa.rlib" "/opt/rustwide/rustup-home/toolchains/1.55.0-x86_64-unknown-linux-gnu/lib/rustlib/x86_64-unknown-linux-gnu/lib/libobject-95c14e1c1e3ebcc4.rlib" "/opt/rustwide/rustup-home/toolchains/1.55.0-x86_64-unknown-linux-gnu/lib/rustlib/x86_64-unknown-linux-gnu/lib/libaddr2line-d489f0ca872880cc.rlib" "/opt/rustwide/rustup-home/toolchains/1.55.0-x86_64-unknown-linux-gnu/lib/rustlib/x86_64-unknown-linux-gnu/lib/libgimli-75f07df0b18fea39.rlib" "/opt/rustwide/rustup-home/toolchains/1.55.0-x86_64-unknown-linux-gnu/lib/rustlib/x86_64-unknown-linux-gnu/lib/libstd_detect-0c35b278736219a2.rlib" "/opt/rustwide/rustup-home/toolchains/1.55.0-x86_64-unknown-linux-gnu/lib/rustlib/x86_64-unknown-linux-gnu/lib/librustc_demangle-e530649c9a06e3c6.rlib" "/opt/rustwide/rustup-home/toolchains/1.55.0-x86_64-unknown-linux-gnu/lib/rustlib/x86_64-unknown-linux-gnu/lib/libhashbrown-6b148909d375a785.rlib" "/opt/rustwide/rustup-home/toolchains/1.55.0-x86_64-unknown-linux-gnu/lib/rustlib/x86_64-unknown-linux-gnu/lib/librustc_std_workspace_alloc-cd15fa647f4775d1.rlib" "/opt/rustwide/rustup-home/toolchains/1.55.0-x86_64-unknown-linux-gnu/lib/rustlib/x86_64-unknown-linux-gnu/lib/libunwind-74be3a703f788ba2.rlib" "/opt/rustwide/rustup-home/toolchains/1.55.0-x86_64-unknown-linux-gnu/lib/rustlib/x86_64-unknown-linux-gnu/lib/libcfg_if-8f2c5b445c28b2e3.rlib" "/opt/rustwide/rustup-home/toolchains/1.55.0-x86_64-unknown-linux-gnu/lib/rustlib/x86_64-unknown-linux-gnu/lib/liblibc-8480e85e0be96197.rlib" "/opt/rustwide/rustup-home/toolchains/1.55.0-x86_64-unknown-linux-gnu/lib/rustlib/x86_64-unknown-linux-gnu/lib/liballoc-ac23a75f6f42004e.rlib" "/opt/rustwide/rustup-home/toolchains/1.55.0-x86_64-unknown-linux-gnu/lib/rustlib/x86_64-unknown-linux-gnu/lib/librustc_std_workspace_core-557ba8776e04d182.rlib" "/opt/rustwide/rustup-home/toolchains/1.55.0-x86_64-unknown-linux-gnu/lib/rustlib/x86_64-unknown-linux-gnu/lib/libcore-4beb03d03503c439.rlib" "-Wl,--end-group" "/opt/rustwide/rustup-home/toolchains/1.55.0-x86_64-unknown-linux-gnu/lib/rustlib/x86_64-unknown-linux-gnu/lib/libcompiler_builtins-dd7db1bec6909f24.rlib" "-Wl,-Bdynamic" "-lutil" "-ldl" "-lutil" "-lgcc_s" "-lutil" "-lrt" "-lpthread" "-lm" "-ldl" "-lc" "-Wl,--eh-frame-hdr" "-Wl,-znoexecstack" "-L" "/opt/rustwide/rustup-home/toolchains/1.55.0-x86_64-unknown-linux-gnu/lib/rustlib/x86_64-unknown-linux-gnu/lib" "-o" "/opt/rustwide/target/debug/build/qt_3d_core-b4c7875a6dc16a4c/build_script_build-b4c7875a6dc16a4c" "-Wl,--gc-sections" "-pie" "-Wl,-zrelro" "-Wl,-znow" "-nodefaultlibs"
[INFO] [stdout]   = note: collect2: fatal error: ld terminated with signal 9 [Killed]
[INFO] [stdout]           compilation terminated.
[INFO] [stdout]           
[INFO] [stdout] 
[INFO] [stdout] 
[INFO] [stdout] error: aborting due to previous error
[INFO] [stdout] 
[INFO] [stdout] 
[INFO] [stdout] error: linking with `cc` failed: exit status: 1
[INFO] [stdout]   |
[INFO] [stdout]   = note: "cc" "-m64" "/opt/rustwide/target/debug/build/qt_core-674e0873537d5b23/build_script_build-674e0873537d5b23.build_script_build.1acbc5f2-cgu.0.rcgu.o" "/opt/rustwide/target/debug/build/qt_core-674e0873537d5b23/build_script_build-674e0873537d5b23.build_script_build.1acbc5f2-cgu.1.rcgu.o" "/opt/rustwide/target/debug/build/qt_core-674e0873537d5b23/build_script_build-674e0873537d5b23.build_script_build.1acbc5f2-cgu.2.rcgu.o" "/opt/rustwide/target/debug/build/qt_core-674e0873537d5b23/build_script_build-674e0873537d5b23.build_script_build.1acbc5f2-cgu.3.rcgu.o" "/opt/rustwide/target/debug/build/qt_core-674e0873537d5b23/build_script_build-674e0873537d5b23.build_script_build.1acbc5f2-cgu.4.rcgu.o" "/opt/rustwide/target/debug/build/qt_core-674e0873537d5b23/build_script_build-674e0873537d5b23.build_script_build.1acbc5f2-cgu.5.rcgu.o" "/opt/rustwide/target/debug/build/qt_core-674e0873537d5b23/build_script_build-674e0873537d5b23.build_script_build.1acbc5f2-cgu.6.rcgu.o" "/opt/rustwide/target/debug/build/qt_core-674e0873537d5b23/build_script_build-674e0873537d5b23.build_script_build.1acbc5f2-cgu.7.rcgu.o" "/opt/rustwide/target/debug/build/qt_core-674e0873537d5b23/build_script_build-674e0873537d5b23.3wt5zp6ijgseqa2b.rcgu.o" "-Wl,--as-needed" "-L" "/opt/rustwide/target/debug/deps" "-L" "/opt/rustwide/target/debug/build/backtrace-sys-acaec5cae4725b16/out" "-L" "/opt/rustwide/rustup-home/toolchains/1.55.0-x86_64-unknown-linux-gnu/lib/rustlib/x86_64-unknown-linux-gnu/lib" "-Wl,-Bstatic" "/opt/rustwide/target/debug/deps/libqt_ritual_build-904fc1251eb9ac76.rlib" "/opt/rustwide/target/debug/deps/libenv_logger-85e1a30fddf14ec8.rlib" "/opt/rustwide/target/debug/deps/libtermcolor-42ba0c722a422d99.rlib" "/opt/rustwide/target/debug/deps/libatty-5f8556bfd9b45c42.rlib" "/opt/rustwide/target/debug/deps/libhumantime-a3db86d0f937abe4.rlib" "/opt/rustwide/target/debug/deps/libquick_error-92792d7d5dc6f90c.rlib" "/opt/rustwide/target/debug/deps/libregex-7817ab4a0cdbf000.rlib" "/opt/rustwide/target/debug/deps/libthread_local-fca49ebfe19b2a13.rlib" "/opt/rustwide/target/debug/deps/liblazy_static-df981c5871754530.rlib" "/opt/rustwide/target/debug/deps/libregex_syntax-9108b1150f4a759d.rlib" "/opt/rustwide/target/debug/deps/libaho_corasick-67d19f2a98ecad87.rlib" "/opt/rustwide/target/debug/deps/libmemchr-15ff39dbd52f8080.rlib" "/opt/rustwide/target/debug/deps/libritual_build-33077c7cac427a56.rlib" "/opt/rustwide/target/debug/deps/libqt_ritual_common-36f8ce6fa62adbf8.rlib" "/opt/rustwide/target/debug/deps/libritual_common-2ed6a5e839fbed49.rlib" "/opt/rustwide/target/debug/deps/libpathdiff-8c15ef798bd256a8.rlib" "/opt/rustwide/target/debug/deps/libdunce-b09bfd4c52d79a9d.rlib" "/opt/rustwide/target/debug/deps/libbincode-47f0cb7531637a92.rlib" "/opt/rustwide/target/debug/deps/libbyteorder-f3c44899040265df.rlib" "/opt/rustwide/target/debug/deps/libserde_json-8f480ebe4667bd47.rlib" "/opt/rustwide/target/debug/deps/libryu-fde67bdcf4736ad5.rlib" "/opt/rustwide/target/debug/deps/libitoa-546046868f519026.rlib" "/opt/rustwide/target/debug/deps/libsemver-6602e54776996a7f.rlib" "/opt/rustwide/target/debug/deps/libsemver_parser-969ec4031925831b.rlib" "/opt/rustwide/target/debug/deps/libnum_cpus-9fd3cb83570d66c0.rlib" "/opt/rustwide/target/debug/deps/libshell_words-f9776354d7220600.rlib" "/opt/rustwide/target/debug/deps/libtoml-c4087a5d2c9f382d.rlib" "/opt/rustwide/target/debug/deps/libserde-1c6cc13b30d17eea.rlib" "/opt/rustwide/target/debug/deps/libfailure-15429752cdd9ad4a.rlib" "/opt/rustwide/target/debug/deps/libbacktrace-50b43b0b5ecd1abc.rlib" "/opt/rustwide/target/debug/deps/libbacktrace_sys-ce895ed3edf5d49b.rlib" "/opt/rustwide/target/debug/deps/liblibc-311e0d28c6d1dcc9.rlib" "/opt/rustwide/target/debug/deps/librustc_demangle-f6813ff1cdbf72a4.rlib" "/opt/rustwide/target/debug/deps/liblog-ef319cfe97d0a4d1.rlib" "/opt/rustwide/target/debug/deps/libcfg_if-4dc40f94662accb2.rlib" "/opt/rustwide/target/debug/deps/libitertools-bb3b8d0e74b4ce6a.rlib" "/opt/rustwide/target/debug/deps/libeither-f749d773c0dea6de.rlib" "-Wl,--start-group" "/opt/rustwide/rustup-home/toolchains/1.55.0-x86_64-unknown-linux-gnu/lib/rustlib/x86_64-unknown-linux-gnu/lib/libstd-008055cc7d873802.rlib" "/opt/rustwide/rustup-home/toolchains/1.55.0-x86_64-unknown-linux-gnu/lib/rustlib/x86_64-unknown-linux-gnu/lib/libpanic_unwind-06f01ac2578bda94.rlib" "/opt/rustwide/rustup-home/toolchains/1.55.0-x86_64-unknown-linux-gnu/lib/rustlib/x86_64-unknown-linux-gnu/lib/libminiz_oxide-f9a3c3274a1835e0.rlib" "/opt/rustwide/rustup-home/toolchains/1.55.0-x86_64-unknown-linux-gnu/lib/rustlib/x86_64-unknown-linux-gnu/lib/libadler-d4cbb754ee9f4daa.rlib" "/opt/rustwide/rustup-home/toolchains/1.55.0-x86_64-unknown-linux-gnu/lib/rustlib/x86_64-unknown-linux-gnu/lib/libobject-95c14e1c1e3ebcc4.rlib" "/opt/rustwide/rustup-home/toolchains/1.55.0-x86_64-unknown-linux-gnu/lib/rustlib/x86_64-unknown-linux-gnu/lib/libaddr2line-d489f0ca872880cc.rlib" "/opt/rustwide/rustup-home/toolchains/1.55.0-x86_64-unknown-linux-gnu/lib/rustlib/x86_64-unknown-linux-gnu/lib/libgimli-75f07df0b18fea39.rlib" "/opt/rustwide/rustup-home/toolchains/1.55.0-x86_64-unknown-linux-gnu/lib/rustlib/x86_64-unknown-linux-gnu/lib/libstd_detect-0c35b278736219a2.rlib" "/opt/rustwide/rustup-home/toolchains/1.55.0-x86_64-unknown-linux-gnu/lib/rustlib/x86_64-unknown-linux-gnu/lib/librustc_demangle-e530649c9a06e3c6.rlib" "/opt/rustwide/rustup-home/toolchains/1.55.0-x86_64-unknown-linux-gnu/lib/rustlib/x86_64-unknown-linux-gnu/lib/libhashbrown-6b148909d375a785.rlib" "/opt/rustwide/rustup-home/toolchains/1.55.0-x86_64-unknown-linux-gnu/lib/rustlib/x86_64-unknown-linux-gnu/lib/librustc_std_workspace_alloc-cd15fa647f4775d1.rlib" "/opt/rustwide/rustup-home/toolchains/1.55.0-x86_64-unknown-linux-gnu/lib/rustlib/x86_64-unknown-linux-gnu/lib/libunwind-74be3a703f788ba2.rlib" "/opt/rustwide/rustup-home/toolchains/1.55.0-x86_64-unknown-linux-gnu/lib/rustlib/x86_64-unknown-linux-gnu/lib/libcfg_if-8f2c5b445c28b2e3.rlib" "/opt/rustwide/rustup-home/toolchains/1.55.0-x86_64-unknown-linux-gnu/lib/rustlib/x86_64-unknown-linux-gnu/lib/liblibc-8480e85e0be96197.rlib" "/opt/rustwide/rustup-home/toolchains/1.55.0-x86_64-unknown-linux-gnu/lib/rustlib/x86_64-unknown-linux-gnu/lib/liballoc-ac23a75f6f42004e.rlib" "/opt/rustwide/rustup-home/toolchains/1.55.0-x86_64-unknown-linux-gnu/lib/rustlib/x86_64-unknown-linux-gnu/lib/librustc_std_workspace_core-557ba8776e04d182.rlib" "/opt/rustwide/rustup-home/toolchains/1.55.0-x86_64-unknown-linux-gnu/lib/rustlib/x86_64-unknown-linux-gnu/lib/libcore-4beb03d03503c439.rlib" "-Wl,--end-group" "/opt/rustwide/rustup-home/toolchains/1.55.0-x86_64-unknown-linux-gnu/lib/rustlib/x86_64-unknown-linux-gnu/lib/libcompiler_builtins-dd7db1bec6909f24.rlib" "-Wl,-Bdynamic" "-lutil" "-ldl" "-lutil" "-lgcc_s" "-lutil" "-lrt" "-lpthread" "-lm" "-ldl" "-lc" "-Wl,--eh-frame-hdr" "-Wl,-znoexecstack" "-L" "/opt/rustwide/rustup-home/toolchains/1.55.0-x86_64-unknown-linux-gnu/lib/rustlib/x86_64-unknown-linux-gnu/lib" "-o" "/opt/rustwide/target/debug/build/qt_core-674e0873537d5b23/build_script_build-674e0873537d5b23" "-Wl,--gc-sections" "-pie" "-Wl,-zrelro" "-Wl,-znow" "-nodefaultlibs"
[INFO] [stdout]   = note: collect2: fatal error: ld terminated with signal 9 [Killed]
[INFO] [stdout]           compilation terminated.
[INFO] [stdout]           
[INFO] [stdout] 
[INFO] [stdout] 
[INFO] [stdout] error: aborting due to previous error
[INFO] [stdout] 
[INFO] [stdout] 
[INFO] [stdout] error: linking with `cc` failed: exit status: 1
[INFO] [stdout]   |
[INFO] [stdout]   = note: "cc" "-m64" "/opt/rustwide/target/debug/build/qt_charts-b3e3789708a93100/build_script_build-b3e3789708a93100.build_script_build.e63b556f-cgu.0.rcgu.o" "/opt/rustwide/target/debug/build/qt_charts-b3e3789708a93100/build_script_build-b3e3789708a93100.build_script_build.e63b556f-cgu.1.rcgu.o" "/opt/rustwide/target/debug/build/qt_charts-b3e3789708a93100/build_script_build-b3e3789708a93100.build_script_build.e63b556f-cgu.2.rcgu.o" "/opt/rustwide/target/debug/build/qt_charts-b3e3789708a93100/build_script_build-b3e3789708a93100.build_script_build.e63b556f-cgu.3.rcgu.o" "/opt/rustwide/target/debug/build/qt_charts-b3e3789708a93100/build_script_build-b3e3789708a93100.build_script_build.e63b556f-cgu.4.rcgu.o" "/opt/rustwide/target/debug/build/qt_charts-b3e3789708a93100/build_script_build-b3e3789708a93100.build_script_build.e63b556f-cgu.5.rcgu.o" "/opt/rustwide/target/debug/build/qt_charts-b3e3789708a93100/build_script_build-b3e3789708a93100.build_script_build.e63b556f-cgu.6.rcgu.o" "/opt/rustwide/target/debug/build/qt_charts-b3e3789708a93100/build_script_build-b3e3789708a93100.build_script_build.e63b556f-cgu.7.rcgu.o" "/opt/rustwide/target/debug/build/qt_charts-b3e3789708a93100/build_script_build-b3e3789708a93100.427clxusqtzia3y.rcgu.o" "-Wl,--as-needed" "-L" "/opt/rustwide/target/debug/deps" "-L" "/opt/rustwide/target/debug/build/backtrace-sys-acaec5cae4725b16/out" "-L" "/opt/rustwide/rustup-home/toolchains/1.55.0-x86_64-unknown-linux-gnu/lib/rustlib/x86_64-unknown-linux-gnu/lib" "-Wl,-Bstatic" "/opt/rustwide/target/debug/deps/libqt_ritual_build-904fc1251eb9ac76.rlib" "/opt/rustwide/target/debug/deps/libenv_logger-85e1a30fddf14ec8.rlib" "/opt/rustwide/target/debug/deps/libtermcolor-42ba0c722a422d99.rlib" "/opt/rustwide/target/debug/deps/libatty-5f8556bfd9b45c42.rlib" "/opt/rustwide/target/debug/deps/libhumantime-a3db86d0f937abe4.rlib" "/opt/rustwide/target/debug/deps/libquick_error-92792d7d5dc6f90c.rlib" "/opt/rustwide/target/debug/deps/libregex-7817ab4a0cdbf000.rlib" "/opt/rustwide/target/debug/deps/libthread_local-fca49ebfe19b2a13.rlib" "/opt/rustwide/target/debug/deps/liblazy_static-df981c5871754530.rlib" "/opt/rustwide/target/debug/deps/libregex_syntax-9108b1150f4a759d.rlib" "/opt/rustwide/target/debug/deps/libaho_corasick-67d19f2a98ecad87.rlib" "/opt/rustwide/target/debug/deps/libmemchr-15ff39dbd52f8080.rlib" "/opt/rustwide/target/debug/deps/libritual_build-33077c7cac427a56.rlib" "/opt/rustwide/target/debug/deps/libqt_ritual_common-36f8ce6fa62adbf8.rlib" "/opt/rustwide/target/debug/deps/libritual_common-2ed6a5e839fbed49.rlib" "/opt/rustwide/target/debug/deps/libpathdiff-8c15ef798bd256a8.rlib" "/opt/rustwide/target/debug/deps/libdunce-b09bfd4c52d79a9d.rlib" "/opt/rustwide/target/debug/deps/libbincode-47f0cb7531637a92.rlib" "/opt/rustwide/target/debug/deps/libbyteorder-f3c44899040265df.rlib" "/opt/rustwide/target/debug/deps/libserde_json-8f480ebe4667bd47.rlib" "/opt/rustwide/target/debug/deps/libryu-fde67bdcf4736ad5.rlib" "/opt/rustwide/target/debug/deps/libitoa-546046868f519026.rlib" "/opt/rustwide/target/debug/deps/libsemver-6602e54776996a7f.rlib" "/opt/rustwide/target/debug/deps/libsemver_parser-969ec4031925831b.rlib" "/opt/rustwide/target/debug/deps/libnum_cpus-9fd3cb83570d66c0.rlib" "/opt/rustwide/target/debug/deps/libshell_words-f9776354d7220600.rlib" "/opt/rustwide/target/debug/deps/libtoml-c4087a5d2c9f382d.rlib" "/opt/rustwide/target/debug/deps/libserde-1c6cc13b30d17eea.rlib" "/opt/rustwide/target/debug/deps/libfailure-15429752cdd9ad4a.rlib" "/opt/rustwide/target/debug/deps/libbacktrace-50b43b0b5ecd1abc.rlib" "/opt/rustwide/target/debug/deps/libbacktrace_sys-ce895ed3edf5d49b.rlib" "/opt/rustwide/target/debug/deps/liblibc-311e0d28c6d1dcc9.rlib" "/opt/rustwide/target/debug/deps/librustc_demangle-f6813ff1cdbf72a4.rlib" "/opt/rustwide/target/debug/deps/liblog-ef319cfe97d0a4d1.rlib" "/opt/rustwide/target/debug/deps/libcfg_if-4dc40f94662accb2.rlib" "/opt/rustwide/target/debug/deps/libitertools-bb3b8d0e74b4ce6a.rlib" "/opt/rustwide/target/debug/deps/libeither-f749d773c0dea6de.rlib" "-Wl,--start-group" "/opt/rustwide/rustup-home/toolchains/1.55.0-x86_64-unknown-linux-gnu/lib/rustlib/x86_64-unknown-linux-gnu/lib/libstd-008055cc7d873802.rlib" "/opt/rustwide/rustup-home/toolchains/1.55.0-x86_64-unknown-linux-gnu/lib/rustlib/x86_64-unknown-linux-gnu/lib/libpanic_unwind-06f01ac2578bda94.rlib" "/opt/rustwide/rustup-home/toolchains/1.55.0-x86_64-unknown-linux-gnu/lib/rustlib/x86_64-unknown-linux-gnu/lib/libminiz_oxide-f9a3c3274a1835e0.rlib" "/opt/rustwide/rustup-home/toolchains/1.55.0-x86_64-unknown-linux-gnu/lib/rustlib/x86_64-unknown-linux-gnu/lib/libadler-d4cbb754ee9f4daa.rlib" "/opt/rustwide/rustup-home/toolchains/1.55.0-x86_64-unknown-linux-gnu/lib/rustlib/x86_64-unknown-linux-gnu/lib/libobject-95c14e1c1e3ebcc4.rlib" "/opt/rustwide/rustup-home/toolchains/1.55.0-x86_64-unknown-linux-gnu/lib/rustlib/x86_64-unknown-linux-gnu/lib/libaddr2line-d489f0ca872880cc.rlib" "/opt/rustwide/rustup-home/toolchains/1.55.0-x86_64-unknown-linux-gnu/lib/rustlib/x86_64-unknown-linux-gnu/lib/libgimli-75f07df0b18fea39.rlib" "/opt/rustwide/rustup-home/toolchains/1.55.0-x86_64-unknown-linux-gnu/lib/rustlib/x86_64-unknown-linux-gnu/lib/libstd_detect-0c35b278736219a2.rlib" "/opt/rustwide/rustup-home/toolchains/1.55.0-x86_64-unknown-linux-gnu/lib/rustlib/x86_64-unknown-linux-gnu/lib/librustc_demangle-e530649c9a06e3c6.rlib" "/opt/rustwide/rustup-home/toolchains/1.55.0-x86_64-unknown-linux-gnu/lib/rustlib/x86_64-unknown-linux-gnu/lib/libhashbrown-6b148909d375a785.rlib" "/opt/rustwide/rustup-home/toolchains/1.55.0-x86_64-unknown-linux-gnu/lib/rustlib/x86_64-unknown-linux-gnu/lib/librustc_std_workspace_alloc-cd15fa647f4775d1.rlib" "/opt/rustwide/rustup-home/toolchains/1.55.0-x86_64-unknown-linux-gnu/lib/rustlib/x86_64-unknown-linux-gnu/lib/libunwind-74be3a703f788ba2.rlib" "/opt/rustwide/rustup-home/toolchains/1.55.0-x86_64-unknown-linux-gnu/lib/rustlib/x86_64-unknown-linux-gnu/lib/libcfg_if-8f2c5b445c28b2e3.rlib" "/opt/rustwide/rustup-home/toolchains/1.55.0-x86_64-unknown-linux-gnu/lib/rustlib/x86_64-unknown-linux-gnu/lib/liblibc-8480e85e0be96197.rlib" "/opt/rustwide/rustup-home/toolchains/1.55.0-x86_64-unknown-linux-gnu/lib/rustlib/x86_64-unknown-linux-gnu/lib/liballoc-ac23a75f6f42004e.rlib" "/opt/rustwide/rustup-home/toolchains/1.55.0-x86_64-unknown-linux-gnu/lib/rustlib/x86_64-unknown-linux-gnu/lib/librustc_std_workspace_core-557ba8776e04d182.rlib" "/opt/rustwide/rustup-home/toolchains/1.55.0-x86_64-unknown-linux-gnu/lib/rustlib/x86_64-unknown-linux-gnu/lib/libcore-4beb03d03503c439.rlib" "-Wl,--end-group" "/opt/rustwide/rustup-home/toolchains/1.55.0-x86_64-unknown-linux-gnu/lib/rustlib/x86_64-unknown-linux-gnu/lib/libcompiler_builtins-dd7db1bec6909f24.rlib" "-Wl,-Bdynamic" "-lutil" "-ldl" "-lutil" "-lgcc_s" "-lutil" "-lrt" "-lpthread" "-lm" "-ldl" "-lc" "-Wl,--eh-frame-hdr" "-Wl,-znoexecstack" "-L" "/opt/rustwide/rustup-home/toolchains/1.55.0-x86_64-unknown-linux-gnu/lib/rustlib/x86_64-unknown-linux-gnu/lib" "-o" "/opt/rustwide/target/debug/build/qt_charts-b3e3789708a93100/build_script_build-b3e3789708a93100" "-Wl,--gc-sections" "-pie" "-Wl,-zrelro" "-Wl,-znow" "-nodefaultlibs"
[INFO] [stdout]   = note: collect2: fatal error: ld terminated with signal 9 [Killed]
[INFO] [stdout]           compilation terminated.
[INFO] [stdout]           
[INFO] [stdout] 
[INFO] [stdout] 
[INFO] [stdout] error: aborting due to previous error
[INFO] [stdout] 
[INFO] [stdout] 
[INFO] [stderr] error: build failed
[INFO] running `Command { std: "docker" "inspect" "c74a6379064267a76a31886a98d857d5a0e95522572a4d74655a139ad83f0b3d", kill_on_drop: false }`
[INFO] running `Command { std: "docker" "rm" "-f" "c74a6379064267a76a31886a98d857d5a0e95522572a4d74655a139ad83f0b3d", kill_on_drop: false }`
[INFO] [stdout] c74a6379064267a76a31886a98d857d5a0e95522572a4d74655a139ad83f0b3d
