[INFO] cloning repository https://github.com/rumblefrog/sp-docgen
[INFO] running `Command { std: "git" "-c" "credential.helper=" "-c" "credential.helper=/workspace/cargo-home/bin/git-credential-null" "clone" "--bare" "https://github.com/rumblefrog/sp-docgen" "/workspace/cache/git-repos/https%3A%2F%2Fgithub.com%2Frumblefrog%2Fsp-docgen", kill_on_drop: false }`
[INFO] [stderr] Cloning into bare repository '/workspace/cache/git-repos/https%3A%2F%2Fgithub.com%2Frumblefrog%2Fsp-docgen'...
[INFO] running `Command { std: "git" "rev-parse" "HEAD", kill_on_drop: false }`
[INFO] [stdout] 8494f3238bde2a3c6d7921fa15b0bfc69bc45e43
[INFO] checking rumblefrog/sp-docgen against beta-2021-10-15 for beta-1.56-3
[INFO] running `Command { std: "git" "clone" "/workspace/cache/git-repos/https%3A%2F%2Fgithub.com%2Frumblefrog%2Fsp-docgen" "/workspace/builds/worker-4/source", kill_on_drop: false }`
[INFO] [stderr] Cloning into '/workspace/builds/worker-4/source'...
[INFO] [stderr] done.
[INFO] validating manifest of git repo https://github.com/rumblefrog/sp-docgen on toolchain beta-2021-10-15
[INFO] running `Command { std: "/workspace/cargo-home/bin/cargo" "+beta-2021-10-15" "metadata" "--manifest-path" "Cargo.toml" "--no-deps", kill_on_drop: false }`
[INFO] started tweaking git repo https://github.com/rumblefrog/sp-docgen
[INFO] finished tweaking git repo https://github.com/rumblefrog/sp-docgen
[INFO] tweaked toml for git repo https://github.com/rumblefrog/sp-docgen written to /workspace/builds/worker-4/source/Cargo.toml
[INFO] crate git repo https://github.com/rumblefrog/sp-docgen already has a lockfile, it will not be regenerated
[INFO] running `Command { std: "/workspace/cargo-home/bin/cargo" "+beta-2021-10-15" "fetch" "--manifest-path" "Cargo.toml", kill_on_drop: false }`
[INFO] [stderr] warning: profiles for the non root package will be ignored, specify profiles at the workspace root:
[INFO] [stderr] package:   /workspace/builds/worker-4/source/edge_worker/Cargo.toml
[INFO] [stderr] workspace: /workspace/builds/worker-4/source/Cargo.toml
[INFO] [stderr]     Blocking waiting for file lock on package cache
[INFO] [stderr]  Downloading crates ...
[INFO] [stderr]   Downloaded os_str_bytes v2.4.0
[INFO] [stderr]   Downloaded textwrap v0.12.1
[INFO] [stderr]   Downloaded clap_derive v3.0.0-beta.2
[INFO] [stderr]   Downloaded bindgen v0.55.1
[INFO] [stderr]   Downloaded wasm-bindgen-test v0.3.17
[INFO] [stderr]   Downloaded wasm-bindgen-test-macro v0.3.17
[INFO] [stderr]   Downloaded vcpkg v0.2.12
[INFO] [stderr]   Downloaded clap v3.0.0-beta.2
[INFO] [stderr]   Downloaded libgit2-sys v0.12.19+1.1.0
[INFO] [stderr]   Downloaded spdcp v0.4.4
[INFO] [stderr]   Downloaded git2 v0.13.18
[INFO] running `Command { std: "docker" "create" "-v" "/var/lib/crater-agent-workspace/builds/worker-4/target:/opt/rustwide/target:rw,Z" "-v" "/var/lib/crater-agent-workspace/builds/worker-4/source:/opt/rustwide/workdir:ro,Z" "-v" "/var/lib/crater-agent-workspace/cargo-home:/opt/rustwide/cargo-home:ro,Z" "-v" "/var/lib/crater-agent-workspace/rustup-home:/opt/rustwide/rustup-home:ro,Z" "-e" "SOURCE_DIR=/opt/rustwide/workdir" "-e" "CARGO_TARGET_DIR=/opt/rustwide/target" "-e" "CARGO_HOME=/opt/rustwide/cargo-home" "-e" "RUSTUP_HOME=/opt/rustwide/rustup-home" "-w" "/opt/rustwide/workdir" "-m" "1610612736" "--user" "0:0" "--network" "none" "ghcr.io/rust-lang/crates-build-env/linux@sha256:a89201d6b5b9fd45c15d5952ece0a0129e7e80cb26ec023fd59cf09bc26f1604" "/opt/rustwide/cargo-home/bin/cargo" "+beta-2021-10-15" "metadata" "--no-deps" "--format-version=1", kill_on_drop: false }`
[INFO] [stdout] a6089fa133b12a02b0785ca74a19006255b5d1e9d0c57f53d11d4fd249c4241c
[INFO] [stderr] WARNING: Your kernel does not support swap limit capabilities or the cgroup is not mounted. Memory limited without swap.
[INFO] running `Command { std: "docker" "start" "-a" "a6089fa133b12a02b0785ca74a19006255b5d1e9d0c57f53d11d4fd249c4241c", kill_on_drop: false }`
[INFO] running `Command { std: "docker" "inspect" "a6089fa133b12a02b0785ca74a19006255b5d1e9d0c57f53d11d4fd249c4241c", kill_on_drop: false }`
[INFO] running `Command { std: "docker" "rm" "-f" "a6089fa133b12a02b0785ca74a19006255b5d1e9d0c57f53d11d4fd249c4241c", kill_on_drop: false }`
[INFO] [stdout] a6089fa133b12a02b0785ca74a19006255b5d1e9d0c57f53d11d4fd249c4241c
[INFO] running `Command { std: "docker" "create" "-v" "/var/lib/crater-agent-workspace/builds/worker-4/target:/opt/rustwide/target:rw,Z" "-v" "/var/lib/crater-agent-workspace/builds/worker-4/source:/opt/rustwide/workdir:ro,Z" "-v" "/var/lib/crater-agent-workspace/cargo-home:/opt/rustwide/cargo-home:ro,Z" "-v" "/var/lib/crater-agent-workspace/rustup-home:/opt/rustwide/rustup-home:ro,Z" "-e" "SOURCE_DIR=/opt/rustwide/workdir" "-e" "CARGO_TARGET_DIR=/opt/rustwide/target" "-e" "CARGO_INCREMENTAL=0" "-e" "RUST_BACKTRACE=full" "-e" "RUSTFLAGS=--cap-lints=warn" "-e" "CARGO_HOME=/opt/rustwide/cargo-home" "-e" "RUSTUP_HOME=/opt/rustwide/rustup-home" "-w" "/opt/rustwide/workdir" "-m" "1610612736" "--user" "0:0" "--network" "none" "ghcr.io/rust-lang/crates-build-env/linux@sha256:a89201d6b5b9fd45c15d5952ece0a0129e7e80cb26ec023fd59cf09bc26f1604" "/opt/rustwide/cargo-home/bin/cargo" "+beta-2021-10-15" "check" "--frozen" "--all" "--all-targets" "--message-format=json", kill_on_drop: false }`
[INFO] [stdout] fa43c32eda405c244bfc606053123bcd2a9164513102072a968dca8cde7ef6b4
[INFO] [stderr] WARNING: Your kernel does not support swap limit capabilities or the cgroup is not mounted. Memory limited without swap.
[INFO] running `Command { std: "docker" "start" "-a" "fa43c32eda405c244bfc606053123bcd2a9164513102072a968dca8cde7ef6b4", kill_on_drop: false }`
[INFO] [stderr] warning: profiles for the non root package will be ignored, specify profiles at the workspace root:
[INFO] [stderr] package:   /opt/rustwide/workdir/edge_worker/Cargo.toml
[INFO] [stderr] workspace: /opt/rustwide/workdir/Cargo.toml
[INFO] [stderr]    Compiling bindgen v0.55.1
[INFO] [stderr]    Compiling tokio v1.5.0
[INFO] [stderr]    Compiling atty v0.2.14
[INFO] [stderr]    Compiling which v3.1.1
[INFO] [stderr]     Checking wee_alloc v0.4.5
[INFO] [stderr]     Checking signal-hook-registry v1.3.0
[INFO] [stderr]    Compiling regex v1.5.3
[INFO] [stderr]    Compiling clang-sys v1.2.0
[INFO] [stderr]    Compiling wasm-bindgen-test-macro v0.3.17
[INFO] [stderr]    Compiling openssl-sys v0.9.63
[INFO] [stderr]    Compiling wasm-bindgen-backend v0.2.67
[INFO] [stderr]    Compiling serde_derive v1.0.125
[INFO] [stderr]    Compiling thiserror-impl v1.0.24
[INFO] [stderr]    Compiling tokio-macros v1.1.0
[INFO] [stderr]    Compiling proc-macro-error v1.0.4
[INFO] [stderr]    Compiling clap v2.33.3
[INFO] [stderr]    Compiling clap_derive v3.0.0-beta.2
[INFO] [stderr]    Compiling libssh2-sys v0.2.21
[INFO] [stderr]    Compiling wasm-bindgen-macro-support v0.2.67
[INFO] [stderr]    Compiling env_logger v0.7.1
[INFO] [stderr]     Checking thiserror v1.0.24
[INFO] [stderr]    Compiling libgit2-sys v0.12.19+1.1.0
[INFO] [stderr]    Compiling wasm-bindgen-macro v0.2.67
[INFO] [stderr]     Checking clap v3.0.0-beta.2
[INFO] [stderr]     Checking wasm-bindgen v0.2.67
[INFO] [stderr]     Checking console_error_panic_hook v0.1.6
[INFO] [stderr]     Checking js-sys v0.3.44
[INFO] [stderr]     Checking edge-worker v0.1.0 (/opt/rustwide/workdir/edge_worker)
[INFO] [stdout] error: expected `,`
[INFO] [stdout]    --> /opt/rustwide/cargo-home/registry/src/github.com-1ecc6299db9ec823/js-sys-0.3.44/src/lib.rs:639:39
[INFO] [stdout]     |
[INFO] [stdout] 639 |         #[wasm_bindgen(js_namespace = Atomics, catch)]
[INFO] [stdout]     |                                       ^^^^^^^
[INFO] [stdout] 
[INFO] [stdout] 
[INFO] [stdout] error: expected `,`
[INFO] [stdout]    --> /opt/rustwide/cargo-home/registry/src/github.com-1ecc6299db9ec823/js-sys-0.3.44/src/lib.rs:649:39
[INFO] [stdout]     |
[INFO] [stdout] 649 |         #[wasm_bindgen(js_namespace = Atomics, catch)]
[INFO] [stdout]     |                                       ^^^^^^^
[INFO] [stdout] 
[INFO] [stdout] 
[INFO] [stdout] error: expected `,`
[INFO] [stdout]    --> /opt/rustwide/cargo-home/registry/src/github.com-1ecc6299db9ec823/js-sys-0.3.44/src/lib.rs:660:39
[INFO] [stdout]     |
[INFO] [stdout] 660 |         #[wasm_bindgen(js_namespace = Atomics, catch, js_name = compareExchange)]
[INFO] [stdout]     |                                       ^^^^^^^
[INFO] [stdout] 
[INFO] [stdout] 
[INFO] [stdout] error: expected `,`
[INFO] [stdout]    --> /opt/rustwide/cargo-home/registry/src/github.com-1ecc6299db9ec823/js-sys-0.3.44/src/lib.rs:674:39
[INFO] [stdout]     |
[INFO] [stdout] 674 |         #[wasm_bindgen(js_namespace = Atomics, catch)]
[INFO] [stdout]     |                                       ^^^^^^^
[INFO] [stdout] 
[INFO] [stdout] 
[INFO] [stdout] error: expected `,`
[INFO] [stdout]    --> /opt/rustwide/cargo-home/registry/src/github.com-1ecc6299db9ec823/js-sys-0.3.44/src/lib.rs:683:39
[INFO] [stdout]     |
[INFO] [stdout] 683 |         #[wasm_bindgen(js_namespace = Atomics, js_name = isLockFree)]
[INFO] [stdout]     |                                       ^^^^^^^
[INFO] [stdout] 
[INFO] [stdout] 
[INFO] [stdout] error: expected `,`
[INFO] [stdout]    --> /opt/rustwide/cargo-home/registry/src/github.com-1ecc6299db9ec823/js-sys-0.3.44/src/lib.rs:690:39
[INFO] [stdout]     |
[INFO] [stdout] 690 |         #[wasm_bindgen(js_namespace = Atomics, catch)]
[INFO] [stdout]     |                                       ^^^^^^^
[INFO] [stdout] 
[INFO] [stdout] 
[INFO] [stdout] error: expected `,`
[INFO] [stdout]    --> /opt/rustwide/cargo-home/registry/src/github.com-1ecc6299db9ec823/js-sys-0.3.44/src/lib.rs:699:39
[INFO] [stdout]     |
[INFO] [stdout] 699 |         #[wasm_bindgen(js_namespace = Atomics, catch)]
[INFO] [stdout]     |                                       ^^^^^^^
[INFO] [stdout] 
[INFO] [stdout] 
[INFO] [stdout] error: expected `,`
[INFO] [stdout]    --> /opt/rustwide/cargo-home/registry/src/github.com-1ecc6299db9ec823/js-sys-0.3.44/src/lib.rs:703:39
[INFO] [stdout]     |
[INFO] [stdout] 703 |         #[wasm_bindgen(js_namespace = Atomics, catch, js_name = notify)]
[INFO] [stdout]     |                                       ^^^^^^^
[INFO] [stdout] 
[INFO] [stdout] 
[INFO] [stdout] error: expected `,`
[INFO] [stdout]    --> /opt/rustwide/cargo-home/registry/src/github.com-1ecc6299db9ec823/js-sys-0.3.44/src/lib.rs:716:39
[INFO] [stdout]     |
[INFO] [stdout] 716 |         #[wasm_bindgen(js_namespace = Atomics, catch)]
[INFO] [stdout]     |                                       ^^^^^^^
[INFO] [stdout] 
[INFO] [stdout] 
[INFO] [stdout] error: expected `,`
[INFO] [stdout]    --> /opt/rustwide/cargo-home/registry/src/github.com-1ecc6299db9ec823/js-sys-0.3.44/src/lib.rs:723:39
[INFO] [stdout]     |
[INFO] [stdout] 723 |         #[wasm_bindgen(js_namespace = Atomics, catch)]
[INFO] [stdout]     |                                       ^^^^^^^
[INFO] [stdout] 
[INFO] [stdout] 
[INFO] [stdout] error: expected `,`
[INFO] [stdout]    --> /opt/rustwide/cargo-home/registry/src/github.com-1ecc6299db9ec823/js-sys-0.3.44/src/lib.rs:732:39
[INFO] [stdout]     |
[INFO] [stdout] 732 |         #[wasm_bindgen(js_namespace = Atomics, catch)]
[INFO] [stdout]     |                                       ^^^^^^^
[INFO] [stdout] 
[INFO] [stdout] 
[INFO] [stdout] error: expected `,`
[INFO] [stdout]    --> /opt/rustwide/cargo-home/registry/src/github.com-1ecc6299db9ec823/js-sys-0.3.44/src/lib.rs:743:39
[INFO] [stdout]     |
[INFO] [stdout] 743 |         #[wasm_bindgen(js_namespace = Atomics, catch)]
[INFO] [stdout]     |                                       ^^^^^^^
[INFO] [stdout] 
[INFO] [stdout] 
[INFO] [stdout] error: expected `,`
[INFO] [stdout]    --> /opt/rustwide/cargo-home/registry/src/github.com-1ecc6299db9ec823/js-sys-0.3.44/src/lib.rs:749:39
[INFO] [stdout]     |
[INFO] [stdout] 749 |         #[wasm_bindgen(js_namespace = Atomics, catch, js_name = wait)]
[INFO] [stdout]     |                                       ^^^^^^^
[INFO] [stdout] 
[INFO] [stdout] 
[INFO] [stdout] error: expected `,`
[INFO] [stdout]    --> /opt/rustwide/cargo-home/registry/src/github.com-1ecc6299db9ec823/js-sys-0.3.44/src/lib.rs:764:39
[INFO] [stdout]     |
[INFO] [stdout] 764 |         #[wasm_bindgen(js_namespace = Atomics, catch)]
[INFO] [stdout]     |                                       ^^^^^^^
[INFO] [stdout] 
[INFO] [stdout] 
[INFO] [stderr]     Checking serde v1.0.125
[INFO] [stdout] error: expected `,`
[INFO] [stdout]     --> /opt/rustwide/cargo-home/registry/src/github.com-1ecc6299db9ec823/js-sys-0.3.44/src/lib.rs:1569:39
[INFO] [stdout]      |
[INFO] [stdout] 1569 |         #[wasm_bindgen(js_namespace = Math)]
[INFO] [stdout]      |                                       ^^^^
[INFO] [stdout] 
[INFO] [stdout] 
[INFO] [stdout] error: expected `,`
[INFO] [stdout]     --> /opt/rustwide/cargo-home/registry/src/github.com-1ecc6299db9ec823/js-sys-0.3.44/src/lib.rs:1577:39
[INFO] [stdout]      |
[INFO] [stdout] 1577 |         #[wasm_bindgen(js_namespace = Math)]
[INFO] [stdout]      |                                       ^^^^
[INFO] [stdout] 
[INFO] [stdout] 
[INFO] [stdout] error: expected `,`
[INFO] [stdout]     --> /opt/rustwide/cargo-home/registry/src/github.com-1ecc6299db9ec823/js-sys-0.3.44/src/lib.rs:1585:39
[INFO] [stdout]      |
[INFO] [stdout] 1585 |         #[wasm_bindgen(js_namespace = Math)]
[INFO] [stdout]      |                                       ^^^^
[INFO] [stdout] 
[INFO] [stdout] 
[INFO] [stdout] error: expected `,`
[INFO] [stdout]     --> /opt/rustwide/cargo-home/registry/src/github.com-1ecc6299db9ec823/js-sys-0.3.44/src/lib.rs:1593:39
[INFO] [stdout]      |
[INFO] [stdout] 1593 |         #[wasm_bindgen(js_namespace = Math)]
[INFO] [stdout]      |                                       ^^^^
[INFO] [stdout] 
[INFO] [stdout] 
[INFO] [stdout] error: expected `,`
[INFO] [stdout]     --> /opt/rustwide/cargo-home/registry/src/github.com-1ecc6299db9ec823/js-sys-0.3.44/src/lib.rs:1600:39
[INFO] [stdout]      |
[INFO] [stdout] 1600 |         #[wasm_bindgen(js_namespace = Math)]
[INFO] [stdout]      |                                       ^^^^
[INFO] [stdout] 
[INFO] [stdout] 
[INFO] [stdout] error: expected `,`
[INFO] [stdout]     --> /opt/rustwide/cargo-home/registry/src/github.com-1ecc6299db9ec823/js-sys-0.3.44/src/lib.rs:1606:39
[INFO] [stdout]      |
[INFO] [stdout] 1606 |         #[wasm_bindgen(js_namespace = Math)]
[INFO] [stdout]      |                                       ^^^^
[INFO] [stdout] 
[INFO] [stdout] 
[INFO] [stdout] error: expected `,`
[INFO] [stdout]     --> /opt/rustwide/cargo-home/registry/src/github.com-1ecc6299db9ec823/js-sys-0.3.44/src/lib.rs:1613:39
[INFO] [stdout]      |
[INFO] [stdout] 1613 |         #[wasm_bindgen(js_namespace = Math)]
[INFO] [stdout]      |                                       ^^^^
[INFO] [stdout] 
[INFO] [stdout] 
[INFO] [stdout] error: expected `,`
[INFO] [stdout]     --> /opt/rustwide/cargo-home/registry/src/github.com-1ecc6299db9ec823/js-sys-0.3.44/src/lib.rs:1621:39
[INFO] [stdout]      |
[INFO] [stdout] 1621 |         #[wasm_bindgen(js_namespace = Math)]
[INFO] [stdout]      |                                       ^^^^
[INFO] [stdout] 
[INFO] [stdout] 
[INFO] [stdout] error: expected `,`
[INFO] [stdout]     --> /opt/rustwide/cargo-home/registry/src/github.com-1ecc6299db9ec823/js-sys-0.3.44/src/lib.rs:1628:39
[INFO] [stdout]      |
[INFO] [stdout] 1628 |         #[wasm_bindgen(js_namespace = Math)]
[INFO] [stdout]      |                                       ^^^^
[INFO] [stdout] 
[INFO] [stdout] 
[INFO] [stdout] error: expected `,`
[INFO] [stdout]     --> /opt/rustwide/cargo-home/registry/src/github.com-1ecc6299db9ec823/js-sys-0.3.44/src/lib.rs:1635:39
[INFO] [stdout]      |
[INFO] [stdout] 1635 |         #[wasm_bindgen(js_namespace = Math)]
[INFO] [stdout]      |                                       ^^^^
[INFO] [stdout] 
[INFO] [stdout] 
[INFO] [stdout] error: expected `,`
[INFO] [stdout]     --> /opt/rustwide/cargo-home/registry/src/github.com-1ecc6299db9ec823/js-sys-0.3.44/src/lib.rs:1642:39
[INFO] [stdout]      |
[INFO] [stdout] 1642 |         #[wasm_bindgen(js_namespace = Math)]
[INFO] [stdout]      |                                       ^^^^
[INFO] [stdout] 
[INFO] [stdout] 
[INFO] [stdout] error: expected `,`
[INFO] [stdout]     --> /opt/rustwide/cargo-home/registry/src/github.com-1ecc6299db9ec823/js-sys-0.3.44/src/lib.rs:1649:39
[INFO] [stdout]      |
[INFO] [stdout] 1649 |         #[wasm_bindgen(js_namespace = Math)]
[INFO] [stdout]      |                                       ^^^^
[INFO] [stdout] 
[INFO] [stdout] 
[INFO] [stdout] error: expected `,`
[INFO] [stdout]     --> /opt/rustwide/cargo-home/registry/src/github.com-1ecc6299db9ec823/js-sys-0.3.44/src/lib.rs:1656:39
[INFO] [stdout]      |
[INFO] [stdout] 1656 |         #[wasm_bindgen(js_namespace = Math)]
[INFO] [stdout]      |                                       ^^^^
[INFO] [stdout] 
[INFO] [stdout] 
[INFO] [stdout] error: expected `,`
[INFO] [stdout]     --> /opt/rustwide/cargo-home/registry/src/github.com-1ecc6299db9ec823/js-sys-0.3.44/src/lib.rs:1663:39
[INFO] [stdout]      |
[INFO] [stdout] 1663 |         #[wasm_bindgen(js_namespace = Math)]
[INFO] [stdout]      |                                       ^^^^
[INFO] [stdout] 
[INFO] [stdout] 
[INFO] [stdout] error: expected `,`
[INFO] [stdout]     --> /opt/rustwide/cargo-home/registry/src/github.com-1ecc6299db9ec823/js-sys-0.3.44/src/lib.rs:1670:39
[INFO] [stdout]      |
[INFO] [stdout] 1670 |         #[wasm_bindgen(js_namespace = Math)]
[INFO] [stdout]      |                                       ^^^^
[INFO] [stdout] 
[INFO] [stdout] 
[INFO] [stdout] error: expected `,`
[INFO] [stdout]     --> /opt/rustwide/cargo-home/registry/src/github.com-1ecc6299db9ec823/js-sys-0.3.44/src/lib.rs:1677:39
[INFO] [stdout]      |
[INFO] [stdout] 1677 |         #[wasm_bindgen(js_namespace = Math)]
[INFO] [stdout]      |                                       ^^^^
[INFO] [stdout] 
[INFO] [stdout] 
[INFO] [stdout] error: expected `,`
[INFO] [stdout]     --> /opt/rustwide/cargo-home/registry/src/github.com-1ecc6299db9ec823/js-sys-0.3.44/src/lib.rs:1684:39
[INFO] [stdout]      |
[INFO] [stdout] 1684 |         #[wasm_bindgen(js_namespace = Math)]
[INFO] [stdout]      |                                       ^^^^
[INFO] [stdout] 
[INFO] [stdout] 
[INFO] [stdout] error: expected `,`
[INFO] [stdout]     --> /opt/rustwide/cargo-home/registry/src/github.com-1ecc6299db9ec823/js-sys-0.3.44/src/lib.rs:1690:39
[INFO] [stdout]      |
[INFO] [stdout] 1690 |         #[wasm_bindgen(js_namespace = Math)]
[INFO] [stdout]      |                                       ^^^^
[INFO] [stdout] 
[INFO] [stdout] 
[INFO] [stdout] error: expected `,`
[INFO] [stdout]     --> /opt/rustwide/cargo-home/registry/src/github.com-1ecc6299db9ec823/js-sys-0.3.44/src/lib.rs:1697:39
[INFO] [stdout]      |
[INFO] [stdout] 1697 |         #[wasm_bindgen(js_namespace = Math)]
[INFO] [stdout]      |                                       ^^^^
[INFO] [stdout] 
[INFO] [stdout] 
[INFO] [stdout] error: expected `,`
[INFO] [stdout]     --> /opt/rustwide/cargo-home/registry/src/github.com-1ecc6299db9ec823/js-sys-0.3.44/src/lib.rs:1704:39
[INFO] [stdout]      |
[INFO] [stdout] 1704 |         #[wasm_bindgen(js_namespace = Math)]
[INFO] [stdout]      |                                       ^^^^
[INFO] [stdout] 
[INFO] [stdout] 
[INFO] [stdout] error: expected `,`
[INFO] [stdout]     --> /opt/rustwide/cargo-home/registry/src/github.com-1ecc6299db9ec823/js-sys-0.3.44/src/lib.rs:1710:39
[INFO] [stdout]      |
[INFO] [stdout] 1710 |         #[wasm_bindgen(js_namespace = Math)]
[INFO] [stdout]      |                                       ^^^^
[INFO] [stdout] 
[INFO] [stdout] 
[INFO] [stdout] error: expected `,`
[INFO] [stdout]     --> /opt/rustwide/cargo-home/registry/src/github.com-1ecc6299db9ec823/js-sys-0.3.44/src/lib.rs:1715:39
[INFO] [stdout]      |
[INFO] [stdout] 1715 |         #[wasm_bindgen(js_namespace = Math)]
[INFO] [stdout]      |                                       ^^^^
[INFO] [stdout] 
[INFO] [stdout] 
[INFO] [stdout] error: expected `,`
[INFO] [stdout]     --> /opt/rustwide/cargo-home/registry/src/github.com-1ecc6299db9ec823/js-sys-0.3.44/src/lib.rs:1721:39
[INFO] [stdout]      |
[INFO] [stdout] 1721 |         #[wasm_bindgen(js_namespace = Math)]
[INFO] [stdout]      |                                       ^^^^
[INFO] [stdout] 
[INFO] [stdout] 
[INFO] [stdout] error: expected `,`
[INFO] [stdout]     --> /opt/rustwide/cargo-home/registry/src/github.com-1ecc6299db9ec823/js-sys-0.3.44/src/lib.rs:1727:39
[INFO] [stdout]      |
[INFO] [stdout] 1727 |         #[wasm_bindgen(js_namespace = Math)]
[INFO] [stdout]      |                                       ^^^^
[INFO] [stdout] 
[INFO] [stdout] 
[INFO] [stdout] error: expected `,`
[INFO] [stdout]     --> /opt/rustwide/cargo-home/registry/src/github.com-1ecc6299db9ec823/js-sys-0.3.44/src/lib.rs:1733:39
[INFO] [stdout]      |
[INFO] [stdout] 1733 |         #[wasm_bindgen(js_namespace = Math)]
[INFO] [stdout]      |                                       ^^^^
[INFO] [stdout] 
[INFO] [stdout] 
[INFO] [stdout] error: expected `,`
[INFO] [stdout]     --> /opt/rustwide/cargo-home/registry/src/github.com-1ecc6299db9ec823/js-sys-0.3.44/src/lib.rs:1739:39
[INFO] [stdout]      |
[INFO] [stdout] 1739 |         #[wasm_bindgen(js_namespace = Math)]
[INFO] [stdout]      |                                       ^^^^
[INFO] [stdout] 
[INFO] [stdout] 
[INFO] [stdout] error: expected `,`
[INFO] [stdout]     --> /opt/rustwide/cargo-home/registry/src/github.com-1ecc6299db9ec823/js-sys-0.3.44/src/lib.rs:1749:39
[INFO] [stdout]      |
[INFO] [stdout] 1749 |         #[wasm_bindgen(js_namespace = Math)]
[INFO] [stdout]      |                                       ^^^^
[INFO] [stdout] 
[INFO] [stdout] 
[INFO] [stdout] error: expected `,`
[INFO] [stdout]     --> /opt/rustwide/cargo-home/registry/src/github.com-1ecc6299db9ec823/js-sys-0.3.44/src/lib.rs:1755:39
[INFO] [stdout]      |
[INFO] [stdout] 1755 |         #[wasm_bindgen(js_namespace = Math)]
[INFO] [stdout]      |                                       ^^^^
[INFO] [stdout] 
[INFO] [stdout] 
[INFO] [stdout] error: expected `,`
[INFO] [stdout]     --> /opt/rustwide/cargo-home/registry/src/github.com-1ecc6299db9ec823/js-sys-0.3.44/src/lib.rs:1762:39
[INFO] [stdout]      |
[INFO] [stdout] 1762 |         #[wasm_bindgen(js_namespace = Math)]
[INFO] [stdout]      |                                       ^^^^
[INFO] [stdout] 
[INFO] [stdout] 
[INFO] [stdout] error: expected `,`
[INFO] [stdout]     --> /opt/rustwide/cargo-home/registry/src/github.com-1ecc6299db9ec823/js-sys-0.3.44/src/lib.rs:1768:39
[INFO] [stdout]      |
[INFO] [stdout] 1768 |         #[wasm_bindgen(js_namespace = Math)]
[INFO] [stdout]      |                                       ^^^^
[INFO] [stdout] 
[INFO] [stdout] 
[INFO] [stdout] error: expected `,`
[INFO] [stdout]     --> /opt/rustwide/cargo-home/registry/src/github.com-1ecc6299db9ec823/js-sys-0.3.44/src/lib.rs:1775:39
[INFO] [stdout]      |
[INFO] [stdout] 1775 |         #[wasm_bindgen(js_namespace = Math)]
[INFO] [stdout]      |                                       ^^^^
[INFO] [stdout] 
[INFO] [stdout] 
[INFO] [stdout] error: expected `,`
[INFO] [stdout]     --> /opt/rustwide/cargo-home/registry/src/github.com-1ecc6299db9ec823/js-sys-0.3.44/src/lib.rs:1782:39
[INFO] [stdout]      |
[INFO] [stdout] 1782 |         #[wasm_bindgen(js_namespace = Math)]
[INFO] [stdout]      |                                       ^^^^
[INFO] [stdout] 
[INFO] [stdout] 
[INFO] [stdout] error: expected `,`
[INFO] [stdout]     --> /opt/rustwide/cargo-home/registry/src/github.com-1ecc6299db9ec823/js-sys-0.3.44/src/lib.rs:1788:39
[INFO] [stdout]      |
[INFO] [stdout] 1788 |         #[wasm_bindgen(js_namespace = Math)]
[INFO] [stdout]      |                                       ^^^^
[INFO] [stdout] 
[INFO] [stdout] 
[INFO] [stdout] error: expected `,`
[INFO] [stdout]     --> /opt/rustwide/cargo-home/registry/src/github.com-1ecc6299db9ec823/js-sys-0.3.44/src/lib.rs:1795:39
[INFO] [stdout]      |
[INFO] [stdout] 1795 |         #[wasm_bindgen(js_namespace = Math)]
[INFO] [stdout]      |                                       ^^^^
[INFO] [stdout] 
[INFO] [stdout] 
[INFO] [stdout] error: expected `,`
[INFO] [stdout]     --> /opt/rustwide/cargo-home/registry/src/github.com-1ecc6299db9ec823/js-sys-0.3.44/src/lib.rs:1802:39
[INFO] [stdout]      |
[INFO] [stdout] 1802 |         #[wasm_bindgen(js_namespace = Math)]
[INFO] [stdout]      |                                       ^^^^
[INFO] [stdout] 
[INFO] [stdout] 
[INFO] [stdout] error: expected `,`
[INFO] [stdout]     --> /opt/rustwide/cargo-home/registry/src/github.com-1ecc6299db9ec823/js-sys-0.3.44/src/lib.rs:2758:39
[INFO] [stdout]      |
[INFO] [stdout] 2758 |         #[wasm_bindgen(js_namespace = Reflect, catch)]
[INFO] [stdout]      |                                       ^^^^^^^
[INFO] [stdout] 
[INFO] [stdout] 
[INFO] [stdout] error: expected `,`
[INFO] [stdout]     --> /opt/rustwide/cargo-home/registry/src/github.com-1ecc6299db9ec823/js-sys-0.3.44/src/lib.rs:2770:39
[INFO] [stdout]      |
[INFO] [stdout] 2770 |         #[wasm_bindgen(js_namespace = Reflect, catch)]
[INFO] [stdout]      |                                       ^^^^^^^
[INFO] [stdout] 
[INFO] [stdout] 
[INFO] [stdout] error: expected `,`
[INFO] [stdout]     --> /opt/rustwide/cargo-home/registry/src/github.com-1ecc6299db9ec823/js-sys-0.3.44/src/lib.rs:2778:39
[INFO] [stdout]      |
[INFO] [stdout] 2778 |         #[wasm_bindgen(js_namespace = Reflect, js_name = construct, catch)]
[INFO] [stdout]      |                                       ^^^^^^^
[INFO] [stdout] 
[INFO] [stdout] 
[INFO] [stdout] error: expected `,`
[INFO] [stdout]     --> /opt/rustwide/cargo-home/registry/src/github.com-1ecc6299db9ec823/js-sys-0.3.44/src/lib.rs:2789:39
[INFO] [stdout]      |
[INFO] [stdout] 2789 |         #[wasm_bindgen(js_namespace = Reflect, js_name = defineProperty, catch)]
[INFO] [stdout]      |                                       ^^^^^^^
[INFO] [stdout] 
[INFO] [stdout] 
[INFO] [stdout] error: expected `,`
[INFO] [stdout]     --> /opt/rustwide/cargo-home/registry/src/github.com-1ecc6299db9ec823/js-sys-0.3.44/src/lib.rs:2800:39
[INFO] [stdout]      |
[INFO] [stdout] 2800 |         #[wasm_bindgen(js_namespace = Reflect, js_name = deleteProperty, catch)]
[INFO] [stdout]      |                                       ^^^^^^^
[INFO] [stdout] 
[INFO] [stdout] 
[INFO] [stdout] error: expected `,`
[INFO] [stdout]     --> /opt/rustwide/cargo-home/registry/src/github.com-1ecc6299db9ec823/js-sys-0.3.44/src/lib.rs:2807:39
[INFO] [stdout]      |
[INFO] [stdout] 2807 |         #[wasm_bindgen(js_namespace = Reflect, catch)]
[INFO] [stdout]      |                                       ^^^^^^^
[INFO] [stdout] 
[INFO] [stdout] 
[INFO] [stdout] error: expected `,`
[INFO] [stdout]     --> /opt/rustwide/cargo-home/registry/src/github.com-1ecc6299db9ec823/js-sys-0.3.44/src/lib.rs:2812:39
[INFO] [stdout]      |
[INFO] [stdout] 2812 |         #[wasm_bindgen(js_namespace = Reflect, js_name = "get", catch)]
[INFO] [stdout]      |                                       ^^^^^^^
[INFO] [stdout] 
[INFO] [stdout] 
[INFO] [stdout] error: expected `,`
[INFO] [stdout]     --> /opt/rustwide/cargo-home/registry/src/github.com-1ecc6299db9ec823/js-sys-0.3.44/src/lib.rs:2817:39
[INFO] [stdout]      |
[INFO] [stdout] 2817 |         #[wasm_bindgen(js_namespace = Reflect, js_name = "get", catch)]
[INFO] [stdout]      |                                       ^^^^^^^
[INFO] [stdout] 
[INFO] [stdout] 
[INFO] [stdout] error: expected `,`
[INFO] [stdout]     --> /opt/rustwide/cargo-home/registry/src/github.com-1ecc6299db9ec823/js-sys-0.3.44/src/lib.rs:2825:39
[INFO] [stdout]      |
[INFO] [stdout] 2825 |         #[wasm_bindgen(js_namespace = Reflect, js_name = getOwnPropertyDescriptor, catch)]
[INFO] [stdout]      |                                       ^^^^^^^
[INFO] [stdout] 
[INFO] [stdout] 
[INFO] [stdout] error: expected `,`
[INFO] [stdout]     --> /opt/rustwide/cargo-home/registry/src/github.com-1ecc6299db9ec823/js-sys-0.3.44/src/lib.rs:2837:39
[INFO] [stdout]      |
[INFO] [stdout] 2837 |         #[wasm_bindgen(js_namespace = Reflect, js_name = getPrototypeOf, catch)]
[INFO] [stdout]      |                                       ^^^^^^^
[INFO] [stdout] 
[INFO] [stdout] 
[INFO] [stdout] error: expected `,`
[INFO] [stdout]     --> /opt/rustwide/cargo-home/registry/src/github.com-1ecc6299db9ec823/js-sys-0.3.44/src/lib.rs:2844:39
[INFO] [stdout]      |
[INFO] [stdout] 2844 |         #[wasm_bindgen(js_namespace = Reflect, catch)]
[INFO] [stdout]      |                                       ^^^^^^^
[INFO] [stdout] 
[INFO] [stdout] 
[INFO] [stdout] error: expected `,`
[INFO] [stdout]     --> /opt/rustwide/cargo-home/registry/src/github.com-1ecc6299db9ec823/js-sys-0.3.44/src/lib.rs:2852:39
[INFO] [stdout]      |
[INFO] [stdout] 2852 |         #[wasm_bindgen(js_namespace = Reflect, js_name = isExtensible, catch)]
[INFO] [stdout]      |                                       ^^^^^^^
[INFO] [stdout] 
[INFO] [stdout] 
[INFO] [stdout] error: expected `,`
[INFO] [stdout]     --> /opt/rustwide/cargo-home/registry/src/github.com-1ecc6299db9ec823/js-sys-0.3.44/src/lib.rs:2859:39
[INFO] [stdout]      |
[INFO] [stdout] 2859 |         #[wasm_bindgen(js_namespace = Reflect, js_name = ownKeys, catch)]
[INFO] [stdout]      |                                       ^^^^^^^
[INFO] [stdout] 
[INFO] [stdout] 
[INFO] [stdout] error: expected `,`
[INFO] [stdout]     --> /opt/rustwide/cargo-home/registry/src/github.com-1ecc6299db9ec823/js-sys-0.3.44/src/lib.rs:2868:39
[INFO] [stdout]      |
[INFO] [stdout] 2868 |         #[wasm_bindgen(js_namespace = Reflect, js_name = preventExtensions, catch)]
[INFO] [stdout]      |                                       ^^^^^^^
[INFO] [stdout] 
[INFO] [stdout] 
[INFO] [stdout] error: expected `,`
[INFO] [stdout]     --> /opt/rustwide/cargo-home/registry/src/github.com-1ecc6299db9ec823/js-sys-0.3.44/src/lib.rs:2875:39
[INFO] [stdout]      |
[INFO] [stdout] 2875 |         #[wasm_bindgen(js_namespace = Reflect, catch)]
[INFO] [stdout]      |                                       ^^^^^^^
[INFO] [stdout] 
[INFO] [stdout] 
[INFO] [stdout] error: expected `,`
[INFO] [stdout]     --> /opt/rustwide/cargo-home/registry/src/github.com-1ecc6299db9ec823/js-sys-0.3.44/src/lib.rs:2884:39
[INFO] [stdout]      |
[INFO] [stdout] 2884 |         #[wasm_bindgen(js_namespace = Reflect, js_name = "set", catch)]
[INFO] [stdout]      |                                       ^^^^^^^
[INFO] [stdout] 
[INFO] [stdout] 
[INFO] [stdout] error: expected `,`
[INFO] [stdout]     --> /opt/rustwide/cargo-home/registry/src/github.com-1ecc6299db9ec823/js-sys-0.3.44/src/lib.rs:2893:39
[INFO] [stdout]      |
[INFO] [stdout] 2893 |         #[wasm_bindgen(js_namespace = Reflect, js_name = "set", catch)]
[INFO] [stdout]      |                                       ^^^^^^^
[INFO] [stdout] 
[INFO] [stdout] 
[INFO] [stdout] error: expected `,`
[INFO] [stdout]     --> /opt/rustwide/cargo-home/registry/src/github.com-1ecc6299db9ec823/js-sys-0.3.44/src/lib.rs:2904:39
[INFO] [stdout]      |
[INFO] [stdout] 2904 |         #[wasm_bindgen(js_namespace = Reflect, js_name = set, catch)]
[INFO] [stdout]      |                                       ^^^^^^^
[INFO] [stdout] 
[INFO] [stdout] 
[INFO] [stdout] error: expected `,`
[INFO] [stdout]     --> /opt/rustwide/cargo-home/registry/src/github.com-1ecc6299db9ec823/js-sys-0.3.44/src/lib.rs:2918:39
[INFO] [stdout]      |
[INFO] [stdout] 2918 |         #[wasm_bindgen(js_namespace = Reflect, js_name = setPrototypeOf, catch)]
[INFO] [stdout]      |                                       ^^^^^^^
[INFO] [stdout] 
[INFO] [stdout] 
[INFO] [stdout] error: expected `,`
[INFO] [stdout]     --> /opt/rustwide/cargo-home/registry/src/github.com-1ecc6299db9ec823/js-sys-0.3.44/src/lib.rs:3335:39
[INFO] [stdout]      |
[INFO] [stdout] 3335 |         #[wasm_bindgen(js_namespace = WebAssembly)]
[INFO] [stdout]      |                                       ^^^^^^^^^^^
[INFO] [stdout] 
[INFO] [stdout] 
[INFO] [stdout] error: expected `,`
[INFO] [stdout]     --> /opt/rustwide/cargo-home/registry/src/github.com-1ecc6299db9ec823/js-sys-0.3.44/src/lib.rs:3342:39
[INFO] [stdout]      |
[INFO] [stdout] 3342 |         #[wasm_bindgen(js_namespace = WebAssembly, js_name = instantiate)]
[INFO] [stdout]      |                                       ^^^^^^^^^^^
[INFO] [stdout] 
[INFO] [stdout] 
[INFO] [stdout] error: expected `,`
[INFO] [stdout]     --> /opt/rustwide/cargo-home/registry/src/github.com-1ecc6299db9ec823/js-sys-0.3.44/src/lib.rs:3349:39
[INFO] [stdout]      |
[INFO] [stdout] 3349 |         #[wasm_bindgen(js_namespace = WebAssembly, js_name = instantiate)]
[INFO] [stdout]      |                                       ^^^^^^^^^^^
[INFO] [stdout] 
[INFO] [stdout] 
[INFO] [stdout] error: expected `,`
[INFO] [stdout]     --> /opt/rustwide/cargo-home/registry/src/github.com-1ecc6299db9ec823/js-sys-0.3.44/src/lib.rs:3358:39
[INFO] [stdout]      |
[INFO] [stdout] 3358 |         #[wasm_bindgen(js_namespace = WebAssembly, js_name = instantiateStreaming)]
[INFO] [stdout]      |                                       ^^^^^^^^^^^
[INFO] [stdout] 
[INFO] [stdout] 
[INFO] [stdout] error: expected `,`
[INFO] [stdout]     --> /opt/rustwide/cargo-home/registry/src/github.com-1ecc6299db9ec823/js-sys-0.3.44/src/lib.rs:3366:39
[INFO] [stdout]      |
[INFO] [stdout] 3366 |         #[wasm_bindgen(js_namespace = WebAssembly, catch)]
[INFO] [stdout]      |                                       ^^^^^^^^^^^
[INFO] [stdout] 
[INFO] [stdout] 
[INFO] [stdout] error: expected `,`
[INFO] [stdout]     --> /opt/rustwide/cargo-home/registry/src/github.com-1ecc6299db9ec823/js-sys-0.3.44/src/lib.rs:3378:56
[INFO] [stdout]      |
[INFO] [stdout] 3378 |         #[wasm_bindgen(extends = Error, js_namespace = WebAssembly, typescript_type = "WebAssembly.CompileError")]
[INFO] [stdout]      |                                                        ^^^^^^^^^^^
[INFO] [stdout] 
[INFO] [stdout] 
[INFO] [stdout] error: expected `,`
[INFO] [stdout]     --> /opt/rustwide/cargo-home/registry/src/github.com-1ecc6299db9ec823/js-sys-0.3.44/src/lib.rs:3387:52
[INFO] [stdout]      |
[INFO] [stdout] 3387 |         #[wasm_bindgen(constructor, js_namespace = WebAssembly)]
[INFO] [stdout]      |                                                    ^^^^^^^^^^^
[INFO] [stdout] 
[INFO] [stdout] 
[INFO] [stdout] error: expected `,`
[INFO] [stdout]     --> /opt/rustwide/cargo-home/registry/src/github.com-1ecc6299db9ec823/js-sys-0.3.44/src/lib.rs:3400:57
[INFO] [stdout]      |
[INFO] [stdout] 3400 |         #[wasm_bindgen(extends = Object, js_namespace = WebAssembly, typescript_type = "WebAssembly.Instance")]
[INFO] [stdout]      |                                                         ^^^^^^^^^^^
[INFO] [stdout] 
[INFO] [stdout] 
[INFO] [stdout] error: expected `,`
[INFO] [stdout]     --> /opt/rustwide/cargo-home/registry/src/github.com-1ecc6299db9ec823/js-sys-0.3.44/src/lib.rs:3410:59
[INFO] [stdout]      |
[INFO] [stdout] 3410 |         #[wasm_bindgen(catch, constructor, js_namespace = WebAssembly)]
[INFO] [stdout]      |                                                           ^^^^^^^^^^^
[INFO] [stdout] 
[INFO] [stdout] 
[INFO] [stdout] error: expected `,`
[INFO] [stdout]     --> /opt/rustwide/cargo-home/registry/src/github.com-1ecc6299db9ec823/js-sys-0.3.44/src/lib.rs:3419:55
[INFO] [stdout]      |
[INFO] [stdout] 3419 |         #[wasm_bindgen(getter, method, js_namespace = WebAssembly)]
[INFO] [stdout]      |                                                       ^^^^^^^^^^^
[INFO] [stdout] 
[INFO] [stdout] 
[INFO] [stdout] error: expected `,`
[INFO] [stdout]     --> /opt/rustwide/cargo-home/registry/src/github.com-1ecc6299db9ec823/js-sys-0.3.44/src/lib.rs:3431:56
[INFO] [stdout]      |
[INFO] [stdout] 3431 |         #[wasm_bindgen(extends = Error, js_namespace = WebAssembly, typescript_type = "WebAssembly.LinkError")]
[INFO] [stdout]      |                                                        ^^^^^^^^^^^
[INFO] [stdout] 
[INFO] [stdout] 
[INFO] [stdout] error: expected `,`
[INFO] [stdout]     --> /opt/rustwide/cargo-home/registry/src/github.com-1ecc6299db9ec823/js-sys-0.3.44/src/lib.rs:3440:52
[INFO] [stdout]      |
[INFO] [stdout] 3440 |         #[wasm_bindgen(constructor, js_namespace = WebAssembly)]
[INFO] [stdout]      |                                                    ^^^^^^^^^^^
[INFO] [stdout] 
[INFO] [stdout] 
[INFO] [stdout] error: expected `,`
[INFO] [stdout]     --> /opt/rustwide/cargo-home/registry/src/github.com-1ecc6299db9ec823/js-sys-0.3.44/src/lib.rs:3452:56
[INFO] [stdout]      |
[INFO] [stdout] 3452 |         #[wasm_bindgen(extends = Error, js_namespace = WebAssembly, typescript_type = "WebAssembly.RuntimeError")]
[INFO] [stdout]      |                                                        ^^^^^^^^^^^
[INFO] [stdout] 
[INFO] [stdout] 
[INFO] [stdout] error: expected `,`
[INFO] [stdout]     --> /opt/rustwide/cargo-home/registry/src/github.com-1ecc6299db9ec823/js-sys-0.3.44/src/lib.rs:3461:52
[INFO] [stdout]      |
[INFO] [stdout] 3461 |         #[wasm_bindgen(constructor, js_namespace = WebAssembly)]
[INFO] [stdout]      |                                                    ^^^^^^^^^^^
[INFO] [stdout] 
[INFO] [stdout] 
[INFO] [stdout] error: expected `,`
[INFO] [stdout]     --> /opt/rustwide/cargo-home/registry/src/github.com-1ecc6299db9ec823/js-sys-0.3.44/src/lib.rs:3473:39
[INFO] [stdout]      |
[INFO] [stdout] 3473 |         #[wasm_bindgen(js_namespace = WebAssembly, extends = Object, typescript_type = "WebAssembly.Module")]
[INFO] [stdout]      |                                       ^^^^^^^^^^^
[INFO] [stdout] 
[INFO] [stdout] 
[INFO] [stdout] error: expected `,`
[INFO] [stdout]     --> /opt/rustwide/cargo-home/registry/src/github.com-1ecc6299db9ec823/js-sys-0.3.44/src/lib.rs:3482:52
[INFO] [stdout]      |
[INFO] [stdout] 3482 |         #[wasm_bindgen(constructor, js_namespace = WebAssembly, catch)]
[INFO] [stdout]      |                                                    ^^^^^^^^^^^
[INFO] [stdout] 
[INFO] [stdout] 
[INFO] [stdout] error: expected `,`
[INFO] [stdout]     --> /opt/rustwide/cargo-home/registry/src/github.com-1ecc6299db9ec823/js-sys-0.3.44/src/lib.rs:3490:66
[INFO] [stdout]      |
[INFO] [stdout] 3490 |         #[wasm_bindgen(static_method_of = Module, js_namespace = WebAssembly, js_name = customSections)]
[INFO] [stdout]      |                                                                  ^^^^^^^^^^^
[INFO] [stdout] 
[INFO] [stdout] 
[INFO] [stdout] error: expected `,`
[INFO] [stdout]     --> /opt/rustwide/cargo-home/registry/src/github.com-1ecc6299db9ec823/js-sys-0.3.44/src/lib.rs:3497:66
[INFO] [stdout]      |
[INFO] [stdout] 3497 |         #[wasm_bindgen(static_method_of = Module, js_namespace = WebAssembly)]
[INFO] [stdout]      |                                                                  ^^^^^^^^^^^
[INFO] [stdout] 
[INFO] [stdout] 
[INFO] [stdout] error: expected `,`
[INFO] [stdout]     --> /opt/rustwide/cargo-home/registry/src/github.com-1ecc6299db9ec823/js-sys-0.3.44/src/lib.rs:3504:66
[INFO] [stdout]      |
[INFO] [stdout] 3504 |         #[wasm_bindgen(static_method_of = Module, js_namespace = WebAssembly)]
[INFO] [stdout]      |                                                                  ^^^^^^^^^^^
[INFO] [stdout] 
[INFO] [stdout] 
[INFO] [stdout] error: expected `,`
[INFO] [stdout]     --> /opt/rustwide/cargo-home/registry/src/github.com-1ecc6299db9ec823/js-sys-0.3.44/src/lib.rs:3515:39
[INFO] [stdout]      |
[INFO] [stdout] 3515 |         #[wasm_bindgen(js_namespace = WebAssembly, extends = Object, typescript_type = "WebAssembly.Table")]
[INFO] [stdout]      |                                       ^^^^^^^^^^^
[INFO] [stdout] 
[INFO] [stdout] 
[INFO] [stdout] error: expected `,`
[INFO] [stdout]     --> /opt/rustwide/cargo-home/registry/src/github.com-1ecc6299db9ec823/js-sys-0.3.44/src/lib.rs:3523:52
[INFO] [stdout]      |
[INFO] [stdout] 3523 |         #[wasm_bindgen(constructor, js_namespace = WebAssembly, catch)]
[INFO] [stdout]      |                                                    ^^^^^^^^^^^
[INFO] [stdout] 
[INFO] [stdout] 
[INFO] [stdout] error: expected `,`
[INFO] [stdout]     --> /opt/rustwide/cargo-home/registry/src/github.com-1ecc6299db9ec823/js-sys-0.3.44/src/lib.rs:3531:55
[INFO] [stdout]      |
[INFO] [stdout] 3531 |         #[wasm_bindgen(method, getter, js_namespace = WebAssembly)]
[INFO] [stdout]      |                                                       ^^^^^^^^^^^
[INFO] [stdout] 
[INFO] [stdout] 
[INFO] [stdout] error: expected `,`
[INFO] [stdout]     --> /opt/rustwide/cargo-home/registry/src/github.com-1ecc6299db9ec823/js-sys-0.3.44/src/lib.rs:3538:54
[INFO] [stdout]      |
[INFO] [stdout] 3538 |         #[wasm_bindgen(method, catch, js_namespace = WebAssembly)]
[INFO] [stdout]      |                                                      ^^^^^^^^^^^
[INFO] [stdout] 
[INFO] [stdout] 
[INFO] [stdout] error: expected `,`
[INFO] [stdout]     --> /opt/rustwide/cargo-home/registry/src/github.com-1ecc6299db9ec823/js-sys-0.3.44/src/lib.rs:3546:54
[INFO] [stdout]      |
[INFO] [stdout] 3546 |         #[wasm_bindgen(method, catch, js_namespace = WebAssembly)]
[INFO] [stdout]      |                                                      ^^^^^^^^^^^
[INFO] [stdout] 
[INFO] [stdout] 
[INFO] [stdout] error: expected `,`
[INFO] [stdout]     --> /opt/rustwide/cargo-home/registry/src/github.com-1ecc6299db9ec823/js-sys-0.3.44/src/lib.rs:3553:54
[INFO] [stdout]      |
[INFO] [stdout] 3553 |         #[wasm_bindgen(method, catch, js_namespace = WebAssembly)]
[INFO] [stdout]      |                                                      ^^^^^^^^^^^
[INFO] [stdout] 
[INFO] [stdout] 
[INFO] [stdout] error: expected `,`
[INFO] [stdout]     --> /opt/rustwide/cargo-home/registry/src/github.com-1ecc6299db9ec823/js-sys-0.3.44/src/lib.rs:3561:39
[INFO] [stdout]      |
[INFO] [stdout] 3561 |         #[wasm_bindgen(js_namespace = WebAssembly, extends = Object, typescript_type = "WebAssembly.Memory")]
[INFO] [stdout]      |                                       ^^^^^^^^^^^
[INFO] [stdout] 
[INFO] [stdout] 
[INFO] [stdout] error: expected `,`
[INFO] [stdout]     --> /opt/rustwide/cargo-home/registry/src/github.com-1ecc6299db9ec823/js-sys-0.3.44/src/lib.rs:3573:52
[INFO] [stdout]      |
[INFO] [stdout] 3573 |         #[wasm_bindgen(constructor, js_namespace = WebAssembly, catch)]
[INFO] [stdout]      |                                                    ^^^^^^^^^^^
[INFO] [stdout] 
[INFO] [stdout] 
[INFO] [stdout] error: expected `,`
[INFO] [stdout]     --> /opt/rustwide/cargo-home/registry/src/github.com-1ecc6299db9ec823/js-sys-0.3.44/src/lib.rs:3580:55
[INFO] [stdout]      |
[INFO] [stdout] 3580 |         #[wasm_bindgen(method, getter, js_namespace = WebAssembly)]
[INFO] [stdout]      |                                                       ^^^^^^^^^^^
[INFO] [stdout] 
[INFO] [stdout] 
[INFO] [stdout] error: expected `,`
[INFO] [stdout]     --> /opt/rustwide/cargo-home/registry/src/github.com-1ecc6299db9ec823/js-sys-0.3.44/src/lib.rs:3591:47
[INFO] [stdout]      |
[INFO] [stdout] 3591 |         #[wasm_bindgen(method, js_namespace = WebAssembly)]
[INFO] [stdout]      |                                               ^^^^^^^^^^^
[INFO] [stdout] 
[INFO] [stdout] 
[INFO] [stdout] error: expected `,`
[INFO] [stdout]     --> /opt/rustwide/cargo-home/registry/src/github.com-1ecc6299db9ec823/js-sys-0.3.44/src/lib.rs:3611:46
[INFO] [stdout]      |
[INFO] [stdout] 3611 |         #[wasm_bindgen(catch, js_namespace = JSON)]
[INFO] [stdout]      |                                              ^^^^
[INFO] [stdout] 
[INFO] [stdout] 
[INFO] [stdout] error: expected `,`
[INFO] [stdout]     --> /opt/rustwide/cargo-home/registry/src/github.com-1ecc6299db9ec823/js-sys-0.3.44/src/lib.rs:3617:46
[INFO] [stdout]      |
[INFO] [stdout] 3617 |         #[wasm_bindgen(catch, js_namespace = JSON)]
[INFO] [stdout]      |                                              ^^^^
[INFO] [stdout] 
[INFO] [stdout] 
[INFO] [stdout] error: expected `,`
[INFO] [stdout]     --> /opt/rustwide/cargo-home/registry/src/github.com-1ecc6299db9ec823/js-sys-0.3.44/src/lib.rs:3629:46
[INFO] [stdout]      |
[INFO] [stdout] 3629 |         #[wasm_bindgen(catch, js_namespace = JSON, js_name = stringify)]
[INFO] [stdout]      |                                              ^^^^
[INFO] [stdout] 
[INFO] [stdout] 
[INFO] [stdout] error: expected `,`
[INFO] [stdout]     --> /opt/rustwide/cargo-home/registry/src/github.com-1ecc6299db9ec823/js-sys-0.3.44/src/lib.rs:3653:46
[INFO] [stdout]      |
[INFO] [stdout] 3653 |         #[wasm_bindgen(catch, js_namespace = JSON, js_name = stringify)]
[INFO] [stdout]      |                                              ^^^^
[INFO] [stdout] 
[INFO] [stdout] 
[INFO] [stdout] error: expected `,`
[INFO] [stdout]     --> /opt/rustwide/cargo-home/registry/src/github.com-1ecc6299db9ec823/js-sys-0.3.44/src/lib.rs:4413:70
[INFO] [stdout]      |
[INFO] [stdout] 4413 |         #[wasm_bindgen(js_name = getCanonicalLocales, js_namespace = Intl)]
[INFO] [stdout]      |                                                                      ^^^^
[INFO] [stdout] 
[INFO] [stdout] 
[INFO] [stdout] error: expected `,`
[INFO] [stdout]     --> /opt/rustwide/cargo-home/registry/src/github.com-1ecc6299db9ec823/js-sys-0.3.44/src/lib.rs:4424:57
[INFO] [stdout]      |
[INFO] [stdout] 4424 |         #[wasm_bindgen(extends = Object, js_namespace = Intl, typescript_type = "Intl.Collator")]
[INFO] [stdout]      |                                                         ^^^^
[INFO] [stdout] 
[INFO] [stdout] 
[INFO] [stdout] error: expected `,`
[INFO] [stdout]     --> /opt/rustwide/cargo-home/registry/src/github.com-1ecc6299db9ec823/js-sys-0.3.44/src/lib.rs:4432:52
[INFO] [stdout]      |
[INFO] [stdout] 4432 |         #[wasm_bindgen(constructor, js_namespace = Intl)]
[INFO] [stdout]      |                                                    ^^^^
[INFO] [stdout] 
[INFO] [stdout] 
[INFO] [stdout] error: expected `,`
[INFO] [stdout]     --> /opt/rustwide/cargo-home/registry/src/github.com-1ecc6299db9ec823/js-sys-0.3.44/src/lib.rs:4448:47
[INFO] [stdout]      |
[INFO] [stdout] 4448 |         #[wasm_bindgen(method, js_namespace = Intl, js_name = resolvedOptions)]
[INFO] [stdout]      |                                               ^^^^
[INFO] [stdout] 
[INFO] [stdout] 
[INFO] [stdout] error: expected `,`
[INFO] [stdout]     --> /opt/rustwide/cargo-home/registry/src/github.com-1ecc6299db9ec823/js-sys-0.3.44/src/lib.rs:4457:68
[INFO] [stdout]      |
[INFO] [stdout] 4457 |         #[wasm_bindgen(static_method_of = Collator, js_namespace = Intl, js_name = supportedLocalesOf)]
[INFO] [stdout]      |                                                                    ^^^^
[INFO] [stdout] 
[INFO] [stdout] 
[INFO] [stdout] error: expected `,`
[INFO] [stdout]     --> /opt/rustwide/cargo-home/registry/src/github.com-1ecc6299db9ec823/js-sys-0.3.44/src/lib.rs:4468:57
[INFO] [stdout]      |
[INFO] [stdout] 4468 |         #[wasm_bindgen(extends = Object, js_namespace = Intl, typescript_type = "Intl.DateTimeFormat")]
[INFO] [stdout]      |                                                         ^^^^
[INFO] [stdout] 
[INFO] [stdout] 
[INFO] [stdout] error: expected `,`
[INFO] [stdout]     --> /opt/rustwide/cargo-home/registry/src/github.com-1ecc6299db9ec823/js-sys-0.3.44/src/lib.rs:4476:52
[INFO] [stdout]      |
[INFO] [stdout] 4476 |         #[wasm_bindgen(constructor, js_namespace = Intl)]
[INFO] [stdout]      |                                                    ^^^^
[INFO] [stdout] 
[INFO] [stdout] 
[INFO] [stdout] error: expected `,`
[INFO] [stdout]     --> /opt/rustwide/cargo-home/registry/src/github.com-1ecc6299db9ec823/js-sys-0.3.44/src/lib.rs:4499:47
[INFO] [stdout]      |
[INFO] [stdout] 4499 |         #[wasm_bindgen(method, js_namespace = Intl, js_name = resolvedOptions)]
[INFO] [stdout]      |                                               ^^^^
[INFO] [stdout] 
[INFO] [stdout] 
[INFO] [stdout] error: expected `,`
[INFO] [stdout]     --> /opt/rustwide/cargo-home/registry/src/github.com-1ecc6299db9ec823/js-sys-0.3.44/src/lib.rs:4508:74
[INFO] [stdout]      |
[INFO] [stdout] 4508 |         #[wasm_bindgen(static_method_of = DateTimeFormat, js_namespace = Intl, js_name = supportedLocalesOf)]
[INFO] [stdout]      |                                                                          ^^^^
[INFO] [stdout] 
[INFO] [stdout] 
[INFO] [stdout] error: expected `,`
[INFO] [stdout]     --> /opt/rustwide/cargo-home/registry/src/github.com-1ecc6299db9ec823/js-sys-0.3.44/src/lib.rs:4519:57
[INFO] [stdout]      |
[INFO] [stdout] 4519 |         #[wasm_bindgen(extends = Object, js_namespace = Intl, typescript_type = "Intl.NumberFormat")]
[INFO] [stdout]      |                                                         ^^^^
[INFO] [stdout] 
[INFO] [stdout] 
[INFO] [stdout] error: expected `,`
[INFO] [stdout]     --> /opt/rustwide/cargo-home/registry/src/github.com-1ecc6299db9ec823/js-sys-0.3.44/src/lib.rs:4527:52
[INFO] [stdout]      |
[INFO] [stdout] 4527 |         #[wasm_bindgen(constructor, js_namespace = Intl)]
[INFO] [stdout]      |                                                    ^^^^
[INFO] [stdout] 
[INFO] [stdout] 
[INFO] [stdout] error: expected `,`
[INFO] [stdout]     --> /opt/rustwide/cargo-home/registry/src/github.com-1ecc6299db9ec823/js-sys-0.3.44/src/lib.rs:4550:47
[INFO] [stdout]      |
[INFO] [stdout] 4550 |         #[wasm_bindgen(method, js_namespace = Intl, js_name = resolvedOptions)]
[INFO] [stdout]      |                                               ^^^^
[INFO] [stdout] 
[INFO] [stdout] 
[INFO] [stdout] error: expected `,`
[INFO] [stdout]     --> /opt/rustwide/cargo-home/registry/src/github.com-1ecc6299db9ec823/js-sys-0.3.44/src/lib.rs:4558:72
[INFO] [stdout]      |
[INFO] [stdout] 4558 |         #[wasm_bindgen(static_method_of = NumberFormat, js_namespace = Intl, js_name = supportedLocalesOf)]
[INFO] [stdout]      |                                                                        ^^^^
[INFO] [stdout] 
[INFO] [stdout] 
[INFO] [stdout] error: expected `,`
[INFO] [stdout]     --> /opt/rustwide/cargo-home/registry/src/github.com-1ecc6299db9ec823/js-sys-0.3.44/src/lib.rs:4569:57
[INFO] [stdout]      |
[INFO] [stdout] 4569 |         #[wasm_bindgen(extends = Object, js_namespace = Intl, typescript_type = "Intl.PluralRules")]
[INFO] [stdout]      |                                                         ^^^^
[INFO] [stdout] 
[INFO] [stdout] 
[INFO] [stdout] error: expected `,`
[INFO] [stdout]     --> /opt/rustwide/cargo-home/registry/src/github.com-1ecc6299db9ec823/js-sys-0.3.44/src/lib.rs:4577:52
[INFO] [stdout]      |
[INFO] [stdout] 4577 |         #[wasm_bindgen(constructor, js_namespace = Intl)]
[INFO] [stdout]      |                                                    ^^^^
[INFO] [stdout] 
[INFO] [stdout] 
[INFO] [stdout] error: expected `,`
[INFO] [stdout]     --> /opt/rustwide/cargo-home/registry/src/github.com-1ecc6299db9ec823/js-sys-0.3.44/src/lib.rs:4585:47
[INFO] [stdout]      |
[INFO] [stdout] 4585 |         #[wasm_bindgen(method, js_namespace = Intl, js_name = resolvedOptions)]
[INFO] [stdout]      |                                               ^^^^
[INFO] [stdout] 
[INFO] [stdout] 
[INFO] [stdout] error: expected `,`
[INFO] [stdout]     --> /opt/rustwide/cargo-home/registry/src/github.com-1ecc6299db9ec823/js-sys-0.3.44/src/lib.rs:4592:47
[INFO] [stdout]      |
[INFO] [stdout] 4592 |         #[wasm_bindgen(method, js_namespace = Intl)]
[INFO] [stdout]      |                                               ^^^^
[INFO] [stdout] 
[INFO] [stdout] 
[INFO] [stdout] error: expected `,`
[INFO] [stdout]     --> /opt/rustwide/cargo-home/registry/src/github.com-1ecc6299db9ec823/js-sys-0.3.44/src/lib.rs:4600:71
[INFO] [stdout]      |
[INFO] [stdout] 4600 |         #[wasm_bindgen(static_method_of = PluralRules, js_namespace = Intl, js_name = supportedLocalesOf)]
[INFO] [stdout]      |                                                                       ^^^^
[INFO] [stdout] 
[INFO] [stdout] 
[INFO] [stdout] error[E0425]: cannot find function `get` in module `Reflect`
[INFO] [stdout]     --> /opt/rustwide/cargo-home/registry/src/github.com-1ecc6299db9ec823/js-sys-0.3.44/src/lib.rs:1517:28
[INFO] [stdout]      |
[INFO] [stdout] 1517 |     let iter_fn = Reflect::get(val, iter_sym.as_ref())?;
[INFO] [stdout]      |                            ^^^ not found in `Reflect`
[INFO] [stdout] 
[INFO] [stdout] 
[INFO] [stdout] error[E0412]: cannot find type `Memory` in module `WebAssembly`
[INFO] [stdout]     --> /opt/rustwide/cargo-home/registry/src/github.com-1ecc6299db9ec823/js-sys-0.3.44/src/lib.rs:4926:60
[INFO] [stdout]      |
[INFO] [stdout] 4926 |                   let mem = buf.unchecked_ref::<WebAssembly::Memory>();
[INFO] [stdout]      |                                                              ^^^^^^ not found in `WebAssembly`
[INFO] [stdout] ...
[INFO] [stdout] 5001 | / arrays! {
[INFO] [stdout] 5002 | |     /// `Int8Array()`
[INFO] [stdout] 5003 | |     /// https://developer.mozilla.org/en-US/docs/Web/JavaScript/Reference/Global_Objects/Int8Array
[INFO] [stdout] 5004 | |     Int8Array: i8,
[INFO] [stdout] ...    |
[INFO] [stdout] 5036 | |     Float64Array: f64,
[INFO] [stdout] 5037 | | }
[INFO] [stdout]      | |_- in this macro invocation
[INFO] [stdout]      |
[INFO] [stdout]      = note: this error originates in the macro `arrays` (in Nightly builds, run with -Z macro-backtrace for more info)
[INFO] [stdout] 
[INFO] [stdout] 
[INFO] [stdout] error[E0412]: cannot find type `Memory` in module `WebAssembly`
[INFO] [stdout]     --> /opt/rustwide/cargo-home/registry/src/github.com-1ecc6299db9ec823/js-sys-0.3.44/src/lib.rs:4951:60
[INFO] [stdout]      |
[INFO] [stdout] 4951 |                   let mem = buf.unchecked_ref::<WebAssembly::Memory>();
[INFO] [stdout]      |                                                              ^^^^^^ not found in `WebAssembly`
[INFO] [stdout] ...
[INFO] [stdout] 5001 | / arrays! {
[INFO] [stdout] 5002 | |     /// `Int8Array()`
[INFO] [stdout] 5003 | |     /// https://developer.mozilla.org/en-US/docs/Web/JavaScript/Reference/Global_Objects/Int8Array
[INFO] [stdout] 5004 | |     Int8Array: i8,
[INFO] [stdout] ...    |
[INFO] [stdout] 5036 | |     Float64Array: f64,
[INFO] [stdout] 5037 | | }
[INFO] [stdout]      | |_- in this macro invocation
[INFO] [stdout]      |
[INFO] [stdout]      = note: this error originates in the macro `arrays` (in Nightly builds, run with -Z macro-backtrace for more info)
[INFO] [stdout] 
[INFO] [stdout] 
[INFO] [stdout] error[E0412]: cannot find type `Memory` in module `WebAssembly`
[INFO] [stdout]     --> /opt/rustwide/cargo-home/registry/src/github.com-1ecc6299db9ec823/js-sys-0.3.44/src/lib.rs:4961:60
[INFO] [stdout]      |
[INFO] [stdout] 4961 |                   let mem = buf.unchecked_ref::<WebAssembly::Memory>();
[INFO] [stdout]      |                                                              ^^^^^^ not found in `WebAssembly`
[INFO] [stdout] ...
[INFO] [stdout] 5001 | / arrays! {
[INFO] [stdout] 5002 | |     /// `Int8Array()`
[INFO] [stdout] 5003 | |     /// https://developer.mozilla.org/en-US/docs/Web/JavaScript/Reference/Global_Objects/Int8Array
[INFO] [stdout] 5004 | |     Int8Array: i8,
[INFO] [stdout] ...    |
[INFO] [stdout] 5036 | |     Float64Array: f64,
[INFO] [stdout] 5037 | | }
[INFO] [stdout]      | |_- in this macro invocation
[INFO] [stdout]      |
[INFO] [stdout]      = note: this error originates in the macro `arrays` (in Nightly builds, run with -Z macro-backtrace for more info)
[INFO] [stdout] 
[INFO] [stdout] 
[INFO] [stderr]     Checking git2 v0.13.18
[INFO] [stdout] error: aborting due to 123 previous errors
[INFO] [stdout] 
[INFO] [stdout] 
[INFO] [stdout] Some errors have detailed explanations: E0412, E0425.
[INFO] [stdout] 
[INFO] [stdout] For more information about an error, try `rustc --explain E0412`.
[INFO] [stdout] 
[INFO] [stderr] error: could not compile `js-sys` due to 124 previous errors
[INFO] [stderr] warning: build failed, waiting for other jobs to finish...
[INFO] [stdout] error[E0495]: cannot infer an appropriate lifetime due to conflicting requirements
[INFO] [stdout]   --> /opt/rustwide/cargo-home/registry/src/github.com-1ecc6299db9ec823/git2-0.13.18/src/attr.rs:74:15
[INFO] [stdout]    |
[INFO] [stdout] 74 |         match (self, other) {
[INFO] [stdout]    |               ^^^^^^^^^^^^^
[INFO] [stdout]    |
[INFO] [stdout] note: first, the lifetime cannot outlive the anonymous lifetime defined on the method body at 73:26...
[INFO] [stdout]   --> /opt/rustwide/cargo-home/registry/src/github.com-1ecc6299db9ec823/git2-0.13.18/src/attr.rs:73:26
[INFO] [stdout]    |
[INFO] [stdout] 73 |     fn eq(&self, other: &AttrValue<'_>) -> bool {
[INFO] [stdout]    |                          ^^^^^^^^^^^^^
[INFO] [stdout] note: ...so that the types are compatible
[INFO] [stdout]   --> /opt/rustwide/cargo-home/registry/src/github.com-1ecc6299db9ec823/git2-0.13.18/src/attr.rs:74:15
[INFO] [stdout]    |
[INFO] [stdout] 74 |         match (self, other) {
[INFO] [stdout]    |               ^^^^^^^^^^^^^
[INFO] [stdout]    = note: expected `(&AttrValue<'_>, &AttrValue<'_>)`
[INFO] [stdout]               found `(&AttrValue<'_>, &AttrValue<'_>)`
[INFO] [stdout] note: but, the lifetime must be valid for the lifetime `'_` as defined on the impl at 72:30...
[INFO] [stdout]   --> /opt/rustwide/cargo-home/registry/src/github.com-1ecc6299db9ec823/git2-0.13.18/src/attr.rs:72:30
[INFO] [stdout]    |
[INFO] [stdout] 72 | impl PartialEq for AttrValue<'_> {
[INFO] [stdout]    |                              ^^
[INFO] [stdout] note: ...so that the types are compatible
[INFO] [stdout]   --> /opt/rustwide/cargo-home/registry/src/github.com-1ecc6299db9ec823/git2-0.13.18/src/attr.rs:79:16
[INFO] [stdout]    |
[INFO] [stdout] 79 |             | (Self::Bytes(bytes), AttrValue::String(string)) => string.as_bytes() == *bytes,
[INFO] [stdout]    |                ^^^^^^^^^^^^^^^^^^
[INFO] [stdout]    = note: expected `AttrValue<'_>`
[INFO] [stdout]               found `AttrValue<'_>`
[INFO] [stdout] 
[INFO] [stdout] 
[INFO] [stdout] error: aborting due to previous error
[INFO] [stdout] 
[INFO] [stdout] 
[INFO] [stdout] For more information about this error, try `rustc --explain E0495`.
[INFO] [stdout] 
[INFO] [stderr] error: build failed
[INFO] running `Command { std: "docker" "inspect" "fa43c32eda405c244bfc606053123bcd2a9164513102072a968dca8cde7ef6b4", kill_on_drop: false }`
[INFO] running `Command { std: "docker" "rm" "-f" "fa43c32eda405c244bfc606053123bcd2a9164513102072a968dca8cde7ef6b4", kill_on_drop: false }`
[INFO] [stdout] fa43c32eda405c244bfc606053123bcd2a9164513102072a968dca8cde7ef6b4
