[INFO] cloning repository https://github.com/ruddboii/legendary-goggles
[INFO] running `Command { std: "git" "-c" "credential.helper=" "-c" "credential.helper=/workspace/cargo-home/bin/git-credential-null" "clone" "--bare" "https://github.com/ruddboii/legendary-goggles" "/workspace/cache/git-repos/https%3A%2F%2Fgithub.com%2Fruddboii%2Flegendary-goggles", kill_on_drop: false }`
[INFO] [stderr] Cloning into bare repository '/workspace/cache/git-repos/https%3A%2F%2Fgithub.com%2Fruddboii%2Flegendary-goggles'...
[INFO] running `Command { std: "git" "rev-parse" "HEAD", kill_on_drop: false }`
[INFO] [stdout] 45063f79c270a985ec31cca23c48f7934cb49b92
[INFO] checking ruddboii/legendary-goggles against 1.55.0 for beta-1.56-3
[INFO] running `Command { std: "git" "clone" "/workspace/cache/git-repos/https%3A%2F%2Fgithub.com%2Fruddboii%2Flegendary-goggles" "/workspace/builds/worker-9/source", kill_on_drop: false }`
[INFO] [stderr] Cloning into '/workspace/builds/worker-9/source'...
[INFO] [stderr] done.
[INFO] validating manifest of git repo https://github.com/ruddboii/legendary-goggles on toolchain 1.55.0
[INFO] running `Command { std: "/workspace/cargo-home/bin/cargo" "+1.55.0" "metadata" "--manifest-path" "Cargo.toml" "--no-deps", kill_on_drop: false }`
[INFO] started tweaking git repo https://github.com/ruddboii/legendary-goggles
[INFO] finished tweaking git repo https://github.com/ruddboii/legendary-goggles
[INFO] tweaked toml for git repo https://github.com/ruddboii/legendary-goggles written to /workspace/builds/worker-9/source/Cargo.toml
[INFO] crate git repo https://github.com/ruddboii/legendary-goggles already has a lockfile, it will not be regenerated
[INFO] running `Command { std: "/workspace/cargo-home/bin/cargo" "+1.55.0" "fetch" "--manifest-path" "Cargo.toml", kill_on_drop: false }`
[INFO] [stderr]     Blocking waiting for file lock on package cache
[INFO] [stderr]     Blocking waiting for file lock on package cache
[INFO] running `Command { std: "docker" "create" "-v" "/var/lib/crater-agent-workspace/builds/worker-9/target:/opt/rustwide/target:rw,Z" "-v" "/var/lib/crater-agent-workspace/builds/worker-9/source:/opt/rustwide/workdir:ro,Z" "-v" "/var/lib/crater-agent-workspace/cargo-home:/opt/rustwide/cargo-home:ro,Z" "-v" "/var/lib/crater-agent-workspace/rustup-home:/opt/rustwide/rustup-home:ro,Z" "-e" "SOURCE_DIR=/opt/rustwide/workdir" "-e" "CARGO_TARGET_DIR=/opt/rustwide/target" "-e" "CARGO_HOME=/opt/rustwide/cargo-home" "-e" "RUSTUP_HOME=/opt/rustwide/rustup-home" "-w" "/opt/rustwide/workdir" "-m" "1610612736" "--user" "0:0" "--network" "none" "ghcr.io/rust-lang/crates-build-env/linux@sha256:a89201d6b5b9fd45c15d5952ece0a0129e7e80cb26ec023fd59cf09bc26f1604" "/opt/rustwide/cargo-home/bin/cargo" "+1.55.0" "metadata" "--no-deps" "--format-version=1", kill_on_drop: false }`
[INFO] [stdout] c561e6fe1bfa1a379ec4470e26c444a705e0c1e23cd31d9e5ab34aaf886ffa06
[INFO] [stderr] WARNING: Your kernel does not support swap limit capabilities or the cgroup is not mounted. Memory limited without swap.
[INFO] running `Command { std: "docker" "start" "-a" "c561e6fe1bfa1a379ec4470e26c444a705e0c1e23cd31d9e5ab34aaf886ffa06", kill_on_drop: false }`
[INFO] running `Command { std: "docker" "inspect" "c561e6fe1bfa1a379ec4470e26c444a705e0c1e23cd31d9e5ab34aaf886ffa06", kill_on_drop: false }`
[INFO] running `Command { std: "docker" "rm" "-f" "c561e6fe1bfa1a379ec4470e26c444a705e0c1e23cd31d9e5ab34aaf886ffa06", kill_on_drop: false }`
[INFO] [stdout] c561e6fe1bfa1a379ec4470e26c444a705e0c1e23cd31d9e5ab34aaf886ffa06
[INFO] running `Command { std: "docker" "create" "-v" "/var/lib/crater-agent-workspace/builds/worker-9/target:/opt/rustwide/target:rw,Z" "-v" "/var/lib/crater-agent-workspace/builds/worker-9/source:/opt/rustwide/workdir:ro,Z" "-v" "/var/lib/crater-agent-workspace/cargo-home:/opt/rustwide/cargo-home:ro,Z" "-v" "/var/lib/crater-agent-workspace/rustup-home:/opt/rustwide/rustup-home:ro,Z" "-e" "SOURCE_DIR=/opt/rustwide/workdir" "-e" "CARGO_TARGET_DIR=/opt/rustwide/target" "-e" "CARGO_INCREMENTAL=0" "-e" "RUST_BACKTRACE=full" "-e" "RUSTFLAGS=--cap-lints=warn" "-e" "CARGO_HOME=/opt/rustwide/cargo-home" "-e" "RUSTUP_HOME=/opt/rustwide/rustup-home" "-w" "/opt/rustwide/workdir" "-m" "1610612736" "--user" "0:0" "--network" "none" "ghcr.io/rust-lang/crates-build-env/linux@sha256:a89201d6b5b9fd45c15d5952ece0a0129e7e80cb26ec023fd59cf09bc26f1604" "/opt/rustwide/cargo-home/bin/cargo" "+1.55.0" "check" "--frozen" "--all" "--all-targets" "--message-format=json", kill_on_drop: false }`
[INFO] [stdout] cc5817fae14622789f7e889497c9aa7271a22cb4b6924685f87198bf3c4ce783
[INFO] [stderr] WARNING: Your kernel does not support swap limit capabilities or the cgroup is not mounted. Memory limited without swap.
[INFO] running `Command { std: "docker" "start" "-a" "cc5817fae14622789f7e889497c9aa7271a22cb4b6924685f87198bf3c4ce783", kill_on_drop: false }`
[INFO] [stderr]     Blocking waiting for file lock on package cache
[INFO] [stderr]    Compiling serde_json v1.0.66
[INFO] [stderr]    Compiling parity-util-mem v0.10.0
[INFO] [stderr]     Checking sp-std v4.0.0-dev (https://github.com/paritytech/substrate.git?tag=monthly-2021-08#4d28ebeb)
[INFO] [stderr]    Compiling sc-consensus-slots v0.10.0-dev (https://github.com/paritytech/substrate.git?tag=monthly-2021-08#4d28ebeb)
[INFO] [stderr]    Compiling winapi v0.3.9
[INFO] [stderr]    Compiling syn v1.0.74
[INFO] [stderr]    Compiling substrate-build-script-utils v3.0.0 (https://github.com/paritytech/substrate.git?tag=monthly-2021-08#4d28ebeb)
[INFO] [stderr]    Compiling wasmtime-runtime v0.27.0
[INFO] [stderr]    Compiling zstd-sys v1.4.20+zstd.1.4.9
[INFO] [stderr]    Compiling backtrace v0.3.61
[INFO] [stderr]    Compiling ring v0.16.20
[INFO] [stderr]    Compiling blake3 v0.3.8
[INFO] [stderr]    Compiling psm v0.1.14
[INFO] [stderr]    Compiling libz-sys v1.1.3
[INFO] [stderr]     Checking http-body v0.1.0
[INFO] [stderr]     Checking twox-hash v1.6.0
[INFO] [stderr]     Checking cuckoofilter v0.5.0
[INFO] [stderr]     Checking fixed-hash v0.7.0
[INFO] [stderr]     Checking rand_distr v0.4.1
[INFO] [stderr]     Checking tempfile v3.2.0
[INFO] [stderr]     Checking libsecp256k1 v0.3.5
[INFO] [stderr]     Checking lru v0.6.6
[INFO] [stderr]    Compiling librocksdb-sys v6.20.3
[INFO] [stderr]     Checking flate2 v1.0.20
[INFO] [stderr]    Compiling node-template v3.0.0-monthly-2021-08 (/opt/rustwide/workdir/node)
[INFO] [stderr]     Checking sp-panic-handler v3.0.0 (https://github.com/paritytech/substrate.git?tag=monthly-2021-08#4d28ebeb)
[INFO] [stderr]     Checking miow v0.3.7
[INFO] [stderr]    Compiling snow v0.7.2
[INFO] [stderr]     Checking webpki v0.21.4
[INFO] [stderr]     Checking sct v0.6.1
[INFO] [stderr]     Checking webpki-roots v0.21.1
[INFO] [stderr]     Checking ct-logs v0.7.0
[INFO] [stderr]    Compiling synstructure v0.12.5
[INFO] [stderr]    Compiling proc-macro-error v1.0.4
[INFO] [stderr]    Compiling pest_generator v2.1.3
[INFO] [stderr]    Compiling serde_derive v1.0.127
[INFO] [stderr]    Compiling ctor v0.1.20
[INFO] [stderr]    Compiling thiserror-impl v1.0.26
[INFO] [stderr] error: could not compile `ctor`
[INFO] [stderr] 
[INFO] [stderr] Caused by:
[INFO] [stderr]   process didn't exit successfully: `rustc --crate-name ctor --edition=2018 /opt/rustwide/cargo-home/registry/src/github.com-1ecc6299db9ec823/ctor-0.1.20/src/lib.rs --error-format=json --json=diagnostic-rendered-ansi --crate-type proc-macro --emit=dep-info,link -C prefer-dynamic -C embed-bitcode=no -C debuginfo=2 -C metadata=7a3acc546cc2e822 -C extra-filename=-7a3acc546cc2e822 --out-dir /opt/rustwide/target/debug/deps -L dependency=/opt/rustwide/target/debug/deps --extern quote=/opt/rustwide/target/debug/deps/libquote-80b4d79584e6a87d.rlib --extern syn=/opt/rustwide/target/debug/deps/libsyn-410b095c44bbd0f2.rlib --extern proc_macro --cap-lints allow --cap-lints=warn` (signal: 9, SIGKILL: kill)
[INFO] [stderr] warning: build failed, waiting for other jobs to finish...
[INFO] [stderr] The following warnings were emitted during compilation:
[INFO] [stderr] 
[INFO] [stderr] warning: cc: fatal error: Killed signal terminated program cc1
[INFO] [stderr] warning: compilation terminated.
[INFO] [stderr] 
[INFO] [stderr] The following warnings were emitted during compilation:
[INFO] [stderr] 
[INFO] [stderr] warning: c++: fatal error: Killed signal terminated program cc1plus
[INFO] [stderr] warning: compilation terminated.
[INFO] [stderr] warning: c++: fatal error: Killed signal terminated program cc1plus
[INFO] [stderr] warning: compilation terminated.
[INFO] [stderr] warning: c++: fatal error: Killed signal terminated program cc1plus
[INFO] [stderr] warning: compilation terminated.
[INFO] [stderr] 
[INFO] [stderr] error: build failed
[INFO] running `Command { std: "docker" "inspect" "cc5817fae14622789f7e889497c9aa7271a22cb4b6924685f87198bf3c4ce783", kill_on_drop: false }`
[INFO] running `Command { std: "docker" "rm" "-f" "cc5817fae14622789f7e889497c9aa7271a22cb4b6924685f87198bf3c4ce783", kill_on_drop: false }`
[INFO] [stdout] cc5817fae14622789f7e889497c9aa7271a22cb4b6924685f87198bf3c4ce783
