[INFO] cloning repository https://github.com/rrcobb/battleship
[INFO] running `Command { std: "git" "-c" "credential.helper=" "-c" "credential.helper=/workspace/cargo-home/bin/git-credential-null" "clone" "--bare" "https://github.com/rrcobb/battleship" "/workspace/cache/git-repos/https%3A%2F%2Fgithub.com%2Frrcobb%2Fbattleship", kill_on_drop: false }`
[INFO] [stderr] Cloning into bare repository '/workspace/cache/git-repos/https%3A%2F%2Fgithub.com%2Frrcobb%2Fbattleship'...
[INFO] running `Command { std: "git" "rev-parse" "HEAD", kill_on_drop: false }`
[INFO] [stdout] 7a416e157c234e401bec1078b0b15c6f8e98e7ec
[INFO] checking rrcobb/battleship against 1.55.0 for beta-1.56-3
[INFO] running `Command { std: "git" "clone" "/workspace/cache/git-repos/https%3A%2F%2Fgithub.com%2Frrcobb%2Fbattleship" "/workspace/builds/worker-3/source", kill_on_drop: false }`
[INFO] [stderr] Cloning into '/workspace/builds/worker-3/source'...
[INFO] [stderr] done.
[INFO] validating manifest of git repo https://github.com/rrcobb/battleship on toolchain 1.55.0
[INFO] running `Command { std: "/workspace/cargo-home/bin/cargo" "+1.55.0" "metadata" "--manifest-path" "Cargo.toml" "--no-deps", kill_on_drop: false }`
[INFO] started tweaking git repo https://github.com/rrcobb/battleship
[INFO] finished tweaking git repo https://github.com/rrcobb/battleship
[INFO] tweaked toml for git repo https://github.com/rrcobb/battleship written to /workspace/builds/worker-3/source/Cargo.toml
[INFO] crate git repo https://github.com/rrcobb/battleship already has a lockfile, it will not be regenerated
[INFO] running `Command { std: "/workspace/cargo-home/bin/cargo" "+1.55.0" "fetch" "--manifest-path" "Cargo.toml", kill_on_drop: false }`
[INFO] [stderr]     Blocking waiting for file lock on package cache
[INFO] running `Command { std: "docker" "create" "-v" "/var/lib/crater-agent-workspace/builds/worker-3/target:/opt/rustwide/target:rw,Z" "-v" "/var/lib/crater-agent-workspace/builds/worker-3/source:/opt/rustwide/workdir:ro,Z" "-v" "/var/lib/crater-agent-workspace/cargo-home:/opt/rustwide/cargo-home:ro,Z" "-v" "/var/lib/crater-agent-workspace/rustup-home:/opt/rustwide/rustup-home:ro,Z" "-e" "SOURCE_DIR=/opt/rustwide/workdir" "-e" "CARGO_TARGET_DIR=/opt/rustwide/target" "-e" "CARGO_HOME=/opt/rustwide/cargo-home" "-e" "RUSTUP_HOME=/opt/rustwide/rustup-home" "-w" "/opt/rustwide/workdir" "-m" "1610612736" "--user" "0:0" "--network" "none" "ghcr.io/rust-lang/crates-build-env/linux@sha256:a89201d6b5b9fd45c15d5952ece0a0129e7e80cb26ec023fd59cf09bc26f1604" "/opt/rustwide/cargo-home/bin/cargo" "+1.55.0" "metadata" "--no-deps" "--format-version=1", kill_on_drop: false }`
[INFO] [stdout] 37d668f71cab7c6d0b1a44f125737695a83fe7c4012b5829830356f1f5f4adbf
[INFO] [stderr] WARNING: Your kernel does not support swap limit capabilities or the cgroup is not mounted. Memory limited without swap.
[INFO] running `Command { std: "docker" "start" "-a" "37d668f71cab7c6d0b1a44f125737695a83fe7c4012b5829830356f1f5f4adbf", kill_on_drop: false }`
[INFO] running `Command { std: "docker" "inspect" "37d668f71cab7c6d0b1a44f125737695a83fe7c4012b5829830356f1f5f4adbf", kill_on_drop: false }`
[INFO] running `Command { std: "docker" "rm" "-f" "37d668f71cab7c6d0b1a44f125737695a83fe7c4012b5829830356f1f5f4adbf", kill_on_drop: false }`
[INFO] [stdout] 37d668f71cab7c6d0b1a44f125737695a83fe7c4012b5829830356f1f5f4adbf
[INFO] running `Command { std: "docker" "create" "-v" "/var/lib/crater-agent-workspace/builds/worker-3/target:/opt/rustwide/target:rw,Z" "-v" "/var/lib/crater-agent-workspace/builds/worker-3/source:/opt/rustwide/workdir:ro,Z" "-v" "/var/lib/crater-agent-workspace/cargo-home:/opt/rustwide/cargo-home:ro,Z" "-v" "/var/lib/crater-agent-workspace/rustup-home:/opt/rustwide/rustup-home:ro,Z" "-e" "SOURCE_DIR=/opt/rustwide/workdir" "-e" "CARGO_TARGET_DIR=/opt/rustwide/target" "-e" "CARGO_INCREMENTAL=0" "-e" "RUST_BACKTRACE=full" "-e" "RUSTFLAGS=--cap-lints=warn" "-e" "CARGO_HOME=/opt/rustwide/cargo-home" "-e" "RUSTUP_HOME=/opt/rustwide/rustup-home" "-w" "/opt/rustwide/workdir" "-m" "1610612736" "--user" "0:0" "--network" "none" "ghcr.io/rust-lang/crates-build-env/linux@sha256:a89201d6b5b9fd45c15d5952ece0a0129e7e80cb26ec023fd59cf09bc26f1604" "/opt/rustwide/cargo-home/bin/cargo" "+1.55.0" "check" "--frozen" "--all" "--all-targets" "--message-format=json", kill_on_drop: false }`
[INFO] [stderr] WARNING: Your kernel does not support swap limit capabilities or the cgroup is not mounted. Memory limited without swap.
[INFO] [stdout] 54069543ab54422a58da39c908672e7e320223d3f9356c3bbc024ba355ea8a25
[INFO] running `Command { std: "docker" "start" "-a" "54069543ab54422a58da39c908672e7e320223d3f9356c3bbc024ba355ea8a25", kill_on_drop: false }`
[INFO] [stderr]    Compiling libc v0.2.100
[INFO] [stderr]    Compiling crossbeam-utils v0.8.5
[INFO] [stderr]     Checking fixedbitset v0.4.0
[INFO] [stderr]    Compiling khronos-egl v4.1.0
[INFO] [stderr]     Checking renderdoc-sys v0.7.1
[INFO] [stderr]     Checking glow v0.11.0
[INFO] [stderr]     Checking arrayvec v0.7.1
[INFO] [stderr]     Checking profiling v1.0.3
[INFO] [stderr]     Checking pollster v0.2.4
[INFO] [stderr]    Compiling wayland-sys v0.28.6
[INFO] [stderr]     Checking gpu-descriptor-types v0.1.1
[INFO] [stderr]     Checking gpu-alloc-types v0.2.0
[INFO] [stderr]     Checking wgpu-types v0.10.0
[INFO] [stderr]    Compiling nom v6.2.1
[INFO] [stderr]     Checking codespan-reporting v0.11.1
[INFO] [stderr]    Compiling wgpu-core v0.10.2
[INFO] [stderr]     Checking ash v0.33.2+1.2.186
[INFO] [stderr]    Compiling wayland-scanner v0.28.6
[INFO] [stderr]     Checking spirv v0.2.0+1.5.4
[INFO] [stderr]    Compiling thiserror-impl v1.0.26
[INFO] [stderr]     Checking gpu-descriptor v0.2.1
[INFO] [stderr]     Checking gpu-alloc v0.5.1
[INFO] [stderr]     Checking petgraph v0.6.0
[INFO] [stderr]     Checking ron v0.6.4
[INFO] [stderr]     Checking crossbeam-epoch v0.9.5
[INFO] [stderr]     Checking crossbeam-channel v0.5.1
[INFO] [stderr]     Checking crossbeam-queue v0.3.2
[INFO] [stderr]     Checking crossbeam-deque v0.8.1
[INFO] [stderr]     Checking crossbeam v0.8.1
[INFO] [stderr]    Compiling wayland-client v0.28.6
[INFO] [stderr]    Compiling wayland-protocols v0.28.6
[INFO] [stderr]     Checking thiserror v1.0.26
[INFO] [stderr]     Checking xcursor v0.3.3
[INFO] [stderr]     Checking naga v0.6.2
[INFO] [stderr]     Checking nix v0.20.0
[INFO] [stderr]     Checking parking_lot_core v0.8.3
[INFO] [stderr]     Checking raw-window-handle v0.3.3
[INFO] [stderr]     Checking num_cpus v1.13.0
[INFO] [stderr]     Checking nix v0.18.0
[INFO] [stderr]     Checking getrandom v0.2.3
[INFO] [stderr]     Checking mio v0.7.13
[INFO] [stderr]     Checking memmap2 v0.1.0
[INFO] [stderr]     Checking x11-dl v2.18.5
[INFO] [stderr]     Checking rusttype v0.9.2
[INFO] [stderr]     Checking rand_core v0.6.3
[INFO] [stderr]     Checking parking_lot v0.11.1
[INFO] [stderr]     Checking mio-misc v1.2.1
[INFO] [stderr]     Checking rand_chacha v0.3.1
[INFO] [stderr]     Checking andrew v0.3.1
[INFO] [stderr]     Checking rand v0.8.4
[INFO] [stderr]     Checking wayland-commons v0.28.6
[INFO] [stderr]     Checking calloop v0.6.5
[INFO] [stderr]     Checking wayland-cursor v0.28.6
[INFO] [stderr]     Checking wgpu-hal v0.10.3
[INFO] [stderr]     Checking wgpu v0.10.1
[INFO] [stderr]     Checking pixels v0.6.0
[INFO] [stderr]     Checking smithay-client-toolkit v0.12.3
[INFO] [stderr]     Checking winit v0.25.0
[INFO] [stderr]     Checking winit_input_helper v0.10.0
[INFO] [stderr]     Checking battleship v0.1.0 (/opt/rustwide/workdir)
[INFO] [stdout] error[E0665]: `Default` cannot be derived for enums, only structs
[INFO] [stdout]    --> src/game.rs:127:35
[INFO] [stdout]     |
[INFO] [stdout] 127 | #[derive(Debug, Clone, PartialEq, Default, Serialize, Deserialize)]
[INFO] [stdout]     |                                   ^^^^^^^
[INFO] [stdout]     |
[INFO] [stdout]     = note: this error originates in the derive macro `Default` (in Nightly builds, run with -Z macro-backtrace for more info)
[INFO] [stdout] 
[INFO] [stdout] 
[INFO] [stdout] error: cannot find attribute `default` in this scope
[INFO] [stdout]    --> src/game.rs:129:7
[INFO] [stdout]     |
[INFO] [stdout] 129 |     #[default]
[INFO] [stdout]     |       ^^^^^^^
[INFO] [stdout] 
[INFO] [stdout] 
[INFO] [stdout] error[E0554]: `#![feature]` may not be used on the stable release channel
[INFO] [stdout]  --> src/main.rs:1:1
[INFO] [stdout]   |
[INFO] [stdout] 1 | #![feature(derive_default_enum)]
[INFO] [stdout]   | ^^^^^^^^^^^^^^^^^^^^^^^^^^^^^^^^
[INFO] [stdout] 
[INFO] [stdout] 
[INFO] [stdout] error[E0665]: `Default` cannot be derived for enums, only structs
[INFO] [stdout]    --> src/game.rs:127:35
[INFO] [stdout]     |
[INFO] [stdout] 127 | #[derive(Debug, Clone, PartialEq, Default, Serialize, Deserialize)]
[INFO] [stdout]     |                                   ^^^^^^^
[INFO] [stdout]     |
[INFO] [stdout]     = note: this error originates in the derive macro `Default` (in Nightly builds, run with -Z macro-backtrace for more info)
[INFO] [stdout] 
[INFO] [stdout] 
[INFO] [stdout] error: cannot find attribute `default` in this scope
[INFO] [stdout]    --> src/game.rs:129:7
[INFO] [stdout]     |
[INFO] [stdout] 129 |     #[default]
[INFO] [stdout]     |       ^^^^^^^
[INFO] [stdout] 
[INFO] [stdout] 
[INFO] [stdout] error[E0554]: `#![feature]` may not be used on the stable release channel
[INFO] [stdout]  --> src/main.rs:1:1
[INFO] [stdout]   |
[INFO] [stdout] 1 | #![feature(derive_default_enum)]
[INFO] [stdout]   | ^^^^^^^^^^^^^^^^^^^^^^^^^^^^^^^^
[INFO] [stdout] 
[INFO] [stdout] 
[INFO] [stdout] error: aborting due to 3 previous errors
[INFO] [stdout] 
[INFO] [stdout] 
[INFO] [stdout] Some errors have detailed explanations: E0554, E0665.
[INFO] [stdout] 
[INFO] [stdout] For more information about an error, try `rustc --explain E0554`.
[INFO] [stdout] 
[INFO] [stderr] error: could not compile `battleship` due to 4 previous errors
[INFO] [stderr] warning: build failed, waiting for other jobs to finish...
[INFO] [stdout] error: aborting due to 3 previous errors
[INFO] [stdout] 
[INFO] [stdout] 
[INFO] [stdout] Some errors have detailed explanations: E0554, E0665.
[INFO] [stdout] 
[INFO] [stdout] For more information about an error, try `rustc --explain E0554`.
[INFO] [stdout] 
[INFO] [stderr] error: build failed
[INFO] running `Command { std: "docker" "inspect" "54069543ab54422a58da39c908672e7e320223d3f9356c3bbc024ba355ea8a25", kill_on_drop: false }`
[INFO] running `Command { std: "docker" "rm" "-f" "54069543ab54422a58da39c908672e7e320223d3f9356c3bbc024ba355ea8a25", kill_on_drop: false }`
[INFO] [stdout] 54069543ab54422a58da39c908672e7e320223d3f9356c3bbc024ba355ea8a25
