[INFO] cloning repository https://github.com/rookmate/rust_twitchbot
[INFO] running `Command { std: "git" "-c" "credential.helper=" "-c" "credential.helper=/workspace/cargo-home/bin/git-credential-null" "clone" "--bare" "https://github.com/rookmate/rust_twitchbot" "/workspace/cache/git-repos/https%3A%2F%2Fgithub.com%2Frookmate%2Frust_twitchbot", kill_on_drop: false }`
[INFO] [stderr] Cloning into bare repository '/workspace/cache/git-repos/https%3A%2F%2Fgithub.com%2Frookmate%2Frust_twitchbot'...
[INFO] running `Command { std: "git" "rev-parse" "HEAD", kill_on_drop: false }`
[INFO] [stdout] 71e5cf41526d3ec2e2dde00213688855e0146eb9
[INFO] checking rookmate/rust_twitchbot against 1.55.0 for beta-1.56-3
[INFO] running `Command { std: "git" "clone" "/workspace/cache/git-repos/https%3A%2F%2Fgithub.com%2Frookmate%2Frust_twitchbot" "/workspace/builds/worker-6/source", kill_on_drop: false }`
[INFO] [stderr] Cloning into '/workspace/builds/worker-6/source'...
[INFO] [stderr] done.
[INFO] validating manifest of git repo https://github.com/rookmate/rust_twitchbot on toolchain 1.55.0
[INFO] running `Command { std: "/workspace/cargo-home/bin/cargo" "+1.55.0" "metadata" "--manifest-path" "Cargo.toml" "--no-deps", kill_on_drop: false }`
[INFO] started tweaking git repo https://github.com/rookmate/rust_twitchbot
[INFO] finished tweaking git repo https://github.com/rookmate/rust_twitchbot
[INFO] tweaked toml for git repo https://github.com/rookmate/rust_twitchbot written to /workspace/builds/worker-6/source/Cargo.toml
[INFO] crate git repo https://github.com/rookmate/rust_twitchbot already has a lockfile, it will not be regenerated
[INFO] running `Command { std: "/workspace/cargo-home/bin/cargo" "+1.55.0" "fetch" "--manifest-path" "Cargo.toml", kill_on_drop: false }`
[INFO] running `Command { std: "docker" "create" "-v" "/var/lib/crater-agent-workspace/builds/worker-6/target:/opt/rustwide/target:rw,Z" "-v" "/var/lib/crater-agent-workspace/builds/worker-6/source:/opt/rustwide/workdir:ro,Z" "-v" "/var/lib/crater-agent-workspace/cargo-home:/opt/rustwide/cargo-home:ro,Z" "-v" "/var/lib/crater-agent-workspace/rustup-home:/opt/rustwide/rustup-home:ro,Z" "-e" "SOURCE_DIR=/opt/rustwide/workdir" "-e" "CARGO_TARGET_DIR=/opt/rustwide/target" "-e" "CARGO_HOME=/opt/rustwide/cargo-home" "-e" "RUSTUP_HOME=/opt/rustwide/rustup-home" "-w" "/opt/rustwide/workdir" "-m" "1610612736" "--user" "0:0" "--network" "none" "ghcr.io/rust-lang/crates-build-env/linux@sha256:a89201d6b5b9fd45c15d5952ece0a0129e7e80cb26ec023fd59cf09bc26f1604" "/opt/rustwide/cargo-home/bin/cargo" "+1.55.0" "metadata" "--no-deps" "--format-version=1", kill_on_drop: false }`
[INFO] [stdout] 2872e82f4cb436fa6bb8329c89ff86f28dbf3cb16aeb5b418cfbfcf47bf2a0bc
[INFO] [stderr] WARNING: Your kernel does not support swap limit capabilities or the cgroup is not mounted. Memory limited without swap.
[INFO] running `Command { std: "docker" "start" "-a" "2872e82f4cb436fa6bb8329c89ff86f28dbf3cb16aeb5b418cfbfcf47bf2a0bc", kill_on_drop: false }`
[INFO] running `Command { std: "docker" "inspect" "2872e82f4cb436fa6bb8329c89ff86f28dbf3cb16aeb5b418cfbfcf47bf2a0bc", kill_on_drop: false }`
[INFO] running `Command { std: "docker" "rm" "-f" "2872e82f4cb436fa6bb8329c89ff86f28dbf3cb16aeb5b418cfbfcf47bf2a0bc", kill_on_drop: false }`
[INFO] [stdout] 2872e82f4cb436fa6bb8329c89ff86f28dbf3cb16aeb5b418cfbfcf47bf2a0bc
[INFO] running `Command { std: "docker" "create" "-v" "/var/lib/crater-agent-workspace/builds/worker-6/target:/opt/rustwide/target:rw,Z" "-v" "/var/lib/crater-agent-workspace/builds/worker-6/source:/opt/rustwide/workdir:ro,Z" "-v" "/var/lib/crater-agent-workspace/cargo-home:/opt/rustwide/cargo-home:ro,Z" "-v" "/var/lib/crater-agent-workspace/rustup-home:/opt/rustwide/rustup-home:ro,Z" "-e" "SOURCE_DIR=/opt/rustwide/workdir" "-e" "CARGO_TARGET_DIR=/opt/rustwide/target" "-e" "CARGO_INCREMENTAL=0" "-e" "RUST_BACKTRACE=full" "-e" "RUSTFLAGS=--cap-lints=warn" "-e" "CARGO_HOME=/opt/rustwide/cargo-home" "-e" "RUSTUP_HOME=/opt/rustwide/rustup-home" "-w" "/opt/rustwide/workdir" "-m" "1610612736" "--user" "0:0" "--network" "none" "ghcr.io/rust-lang/crates-build-env/linux@sha256:a89201d6b5b9fd45c15d5952ece0a0129e7e80cb26ec023fd59cf09bc26f1604" "/opt/rustwide/cargo-home/bin/cargo" "+1.55.0" "check" "--frozen" "--all" "--all-targets" "--message-format=json", kill_on_drop: false }`
[INFO] [stdout] e829775010214c1343b2ab41a788db1758c4607ac21151215174a908fd9deb06
[INFO] [stderr] WARNING: Your kernel does not support swap limit capabilities or the cgroup is not mounted. Memory limited without swap.
[INFO] running `Command { std: "docker" "start" "-a" "e829775010214c1343b2ab41a788db1758c4607ac21151215174a908fd9deb06", kill_on_drop: false }`
[INFO] [stderr]    Compiling openssl-sys v0.9.55
[INFO] [stderr]     Checking log v0.4.8
[INFO] [stderr]     Checking thread-id v3.3.0
[INFO] [stderr]     Checking serde_yaml v0.8.11
[INFO] [stderr]     Checking toml v0.4.10
[INFO] [stderr]     Checking bytes v0.4.12
[INFO] [stderr]     Checking backtrace-sys v0.1.37
[INFO] [stderr]     Checking serde_json v1.0.52
[INFO] [stderr]     Checking parking_lot_core v0.6.2
[INFO] [stderr]    Compiling syn v1.0.18
[INFO] [stderr]     Checking chrono v0.4.11
[INFO] [stderr]     Checking serde-value v0.6.0
[INFO] [stderr]     Checking backtrace v0.3.46
[INFO] [stderr]     Checking parking_lot v0.9.0
[INFO] [stderr]     Checking mio v0.6.22
[INFO] [stderr]     Checking tokio-threadpool v0.1.18
[INFO] [stderr]     Checking tokio-io v0.1.13
[INFO] [stderr]     Checking tokio-codec v0.1.2
[INFO] [stderr]     Checking tokio-mockstream v1.1.0
[INFO] [stderr]     Checking tokio-fs v0.1.7
[INFO] [stderr]    Compiling openssl v0.10.29
[INFO] [stderr]    Compiling native-tls v0.2.4
[INFO] [stderr]     Checking tokio-reactor v0.1.12
[INFO] [stderr]     Checking mio-uds v0.6.8
[INFO] [stderr]     Checking tokio-tcp v0.1.4
[INFO] [stderr]     Checking tokio-uds v0.2.6
[INFO] [stderr]     Checking tokio-udp v0.1.6
[INFO] [stderr]     Checking tokio v0.1.22
[INFO] [stderr]     Checking tokio-core v0.1.17
[INFO] [stderr]    Compiling synstructure v0.12.3
[INFO] [stderr]    Compiling failure_derive v0.1.8
[INFO] [stderr]    Compiling serde_derive v1.0.106
[INFO] [stderr]     Checking tokio-tls v0.2.1
[INFO] [stderr]     Checking failure v0.1.8
[INFO] [stderr]     Checking irc v0.13.6
[INFO] [stderr]     Checking log4rs v0.10.0
[INFO] [stderr]     Checking rustybot v0.1.0 (/opt/rustwide/workdir)
[INFO] [stdout] error[E0583]: file not found for module `user`
[INFO] [stdout]  --> src/main.rs:5:1
[INFO] [stdout]   |
[INFO] [stdout] 5 | mod user;
[INFO] [stdout]   | ^^^^^^^^^
[INFO] [stdout]   |
[INFO] [stdout]   = help: to create the module `user`, create file "src/user.rs" or "src/user/mod.rs"
[INFO] [stdout] 
[INFO] [stdout] 
[INFO] [stdout] error[E0583]: file not found for module `user`
[INFO] [stdout]  --> src/main.rs:5:1
[INFO] [stdout]   |
[INFO] [stdout] 5 | mod user;
[INFO] [stdout]   | ^^^^^^^^^
[INFO] [stdout]   |
[INFO] [stdout]   = help: to create the module `user`, create file "src/user.rs" or "src/user/mod.rs"
[INFO] [stdout] 
[INFO] [stdout] 
[INFO] [stdout] error[E0433]: failed to resolve: could not find `user` in `user`
[INFO] [stdout]    --> src/main.rs:141:26
[INFO] [stdout]     |
[INFO] [stdout] 141 |             crate::user::user::fill_user_fields(msg);
[INFO] [stdout]     |                          ^^^^ could not find `user` in `user`
[INFO] [stdout] 
[INFO] [stdout] 
[INFO] [stdout] error[E0433]: failed to resolve: could not find `user` in `user`
[INFO] [stdout]    --> src/main.rs:141:26
[INFO] [stdout]     |
[INFO] [stdout] 141 |             crate::user::user::fill_user_fields(msg);
[INFO] [stdout]     |                          ^^^^ could not find `user` in `user`
[INFO] [stdout] 
[INFO] [stdout] 
[INFO] [stdout] error: aborting due to 2 previous errors
[INFO] [stdout] 
[INFO] [stdout] 
[INFO] [stdout] Some errors have detailed explanations: E0433, E0583.
[INFO] [stdout] 
[INFO] [stdout] For more information about an error, try `rustc --explain E0433`.
[INFO] [stdout] 
[INFO] [stdout] error: aborting due to 2 previous errors
[INFO] [stdout] 
[INFO] [stdout] 
[INFO] [stdout] Some errors have detailed explanations: E0433, E0583.
[INFO] [stdout] 
[INFO] [stdout] For more information about an error, try `rustc --explain E0433`.
[INFO] [stdout] 
[INFO] [stderr] error: could not compile `rustybot` due to 3 previous errors
[INFO] [stderr] warning: build failed, waiting for other jobs to finish...
[INFO] [stderr] error: build failed
[INFO] running `Command { std: "docker" "inspect" "e829775010214c1343b2ab41a788db1758c4607ac21151215174a908fd9deb06", kill_on_drop: false }`
[INFO] running `Command { std: "docker" "rm" "-f" "e829775010214c1343b2ab41a788db1758c4607ac21151215174a908fd9deb06", kill_on_drop: false }`
[INFO] [stdout] e829775010214c1343b2ab41a788db1758c4607ac21151215174a908fd9deb06
