[INFO] cloning repository https://github.com/rodovia/ordchr
[INFO] running `Command { std: "git" "-c" "credential.helper=" "-c" "credential.helper=/workspace/cargo-home/bin/git-credential-null" "clone" "--bare" "https://github.com/rodovia/ordchr" "/workspace/cache/git-repos/https%3A%2F%2Fgithub.com%2Frodovia%2Fordchr", kill_on_drop: false }`
[INFO] [stderr] Cloning into bare repository '/workspace/cache/git-repos/https%3A%2F%2Fgithub.com%2Frodovia%2Fordchr'...
[INFO] running `Command { std: "git" "rev-parse" "HEAD", kill_on_drop: false }`
[INFO] [stdout] d81131a5ca111182298ef69a10eb157762fd750e
[INFO] checking rodovia/ordchr against beta-2021-10-15 for beta-1.56-3
[INFO] running `Command { std: "git" "clone" "/workspace/cache/git-repos/https%3A%2F%2Fgithub.com%2Frodovia%2Fordchr" "/workspace/builds/worker-2/source", kill_on_drop: false }`
[INFO] [stderr] Cloning into '/workspace/builds/worker-2/source'...
[INFO] [stderr] done.
[INFO] validating manifest of git repo https://github.com/rodovia/ordchr on toolchain beta-2021-10-15
[INFO] running `Command { std: "/workspace/cargo-home/bin/cargo" "+beta-2021-10-15" "metadata" "--manifest-path" "Cargo.toml" "--no-deps", kill_on_drop: false }`
[INFO] started tweaking git repo https://github.com/rodovia/ordchr
[INFO] finished tweaking git repo https://github.com/rodovia/ordchr
[INFO] tweaked toml for git repo https://github.com/rodovia/ordchr written to /workspace/builds/worker-2/source/Cargo.toml
[INFO] crate git repo https://github.com/rodovia/ordchr already has a lockfile, it will not be regenerated
[INFO] running `Command { std: "/workspace/cargo-home/bin/cargo" "+beta-2021-10-15" "fetch" "--manifest-path" "Cargo.toml", kill_on_drop: false }`
[INFO] [stderr]     Blocking waiting for file lock on package cache
[INFO] [stderr]     Blocking waiting for file lock on package cache
[INFO] [stderr]  Downloading crates ...
[INFO] [stderr]   Downloaded wasmer_enumset v1.0.1
[INFO] [stderr]   Downloaded cursive v0.16.3
[INFO] [stderr]   Downloaded syn v1.0.71
[INFO] [stderr]   Downloaded ahash v0.6.3
[INFO] [stderr]   Downloaded wasmer_enumset_derive v0.5.0
[INFO] [stderr]   Downloaded stable_deref_trait v1.2.0
[INFO] [stderr]   Downloaded signal-hook v0.3.8
[INFO] [stderr]   Downloaded num-complex v0.3.1
[INFO] [stderr]   Downloaded num v0.3.1
[INFO] [stderr]   Downloaded crossbeam-utils v0.8.4
[INFO] [stderr]   Downloaded xi-unicode v0.3.0
[INFO] [stderr]   Downloaded cursive_core v0.2.2
[INFO] [stderr]   Downloaded thiserror-impl v1.0.24
[INFO] [stderr]   Downloaded tracing-attributes v0.1.15
[INFO] [stderr]   Downloaded term_size v0.3.2
[INFO] [stderr]   Downloaded http-body v0.4.1
[INFO] [stderr]   Downloaded data-encoding v2.3.2
[INFO] [stderr]   Downloaded pancurses v0.16.1
[INFO] [stderr]   Downloaded ncurses v5.101.0
[INFO] [stderr]   Downloaded derivative v2.2.0
[INFO] [stderr]   Downloaded darling_core v0.10.2
[INFO] [stderr]   Downloaded derive_builder v0.9.0
[INFO] [stderr]   Downloaded ident_case v1.0.1
[INFO] [stderr]   Downloaded derive_builder_core v0.9.0
[INFO] [stderr]   Downloaded futures-io v0.3.14
[INFO] [stderr]   Downloaded nibble_vec v0.1.0
[INFO] [stderr]   Downloaded radix_trie v0.2.1
[INFO] [stderr]   Downloaded tokio-macros v1.1.0
[INFO] [stderr]   Downloaded thiserror v1.0.24
[INFO] [stderr]   Downloaded async-trait v0.1.50
[INFO] [stderr]   Downloaded owning_ref v0.4.1
[INFO] [stderr]   Downloaded fern v0.6.0
[INFO] [stderr]   Downloaded public-ip v0.2.0
[INFO] [stderr]   Downloaded trust-dns-proto v0.20.2
[INFO] [stderr]   Downloaded endian-type v0.1.2
[INFO] [stderr]   Downloaded hyper-system-resolver v0.4.0
[INFO] [stderr]   Downloaded darling_macro v0.10.2
[INFO] [stderr]   Downloaded darling v0.10.2
[INFO] [stderr]   Downloaded strsim v0.9.3
[INFO] [stderr]   Downloaded trust-dns-client v0.20.2
[INFO] [stderr]   Downloaded dns-lookup v1.0.6
[INFO] [stderr]   Downloaded pdcurses-sys v0.7.1
[INFO] [stderr]   Downloaded url v2.2.1
[INFO] running `Command { std: "docker" "create" "-v" "/var/lib/crater-agent-workspace/builds/worker-2/target:/opt/rustwide/target:rw,Z" "-v" "/var/lib/crater-agent-workspace/builds/worker-2/source:/opt/rustwide/workdir:ro,Z" "-v" "/var/lib/crater-agent-workspace/cargo-home:/opt/rustwide/cargo-home:ro,Z" "-v" "/var/lib/crater-agent-workspace/rustup-home:/opt/rustwide/rustup-home:ro,Z" "-e" "SOURCE_DIR=/opt/rustwide/workdir" "-e" "CARGO_TARGET_DIR=/opt/rustwide/target" "-e" "CARGO_HOME=/opt/rustwide/cargo-home" "-e" "RUSTUP_HOME=/opt/rustwide/rustup-home" "-w" "/opt/rustwide/workdir" "-m" "1610612736" "--user" "0:0" "--network" "none" "ghcr.io/rust-lang/crates-build-env/linux@sha256:a89201d6b5b9fd45c15d5952ece0a0129e7e80cb26ec023fd59cf09bc26f1604" "/opt/rustwide/cargo-home/bin/cargo" "+beta-2021-10-15" "metadata" "--no-deps" "--format-version=1", kill_on_drop: false }`
[INFO] [stdout] 2018509073da743dd4e2de0906c369ac09ec73618bfa7d7d9a2ba55d0428a93f
[INFO] running `Command { std: "docker" "start" "-a" "2018509073da743dd4e2de0906c369ac09ec73618bfa7d7d9a2ba55d0428a93f", kill_on_drop: false }`
[INFO] running `Command { std: "docker" "inspect" "2018509073da743dd4e2de0906c369ac09ec73618bfa7d7d9a2ba55d0428a93f", kill_on_drop: false }`
[INFO] running `Command { std: "docker" "rm" "-f" "2018509073da743dd4e2de0906c369ac09ec73618bfa7d7d9a2ba55d0428a93f", kill_on_drop: false }`
[INFO] [stdout] 2018509073da743dd4e2de0906c369ac09ec73618bfa7d7d9a2ba55d0428a93f
[INFO] running `Command { std: "docker" "create" "-v" "/var/lib/crater-agent-workspace/builds/worker-2/target:/opt/rustwide/target:rw,Z" "-v" "/var/lib/crater-agent-workspace/builds/worker-2/source:/opt/rustwide/workdir:ro,Z" "-v" "/var/lib/crater-agent-workspace/cargo-home:/opt/rustwide/cargo-home:ro,Z" "-v" "/var/lib/crater-agent-workspace/rustup-home:/opt/rustwide/rustup-home:ro,Z" "-e" "SOURCE_DIR=/opt/rustwide/workdir" "-e" "CARGO_TARGET_DIR=/opt/rustwide/target" "-e" "CARGO_INCREMENTAL=0" "-e" "RUST_BACKTRACE=full" "-e" "RUSTFLAGS=--cap-lints=warn" "-e" "CARGO_HOME=/opt/rustwide/cargo-home" "-e" "RUSTUP_HOME=/opt/rustwide/rustup-home" "-w" "/opt/rustwide/workdir" "-m" "1610612736" "--user" "0:0" "--network" "none" "ghcr.io/rust-lang/crates-build-env/linux@sha256:a89201d6b5b9fd45c15d5952ece0a0129e7e80cb26ec023fd59cf09bc26f1604" "/opt/rustwide/cargo-home/bin/cargo" "+beta-2021-10-15" "check" "--frozen" "--all" "--all-targets" "--message-format=json", kill_on_drop: false }`
[INFO] [stdout] 18782a4ee3a92722cbc710c85e84b42c87536223c5047a730278b2e1ab25b6cd
[INFO] running `Command { std: "docker" "start" "-a" "18782a4ee3a92722cbc710c85e84b42c87536223c5047a730278b2e1ab25b6cd", kill_on_drop: false }`
[INFO] [stderr]     Blocking waiting for file lock on package cache
[INFO] [stderr]    Compiling syn v1.0.71
[INFO] [stderr]    Compiling libc v0.2.94
[INFO] [stderr]    Compiling ident_case v1.0.1
[INFO] [stderr]    Compiling strsim v0.9.3
[INFO] [stderr]     Checking futures-core v0.3.14
[INFO] [stderr]     Checking futures-task v0.3.14
[INFO] [stderr]     Checking unicode-xid v0.2.2
[INFO] [stderr]    Compiling async-trait v0.1.50
[INFO] [stderr]    Compiling httparse v1.4.0
[INFO] [stderr]    Compiling derive_builder v0.9.0
[INFO] [stderr]    Compiling signal-hook v0.3.8
[INFO] [stderr]     Checking array-macro v1.0.5
[INFO] [stderr]     Checking once_cell v1.7.2
[INFO] [stderr]     Checking futures-io v0.3.14
[INFO] [stderr]     Checking stable_deref_trait v1.2.0
[INFO] [stderr]     Checking httpdate v1.0.0
[INFO] [stderr]     Checking endian-type v0.1.2
[INFO] [stderr]     Checking unicode-segmentation v1.7.1
[INFO] [stderr]     Checking xi-unicode v0.3.0
[INFO] [stderr]    Compiling num-traits v0.2.14
[INFO] [stderr]    Compiling num-integer v0.1.44
[INFO] [stderr]    Compiling tokio v1.5.0
[INFO] [stderr]    Compiling num-iter v0.1.42
[INFO] [stderr]    Compiling crossbeam-utils v0.8.4
[INFO] [stderr]     Checking tracing-core v0.1.18
[INFO] [stderr]     Checking http v0.2.4
[INFO] [stderr]    Compiling ncurses v5.101.0
[INFO] [stderr]    Compiling ahash v0.6.3
[INFO] [stderr]     Checking nibble_vec v0.1.0
[INFO] [stderr]     Checking unicode-normalization v0.1.17
[INFO] [stderr]     Checking fern v0.6.0
[INFO] [stderr]     Checking owning_ref v0.4.1
[INFO] [stderr]     Checking futures-channel v0.3.14
[INFO] [stderr]     Checking futures-util v0.3.14
[INFO] [stderr]     Checking proc-macro2 v1.0.26
[INFO] [stderr]     Checking radix_trie v0.2.1
[INFO] [stderr]     Checking quote v1.0.9
[INFO] [stderr]     Checking getrandom v0.2.2
[INFO] [stderr]     Checking mio v0.7.11
[INFO] [stderr]     Checking num_cpus v1.13.0
[INFO] [stderr]     Checking time v0.1.44
[INFO] [stderr]     Checking socket2 v0.4.0
[INFO] [stderr]     Checking signal-hook-registry v1.3.0
[INFO] [stderr]     Checking term_size v0.3.2
[INFO] [stderr]     Checking rand_core v0.6.2
[INFO] [stderr]     Checking dns-lookup v1.0.6
[INFO] [stderr]     Checking idna v0.2.3
[INFO] [stderr]     Checking pancurses v0.16.1
[INFO] [stderr]     Checking num-complex v0.3.1
[INFO] [stderr]     Checking rand_chacha v0.3.0
[INFO] [stderr]     Checking crossbeam-channel v0.5.1
[INFO] [stderr]     Checking rand v0.8.3
[INFO] [stderr]     Checking chrono v0.4.19
[INFO] [stderr]     Checking num-rational v0.3.2
[INFO] [stderr]     Checking url v2.2.1
[INFO] [stderr]     Checking num v0.3.1
[INFO] [stderr]     Checking http-body v0.4.1
[INFO] [stderr]    Compiling darling_core v0.10.2
[INFO] [stderr]    Compiling tokio-macros v1.1.0
[INFO] [stderr]    Compiling pin-project-internal v1.0.7
[INFO] [stderr]    Compiling tracing-attributes v0.1.15
[INFO] [stderr]    Compiling thiserror-impl v1.0.24
[INFO] [stderr]    Compiling enum-as-inner v0.3.3
[INFO] [stderr]    Compiling enum-map-derive v0.4.6
[INFO] [stderr]    Compiling derivative v2.2.0
[INFO] [stderr]    Compiling darling_macro v0.10.2
[INFO] [stderr]     Checking enum-map v0.6.4
[INFO] [stderr]    Compiling darling v0.10.2
[INFO] [stderr]    Compiling derive_builder_core v0.9.0
[INFO] [stderr]    Compiling wasmer_enumset_derive v0.5.0
[INFO] [stderr]     Checking thiserror v1.0.24
[INFO] [stderr]     Checking tracing v0.1.26
[INFO] [stderr]     Checking pin-project v1.0.7
[INFO] [stderr]     Checking wasmer_enumset v1.0.1
[INFO] [stderr]     Checking cursive_core v0.2.2
[INFO] [stderr]     Checking hyper v0.14.7
[INFO] [stderr]     Checking trust-dns-proto v0.20.2
[INFO] [stderr]     Checking cursive v0.16.3
[INFO] [stderr]     Checking hyper-system-resolver v0.4.0
[INFO] [stderr]     Checking trust-dns-client v0.20.2
[INFO] [stderr]     Checking public-ip v0.2.0
[INFO] [stderr]     Checking ordchr v0.1.0 (/opt/rustwide/workdir)
[INFO] [stdout] warning: unused import: `tokio::runtime::Handle`
[INFO] [stdout]   --> src/main.rs:10:5
[INFO] [stdout]    |
[INFO] [stdout] 10 | use tokio::runtime::Handle;
[INFO] [stdout]    |     ^^^^^^^^^^^^^^^^^^^^^^
[INFO] [stdout]    |
[INFO] [stdout]    = note: `#[warn(unused_imports)]` on by default
[INFO] [stdout] 
[INFO] [stdout] 
[INFO] [stdout] warning: unused import: `tokio::runtime::Handle`
[INFO] [stdout]   --> src/main.rs:10:5
[INFO] [stdout]    |
[INFO] [stdout] 10 | use tokio::runtime::Handle;
[INFO] [stdout]    |     ^^^^^^^^^^^^^^^^^^^^^^
[INFO] [stdout]    |
[INFO] [stdout]    = note: `#[warn(unused_imports)]` on by default
[INFO] [stdout] 
[INFO] [stdout] 
[INFO] [stdout] error[E0308]: mismatched types
[INFO] [stdout]   --> src/net.rs:17:9
[INFO] [stdout]    |
[INFO] [stdout] 16 | /     if let Err(error) = socketresult {
[INFO] [stdout] 17 | |         Err(error)
[INFO] [stdout]    | |         ^^^^^^^^^^ expected `()`, found enum `Result`
[INFO] [stdout] 18 | |     }
[INFO] [stdout]    | |_____- expected this to be `()`
[INFO] [stdout]    |
[INFO] [stdout]    = note: expected unit type `()`
[INFO] [stdout]                    found enum `Result<_, std::io::Error>`
[INFO] [stdout] 
[INFO] [stdout] 
[INFO] [stdout] error[E0308]: mismatched types
[INFO] [stdout]   --> src/net.rs:17:9
[INFO] [stdout]    |
[INFO] [stdout] 16 | /     if let Err(error) = socketresult {
[INFO] [stdout] 17 | |         Err(error)
[INFO] [stdout]    | |         ^^^^^^^^^^ expected `()`, found enum `Result`
[INFO] [stdout] 18 | |     }
[INFO] [stdout]    | |_____- expected this to be `()`
[INFO] [stdout]    |
[INFO] [stdout]    = note: expected unit type `()`
[INFO] [stdout]                    found enum `Result<_, std::io::Error>`
[INFO] [stdout] 
[INFO] [stdout] 
[INFO] [stdout] error[E0308]: mismatched types
[INFO] [stdout]   --> src/net.rs:24:9
[INFO] [stdout]    |
[INFO] [stdout] 23 | /     if let Err(error) = connectresult {
[INFO] [stdout] 24 | |         Err(error)
[INFO] [stdout]    | |         ^^^^^^^^^^ expected `()`, found enum `Result`
[INFO] [stdout] 25 | |     }
[INFO] [stdout]    | |_____- expected this to be `()`
[INFO] [stdout]    |
[INFO] [stdout]    = note: expected unit type `()`
[INFO] [stdout]                    found enum `Result<_, std::io::Error>`
[INFO] [stdout] 
[INFO] [stdout] 
[INFO] [stdout] error[E0308]: mismatched types
[INFO] [stdout]   --> src/net.rs:24:9
[INFO] [stdout]    |
[INFO] [stdout] 23 | /     if let Err(error) = connectresult {
[INFO] [stdout] 24 | |         Err(error)
[INFO] [stdout]    | |         ^^^^^^^^^^ expected `()`, found enum `Result`
[INFO] [stdout] 25 | |     }
[INFO] [stdout]    | |_____- expected this to be `()`
[INFO] [stdout]    |
[INFO] [stdout]    = note: expected unit type `()`
[INFO] [stdout]                    found enum `Result<_, std::io::Error>`
[INFO] [stdout] 
[INFO] [stdout] 
[INFO] [stdout] error: aborting due to 2 previous errors; 1 warning emitted
[INFO] [stdout] 
[INFO] [stdout] 
[INFO] [stdout] For more information about this error, try `rustc --explain E0308`.
[INFO] [stdout] 
[INFO] [stdout] error: aborting due to 2 previous errors; 1 warning emitted
[INFO] [stdout] 
[INFO] [stdout] 
[INFO] [stdout] For more information about this error, try `rustc --explain E0308`.
[INFO] [stdout] 
[INFO] [stderr] error: could not compile `ordchr` due to 3 previous errors; 1 warning emitted
[INFO] [stderr] warning: build failed, waiting for other jobs to finish...
[INFO] [stderr] error: build failed
[INFO] running `Command { std: "docker" "inspect" "18782a4ee3a92722cbc710c85e84b42c87536223c5047a730278b2e1ab25b6cd", kill_on_drop: false }`
[INFO] running `Command { std: "docker" "rm" "-f" "18782a4ee3a92722cbc710c85e84b42c87536223c5047a730278b2e1ab25b6cd", kill_on_drop: false }`
[INFO] [stdout] 18782a4ee3a92722cbc710c85e84b42c87536223c5047a730278b2e1ab25b6cd
