[INFO] cloning repository https://github.com/robot-rover/SovietBotRust
[INFO] running `Command { std: "git" "-c" "credential.helper=" "-c" "credential.helper=/workspace/cargo-home/bin/git-credential-null" "clone" "--bare" "https://github.com/robot-rover/SovietBotRust" "/workspace/cache/git-repos/https%3A%2F%2Fgithub.com%2Frobot-rover%2FSovietBotRust", kill_on_drop: false }`
[INFO] [stderr] Cloning into bare repository '/workspace/cache/git-repos/https%3A%2F%2Fgithub.com%2Frobot-rover%2FSovietBotRust'...
[INFO] running `Command { std: "git" "rev-parse" "HEAD", kill_on_drop: false }`
[INFO] [stdout] 2ce47b28aa599ff90182bfbbbefa9e61160feede
[INFO] checking robot-rover/SovietBotRust against beta-2021-10-15 for beta-1.56-3
[INFO] running `Command { std: "git" "clone" "/workspace/cache/git-repos/https%3A%2F%2Fgithub.com%2Frobot-rover%2FSovietBotRust" "/workspace/builds/worker-57/source", kill_on_drop: false }`
[INFO] [stderr] Cloning into '/workspace/builds/worker-57/source'...
[INFO] [stderr] done.
[INFO] validating manifest of git repo https://github.com/robot-rover/SovietBotRust on toolchain beta-2021-10-15
[INFO] running `Command { std: "/workspace/cargo-home/bin/cargo" "+beta-2021-10-15" "metadata" "--manifest-path" "Cargo.toml" "--no-deps", kill_on_drop: false }`
[INFO] started tweaking git repo https://github.com/robot-rover/SovietBotRust
[INFO] finished tweaking git repo https://github.com/robot-rover/SovietBotRust
[INFO] tweaked toml for git repo https://github.com/robot-rover/SovietBotRust written to /workspace/builds/worker-57/source/Cargo.toml
[INFO] crate git repo https://github.com/robot-rover/SovietBotRust already has a lockfile, it will not be regenerated
[INFO] running `Command { std: "/workspace/cargo-home/bin/cargo" "+beta-2021-10-15" "fetch" "--manifest-path" "Cargo.toml", kill_on_drop: false }`
[INFO] [stderr]     Blocking waiting for file lock on package cache
[INFO] [stderr]     Blocking waiting for file lock on package cache
[INFO] [stderr]  Downloading crates ...
[INFO] [stderr]   Downloaded command_attr v0.2.0
[INFO] [stderr]   Downloaded webpki v0.21.2
[INFO] [stderr]   Downloaded tungstenite v0.9.2
[INFO] [stderr]   Downloaded uwl v0.5.1
[INFO] [stderr]   Downloaded tokio-rustls v0.13.0
[INFO] [stderr]   Downloaded diesel v1.4.4
[INFO] [stderr]   Downloaded diesel_derives v1.4.1
[INFO] [stderr]   Downloaded libsqlite3-sys v0.17.3
[INFO] [stderr]   Downloaded serenity v0.8.1
[INFO] running `Command { std: "docker" "create" "-v" "/var/lib/crater-agent-workspace/builds/worker-57/target:/opt/rustwide/target:rw,Z" "-v" "/var/lib/crater-agent-workspace/builds/worker-57/source:/opt/rustwide/workdir:ro,Z" "-v" "/var/lib/crater-agent-workspace/cargo-home:/opt/rustwide/cargo-home:ro,Z" "-v" "/var/lib/crater-agent-workspace/rustup-home:/opt/rustwide/rustup-home:ro,Z" "-e" "SOURCE_DIR=/opt/rustwide/workdir" "-e" "CARGO_TARGET_DIR=/opt/rustwide/target" "-e" "CARGO_HOME=/opt/rustwide/cargo-home" "-e" "RUSTUP_HOME=/opt/rustwide/rustup-home" "-w" "/opt/rustwide/workdir" "-m" "1610612736" "--user" "0:0" "--network" "none" "ghcr.io/rust-lang/crates-build-env/linux@sha256:a89201d6b5b9fd45c15d5952ece0a0129e7e80cb26ec023fd59cf09bc26f1604" "/opt/rustwide/cargo-home/bin/cargo" "+beta-2021-10-15" "metadata" "--no-deps" "--format-version=1", kill_on_drop: false }`
[INFO] [stdout] 5c60357e88a2445ca45a1a5f407efb7d453bef8d21cde15775d1ac4b1eb600f9
[INFO] running `Command { std: "docker" "start" "-a" "5c60357e88a2445ca45a1a5f407efb7d453bef8d21cde15775d1ac4b1eb600f9", kill_on_drop: false }`
[INFO] running `Command { std: "docker" "inspect" "5c60357e88a2445ca45a1a5f407efb7d453bef8d21cde15775d1ac4b1eb600f9", kill_on_drop: false }`
[INFO] running `Command { std: "docker" "rm" "-f" "5c60357e88a2445ca45a1a5f407efb7d453bef8d21cde15775d1ac4b1eb600f9", kill_on_drop: false }`
[INFO] [stdout] 5c60357e88a2445ca45a1a5f407efb7d453bef8d21cde15775d1ac4b1eb600f9
[INFO] running `Command { std: "docker" "create" "-v" "/var/lib/crater-agent-workspace/builds/worker-57/target:/opt/rustwide/target:rw,Z" "-v" "/var/lib/crater-agent-workspace/builds/worker-57/source:/opt/rustwide/workdir:ro,Z" "-v" "/var/lib/crater-agent-workspace/cargo-home:/opt/rustwide/cargo-home:ro,Z" "-v" "/var/lib/crater-agent-workspace/rustup-home:/opt/rustwide/rustup-home:ro,Z" "-e" "SOURCE_DIR=/opt/rustwide/workdir" "-e" "CARGO_TARGET_DIR=/opt/rustwide/target" "-e" "CARGO_INCREMENTAL=0" "-e" "RUST_BACKTRACE=full" "-e" "RUSTFLAGS=--cap-lints=warn" "-e" "CARGO_HOME=/opt/rustwide/cargo-home" "-e" "RUSTUP_HOME=/opt/rustwide/rustup-home" "-w" "/opt/rustwide/workdir" "-m" "1610612736" "--user" "0:0" "--network" "none" "ghcr.io/rust-lang/crates-build-env/linux@sha256:a89201d6b5b9fd45c15d5952ece0a0129e7e80cb26ec023fd59cf09bc26f1604" "/opt/rustwide/cargo-home/bin/cargo" "+beta-2021-10-15" "check" "--frozen" "--all" "--all-targets" "--message-format=json", kill_on_drop: false }`
[INFO] [stdout] 5daf64514ad546598c899581524d938a82c43d57242ee4b865773f09f9363e53
[INFO] running `Command { std: "docker" "start" "-a" "5daf64514ad546598c899581524d938a82c43d57242ee4b865773f09f9363e53", kill_on_drop: false }`
[INFO] [stderr]     Blocking waiting for file lock on package cache
[INFO] [stderr]    Compiling libc v0.2.68
[INFO] [stderr]     Checking cfg-if v0.1.10
[INFO] [stderr]    Compiling proc-macro2 v1.0.10
[INFO] [stderr]    Compiling unicode-xid v0.2.0
[INFO] [stderr]     Checking lazy_static v1.4.0
[INFO] [stderr]    Compiling syn v1.0.17
[INFO] [stderr]    Compiling log v0.4.8
[INFO] [stderr]    Compiling autocfg v1.0.0
[INFO] [stderr]    Compiling memchr v2.3.3
[INFO] [stderr]    Compiling cc v1.0.50
[INFO] [stderr]    Compiling byteorder v1.3.4
[INFO] [stderr]     Checking fnv v1.0.6
[INFO] [stderr]     Checking spin v0.5.2
[INFO] [stderr]     Checking untrusted v0.7.0
[INFO] [stderr]     Checking itoa v0.4.5
[INFO] [stderr]     Checking slab v0.4.2
[INFO] [stderr]     Checking bytes v0.5.4
[INFO] [stderr]     Checking futures-core v0.3.4
[INFO] [stderr]    Compiling version_check v0.9.1
[INFO] [stderr]    Compiling semver-parser v0.7.0
[INFO] [stderr]    Compiling typenum v1.11.2
[INFO] [stderr]     Checking pin-project-lite v0.1.4
[INFO] [stderr]    Compiling proc-macro-nested v0.1.4
[INFO] [stderr]    Compiling getrandom v0.1.14
[INFO] [stderr]     Checking smallvec v1.3.0
[INFO] [stderr]    Compiling serde v1.0.106
[INFO] [stderr]    Compiling httparse v1.3.4
[INFO] [stderr]     Checking base64 v0.11.0
[INFO] [stderr]     Checking matches v0.1.8
[INFO] [stderr]    Compiling proc-macro-hack v0.5.15
[INFO] [stderr]     Checking futures-sink v0.3.4
[INFO] [stderr]     Checking futures-task v0.3.4
[INFO] [stderr]    Compiling maybe-uninit v2.0.0
[INFO] [stderr]     Checking pin-utils v0.1.0-alpha.4
[INFO] [stderr]     Checking futures-io v0.3.4
[INFO] [stderr]     Checking try-lock v0.2.2
[INFO] [stderr]     Checking byte-tools v0.3.1
[INFO] [stderr]    Compiling ryu v1.0.3
[INFO] [stderr]     Checking percent-encoding v2.1.0
[INFO] [stderr]     Checking openssl-probe v0.1.2
[INFO] [stderr]     Checking ppv-lite86 v0.2.6
[INFO] [stderr]    Compiling crc32fast v1.2.0
[INFO] [stderr]    Compiling pkg-config v0.3.17
[INFO] [stderr]     Checking tower-service v0.3.0
[INFO] [stderr]    Compiling encoding_rs v0.8.22
[INFO] [stderr]     Checking ucd-util v0.1.8
[INFO] [stderr]     Checking fake-simd v0.1.2
[INFO] [stderr]    Compiling bitflags v1.2.1
[INFO] [stderr]    Compiling regex v0.2.11
[INFO] [stderr]     Checking traitobject v0.1.0
[INFO] [stderr]     Checking adler32 v1.0.4
[INFO] [stderr]     Checking mime v0.3.16
[INFO] [stderr]     Checking scopeguard v1.1.0
[INFO] [stderr]     Checking dtoa v0.4.5
[INFO] [stderr]     Checking opaque-debug v0.2.3
[INFO] [stderr]     Checking utf-8 v0.7.5
[INFO] [stderr]     Checking utf8-ranges v1.0.4
[INFO] [stderr]    Compiling serenity v0.8.1
[INFO] [stderr]     Checking static_assertions v1.1.0
[INFO] [stderr]     Checking uwl v0.5.1
[INFO] [stderr]     Checking thread_local v0.3.6
[INFO] [stderr]     Checking block-padding v0.1.5
[INFO] [stderr]     Checking unicode-normalization v0.1.12
[INFO] [stderr]     Checking futures-channel v0.3.4
[INFO] [stderr]     Checking miniz_oxide v0.3.6
[INFO] [stderr]    Compiling indexmap v1.3.2
[INFO] [stderr]    Compiling num-traits v0.2.11
[INFO] [stderr]    Compiling num-integer v0.1.42
[INFO] [stderr]    Compiling libsqlite3-sys v0.17.3
[INFO] [stderr]     Checking regex-syntax v0.5.6
[INFO] [stderr]     Checking unicode-bidi v0.3.4
[INFO] [stderr]     Checking lock_api v0.3.3
[INFO] [stderr]     Checking unsafe-any v0.4.2
[INFO] [stderr]    Compiling semver v0.9.0
[INFO] [stderr]     Checking typemap v0.3.3
[INFO] [stderr]     Checking http v0.2.1
[INFO] [stderr]    Compiling unicase v2.6.0
[INFO] [stderr]    Compiling ring v0.16.12
[INFO] [stderr]     Checking aho-corasick v0.6.10
[INFO] [stderr]     Checking iovec v0.1.4
[INFO] [stderr]     Checking num_cpus v1.12.0
[INFO] [stderr]     Checking net2 v0.2.33
[INFO] [stderr]     Checking time v0.1.42
[INFO] [stderr]     Checking base64 v0.10.1
[INFO] [stderr]     Checking smallvec v0.6.13
[INFO] [stderr]     Checking bytes v0.4.12
[INFO] [stderr]     Checking want v0.3.0
[INFO] [stderr]     Checking flate2 v1.0.14
[INFO] [stderr]    Compiling quote v1.0.3
[INFO] [stderr]    Compiling rustc_version v0.2.3
[INFO] [stderr]     Checking idna v0.2.0
[INFO] [stderr]     Checking generic-array v0.12.3
[INFO] [stderr]     Checking http-body v0.3.1
[INFO] [stderr]     Checking rand_core v0.5.1
[INFO] [stderr]     Checking threadpool v1.7.1
[INFO] [stderr]     Checking mio v0.6.21
[INFO] [stderr]     Checking block-buffer v0.7.3
[INFO] [stderr]     Checking digest v0.8.1
[INFO] [stderr]    Compiling parking_lot_core v0.6.2
[INFO] [stderr]    Compiling parking_lot v0.9.0
[INFO] [stderr]     Checking input_buffer v0.2.0
[INFO] [stderr]     Checking http v0.1.21
[INFO] [stderr]     Checking rand_chacha v0.2.2
[INFO] [stderr]     Checking sha-1 v0.8.2
[INFO] [stderr]    Compiling mime_guess v2.0.3
[INFO] [stderr]     Checking url v2.1.1
[INFO] [stderr]     Checking rand v0.7.3
[INFO] [stderr]     Checking tokio v0.2.16
[INFO] [stderr]     Checking dotenv v0.9.0
[INFO] [stderr]     Checking tungstenite v0.9.2
[INFO] [stderr]     Checking tokio-util v0.3.1
[INFO] [stderr]     Checking webpki v0.21.2
[INFO] [stderr]     Checking sct v0.6.0
[INFO] [stderr]     Checking ct-logs v0.6.0
[INFO] [stderr]     Checking rustls v0.17.0
[INFO] [stderr]     Checking webpki-roots v0.18.0
[INFO] [stderr]     Checking rustls v0.16.0
[INFO] [stderr]     Checking tokio-rustls v0.13.0
[INFO] [stderr]     Checking rustls-native-certs v0.3.0
[INFO] [stderr]    Compiling futures-macro v0.3.4
[INFO] [stderr]    Compiling serde_derive v1.0.106
[INFO] [stderr]    Compiling pin-project-internal v0.4.8
[INFO] [stderr]    Compiling command_attr v0.2.0
[INFO] [stderr]    Compiling diesel_derives v1.4.1
[INFO] [stderr]     Checking futures-util v0.3.4
[INFO] [stderr]     Checking pin-project v0.4.8
[INFO] [stderr]     Checking h2 v0.2.4
[INFO] [stderr]     Checking diesel v1.4.4
[INFO] [stderr]     Checking hyper v0.13.4
[INFO] [stderr]     Checking hyper-rustls v0.20.0
[INFO] [stderr]     Checking serde_urlencoded v0.6.1
[INFO] [stderr]     Checking serde_json v1.0.51
[INFO] [stderr]     Checking chrono v0.4.11
[INFO] [stderr]     Checking reqwest v0.10.4
[INFO] [stderr]     Checking sovietbot v0.1.0 (/opt/rustwide/workdir)
[INFO] [stdout] error[E0583]: file not found for module `schema`
[INFO] [stdout]   --> src/main.rs:23:1
[INFO] [stdout]    |
[INFO] [stdout] 23 | pub mod schema;
[INFO] [stdout]    | ^^^^^^^^^^^^^^^
[INFO] [stdout]    |
[INFO] [stdout]    = help: to create the module `schema`, create file "src/schema.rs" or "src/schema/mod.rs"
[INFO] [stdout] 
[INFO] [stdout] 
[INFO] [stdout] error[E0583]: file not found for module `schema`
[INFO] [stdout]   --> src/main.rs:23:1
[INFO] [stdout]    |
[INFO] [stdout] 23 | pub mod schema;
[INFO] [stdout]    | ^^^^^^^^^^^^^^^
[INFO] [stdout]    |
[INFO] [stdout]    = help: to create the module `schema`, create file "src/schema.rs" or "src/schema/mod.rs"
[INFO] [stdout] 
[INFO] [stdout] 
[INFO] [stdout] error[E0432]: unresolved import `schema::guilds`
[INFO] [stdout]   --> src/main.rs:18:5
[INFO] [stdout]    |
[INFO] [stdout] 18 | use schema::guilds;
[INFO] [stdout]    |     ^^^^^^^^^^^^^^ no `guilds` in `schema`
[INFO] [stdout] 
[INFO] [stdout] 
[INFO] [stdout] error[E0432]: unresolved imports `crate::schema::guilds`, `crate::schema::tags`
[INFO] [stdout]  --> src/models.rs:1:21
[INFO] [stdout]   |
[INFO] [stdout] 1 | use crate::schema::{guilds, tags};
[INFO] [stdout]   |                     ^^^^^^  ^^^^ no `tags` in `schema`
[INFO] [stdout]   |                     |
[INFO] [stdout]   |                     no `guilds` in `schema`
[INFO] [stdout] 
[INFO] [stdout] 
[INFO] [stdout] error[E0432]: unresolved import `crate::schema::tags`
[INFO] [stdout]  --> src/command/tag.rs:6:5
[INFO] [stdout]   |
[INFO] [stdout] 6 | use crate::schema::tags;
[INFO] [stdout]   |     ^^^^^^^^^^^^^^^^^^^ no `tags` in `schema`
[INFO] [stdout] 
[INFO] [stdout] 
[INFO] [stdout] warning: unused import: `serenity::framework::standard::CommandResult`
[INFO] [stdout]  --> src/main.rs:9:5
[INFO] [stdout]   |
[INFO] [stdout] 9 | use serenity::framework::standard::CommandResult;
[INFO] [stdout]   |     ^^^^^^^^^^^^^^^^^^^^^^^^^^^^^^^^^^^^^^^^^^^^
[INFO] [stdout]   |
[INFO] [stdout]   = note: `#[warn(unused_imports)]` on by default
[INFO] [stdout] 
[INFO] [stdout] 
[INFO] [stdout] warning: unused import: `serenity::utils::MessageBuilder`
[INFO] [stdout]   --> src/main.rs:10:5
[INFO] [stdout]    |
[INFO] [stdout] 10 | use serenity::utils::MessageBuilder;
[INFO] [stdout]    |     ^^^^^^^^^^^^^^^^^^^^^^^^^^^^^^^
[INFO] [stdout] 
[INFO] [stdout] 
[INFO] [stdout] warning: unused import: `dotenv::dotenv`
[INFO] [stdout]   --> src/main.rs:14:5
[INFO] [stdout]    |
[INFO] [stdout] 14 | use dotenv::dotenv;
[INFO] [stdout]    |     ^^^^^^^^^^^^^^
[INFO] [stdout] 
[INFO] [stdout] 
[INFO] [stdout] warning: unused import: `std::collections::HashMap`
[INFO] [stdout]   --> src/main.rs:16:5
[INFO] [stdout]    |
[INFO] [stdout] 16 | use std::collections::HashMap;
[INFO] [stdout]    |     ^^^^^^^^^^^^^^^^^^^^^^^^^
[INFO] [stdout] 
[INFO] [stdout] 
[INFO] [stdout] warning: unused import: `std::borrow::Borrow`
[INFO] [stdout]   --> src/main.rs:21:5
[INFO] [stdout]    |
[INFO] [stdout] 21 | use std::borrow::Borrow;
[INFO] [stdout]    |     ^^^^^^^^^^^^^^^^^^^
[INFO] [stdout] 
[INFO] [stdout] 
[INFO] [stdout] warning: unused imports: `io`, `sync`
[INFO] [stdout]  --> src/command/mod.rs:4:11
[INFO] [stdout]   |
[INFO] [stdout] 4 | use std::{sync, io, fmt};
[INFO] [stdout]   |           ^^^^  ^^
[INFO] [stdout] 
[INFO] [stdout] 
[INFO] [stdout] warning: unused import: `std::sync::MutexGuard`
[INFO] [stdout]  --> src/command/mod.rs:5:5
[INFO] [stdout]   |
[INFO] [stdout] 5 | use std::sync::MutexGuard;
[INFO] [stdout]   |     ^^^^^^^^^^^^^^^^^^^^^
[INFO] [stdout] 
[INFO] [stdout] 
[INFO] [stdout] warning: unused import: `diesel::result::Error`
[INFO] [stdout]  --> src/command/mod.rs:8:5
[INFO] [stdout]   |
[INFO] [stdout] 8 | use diesel::result::Error;
[INFO] [stdout]   |     ^^^^^^^^^^^^^^^^^^^^^
[INFO] [stdout] 
[INFO] [stdout] 
[INFO] [stdout] warning: unused import: `diesel::result::Error::DatabaseError`
[INFO] [stdout]   --> src/command/tag.rs:11:5
[INFO] [stdout]    |
[INFO] [stdout] 11 | use diesel::result::Error::DatabaseError;
[INFO] [stdout]    |     ^^^^^^^^^^^^^^^^^^^^^^^^^^^^^^^^^^^^
[INFO] [stdout] 
[INFO] [stdout] 
[INFO] [stdout] warning: unused import: `diesel::result::DatabaseErrorKind`
[INFO] [stdout]   --> src/command/tag.rs:12:5
[INFO] [stdout]    |
[INFO] [stdout] 12 | use diesel::result::DatabaseErrorKind;
[INFO] [stdout]    |     ^^^^^^^^^^^^^^^^^^^^^^^^^^^^^^^^^
[INFO] [stdout] 
[INFO] [stdout] 
[INFO] [stdout] error[E0432]: unresolved import `schema::guilds`
[INFO] [stdout]   --> src/main.rs:18:5
[INFO] [stdout]    |
[INFO] [stdout] 18 | use schema::guilds;
[INFO] [stdout]    |     ^^^^^^^^^^^^^^ no `guilds` in `schema`
[INFO] [stdout] 
[INFO] [stdout] 
[INFO] [stdout] error[E0432]: unresolved imports `crate::schema::guilds`, `crate::schema::tags`
[INFO] [stdout]  --> src/models.rs:1:21
[INFO] [stdout]   |
[INFO] [stdout] 1 | use crate::schema::{guilds, tags};
[INFO] [stdout]   |                     ^^^^^^  ^^^^ no `tags` in `schema`
[INFO] [stdout]   |                     |
[INFO] [stdout]   |                     no `guilds` in `schema`
[INFO] [stdout] 
[INFO] [stdout] 
[INFO] [stdout] error[E0432]: unresolved import `crate::schema::tags`
[INFO] [stdout]  --> src/command/tag.rs:6:5
[INFO] [stdout]   |
[INFO] [stdout] 6 | use crate::schema::tags;
[INFO] [stdout]   |     ^^^^^^^^^^^^^^^^^^^ no `tags` in `schema`
[INFO] [stdout] 
[INFO] [stdout] 
[INFO] [stdout] warning: unused import: `serenity::framework::standard::CommandResult`
[INFO] [stdout]  --> src/main.rs:9:5
[INFO] [stdout]   |
[INFO] [stdout] 9 | use serenity::framework::standard::CommandResult;
[INFO] [stdout]   |     ^^^^^^^^^^^^^^^^^^^^^^^^^^^^^^^^^^^^^^^^^^^^
[INFO] [stdout]   |
[INFO] [stdout]   = note: `#[warn(unused_imports)]` on by default
[INFO] [stdout] 
[INFO] [stdout] 
[INFO] [stdout] warning: unused import: `serenity::utils::MessageBuilder`
[INFO] [stdout]   --> src/main.rs:10:5
[INFO] [stdout]    |
[INFO] [stdout] 10 | use serenity::utils::MessageBuilder;
[INFO] [stdout]    |     ^^^^^^^^^^^^^^^^^^^^^^^^^^^^^^^
[INFO] [stdout] 
[INFO] [stdout] 
[INFO] [stdout] warning: unused import: `dotenv::dotenv`
[INFO] [stdout]   --> src/main.rs:14:5
[INFO] [stdout]    |
[INFO] [stdout] 14 | use dotenv::dotenv;
[INFO] [stdout]    |     ^^^^^^^^^^^^^^
[INFO] [stdout] 
[INFO] [stdout] 
[INFO] [stdout] warning: unused import: `std::collections::HashMap`
[INFO] [stdout]   --> src/main.rs:16:5
[INFO] [stdout]    |
[INFO] [stdout] 16 | use std::collections::HashMap;
[INFO] [stdout]    |     ^^^^^^^^^^^^^^^^^^^^^^^^^
[INFO] [stdout] 
[INFO] [stdout] 
[INFO] [stdout] warning: unused import: `std::borrow::Borrow`
[INFO] [stdout]   --> src/main.rs:21:5
[INFO] [stdout]    |
[INFO] [stdout] 21 | use std::borrow::Borrow;
[INFO] [stdout]    |     ^^^^^^^^^^^^^^^^^^^
[INFO] [stdout] 
[INFO] [stdout] 
[INFO] [stdout] warning: unused imports: `io`, `sync`
[INFO] [stdout]  --> src/command/mod.rs:4:11
[INFO] [stdout]   |
[INFO] [stdout] 4 | use std::{sync, io, fmt};
[INFO] [stdout]   |           ^^^^  ^^
[INFO] [stdout] 
[INFO] [stdout] 
[INFO] [stdout] warning: unused import: `std::sync::MutexGuard`
[INFO] [stdout]  --> src/command/mod.rs:5:5
[INFO] [stdout]   |
[INFO] [stdout] 5 | use std::sync::MutexGuard;
[INFO] [stdout]   |     ^^^^^^^^^^^^^^^^^^^^^
[INFO] [stdout] 
[INFO] [stdout] 
[INFO] [stdout] warning: unused import: `diesel::result::Error`
[INFO] [stdout]  --> src/command/mod.rs:8:5
[INFO] [stdout]   |
[INFO] [stdout] 8 | use diesel::result::Error;
[INFO] [stdout]   |     ^^^^^^^^^^^^^^^^^^^^^
[INFO] [stdout] 
[INFO] [stdout] 
[INFO] [stdout] warning: unused import: `diesel::result::Error::DatabaseError`
[INFO] [stdout]   --> src/command/tag.rs:11:5
[INFO] [stdout]    |
[INFO] [stdout] 11 | use diesel::result::Error::DatabaseError;
[INFO] [stdout]    |     ^^^^^^^^^^^^^^^^^^^^^^^^^^^^^^^^^^^^
[INFO] [stdout] 
[INFO] [stdout] 
[INFO] [stdout] warning: unused import: `diesel::result::DatabaseErrorKind`
[INFO] [stdout]   --> src/command/tag.rs:12:5
[INFO] [stdout]    |
[INFO] [stdout] 12 | use diesel::result::DatabaseErrorKind;
[INFO] [stdout]    |     ^^^^^^^^^^^^^^^^^^^^^^^^^^^^^^^^^
[INFO] [stdout] 
[INFO] [stdout] 
[INFO] [stdout] warning: unused import: `diesel::prelude`
[INFO] [stdout]  --> src/command/tag.rs:9:5
[INFO] [stdout]   |
[INFO] [stdout] 9 | use diesel::prelude::*;
[INFO] [stdout]   |     ^^^^^^^^^^^^^^^
[INFO] [stdout] 
[INFO] [stdout] 
[INFO] [stdout] error: aborting due to 4 previous errors; 11 warnings emitted
[INFO] [stdout] 
[INFO] [stdout] 
[INFO] [stdout] Some errors have detailed explanations: E0432, E0583.
[INFO] [stdout] 
[INFO] [stdout] For more information about an error, try `rustc --explain E0432`.
[INFO] [stdout] 
[INFO] [stderr] error: could not compile `sovietbot` due to 5 previous errors; 11 warnings emitted
[INFO] [stderr] warning: build failed, waiting for other jobs to finish...
[INFO] [stdout] warning: unused import: `diesel::prelude`
[INFO] [stdout]  --> src/command/tag.rs:9:5
[INFO] [stdout]   |
[INFO] [stdout] 9 | use diesel::prelude::*;
[INFO] [stdout]   |     ^^^^^^^^^^^^^^^
[INFO] [stdout] 
[INFO] [stdout] 
[INFO] [stdout] error: aborting due to 4 previous errors; 11 warnings emitted
[INFO] [stdout] 
[INFO] [stdout] 
[INFO] [stdout] Some errors have detailed explanations: E0432, E0583.
[INFO] [stdout] 
[INFO] [stdout] For more information about an error, try `rustc --explain E0432`.
[INFO] [stdout] 
[INFO] [stderr] error: build failed
[INFO] running `Command { std: "docker" "inspect" "5daf64514ad546598c899581524d938a82c43d57242ee4b865773f09f9363e53", kill_on_drop: false }`
[INFO] running `Command { std: "docker" "rm" "-f" "5daf64514ad546598c899581524d938a82c43d57242ee4b865773f09f9363e53", kill_on_drop: false }`
[INFO] [stdout] 5daf64514ad546598c899581524d938a82c43d57242ee4b865773f09f9363e53
