[INFO] cloning repository https://github.com/rklaehn/tag-index
[INFO] running `Command { std: "git" "-c" "credential.helper=" "-c" "credential.helper=/workspace/cargo-home/bin/git-credential-null" "clone" "--bare" "https://github.com/rklaehn/tag-index" "/workspace/cache/git-repos/https%3A%2F%2Fgithub.com%2Frklaehn%2Ftag-index", kill_on_drop: false }`
[INFO] [stderr] Cloning into bare repository '/workspace/cache/git-repos/https%3A%2F%2Fgithub.com%2Frklaehn%2Ftag-index'...
[INFO] running `Command { std: "git" "rev-parse" "HEAD", kill_on_drop: false }`
[INFO] [stdout] 40668f843f86b9a599192cf0f869cc113488e3bc
[INFO] checking rklaehn/tag-index against beta-2021-10-15 for beta-1.56-3
[INFO] running `Command { std: "git" "clone" "/workspace/cache/git-repos/https%3A%2F%2Fgithub.com%2Frklaehn%2Ftag-index" "/workspace/builds/worker-67/source", kill_on_drop: false }`
[INFO] [stderr] Cloning into '/workspace/builds/worker-67/source'...
[INFO] [stderr] done.
[INFO] validating manifest of git repo https://github.com/rklaehn/tag-index on toolchain beta-2021-10-15
[INFO] running `Command { std: "/workspace/cargo-home/bin/cargo" "+beta-2021-10-15" "metadata" "--manifest-path" "Cargo.toml" "--no-deps", kill_on_drop: false }`
[INFO] started tweaking git repo https://github.com/rklaehn/tag-index
[INFO] finished tweaking git repo https://github.com/rklaehn/tag-index
[INFO] tweaked toml for git repo https://github.com/rklaehn/tag-index written to /workspace/builds/worker-67/source/Cargo.toml
[INFO] crate git repo https://github.com/rklaehn/tag-index already has a lockfile, it will not be regenerated
[INFO] running `Command { std: "/workspace/cargo-home/bin/cargo" "+beta-2021-10-15" "fetch" "--manifest-path" "Cargo.toml", kill_on_drop: false }`
[INFO] [stderr]     Blocking waiting for file lock on package cache
[INFO] [stderr]     Blocking waiting for file lock on package cache
[INFO] [stderr]  Downloading crates ...
[INFO] [stderr]   Downloaded zstd-safe v2.0.3+zstd.1.4.4
[INFO] [stderr]   Downloaded zstd v0.5.1+zstd.1.4.4
[INFO] [stderr]   Downloaded zstd-sys v1.4.15+zstd.1.4.4
[INFO] [stderr]   Downloaded reduce v0.1.2
[INFO] running `Command { std: "docker" "create" "-v" "/var/lib/crater-agent-workspace/builds/worker-67/target:/opt/rustwide/target:rw,Z" "-v" "/var/lib/crater-agent-workspace/builds/worker-67/source:/opt/rustwide/workdir:ro,Z" "-v" "/var/lib/crater-agent-workspace/cargo-home:/opt/rustwide/cargo-home:ro,Z" "-v" "/var/lib/crater-agent-workspace/rustup-home:/opt/rustwide/rustup-home:ro,Z" "-e" "SOURCE_DIR=/opt/rustwide/workdir" "-e" "CARGO_TARGET_DIR=/opt/rustwide/target" "-e" "CARGO_HOME=/opt/rustwide/cargo-home" "-e" "RUSTUP_HOME=/opt/rustwide/rustup-home" "-w" "/opt/rustwide/workdir" "-m" "1610612736" "--user" "0:0" "--network" "none" "ghcr.io/rust-lang/crates-build-env/linux@sha256:a89201d6b5b9fd45c15d5952ece0a0129e7e80cb26ec023fd59cf09bc26f1604" "/opt/rustwide/cargo-home/bin/cargo" "+beta-2021-10-15" "metadata" "--no-deps" "--format-version=1", kill_on_drop: false }`
[INFO] [stdout] 45aac48528fb7f810b52f34f977fa425aadb789d81a2af1dd1b794ad93eace45
[INFO] running `Command { std: "docker" "start" "-a" "45aac48528fb7f810b52f34f977fa425aadb789d81a2af1dd1b794ad93eace45", kill_on_drop: false }`
[INFO] running `Command { std: "docker" "inspect" "45aac48528fb7f810b52f34f977fa425aadb789d81a2af1dd1b794ad93eace45", kill_on_drop: false }`
[INFO] running `Command { std: "docker" "rm" "-f" "45aac48528fb7f810b52f34f977fa425aadb789d81a2af1dd1b794ad93eace45", kill_on_drop: false }`
[INFO] [stdout] 45aac48528fb7f810b52f34f977fa425aadb789d81a2af1dd1b794ad93eace45
[INFO] running `Command { std: "docker" "create" "-v" "/var/lib/crater-agent-workspace/builds/worker-67/target:/opt/rustwide/target:rw,Z" "-v" "/var/lib/crater-agent-workspace/builds/worker-67/source:/opt/rustwide/workdir:ro,Z" "-v" "/var/lib/crater-agent-workspace/cargo-home:/opt/rustwide/cargo-home:ro,Z" "-v" "/var/lib/crater-agent-workspace/rustup-home:/opt/rustwide/rustup-home:ro,Z" "-e" "SOURCE_DIR=/opt/rustwide/workdir" "-e" "CARGO_TARGET_DIR=/opt/rustwide/target" "-e" "CARGO_INCREMENTAL=0" "-e" "RUST_BACKTRACE=full" "-e" "RUSTFLAGS=--cap-lints=warn" "-e" "CARGO_HOME=/opt/rustwide/cargo-home" "-e" "RUSTUP_HOME=/opt/rustwide/rustup-home" "-w" "/opt/rustwide/workdir" "-m" "1610612736" "--user" "0:0" "--network" "none" "ghcr.io/rust-lang/crates-build-env/linux@sha256:a89201d6b5b9fd45c15d5952ece0a0129e7e80cb26ec023fd59cf09bc26f1604" "/opt/rustwide/cargo-home/bin/cargo" "+beta-2021-10-15" "check" "--frozen" "--all" "--all-targets" "--message-format=json", kill_on_drop: false }`
[INFO] [stdout] 9b02e41c02d283ad8f65ac410668cc1fd98210b83567487129a5ff80db71b9e6
[INFO] running `Command { std: "docker" "start" "-a" "9b02e41c02d283ad8f65ac410668cc1fd98210b83567487129a5ff80db71b9e6", kill_on_drop: false }`
[INFO] [stderr]     Blocking waiting for file lock on package cache
[INFO] [stderr]    Compiling memchr v2.3.3
[INFO] [stderr]    Compiling glob v0.3.0
[INFO] [stderr]    Compiling serde v1.0.106
[INFO] [stderr]    Compiling log v0.4.8
[INFO] [stderr]     Checking regex-syntax v0.6.17
[INFO] [stderr]     Checking half v1.5.0
[INFO] [stderr]     Checking itoa v0.4.5
[INFO] [stderr]     Checking reduce v0.1.2
[INFO] [stderr]     Checking maplit v1.0.2
[INFO] [stderr]    Compiling libc v0.2.68
[INFO] [stderr]     Checking thread_local v1.0.1
[INFO] [stderr]    Compiling jobserver v0.1.21
[INFO] [stderr]     Checking aho-corasick v0.7.10
[INFO] [stderr]    Compiling cc v1.0.50
[INFO] [stderr]    Compiling zstd-sys v1.4.15+zstd.1.4.4
[INFO] [stderr]     Checking regex v1.3.6
[INFO] [stderr]     Checking env_logger v0.7.1
[INFO] [stderr]     Checking quickcheck v0.9.2
[INFO] [stderr]     Checking serde_cbor v0.11.1
[INFO] [stderr]     Checking serde_json v1.0.51
[INFO] [stderr]     Checking zstd-safe v2.0.3+zstd.1.4.4
[INFO] [stderr]     Checking zstd v0.5.1+zstd.1.4.4
[INFO] [stderr]     Checking tag-index v0.1.0 (/opt/rustwide/workdir)
[INFO] [stdout] error[E0034]: multiple applicable items in scope
[INFO] [stdout]    --> src/main.rs:171:14
[INFO] [stdout]     |
[INFO] [stdout] 171 |             .reduce(Expression::bitor)
[INFO] [stdout]     |              ^^^^^^ multiple `reduce` found
[INFO] [stdout]     |
[INFO] [stdout]     = note: candidate #1 is defined in an impl of the trait `Iterator` for the type `std::iter::Map<I, F>`
[INFO] [stdout]     = note: candidate #2 is defined in an impl of the trait `Reduce` for the type `I`
[INFO] [stdout] help: disambiguate the associated function for candidate #1
[INFO] [stdout]     |
[INFO] [stdout] 168 ~         Iterator::reduce(self.0
[INFO] [stdout] 169 +             .into_iter()
[INFO] [stdout] 170 +             .map(Dnf::and_expr), Expression::bitor)
[INFO] [stdout]     |
[INFO] [stdout] help: disambiguate the associated function for candidate #2
[INFO] [stdout]     |
[INFO] [stdout] 168 ~         Reduce::reduce(self.0
[INFO] [stdout] 169 +             .into_iter()
[INFO] [stdout] 170 +             .map(Dnf::and_expr), Expression::bitor)
[INFO] [stdout]     |
[INFO] [stdout] 
[INFO] [stdout] 
[INFO] [stdout] error[E0034]: multiple applicable items in scope
[INFO] [stdout]    --> src/main.rs:178:14
[INFO] [stdout]     |
[INFO] [stdout] 178 |             .reduce(Expression::bitand)
[INFO] [stdout]     |              ^^^^^^ multiple `reduce` found
[INFO] [stdout]     |
[INFO] [stdout]     = note: candidate #1 is defined in an impl of the trait `Iterator` for the type `std::iter::Map<I, F>`
[INFO] [stdout]     = note: candidate #2 is defined in an impl of the trait `Reduce` for the type `I`
[INFO] [stdout] help: disambiguate the associated function for candidate #1
[INFO] [stdout]     |
[INFO] [stdout] 176 ~         Iterator::reduce(v.into_iter()
[INFO] [stdout] 177 +             .map(Expression::literal), Expression::bitand)
[INFO] [stdout]     |
[INFO] [stdout] help: disambiguate the associated function for candidate #2
[INFO] [stdout]     |
[INFO] [stdout] 176 ~         Reduce::reduce(v.into_iter()
[INFO] [stdout] 177 +             .map(Expression::literal), Expression::bitand)
[INFO] [stdout]     |
[INFO] [stdout] 
[INFO] [stdout] 
[INFO] [stdout] error[E0034]: multiple applicable items in scope
[INFO] [stdout]    --> src/main.rs:217:67
[INFO] [stdout]     |
[INFO] [stdout] 217 |             Expression::Or(es) => es.into_iter().map(|x| x.dnf()).reduce(Dnf::bitor).unwrap(),
[INFO] [stdout]     |                                                                   ^^^^^^ multiple `reduce` found
[INFO] [stdout]     |
[INFO] [stdout]     = note: candidate #1 is defined in an impl of the trait `Iterator` for the type `std::iter::Map<I, F>`
[INFO] [stdout]     = note: candidate #2 is defined in an impl of the trait `Reduce` for the type `I`
[INFO] [stdout] help: disambiguate the associated function for candidate #1
[INFO] [stdout]     |
[INFO] [stdout] 217 |             Expression::Or(es) => Iterator::reduce(es.into_iter().map(|x| x.dnf()), Dnf::bitor).unwrap(),
[INFO] [stdout]     |                                   ~~~~~~~~~~~~~~~~~~~~~~~~~~~~~~~~~~~~~~~~~~~~~~~~~~~~~~~~~~~~~
[INFO] [stdout] help: disambiguate the associated function for candidate #2
[INFO] [stdout]     |
[INFO] [stdout] 217 |             Expression::Or(es) => Reduce::reduce(es.into_iter().map(|x| x.dnf()), Dnf::bitor).unwrap(),
[INFO] [stdout]     |                                   ~~~~~~~~~~~~~~~~~~~~~~~~~~~~~~~~~~~~~~~~~~~~~~~~~~~~~~~~~~~
[INFO] [stdout] 
[INFO] [stdout] 
[INFO] [stdout] error[E0034]: multiple applicable items in scope
[INFO] [stdout]    --> src/main.rs:218:68
[INFO] [stdout]     |
[INFO] [stdout] 218 |             Expression::And(es) => es.into_iter().map(|x| x.dnf()).reduce(Dnf::bitand).unwrap(),
[INFO] [stdout]     |                                                                    ^^^^^^ multiple `reduce` found
[INFO] [stdout]     |
[INFO] [stdout]     = note: candidate #1 is defined in an impl of the trait `Iterator` for the type `std::iter::Map<I, F>`
[INFO] [stdout]     = note: candidate #2 is defined in an impl of the trait `Reduce` for the type `I`
[INFO] [stdout] help: disambiguate the associated function for candidate #1
[INFO] [stdout]     |
[INFO] [stdout] 218 |             Expression::And(es) => Iterator::reduce(es.into_iter().map(|x| x.dnf()), Dnf::bitand).unwrap(),
[INFO] [stdout]     |                                    ~~~~~~~~~~~~~~~~~~~~~~~~~~~~~~~~~~~~~~~~~~~~~~~~~~~~~~~~~~~~~~
[INFO] [stdout] help: disambiguate the associated function for candidate #2
[INFO] [stdout]     |
[INFO] [stdout] 218 |             Expression::And(es) => Reduce::reduce(es.into_iter().map(|x| x.dnf()), Dnf::bitand).unwrap(),
[INFO] [stdout]     |                                    ~~~~~~~~~~~~~~~~~~~~~~~~~~~~~~~~~~~~~~~~~~~~~~~~~~~~~~~~~~~~
[INFO] [stdout] 
[INFO] [stdout] 
[INFO] [stdout] error[E0034]: multiple applicable items in scope
[INFO] [stdout]    --> src/main.rs:171:14
[INFO] [stdout]     |
[INFO] [stdout] 171 |             .reduce(Expression::bitor)
[INFO] [stdout]     |              ^^^^^^ multiple `reduce` found
[INFO] [stdout]     |
[INFO] [stdout]     = note: candidate #1 is defined in an impl of the trait `Iterator` for the type `std::iter::Map<I, F>`
[INFO] [stdout]     = note: candidate #2 is defined in an impl of the trait `Reduce` for the type `I`
[INFO] [stdout] help: disambiguate the associated function for candidate #1
[INFO] [stdout]     |
[INFO] [stdout] 168 ~         Iterator::reduce(self.0
[INFO] [stdout] 169 +             .into_iter()
[INFO] [stdout] 170 +             .map(Dnf::and_expr), Expression::bitor)
[INFO] [stdout]     |
[INFO] [stdout] help: disambiguate the associated function for candidate #2
[INFO] [stdout]     |
[INFO] [stdout] 168 ~         Reduce::reduce(self.0
[INFO] [stdout] 169 +             .into_iter()
[INFO] [stdout] 170 +             .map(Dnf::and_expr), Expression::bitor)
[INFO] [stdout]     |
[INFO] [stdout] 
[INFO] [stdout] 
[INFO] [stdout] error[E0034]: multiple applicable items in scope
[INFO] [stdout]    --> src/main.rs:178:14
[INFO] [stdout]     |
[INFO] [stdout] 178 |             .reduce(Expression::bitand)
[INFO] [stdout]     |              ^^^^^^ multiple `reduce` found
[INFO] [stdout]     |
[INFO] [stdout]     = note: candidate #1 is defined in an impl of the trait `Iterator` for the type `std::iter::Map<I, F>`
[INFO] [stdout]     = note: candidate #2 is defined in an impl of the trait `Reduce` for the type `I`
[INFO] [stdout] help: disambiguate the associated function for candidate #1
[INFO] [stdout]     |
[INFO] [stdout] 176 ~         Iterator::reduce(v.into_iter()
[INFO] [stdout] 177 +             .map(Expression::literal), Expression::bitand)
[INFO] [stdout]     |
[INFO] [stdout] help: disambiguate the associated function for candidate #2
[INFO] [stdout]     |
[INFO] [stdout] 176 ~         Reduce::reduce(v.into_iter()
[INFO] [stdout] 177 +             .map(Expression::literal), Expression::bitand)
[INFO] [stdout]     |
[INFO] [stdout] 
[INFO] [stdout] 
[INFO] [stdout] error[E0034]: multiple applicable items in scope
[INFO] [stdout]    --> src/main.rs:217:67
[INFO] [stdout]     |
[INFO] [stdout] 217 |             Expression::Or(es) => es.into_iter().map(|x| x.dnf()).reduce(Dnf::bitor).unwrap(),
[INFO] [stdout]     |                                                                   ^^^^^^ multiple `reduce` found
[INFO] [stdout]     |
[INFO] [stdout]     = note: candidate #1 is defined in an impl of the trait `Iterator` for the type `std::iter::Map<I, F>`
[INFO] [stdout]     = note: candidate #2 is defined in an impl of the trait `Reduce` for the type `I`
[INFO] [stdout] help: disambiguate the associated function for candidate #1
[INFO] [stdout]     |
[INFO] [stdout] 217 |             Expression::Or(es) => Iterator::reduce(es.into_iter().map(|x| x.dnf()), Dnf::bitor).unwrap(),
[INFO] [stdout]     |                                   ~~~~~~~~~~~~~~~~~~~~~~~~~~~~~~~~~~~~~~~~~~~~~~~~~~~~~~~~~~~~~
[INFO] [stdout] help: disambiguate the associated function for candidate #2
[INFO] [stdout]     |
[INFO] [stdout] 217 |             Expression::Or(es) => Reduce::reduce(es.into_iter().map(|x| x.dnf()), Dnf::bitor).unwrap(),
[INFO] [stdout]     |                                   ~~~~~~~~~~~~~~~~~~~~~~~~~~~~~~~~~~~~~~~~~~~~~~~~~~~~~~~~~~~
[INFO] [stdout] 
[INFO] [stdout] 
[INFO] [stdout] error[E0034]: multiple applicable items in scope
[INFO] [stdout]    --> src/main.rs:218:68
[INFO] [stdout]     |
[INFO] [stdout] 218 |             Expression::And(es) => es.into_iter().map(|x| x.dnf()).reduce(Dnf::bitand).unwrap(),
[INFO] [stdout]     |                                                                    ^^^^^^ multiple `reduce` found
[INFO] [stdout]     |
[INFO] [stdout]     = note: candidate #1 is defined in an impl of the trait `Iterator` for the type `std::iter::Map<I, F>`
[INFO] [stdout]     = note: candidate #2 is defined in an impl of the trait `Reduce` for the type `I`
[INFO] [stdout] help: disambiguate the associated function for candidate #1
[INFO] [stdout]     |
[INFO] [stdout] 218 |             Expression::And(es) => Iterator::reduce(es.into_iter().map(|x| x.dnf()), Dnf::bitand).unwrap(),
[INFO] [stdout]     |                                    ~~~~~~~~~~~~~~~~~~~~~~~~~~~~~~~~~~~~~~~~~~~~~~~~~~~~~~~~~~~~~~
[INFO] [stdout] help: disambiguate the associated function for candidate #2
[INFO] [stdout]     |
[INFO] [stdout] 218 |             Expression::And(es) => Reduce::reduce(es.into_iter().map(|x| x.dnf()), Dnf::bitand).unwrap(),
[INFO] [stdout]     |                                    ~~~~~~~~~~~~~~~~~~~~~~~~~~~~~~~~~~~~~~~~~~~~~~~~~~~~~~~~~~~~
[INFO] [stdout] 
[INFO] [stdout] 
[INFO] [stdout] warning: unused import: `reduce::Reduce`
[INFO] [stdout]  --> src/main.rs:2:5
[INFO] [stdout]   |
[INFO] [stdout] 2 | use reduce::Reduce;
[INFO] [stdout]   |     ^^^^^^^^^^^^^^
[INFO] [stdout]   |
[INFO] [stdout]   = note: `#[warn(unused_imports)]` on by default
[INFO] [stdout] 
[INFO] [stdout] 
[INFO] [stdout] error: aborting due to 4 previous errors; 1 warning emitted
[INFO] [stdout] 
[INFO] [stdout] 
[INFO] [stdout] For more information about this error, try `rustc --explain E0034`.
[INFO] [stdout] 
[INFO] [stdout] warning: unused import: `reduce::Reduce`
[INFO] [stdout]  --> src/main.rs:2:5
[INFO] [stdout]   |
[INFO] [stdout] 2 | use reduce::Reduce;
[INFO] [stdout]   |     ^^^^^^^^^^^^^^
[INFO] [stdout]   |
[INFO] [stdout]   = note: `#[warn(unused_imports)]` on by default
[INFO] [stdout] 
[INFO] [stdout] 
[INFO] [stderr] error: could not compile `tag-index` due to 5 previous errors; 1 warning emitted
[INFO] [stderr] warning: build failed, waiting for other jobs to finish...
[INFO] [stdout] error: aborting due to 4 previous errors; 1 warning emitted
[INFO] [stdout] 
[INFO] [stdout] 
[INFO] [stdout] For more information about this error, try `rustc --explain E0034`.
[INFO] [stdout] 
[INFO] [stderr] error: build failed
[INFO] running `Command { std: "docker" "inspect" "9b02e41c02d283ad8f65ac410668cc1fd98210b83567487129a5ff80db71b9e6", kill_on_drop: false }`
[INFO] running `Command { std: "docker" "rm" "-f" "9b02e41c02d283ad8f65ac410668cc1fd98210b83567487129a5ff80db71b9e6", kill_on_drop: false }`
[INFO] [stdout] 9b02e41c02d283ad8f65ac410668cc1fd98210b83567487129a5ff80db71b9e6
