[INFO] cloning repository https://github.com/rk463345/Rust_Projects_RPS
[INFO] running `Command { std: "git" "-c" "credential.helper=" "-c" "credential.helper=/workspace/cargo-home/bin/git-credential-null" "clone" "--bare" "https://github.com/rk463345/Rust_Projects_RPS" "/workspace/cache/git-repos/https%3A%2F%2Fgithub.com%2Frk463345%2FRust_Projects_RPS", kill_on_drop: false }`
[INFO] [stderr] Cloning into bare repository '/workspace/cache/git-repos/https%3A%2F%2Fgithub.com%2Frk463345%2FRust_Projects_RPS'...
[INFO] running `Command { std: "git" "rev-parse" "HEAD", kill_on_drop: false }`
[INFO] [stdout] cc9b6d481d2a2f67307db15a774acf3f8ef5b742
[INFO] checking rk463345/Rust_Projects_RPS against 1.55.0 for beta-1.56-3
[INFO] running `Command { std: "git" "clone" "/workspace/cache/git-repos/https%3A%2F%2Fgithub.com%2Frk463345%2FRust_Projects_RPS" "/workspace/builds/worker-2/source", kill_on_drop: false }`
[INFO] [stderr] Cloning into '/workspace/builds/worker-2/source'...
[INFO] [stderr] done.
[INFO] validating manifest of git repo https://github.com/rk463345/Rust_Projects_RPS on toolchain 1.55.0
[INFO] running `Command { std: "/workspace/cargo-home/bin/cargo" "+1.55.0" "metadata" "--manifest-path" "Cargo.toml" "--no-deps", kill_on_drop: false }`
[INFO] started tweaking git repo https://github.com/rk463345/Rust_Projects_RPS
[INFO] finished tweaking git repo https://github.com/rk463345/Rust_Projects_RPS
[INFO] tweaked toml for git repo https://github.com/rk463345/Rust_Projects_RPS written to /workspace/builds/worker-2/source/Cargo.toml
[INFO] crate git repo https://github.com/rk463345/Rust_Projects_RPS already has a lockfile, it will not be regenerated
[INFO] running `Command { std: "/workspace/cargo-home/bin/cargo" "+1.55.0" "fetch" "--manifest-path" "Cargo.toml", kill_on_drop: false }`
[INFO] [stderr]     Blocking waiting for file lock on package cache
[INFO] running `Command { std: "docker" "create" "-v" "/var/lib/crater-agent-workspace/builds/worker-2/target:/opt/rustwide/target:rw,Z" "-v" "/var/lib/crater-agent-workspace/builds/worker-2/source:/opt/rustwide/workdir:ro,Z" "-v" "/var/lib/crater-agent-workspace/cargo-home:/opt/rustwide/cargo-home:ro,Z" "-v" "/var/lib/crater-agent-workspace/rustup-home:/opt/rustwide/rustup-home:ro,Z" "-e" "SOURCE_DIR=/opt/rustwide/workdir" "-e" "CARGO_TARGET_DIR=/opt/rustwide/target" "-e" "CARGO_HOME=/opt/rustwide/cargo-home" "-e" "RUSTUP_HOME=/opt/rustwide/rustup-home" "-w" "/opt/rustwide/workdir" "-m" "1610612736" "--user" "0:0" "--network" "none" "ghcr.io/rust-lang/crates-build-env/linux@sha256:a89201d6b5b9fd45c15d5952ece0a0129e7e80cb26ec023fd59cf09bc26f1604" "/opt/rustwide/cargo-home/bin/cargo" "+1.55.0" "metadata" "--no-deps" "--format-version=1", kill_on_drop: false }`
[INFO] [stdout] 417b15226e449dadc6c19bd81a7c43d28da9535748431755ab4ba828ffee11af
[INFO] running `Command { std: "docker" "start" "-a" "417b15226e449dadc6c19bd81a7c43d28da9535748431755ab4ba828ffee11af", kill_on_drop: false }`
[INFO] running `Command { std: "docker" "inspect" "417b15226e449dadc6c19bd81a7c43d28da9535748431755ab4ba828ffee11af", kill_on_drop: false }`
[INFO] running `Command { std: "docker" "rm" "-f" "417b15226e449dadc6c19bd81a7c43d28da9535748431755ab4ba828ffee11af", kill_on_drop: false }`
[INFO] [stdout] 417b15226e449dadc6c19bd81a7c43d28da9535748431755ab4ba828ffee11af
[INFO] running `Command { std: "docker" "create" "-v" "/var/lib/crater-agent-workspace/builds/worker-2/target:/opt/rustwide/target:rw,Z" "-v" "/var/lib/crater-agent-workspace/builds/worker-2/source:/opt/rustwide/workdir:ro,Z" "-v" "/var/lib/crater-agent-workspace/cargo-home:/opt/rustwide/cargo-home:ro,Z" "-v" "/var/lib/crater-agent-workspace/rustup-home:/opt/rustwide/rustup-home:ro,Z" "-e" "SOURCE_DIR=/opt/rustwide/workdir" "-e" "CARGO_TARGET_DIR=/opt/rustwide/target" "-e" "CARGO_INCREMENTAL=0" "-e" "RUST_BACKTRACE=full" "-e" "RUSTFLAGS=--cap-lints=warn" "-e" "CARGO_HOME=/opt/rustwide/cargo-home" "-e" "RUSTUP_HOME=/opt/rustwide/rustup-home" "-w" "/opt/rustwide/workdir" "-m" "1610612736" "--user" "0:0" "--network" "none" "ghcr.io/rust-lang/crates-build-env/linux@sha256:a89201d6b5b9fd45c15d5952ece0a0129e7e80cb26ec023fd59cf09bc26f1604" "/opt/rustwide/cargo-home/bin/cargo" "+1.55.0" "check" "--frozen" "--all" "--all-targets" "--message-format=json", kill_on_drop: false }`
[INFO] [stdout] 4b2d11eabb35d0eaa83231f07a472536c99d35f7ae7f6cf80a3201bb280e19a7
[INFO] running `Command { std: "docker" "start" "-a" "4b2d11eabb35d0eaa83231f07a472536c99d35f7ae7f6cf80a3201bb280e19a7", kill_on_drop: false }`
[INFO] [stderr]     Blocking waiting for file lock on package cache
[INFO] [stderr]     Checking RPS v0.1.0 (/opt/rustwide/workdir)
[INFO] [stdout] error[E0432]: unresolved import `rand`
[INFO] [stdout]  --> src/game.rs:1:5
[INFO] [stdout]   |
[INFO] [stdout] 1 | use rand::Rng;
[INFO] [stdout]   |     ^^^^ use of undeclared crate or module `rand`
[INFO] [stdout] 
[INFO] [stdout] 
[INFO] [stdout] error[E0433]: failed to resolve: use of undeclared crate or module `rand`
[INFO] [stdout]   --> src/game.rs:12:48
[INFO] [stdout]    |
[INFO] [stdout] 12 |             let mut bot_choice = legal_choices[rand::thread_rng().gen_range(0..2)];
[INFO] [stdout]    |                                                ^^^^ use of undeclared crate or module `rand`
[INFO] [stdout] 
[INFO] [stdout] 
[INFO] [stdout] error[E0432]: unresolved import `rand`
[INFO] [stdout]  --> src/game.rs:1:5
[INFO] [stdout]   |
[INFO] [stdout] 1 | use rand::Rng;
[INFO] [stdout]   |     ^^^^ use of undeclared crate or module `rand`
[INFO] [stdout] 
[INFO] [stdout] 
[INFO] [stdout] error[E0433]: failed to resolve: use of undeclared crate or module `rand`
[INFO] [stdout]   --> src/game.rs:12:48
[INFO] [stdout]    |
[INFO] [stdout] 12 |             let mut bot_choice = legal_choices[rand::thread_rng().gen_range(0..2)];
[INFO] [stdout]    |                                                ^^^^ use of undeclared crate or module `rand`
[INFO] [stdout] 
[INFO] [stdout] 
[INFO] [stdout] error[E0425]: cannot find value `Int` in this scope
[INFO] [stdout]   --> src/main.rs:13:23
[INFO] [stdout]    |
[INFO] [stdout] 13 |     let mut best_of = Int:new();
[INFO] [stdout]    |                       ^^^- help: maybe you meant to write a path separator here: `::`
[INFO] [stdout]    |                       |
[INFO] [stdout]    |                       not found in this scope
[INFO] [stdout] 
[INFO] [stdout] 
[INFO] [stdout] error[E0425]: cannot find value `Int` in this scope
[INFO] [stdout]   --> src/main.rs:13:23
[INFO] [stdout]    |
[INFO] [stdout] 13 |     let mut best_of = Int:new();
[INFO] [stdout]    |                       ^^^- help: maybe you meant to write a path separator here: `::`
[INFO] [stdout]    |                       |
[INFO] [stdout]    |                       not found in this scope
[INFO] [stdout] 
[INFO] [stdout] 
[INFO] [stdout] error[E0423]: expected value, found struct `String`
[INFO] [stdout]    --> src/main.rs:14:26
[INFO] [stdout]     |
[INFO] [stdout] 14  |       let mut two_player = String:new();
[INFO] [stdout]     |                            ^^^^^^ help: use struct literal syntax instead: `String { vec: val }`
[INFO] [stdout] 
[INFO] [stdout] 
[INFO] [stdout] error[E0423]: expected value, found struct `String`
[INFO] [stdout]    --> src/main.rs:14:26
[INFO] [stdout]     |
[INFO] [stdout] 14  |       let mut two_player = String:new();
[INFO] [stdout]     |                            ^^^^^^ help: use struct literal syntax instead: `String { vec: val }`
[INFO] [stdout] 
[INFO] [stdout] 
[INFO] [stdout] error[E0412]: cannot find type `new` in this scope
[INFO] [stdout]   --> src/main.rs:14:33
[INFO] [stdout]    |
[INFO] [stdout] 14 |     let mut two_player = String:new();
[INFO] [stdout]    |                                -^^^ not found in this scope
[INFO] [stdout]    |                                |
[INFO] [stdout]    |                                help: maybe you meant to write a path separator here: `::`
[INFO] [stdout] 
[INFO] [stdout] 
[INFO] [stdout] error[E0412]: cannot find type `new` in this scope
[INFO] [stdout]   --> src/main.rs:14:33
[INFO] [stdout]    |
[INFO] [stdout] 14 |     let mut two_player = String:new();
[INFO] [stdout]    |                                -^^^ not found in this scope
[INFO] [stdout]    |                                |
[INFO] [stdout]    |                                help: maybe you meant to write a path separator here: `::`
[INFO] [stdout] 
[INFO] [stdout] 
[INFO] [stdout] error[E0603]: function `play` is private
[INFO] [stdout]   --> src/main.rs:28:11
[INFO] [stdout]    |
[INFO] [stdout] 28 |     game::play(best_of, two_player);
[INFO] [stdout]    |           ^^^^ private function
[INFO] [stdout]    |
[INFO] [stdout] note: the function `play` is defined here
[INFO] [stdout]   --> src/game.rs:3:1
[INFO] [stdout]    |
[INFO] [stdout] 3  | fn play(rounds: u32, bot: String) -> (){
[INFO] [stdout]    | ^^^^^^^^^^^^^^^^^^^^^^^^^^^^^^^^^^^^^^^
[INFO] [stdout] 
[INFO] [stdout] 
[INFO] [stdout] error[E0603]: function `play` is private
[INFO] [stdout]   --> src/main.rs:28:11
[INFO] [stdout]    |
[INFO] [stdout] 28 |     game::play(best_of, two_player);
[INFO] [stdout]    |           ^^^^ private function
[INFO] [stdout]    |
[INFO] [stdout] note: the function `play` is defined here
[INFO] [stdout]   --> src/game.rs:3:1
[INFO] [stdout]    |
[INFO] [stdout] 3  | fn play(rounds: u32, bot: String) -> (){
[INFO] [stdout]    | ^^^^^^^^^^^^^^^^^^^^^^^^^^^^^^^^^^^^^^^
[INFO] [stdout] 
[INFO] [stdout] 
[INFO] [stdout] error[E0369]: cannot add `_` to `&str`
[INFO] [stdout]   --> src/game.rs:18:39
[INFO] [stdout]    |
[INFO] [stdout] 18 |             let round = player_choice + bot_choice;
[INFO] [stdout]    |                         ------------- ^ ---------- _
[INFO] [stdout]    |                         |
[INFO] [stdout]    |                         &str
[INFO] [stdout] 
[INFO] [stdout] 
[INFO] [stdout] error[E0369]: cannot add `_` to `&str`
[INFO] [stdout]   --> src/game.rs:18:39
[INFO] [stdout]    |
[INFO] [stdout] 18 |             let round = player_choice + bot_choice;
[INFO] [stdout]    |                         ------------- ^ ---------- _
[INFO] [stdout]    |                         |
[INFO] [stdout]    |                         &str
[INFO] [stdout] 
[INFO] [stdout] 
[INFO] [stdout] error: aborting due to 7 previous errors
[INFO] [stdout] 
[INFO] [stdout] 
[INFO] [stdout] Some errors have detailed explanations: E0369, E0412, E0423, E0425, E0432, E0433, E0603.
[INFO] [stdout] 
[INFO] [stdout] For more information about an error, try `rustc --explain E0369`.
[INFO] [stdout] 
[INFO] [stdout] error: aborting due to 7 previous errors
[INFO] [stdout] 
[INFO] [stdout] 
[INFO] [stdout] Some errors have detailed explanations: E0369, E0412, E0423, E0425, E0432, E0433, E0603.
[INFO] [stdout] 
[INFO] [stdout] For more information about an error, try `rustc --explain E0369`.
[INFO] [stdout] 
[INFO] [stderr] error: could not compile `RPS` due to 8 previous errors
[INFO] [stderr] warning: build failed, waiting for other jobs to finish...
[INFO] [stderr] error: build failed
[INFO] running `Command { std: "docker" "inspect" "4b2d11eabb35d0eaa83231f07a472536c99d35f7ae7f6cf80a3201bb280e19a7", kill_on_drop: false }`
[INFO] running `Command { std: "docker" "rm" "-f" "4b2d11eabb35d0eaa83231f07a472536c99d35f7ae7f6cf80a3201bb280e19a7", kill_on_drop: false }`
[INFO] [stdout] 4b2d11eabb35d0eaa83231f07a472536c99d35f7ae7f6cf80a3201bb280e19a7
