[INFO] cloning repository https://github.com/ritobanrc/firework
[INFO] running `Command { std: "git" "-c" "credential.helper=" "-c" "credential.helper=/workspace/cargo-home/bin/git-credential-null" "clone" "--bare" "https://github.com/ritobanrc/firework" "/workspace/cache/git-repos/https%3A%2F%2Fgithub.com%2Fritobanrc%2Ffirework", kill_on_drop: false }`
[INFO] [stderr] Cloning into bare repository '/workspace/cache/git-repos/https%3A%2F%2Fgithub.com%2Fritobanrc%2Ffirework'...
[INFO] running `Command { std: "git" "rev-parse" "HEAD", kill_on_drop: false }`
[INFO] [stdout] f3d83faca569ed55e681d06f0f36cfd9b0ae8f4d
[INFO] checking ritobanrc/firework against beta-2021-10-15 for beta-1.56-3
[INFO] running `Command { std: "git" "clone" "/workspace/cache/git-repos/https%3A%2F%2Fgithub.com%2Fritobanrc%2Ffirework" "/workspace/builds/worker-66/source", kill_on_drop: false }`
[INFO] [stderr] Cloning into '/workspace/builds/worker-66/source'...
[INFO] [stderr] done.
[INFO] validating manifest of git repo https://github.com/ritobanrc/firework on toolchain beta-2021-10-15
[INFO] running `Command { std: "/workspace/cargo-home/bin/cargo" "+beta-2021-10-15" "metadata" "--manifest-path" "Cargo.toml" "--no-deps", kill_on_drop: false }`
[INFO] started tweaking git repo https://github.com/ritobanrc/firework
[INFO] finished tweaking git repo https://github.com/ritobanrc/firework
[INFO] tweaked toml for git repo https://github.com/ritobanrc/firework written to /workspace/builds/worker-66/source/Cargo.toml
[INFO] crate git repo https://github.com/ritobanrc/firework already has a lockfile, it will not be regenerated
[INFO] running `Command { std: "/workspace/cargo-home/bin/cargo" "+beta-2021-10-15" "fetch" "--manifest-path" "Cargo.toml", kill_on_drop: false }`
[INFO] [stderr]     Blocking waiting for file lock on package cache
[INFO] [stderr]     Blocking waiting for file lock on package cache
[INFO] running `Command { std: "docker" "create" "-v" "/var/lib/crater-agent-workspace/builds/worker-66/target:/opt/rustwide/target:rw,Z" "-v" "/var/lib/crater-agent-workspace/builds/worker-66/source:/opt/rustwide/workdir:ro,Z" "-v" "/var/lib/crater-agent-workspace/cargo-home:/opt/rustwide/cargo-home:ro,Z" "-v" "/var/lib/crater-agent-workspace/rustup-home:/opt/rustwide/rustup-home:ro,Z" "-e" "SOURCE_DIR=/opt/rustwide/workdir" "-e" "CARGO_TARGET_DIR=/opt/rustwide/target" "-e" "CARGO_HOME=/opt/rustwide/cargo-home" "-e" "RUSTUP_HOME=/opt/rustwide/rustup-home" "-w" "/opt/rustwide/workdir" "-m" "1610612736" "--user" "0:0" "--network" "none" "ghcr.io/rust-lang/crates-build-env/linux@sha256:a89201d6b5b9fd45c15d5952ece0a0129e7e80cb26ec023fd59cf09bc26f1604" "/opt/rustwide/cargo-home/bin/cargo" "+beta-2021-10-15" "metadata" "--no-deps" "--format-version=1", kill_on_drop: false }`
[INFO] [stdout] 316514a4b9c5f86005b8a1968c61d2c2c6c9c90add9d965c5ce86c986d004ac1
[INFO] running `Command { std: "docker" "start" "-a" "316514a4b9c5f86005b8a1968c61d2c2c6c9c90add9d965c5ce86c986d004ac1", kill_on_drop: false }`
[INFO] running `Command { std: "docker" "inspect" "316514a4b9c5f86005b8a1968c61d2c2c6c9c90add9d965c5ce86c986d004ac1", kill_on_drop: false }`
[INFO] running `Command { std: "docker" "rm" "-f" "316514a4b9c5f86005b8a1968c61d2c2c6c9c90add9d965c5ce86c986d004ac1", kill_on_drop: false }`
[INFO] [stdout] 316514a4b9c5f86005b8a1968c61d2c2c6c9c90add9d965c5ce86c986d004ac1
[INFO] running `Command { std: "docker" "create" "-v" "/var/lib/crater-agent-workspace/builds/worker-66/target:/opt/rustwide/target:rw,Z" "-v" "/var/lib/crater-agent-workspace/builds/worker-66/source:/opt/rustwide/workdir:ro,Z" "-v" "/var/lib/crater-agent-workspace/cargo-home:/opt/rustwide/cargo-home:ro,Z" "-v" "/var/lib/crater-agent-workspace/rustup-home:/opt/rustwide/rustup-home:ro,Z" "-e" "SOURCE_DIR=/opt/rustwide/workdir" "-e" "CARGO_TARGET_DIR=/opt/rustwide/target" "-e" "CARGO_INCREMENTAL=0" "-e" "RUST_BACKTRACE=full" "-e" "RUSTFLAGS=--cap-lints=warn" "-e" "CARGO_HOME=/opt/rustwide/cargo-home" "-e" "RUSTUP_HOME=/opt/rustwide/rustup-home" "-w" "/opt/rustwide/workdir" "-m" "1610612736" "--user" "0:0" "--network" "none" "ghcr.io/rust-lang/crates-build-env/linux@sha256:a89201d6b5b9fd45c15d5952ece0a0129e7e80cb26ec023fd59cf09bc26f1604" "/opt/rustwide/cargo-home/bin/cargo" "+beta-2021-10-15" "check" "--frozen" "--all" "--all-targets" "--message-format=json", kill_on_drop: false }`
[INFO] [stdout] b235c75b29790dbc1358f849725710345c7399450d201557935bf64e94570015
[INFO] running `Command { std: "docker" "start" "-a" "b235c75b29790dbc1358f849725710345c7399450d201557935bf64e94570015", kill_on_drop: false }`
[INFO] [stderr]     Blocking waiting for file lock on package cache
[INFO] [stderr]    Compiling autocfg v1.0.1
[INFO] [stderr]    Compiling proc-macro2 v1.0.20
[INFO] [stderr]    Compiling libc v0.2.76
[INFO] [stderr]    Compiling pkg-config v0.3.18
[INFO] [stderr]    Compiling syn v1.0.39
[INFO] [stderr]    Compiling xml-rs v0.8.3
[INFO] [stderr]    Compiling nix v0.17.0
[INFO] [stderr]    Compiling serde_derive v1.0.115
[INFO] [stderr]     Checking void v1.0.2
[INFO] [stderr]    Compiling serde v1.0.115
[INFO] [stderr]    Compiling version_check v0.9.2
[INFO] [stderr]    Compiling rayon-core v1.8.0
[INFO] [stderr]    Compiling memchr v2.3.3
[INFO] [stderr]     Checking once_cell v1.4.1
[INFO] [stderr]     Checking smallvec v1.4.2
[INFO] [stderr]     Checking adler32 v1.2.0
[INFO] [stderr]     Checking downcast-rs v1.2.0
[INFO] [stderr]     Checking ppv-lite86 v0.2.9
[INFO] [stderr]     Checking either v1.6.0
[INFO] [stderr]    Compiling inventory v0.1.8
[INFO] [stderr]     Checking bytemuck v1.4.0
[INFO] [stderr]     Checking lzw v0.10.0
[INFO] [stderr]    Compiling wide v0.4.6
[INFO] [stderr]    Compiling cc v1.0.59
[INFO] [stderr]     Checking remove_dir_all v0.5.3
[INFO] [stderr]     Checking linked-hash-map v0.5.3
[INFO] [stderr]     Checking color_quant v1.0.1
[INFO] [stderr]     Checking scoped_threadpool v0.1.9
[INFO] [stderr]     Checking dtoa v0.4.6
[INFO] [stderr]     Checking tiny-rng v0.1.0
[INFO] [stderr]     Checking tobj v1.0.0
[INFO] [stderr]    Compiling maybe-uninit v2.0.0
[INFO] [stderr]    Compiling getrandom v0.1.14
[INFO] [stderr]    Compiling byteorder v1.3.4
[INFO] [stderr]    Compiling crc32fast v1.2.0
[INFO] [stderr]    Compiling cast v0.2.3
[INFO] [stderr]     Checking itertools v0.9.0
[INFO] [stderr]     Checking miniz_oxide v0.3.7
[INFO] [stderr]     Checking gif v0.10.3
[INFO] [stderr]    Compiling nom v5.1.2
[INFO] [stderr]     Checking deflate v0.8.6
[INFO] [stderr]     Checking yaml-rust v0.4.4
[INFO] [stderr]     Checking tiff v0.5.0
[INFO] [stderr]    Compiling crossbeam-utils v0.7.2
[INFO] [stderr]    Compiling memoffset v0.5.5
[INFO] [stderr]    Compiling crossbeam-epoch v0.8.2
[INFO] [stderr]    Compiling num-traits v0.2.12
[INFO] [stderr]    Compiling num-integer v0.1.43
[INFO] [stderr]    Compiling rayon v1.4.0
[INFO] [stderr]    Compiling num-rational v0.3.0
[INFO] [stderr]    Compiling num-iter v0.1.41
[INFO] [stderr]    Compiling wayland-sys v0.27.0
[INFO] [stderr]    Compiling xkbcommon-sys v0.7.4
[INFO] [stderr]    Compiling x11-dl v2.18.5
[INFO] [stderr]     Checking png v0.16.7
[INFO] [stderr]    Compiling minifb v0.18.0
[INFO] [stderr]    Compiling quote v1.0.7
[INFO] [stderr]     Checking num_cpus v1.13.0
[INFO] [stderr]     Checking raw-window-handle v0.3.3
[INFO] [stderr]    Compiling wayland-scanner v0.27.0
[INFO] [stderr]     Checking rand_core v0.5.1
[INFO] [stderr]     Checking xkb v0.2.1
[INFO] [stderr]     Checking rand_chacha v0.2.2
[INFO] [stderr]     Checking crossbeam-channel v0.4.3
[INFO] [stderr]     Checking rand v0.7.3
[INFO] [stderr]     Checking crossbeam-deque v0.7.3
[INFO] [stderr]    Compiling wayland-client v0.27.0
[INFO] [stderr]    Compiling wayland-protocols v0.27.0
[INFO] [stderr]     Checking xcursor v0.3.2
[INFO] [stderr]     Checking tempfile v3.1.0
[INFO] [stderr]     Checking wayland-commons v0.27.0
[INFO] [stderr]     Checking jpeg-decoder v0.1.20
[INFO] [stderr]     Checking image v0.23.9
[INFO] [stderr]     Checking wayland-cursor v0.27.0
[INFO] [stderr]    Compiling ctor v0.1.15
[INFO] [stderr]    Compiling ghost v0.1.2
[INFO] [stderr]    Compiling inventory-impl v0.1.8
[INFO] [stderr]    Compiling typetag-impl v0.1.5
[INFO] [stderr]     Checking erased-serde v0.3.12
[INFO] [stderr]     Checking ultraviolet v0.5.1
[INFO] [stderr]     Checking serde_yaml v0.8.13
[INFO] [stderr]     Checking typetag v0.1.5
[INFO] [stderr]     Checking firework v0.1.0 (/opt/rustwide/workdir)
[INFO] [stdout] error[E0557]: feature has been removed
[INFO] [stdout]  --> src/lib.rs:3:12
[INFO] [stdout]   |
[INFO] [stdout] 3 | #![feature(const_generics)]
[INFO] [stdout]   |            ^^^^^^^^^^^^^^ feature has been removed
[INFO] [stdout]   |
[INFO] [stdout]   = note: removed in favor of `#![feature(adt_const_params]` and `#![feature(generic_const_exprs)]`
[INFO] [stdout] 
[INFO] [stdout] 
[INFO] [stdout] error[E0557]: feature has been removed
[INFO] [stdout]  --> src/lib.rs:3:12
[INFO] [stdout]   |
[INFO] [stdout] 3 | #![feature(const_generics)]
[INFO] [stdout]   |            ^^^^^^^^^^^^^^ feature has been removed
[INFO] [stdout]   |
[INFO] [stdout]   = note: removed in favor of `#![feature(adt_const_params]` and `#![feature(generic_const_exprs)]`
[INFO] [stdout] 
[INFO] [stdout] 
[INFO] [stdout] error[E0554]: `#![feature]` may not be used on the beta release channel
[INFO] [stdout]  --> src/lib.rs:1:1
[INFO] [stdout]   |
[INFO] [stdout] 1 | #![feature(array_value_iter)]
[INFO] [stdout]   | ^^^^^^^^^^^^^^^^^^^^^^^^^^^^^
[INFO] [stdout] 
[INFO] [stdout] 
[INFO] [stdout] error[E0554]: `#![feature]` may not be used on the beta release channel
[INFO] [stdout]  --> src/lib.rs:2:1
[INFO] [stdout]   |
[INFO] [stdout] 2 | #![feature(exclusive_range_pattern)]
[INFO] [stdout]   | ^^^^^^^^^^^^^^^^^^^^^^^^^^^^^^^^^^^^
[INFO] [stdout] 
[INFO] [stdout] 
[INFO] [stdout] error[E0554]: `#![feature]` may not be used on the beta release channel
[INFO] [stdout]  --> src/lib.rs:3:1
[INFO] [stdout]   |
[INFO] [stdout] 3 | #![feature(const_generics)]
[INFO] [stdout]   | ^^^^^^^^^^^^^^^^^^^^^^^^^^^
[INFO] [stdout] 
[INFO] [stdout] 
[INFO] [stdout] error[E0554]: `#![feature]` may not be used on the beta release channel
[INFO] [stdout]  --> src/lib.rs:1:1
[INFO] [stdout]   |
[INFO] [stdout] 1 | #![feature(array_value_iter)]
[INFO] [stdout]   | ^^^^^^^^^^^^^^^^^^^^^^^^^^^^^
[INFO] [stdout] 
[INFO] [stdout] 
[INFO] [stdout] error[E0554]: `#![feature]` may not be used on the beta release channel
[INFO] [stdout]  --> src/lib.rs:2:1
[INFO] [stdout]   |
[INFO] [stdout] 2 | #![feature(exclusive_range_pattern)]
[INFO] [stdout]   | ^^^^^^^^^^^^^^^^^^^^^^^^^^^^^^^^^^^^
[INFO] [stdout] 
[INFO] [stdout] 
[INFO] [stdout] error[E0554]: `#![feature]` may not be used on the beta release channel
[INFO] [stdout]  --> src/lib.rs:3:1
[INFO] [stdout]   |
[INFO] [stdout] 3 | #![feature(const_generics)]
[INFO] [stdout]   | ^^^^^^^^^^^^^^^^^^^^^^^^^^^
[INFO] [stdout] 
[INFO] [stdout] 
[INFO] [stdout] error: `Axis` is forbidden as the type of a const generic parameter
[INFO] [stdout]   --> src/objects/rect.rs:21:16
[INFO] [stdout]    |
[INFO] [stdout] 21 | impl<const A1: Axis, const A2: Axis> AARect<{ A1 }, { A2 }> {
[INFO] [stdout]    |                ^^^^
[INFO] [stdout]    |
[INFO] [stdout]    = note: the only supported types are integers, `bool` and `char`
[INFO] [stdout] 
[INFO] [stdout] 
[INFO] [stdout] error: `Axis` is forbidden as the type of a const generic parameter
[INFO] [stdout]   --> src/objects/rect.rs:21:32
[INFO] [stdout]    |
[INFO] [stdout] 21 | impl<const A1: Axis, const A2: Axis> AARect<{ A1 }, { A2 }> {
[INFO] [stdout]    |                                ^^^^
[INFO] [stdout]    |
[INFO] [stdout]    = note: the only supported types are integers, `bool` and `char`
[INFO] [stdout] 
[INFO] [stdout] 
[INFO] [stdout] error: `Axis` is forbidden as the type of a const generic parameter
[INFO] [stdout]   --> src/objects/rect.rs:47:16
[INFO] [stdout]    |
[INFO] [stdout] 47 | impl<const A1: Axis, const A2: Axis> Hitable for AARect<{ A1 }, { A2 }> {
[INFO] [stdout]    |                ^^^^
[INFO] [stdout]    |
[INFO] [stdout]    = note: the only supported types are integers, `bool` and `char`
[INFO] [stdout] 
[INFO] [stdout] 
[INFO] [stdout] error: `Axis` is forbidden as the type of a const generic parameter
[INFO] [stdout]   --> src/objects/rect.rs:47:32
[INFO] [stdout]    |
[INFO] [stdout] 47 | impl<const A1: Axis, const A2: Axis> Hitable for AARect<{ A1 }, { A2 }> {
[INFO] [stdout]    |                                ^^^^
[INFO] [stdout]    |
[INFO] [stdout]    = note: the only supported types are integers, `bool` and `char`
[INFO] [stdout] 
[INFO] [stdout] 
[INFO] [stdout] error: `Axis` is forbidden as the type of a const generic parameter
[INFO] [stdout]   --> src/objects/rect.rs:21:16
[INFO] [stdout]    |
[INFO] [stdout] 21 | impl<const A1: Axis, const A2: Axis> AARect<{ A1 }, { A2 }> {
[INFO] [stdout]    |                ^^^^
[INFO] [stdout]    |
[INFO] [stdout]    = note: the only supported types are integers, `bool` and `char`
[INFO] [stdout] 
[INFO] [stdout] 
[INFO] [stdout] error: `Axis` is forbidden as the type of a const generic parameter
[INFO] [stdout]   --> src/objects/rect.rs:21:32
[INFO] [stdout]    |
[INFO] [stdout] 21 | impl<const A1: Axis, const A2: Axis> AARect<{ A1 }, { A2 }> {
[INFO] [stdout]    |                                ^^^^
[INFO] [stdout]    |
[INFO] [stdout]    = note: the only supported types are integers, `bool` and `char`
[INFO] [stdout] 
[INFO] [stdout] 
[INFO] [stdout] error: `Axis` is forbidden as the type of a const generic parameter
[INFO] [stdout]   --> src/objects/rect.rs:47:16
[INFO] [stdout]    |
[INFO] [stdout] 47 | impl<const A1: Axis, const A2: Axis> Hitable for AARect<{ A1 }, { A2 }> {
[INFO] [stdout]    |                ^^^^
[INFO] [stdout]    |
[INFO] [stdout]    = note: the only supported types are integers, `bool` and `char`
[INFO] [stdout] 
[INFO] [stdout] 
[INFO] [stdout] error: `Axis` is forbidden as the type of a const generic parameter
[INFO] [stdout]   --> src/objects/rect.rs:47:32
[INFO] [stdout]    |
[INFO] [stdout] 47 | impl<const A1: Axis, const A2: Axis> Hitable for AARect<{ A1 }, { A2 }> {
[INFO] [stdout]    |                                ^^^^
[INFO] [stdout]    |
[INFO] [stdout]    = note: the only supported types are integers, `bool` and `char`
[INFO] [stdout] 
[INFO] [stdout] 
[INFO] [stdout] error: `Axis` is forbidden as the type of a const generic parameter
[INFO] [stdout]   --> src/objects/rect.rs:14:29
[INFO] [stdout]    |
[INFO] [stdout] 14 | pub struct AARect<const A1: Axis, const A2: Axis> {
[INFO] [stdout]    |                             ^^^^
[INFO] [stdout]    |
[INFO] [stdout]    = note: the only supported types are integers, `bool` and `char`
[INFO] [stdout] 
[INFO] [stdout] 
[INFO] [stdout] error: `Axis` is forbidden as the type of a const generic parameter
[INFO] [stdout]   --> src/objects/rect.rs:14:45
[INFO] [stdout]    |
[INFO] [stdout] 14 | pub struct AARect<const A1: Axis, const A2: Axis> {
[INFO] [stdout]    |                                             ^^^^
[INFO] [stdout]    |
[INFO] [stdout]    = note: the only supported types are integers, `bool` and `char`
[INFO] [stdout] 
[INFO] [stdout] 
[INFO] [stdout] error: `Axis` is forbidden as the type of a const generic parameter
[INFO] [stdout]   --> src/objects/rect.rs:14:29
[INFO] [stdout]    |
[INFO] [stdout] 14 | pub struct AARect<const A1: Axis, const A2: Axis> {
[INFO] [stdout]    |                             ^^^^
[INFO] [stdout]    |
[INFO] [stdout]    = note: the only supported types are integers, `bool` and `char`
[INFO] [stdout] 
[INFO] [stdout] 
[INFO] [stdout] error: `Axis` is forbidden as the type of a const generic parameter
[INFO] [stdout]   --> src/objects/rect.rs:14:45
[INFO] [stdout]    |
[INFO] [stdout] 14 | pub struct AARect<const A1: Axis, const A2: Axis> {
[INFO] [stdout]    |                                             ^^^^
[INFO] [stdout]    |
[INFO] [stdout]    = note: the only supported types are integers, `bool` and `char`
[INFO] [stdout] 
[INFO] [stdout] 
[INFO] [stdout] error: aborting due to 10 previous errors
[INFO] [stdout] 
[INFO] [stdout] 
[INFO] [stdout] Some errors have detailed explanations: E0554, E0557.
[INFO] [stdout] 
[INFO] [stdout] For more information about an error, try `rustc --explain E0554`.
[INFO] [stdout] 
[INFO] [stderr] error: could not compile `firework` due to 11 previous errors
[INFO] [stderr] warning: build failed, waiting for other jobs to finish...
[INFO] [stdout] error: aborting due to 10 previous errors
[INFO] [stdout] 
[INFO] [stdout] 
[INFO] [stdout] Some errors have detailed explanations: E0554, E0557.
[INFO] [stdout] 
[INFO] [stdout] For more information about an error, try `rustc --explain E0554`.
[INFO] [stdout] 
[INFO] [stderr] error: build failed
[INFO] running `Command { std: "docker" "inspect" "b235c75b29790dbc1358f849725710345c7399450d201557935bf64e94570015", kill_on_drop: false }`
[INFO] running `Command { std: "docker" "rm" "-f" "b235c75b29790dbc1358f849725710345c7399450d201557935bf64e94570015", kill_on_drop: false }`
[INFO] [stdout] b235c75b29790dbc1358f849725710345c7399450d201557935bf64e94570015
